{"id":2586,"date":"2023-07-05T13:32:57","date_gmt":"2023-07-05T11:32:57","guid":{"rendered":"http:\/\/ivory-newt-719188.hostingersite.com\/?page_id=2586"},"modified":"2023-07-05T16:01:59","modified_gmt":"2023-07-05T14:01:59","slug":"materiales-con-el-num-31-de-galilea-153","status":"publish","type":"page","link":"https:\/\/www.cpl.es\/galilea\/materiales-con-el-num-31-de-galilea-153\/","title":{"rendered":"Materiales con el n\u00fam. 31 de Galilea.153"},"content":{"rendered":"\n<p>El n\u00famero 31 de la revista Galilea.153 mayo-junio 2023 trata sobre encontrar a Dios en la fiesta.<br>Aqu\u00ed te ofrecemos contenidos publicados por el Centre de Pastoral Lit\u00fargica sobre este tema que te pueden interesar:<br><\/p>\n\n\n\n<table id=\"tablepress-38\" class=\"tablepress tablepress-id-38\">\n<thead>\n<tr class=\"row-1 odd\">\n\t<th class=\"column-1\"><figure id=\"attachment_2563\" aria-describedby=\"caption-attachment-2563\" style=\"width: 202px\" class=\"wp-caption alignnone\"><a href=\"http:\/\/ivory-newt-719188.hostingersite.com\/wp-content\/uploads\/2023\/07\/Las-santas.pdf\"><img loading=\"lazy\" decoding=\"async\" src=\"http:\/\/ivory-newt-719188.hostingersite.com\/wp-content\/uploads\/2023\/07\/Las-santas-202x300.jpg\" alt=\"\" width=\"202\" height=\"300\" class=\"size-medium wp-image-2563\" srcset=\"https:\/\/www.cpl.es\/galilea\/wp-content\/uploads\/2023\/07\/Las-santas-202x300.jpg 202w, https:\/\/www.cpl.es\/galilea\/wp-content\/uploads\/2023\/07\/Las-santas-8x12.jpg 8w, https:\/\/www.cpl.es\/galilea\/wp-content\/uploads\/2023\/07\/Las-santas.jpg 249w\" sizes=\"(max-width: 202px) 85vw, 202px\" \/><\/a><figcaption id=\"caption-attachment-2563\" class=\"wp-caption-text\">Juliana y Semproniana, una llama encendida<\/figcaption><\/figure><\/th><th class=\"column-2\"><figure id=\"attachment_2559\" aria-describedby=\"caption-attachment-2559\" style=\"width: 216px\" class=\"wp-caption alignnone\"><a href=\"http:\/\/ivory-newt-719188.hostingersite.com\/wp-content\/uploads\/2023\/07\/Celebrar-domingo.pdf\"><img loading=\"lazy\" decoding=\"async\" src=\"http:\/\/ivory-newt-719188.hostingersite.com\/wp-content\/uploads\/2023\/07\/Celebrar-domingo-216x300.jpg\" alt=\"\" width=\"216\" height=\"300\" class=\"size-medium wp-image-2559\" srcset=\"https:\/\/www.cpl.es\/galilea\/wp-content\/uploads\/2023\/07\/Celebrar-domingo-216x300.jpg 216w, https:\/\/www.cpl.es\/galilea\/wp-content\/uploads\/2023\/07\/Celebrar-domingo-9x12.jpg 9w, https:\/\/www.cpl.es\/galilea\/wp-content\/uploads\/2023\/07\/Celebrar-domingo.jpg 267w\" sizes=\"(max-width: 216px) 85vw, 216px\" \/><\/a><figcaption id=\"caption-attachment-2559\" class=\"wp-caption-text\">Qu\u00e9 es el a\u00f1o lit\u00fargico. Celebrar el domingo<\/figcaption><\/figure><\/th>\n<\/tr>\n<\/thead>\n<tbody class=\"row-hover\">\n<tr class=\"row-2 even\">\n\t<td class=\"column-1\"><figure id=\"attachment_2561\" aria-describedby=\"caption-attachment-2561\" style=\"width: 212px\" class=\"wp-caption alignnone\"><a href=\"http:\/\/ivory-newt-719188.hostingersite.com\/wp-content\/uploads\/2023\/07\/Delante-pesebre.pdf\"><img loading=\"lazy\" decoding=\"async\" src=\"http:\/\/ivory-newt-719188.hostingersite.com\/wp-content\/uploads\/2023\/07\/Delante-pesebre-212x300.jpg\" alt=\"\" width=\"212\" height=\"300\" class=\"size-medium wp-image-2561\" srcset=\"https:\/\/www.cpl.es\/galilea\/wp-content\/uploads\/2023\/07\/Delante-pesebre-212x300.jpg 212w, https:\/\/www.cpl.es\/galilea\/wp-content\/uploads\/2023\/07\/Delante-pesebre-8x12.jpg 8w, https:\/\/www.cpl.es\/galilea\/wp-content\/uploads\/2023\/07\/Delante-pesebre.jpg 261w\" sizes=\"(max-width: 212px) 85vw, 212px\" \/><\/a><figcaption id=\"caption-attachment-2561\" class=\"wp-caption-text\">Hoja Verde MD: Ante el Bel\u00e9n<\/figcaption><\/figure><\/td><td class=\"column-2\"><figure id=\"attachment_2581\" aria-describedby=\"caption-attachment-2581\" style=\"width: 210px\" class=\"wp-caption alignnone\"><a href=\"http:\/\/ivory-newt-719188.hostingersite.com\/wp-content\/uploads\/2023\/07\/Toques-campanas.pdf\"><img loading=\"lazy\" decoding=\"async\" src=\"http:\/\/ivory-newt-719188.hostingersite.com\/wp-content\/uploads\/2023\/07\/Toques-campanas-210x300.jpg\" alt=\"\" width=\"210\" height=\"300\" class=\"size-medium wp-image-2581\" srcset=\"https:\/\/www.cpl.es\/galilea\/wp-content\/uploads\/2023\/07\/Toques-campanas-210x300.jpg 210w, https:\/\/www.cpl.es\/galilea\/wp-content\/uploads\/2023\/07\/Toques-campanas-8x12.jpg 8w, https:\/\/www.cpl.es\/galilea\/wp-content\/uploads\/2023\/07\/Toques-campanas.jpg 259w\" sizes=\"(max-width: 210px) 85vw, 210px\" \/><\/a><figcaption id=\"caption-attachment-2581\" class=\"wp-caption-text\">Los toques lit\u00fargicos de las campanas<\/figcaption><\/figure><\/td>\n<\/tr>\n<tr class=\"row-3 odd\">\n\t<td class=\"column-1\"><figure id=\"attachment_2567\" aria-describedby=\"caption-attachment-2567\" style=\"width: 216px\" class=\"wp-caption alignnone\"><img loading=\"lazy\" decoding=\"async\" src=\"http:\/\/ivory-newt-719188.hostingersite.com\/wp-content\/uploads\/2023\/07\/Personajes-Navidad-216x300.jpg\" alt=\"\" width=\"216\" height=\"300\" class=\"size-medium wp-image-2567\" srcset=\"https:\/\/www.cpl.es\/galilea\/wp-content\/uploads\/2023\/07\/Personajes-Navidad-216x300.jpg 216w, https:\/\/www.cpl.es\/galilea\/wp-content\/uploads\/2023\/07\/Personajes-Navidad-9x12.jpg 9w, https:\/\/www.cpl.es\/galilea\/wp-content\/uploads\/2023\/07\/Personajes-Navidad.jpg 267w\" sizes=\"(max-width: 216px) 85vw, 216px\" \/><figcaption id=\"caption-attachment-2567\" class=\"wp-caption-text\">Qu\u00e9 es el a\u00f1o lit\u00fargico. Los personajes de la Navidad<\/figcaption><\/figure><\/td><td class=\"column-2\"><figure id=\"attachment_2566\" aria-describedby=\"caption-attachment-2566\" style=\"width: 216px\" class=\"wp-caption alignnone\"><a href=\"http:\/\/ivory-newt-719188.hostingersite.com\/wp-content\/uploads\/2023\/07\/Palabra-celebrada-31.pdf\"><img loading=\"lazy\" decoding=\"async\" src=\"http:\/\/ivory-newt-719188.hostingersite.com\/wp-content\/uploads\/2023\/07\/Palabra-celebrada-31-216x300.jpg\" alt=\"\" width=\"216\" height=\"300\" class=\"size-medium wp-image-2566\" srcset=\"https:\/\/www.cpl.es\/galilea\/wp-content\/uploads\/2023\/07\/Palabra-celebrada-31-216x300.jpg 216w, https:\/\/www.cpl.es\/galilea\/wp-content\/uploads\/2023\/07\/Palabra-celebrada-31-9x12.jpg 9w, https:\/\/www.cpl.es\/galilea\/wp-content\/uploads\/2023\/07\/Palabra-celebrada-31.jpg 586w\" sizes=\"(max-width: 216px) 85vw, 216px\" \/><\/a><figcaption id=\"caption-attachment-2566\" class=\"wp-caption-text\">La Palabra celebrada 31<\/figcaption><\/figure><\/td>\n<\/tr>\n<\/tbody>\n<\/table>\n<!-- #tablepress-38 from cache -->","protected":false},"excerpt":{"rendered":"<p>El n\u00famero 31 de la revista Galilea.153 mayo-junio 2023 trata sobre encontrar a Dios en la fiesta.Aqu\u00ed te ofrecemos contenidos publicados por el Centre de Pastoral Lit\u00fargica sobre este tema que te pueden interesar:<\/p>\n","protected":false},"author":1,"featured_media":0,"parent":0,"menu_order":0,"comment_status":"closed","ping_status":"closed","template":"","meta":{"footnotes":""},"class_list":["post-2586","page","type-page","status-publish","hentry"],"yoast_head":"<!-- This site is optimized with the Yoast SEO plugin v23.5 - https:\/\/yoast.com\/wordpress\/plugins\/seo\/ -->\n<title>Materiales con el n\u00fam. 31 de Galilea.153 - Galilea.153<\/title>\n<meta name=\"robots\" content=\"index, follow, max-snippet:-1, max-image-preview:large, max-video-preview:-1\" \/>\n<link rel=\"canonical\" href=\"https:\/\/www.cpl.es\/galilea\/materiales-con-el-num-31-de-galilea-153\/\" \/>\n<meta property=\"og:locale\" content=\"es_ES\" \/>\n<meta property=\"og:type\" content=\"article\" \/>\n<meta property=\"og:title\" content=\"Materiales con el n\u00fam. 31 de Galilea.153 - Galilea.153\" \/>\n<meta property=\"og:description\" content=\"El n\u00famero 31 de la revista Galilea.153 mayo-junio 2023 trata sobre encontrar a Dios en la fiesta.Aqu\u00ed te ofrecemos contenidos publicados por el Centre de Pastoral Lit\u00fargica sobre este tema que te pueden interesar:\" \/>\n<meta property=\"og:url\" content=\"https:\/\/www.cpl.es\/galilea\/materiales-con-el-num-31-de-galilea-153\/\" \/>\n<meta property=\"og:site_name\" content=\"Galilea.153\" \/>\n<meta property=\"article:publisher\" content=\"https:\/\/www.facebook.com\/CPLeditorial\" \/>\n<meta property=\"article:modified_time\" content=\"2023-07-05T14:01:59+00:00\" \/>\n<meta name=\"twitter:card\" content=\"summary_large_image\" \/>\n<meta name=\"twitter:site\" content=\"@CPLeditorial\" \/>\n<meta name=\"twitter:label1\" content=\"Tiempo de lectura\" \/>\n\t<meta name=\"twitter:data1\" content=\"1 minuto\" \/>\n<script type=\"application\/ld+json\" class=\"yoast-schema-graph\">{\"@context\":\"https:\/\/schema.org\",\"@graph\":[{\"@type\":\"WebPage\",\"@id\":\"https:\/\/www.cpl.es\/galilea\/materiales-con-el-num-31-de-galilea-153\/\",\"url\":\"https:\/\/www.cpl.es\/galilea\/materiales-con-el-num-31-de-galilea-153\/\",\"name\":\"Materiales con el n\u00fam. 31 de Galilea.153 - Galilea.153\",\"isPartOf\":{\"@id\":\"https:\/\/www.cpl.es\/galilea\/#website\"},\"datePublished\":\"2023-07-05T11:32:57+00:00\",\"dateModified\":\"2023-07-05T14:01:59+00:00\",\"breadcrumb\":{\"@id\":\"https:\/\/www.cpl.es\/galilea\/materiales-con-el-num-31-de-galilea-153\/#breadcrumb\"},\"inLanguage\":\"es\",\"potentialAction\":[{\"@type\":\"ReadAction\",\"target\":[\"https:\/\/www.cpl.es\/galilea\/materiales-con-el-num-31-de-galilea-153\/\"]}]},{\"@type\":\"BreadcrumbList\",\"@id\":\"https:\/\/www.cpl.es\/galilea\/materiales-con-el-num-31-de-galilea-153\/#breadcrumb\",\"itemListElement\":[{\"@type\":\"ListItem\",\"position\":1,\"name\":\"Home\",\"item\":\"https:\/\/www.cpl.es\/galilea\/\"},{\"@type\":\"ListItem\",\"position\":2,\"name\":\"Materiales con el n\u00fam. 31 de Galilea.153\"}]},{\"@type\":\"WebSite\",\"@id\":\"https:\/\/www.cpl.es\/galilea\/#website\",\"url\":\"https:\/\/www.cpl.es\/galilea\/\",\"name\":\"Galilea.153\",\"description\":\"Liturgia, pastoral, vida cristiana\",\"publisher\":{\"@id\":\"https:\/\/www.cpl.es\/galilea\/#organization\"},\"potentialAction\":[{\"@type\":\"SearchAction\",\"target\":{\"@type\":\"EntryPoint\",\"urlTemplate\":\"https:\/\/www.cpl.es\/galilea\/?s={search_term_string}\"},\"query-input\":{\"@type\":\"PropertyValueSpecification\",\"valueRequired\":true,\"valueName\":\"search_term_string\"}}],\"inLanguage\":\"es\"},{\"@type\":\"Organization\",\"@id\":\"https:\/\/www.cpl.es\/galilea\/#organization\",\"name\":\"Centre de Pastoral Lit\u00fargica\",\"url\":\"https:\/\/www.cpl.es\/galilea\/\",\"logo\":{\"@type\":\"ImageObject\",\"inLanguage\":\"es\",\"@id\":\"https:\/\/www.cpl.es\/galilea\/#\/schema\/logo\/image\/\",\"url\":\"https:\/\/i0.wp.com\/ivory-newt-719188.hostingersite.com\/wp-content\/uploads\/2022\/10\/perfil-xarxes-400x400-1.jpg?fit=400%2C400&ssl=1\",\"contentUrl\":\"https:\/\/i0.wp.com\/ivory-newt-719188.hostingersite.com\/wp-content\/uploads\/2022\/10\/perfil-xarxes-400x400-1.jpg?fit=400%2C400&ssl=1\",\"width\":400,\"height\":400,\"caption\":\"Centre de Pastoral Lit\u00fargica\"},\"image\":{\"@id\":\"https:\/\/www.cpl.es\/galilea\/#\/schema\/logo\/image\/\"},\"sameAs\":[\"https:\/\/www.facebook.com\/CPLeditorial\",\"https:\/\/x.com\/CPLeditorial\",\"https:\/\/www.instagram.com\/cpleditorial\/\",\"https:\/\/www.youtube.com\/c\/CentredePastoralLitrgicaCPL\"]}]}<\/script>\n<!-- \/ Yoast SEO plugin. -->","yoast_head_json":{"title":"Materiales con el n\u00fam. 31 de Galilea.153 - Galilea.153","robots":{"index":"index","follow":"follow","max-snippet":"max-snippet:-1","max-image-preview":"max-image-preview:large","max-video-preview":"max-video-preview:-1"},"canonical":"https:\/\/www.cpl.es\/galilea\/materiales-con-el-num-31-de-galilea-153\/","og_locale":"es_ES","og_type":"article","og_title":"Materiales con el n\u00fam. 31 de Galilea.153 - Galilea.153","og_description":"El n\u00famero 31 de la revista Galilea.153 mayo-junio 2023 trata sobre encontrar a Dios en la fiesta.Aqu\u00ed te ofrecemos contenidos publicados por el Centre de Pastoral Lit\u00fargica sobre este tema que te pueden interesar:","og_url":"https:\/\/www.cpl.es\/galilea\/materiales-con-el-num-31-de-galilea-153\/","og_site_name":"Galilea.153","article_publisher":"https:\/\/www.facebook.com\/CPLeditorial","article_modified_time":"2023-07-05T14:01:59+00:00","twitter_card":"summary_large_image","twitter_site":"@CPLeditorial","twitter_misc":{"Tiempo de lectura":"1 minuto"},"schema":{"@context":"https:\/\/schema.org","@graph":[{"@type":"WebPage","@id":"https:\/\/www.cpl.es\/galilea\/materiales-con-el-num-31-de-galilea-153\/","url":"https:\/\/www.cpl.es\/galilea\/materiales-con-el-num-31-de-galilea-153\/","name":"Materiales con el n\u00fam. 31 de Galilea.153 - Galilea.153","isPartOf":{"@id":"https:\/\/www.cpl.es\/galilea\/#website"},"datePublished":"2023-07-05T11:32:57+00:00","dateModified":"2023-07-05T14:01:59+00:00","breadcrumb":{"@id":"https:\/\/www.cpl.es\/galilea\/materiales-con-el-num-31-de-galilea-153\/#breadcrumb"},"inLanguage":"es","potentialAction":[{"@type":"ReadAction","target":["https:\/\/www.cpl.es\/galilea\/materiales-con-el-num-31-de-galilea-153\/"]}]},{"@type":"BreadcrumbList","@id":"https:\/\/www.cpl.es\/galilea\/materiales-con-el-num-31-de-galilea-153\/#breadcrumb","itemListElement":[{"@type":"ListItem","position":1,"name":"Home","item":"https:\/\/www.cpl.es\/galilea\/"},{"@type":"ListItem","position":2,"name":"Materiales con el n\u00fam. 31 de Galilea.153"}]},{"@type":"WebSite","@id":"https:\/\/www.cpl.es\/galilea\/#website","url":"https:\/\/www.cpl.es\/galilea\/","name":"Galilea.153","description":"Liturgia, pastoral, vida cristiana","publisher":{"@id":"https:\/\/www.cpl.es\/galilea\/#organization"},"potentialAction":[{"@type":"SearchAction","target":{"@type":"EntryPoint","urlTemplate":"https:\/\/www.cpl.es\/galilea\/?s={search_term_string}"},"query-input":{"@type":"PropertyValueSpecification","valueRequired":true,"valueName":"search_term_string"}}],"inLanguage":"es"},{"@type":"Organization","@id":"https:\/\/www.cpl.es\/galilea\/#organization","name":"Centre de Pastoral Lit\u00fargica","url":"https:\/\/www.cpl.es\/galilea\/","logo":{"@type":"ImageObject","inLanguage":"es","@id":"https:\/\/www.cpl.es\/galilea\/#\/schema\/logo\/image\/","url":"https:\/\/i0.wp.com\/ivory-newt-719188.hostingersite.com\/wp-content\/uploads\/2022\/10\/perfil-xarxes-400x400-1.jpg?fit=400%2C400&ssl=1","contentUrl":"https:\/\/i0.wp.com\/ivory-newt-719188.hostingersite.com\/wp-content\/uploads\/2022\/10\/perfil-xarxes-400x400-1.jpg?fit=400%2C400&ssl=1","width":400,"height":400,"caption":"Centre de Pastoral Lit\u00fargica"},"image":{"@id":"https:\/\/www.cpl.es\/galilea\/#\/schema\/logo\/image\/"},"sameAs":["https:\/\/www.facebook.com\/CPLeditorial","https:\/\/x.com\/CPLeditorial","https:\/\/www.instagram.com\/cpleditorial\/","https:\/\/www.youtube.com\/c\/CentredePastoralLitrgicaCPL"]}]}},"_links":{"self":[{"href":"https:\/\/www.cpl.es\/galilea\/wp-json\/wp\/v2\/pages\/2586"}],"collection":[{"href":"https:\/\/www.cpl.es\/galilea\/wp-json\/wp\/v2\/pages"}],"about":[{"href":"https:\/\/www.cpl.es\/galilea\/wp-json\/wp\/v2\/types\/page"}],"author":[{"embeddable":true,"href":"https:\/\/www.cpl.es\/galilea\/wp-json\/wp\/v2\/users\/1"}],"replies":[{"embeddable":true,"href":"https:\/\/www.cpl.es\/galilea\/wp-json\/wp\/v2\/comments?post=2586"}],"version-history":[{"count":2,"href":"https:\/\/www.cpl.es\/galilea\/wp-json\/wp\/v2\/pages\/2586\/revisions"}],"predecessor-version":[{"id":2599,"href":"https:\/\/www.cpl.es\/galilea\/wp-json\/wp\/v2\/pages\/2586\/revisions\/2599"}],"wp:attachment":[{"href":"https:\/\/www.cpl.es\/galilea\/wp-json\/wp\/v2\/media?parent=2586"}],"curies":[{"name":"wp","href":"https:\/\/api.w.org\/{rel}","templated":true}]}}