{"id":940,"date":"2023-10-04T00:55:27","date_gmt":"2023-10-03T22:55:27","guid":{"rendered":"https:\/\/nuevaweb.cpl.es\/producto\/portadores-de-luz-en-la-historia-9788491654346\/"},"modified":"2023-12-05T13:34:28","modified_gmt":"2023-12-05T12:34:28","slug":"portadores-de-luz-en-la-historia-9788491654346","status":"publish","type":"product","link":"https:\/\/www.cpl.es\/ca\/producto\/portadores-de-luz-en-la-historia-9788491654346\/","title":{"rendered":"Portadores de luz en la historia"},"content":{"rendered":"<p>En los grandes escritos y alocuciones de los casi ocho a\u00f1os de pontificado romano del papa Benedicto XVI se nota la finura del intelectual, la profundidad de un pensamiento. Amante de la tradici\u00f3n, empez\u00f3 catequesis semanales describiendo una amplia galer\u00eda de personajes del Nuevo Testamento. A continuaci\u00f3n vinieron los Padres de la Iglesia. Siguieron despu\u00e9s personajes medievales y algunos santos de la edad moderna. Trat\u00f3 igualmente el tema de los santos durante muchos domingos cuando, antes de la t\u00edpica oraci\u00f3n del \u00c1ngelus, present\u00f3 alguna figura de aquella semana. Consciente de que el testimonio de los santos y de los grandes creyentes de la antig\u00fcedad o de nuestros d\u00edas es todav\u00eda una pauta v\u00e1lida para hoy, quiso subrayar la importancia que tienen para todo cristiano.<br \/>Bernab\u00e9 Dalmau, monje de Montserrat, nos propone una antolog\u00eda &#8216;que seguro que har\u00e1 descubrir aspectos ocultos de los grandes testigos de vida cristiana'.<\/p>\n","protected":false},"excerpt":{"rendered":"<p>Benedicto XVI<\/p>\n","protected":false},"featured_media":941,"template":"","meta":{"_acf_changed":false,"inline_featured_image":false},"product_brand":[],"product_cat":[83,60,75,44,85,62,58,81,154],"product_tag":[],"class_list":{"0":"post-940","1":"product","2":"type-product","3":"status-publish","4":"has-post-thumbnail","6":"product_cat-catequesi-liturgica","7":"product_cat-catequesis-liturgica","8":"product_cat-dossiers-cpl-colleccions-catala","9":"product_cat-dossiers-cpl","10":"product_cat-historia-de-la-liturgia-per-temes-catala","11":"product_cat-historia-de-la-liturgia","12":"product_cat-liturgia-de-las-horas","13":"product_cat-liturgia-de-les-hores","14":"product_cat-vida-de-santos","16":"first","17":"instock","18":"taxable","19":"shipping-taxable","20":"purchasable","21":"product-type-simple"},"acf":{"autor":"Benedicto XVI","codart":"101157","ediciones":"1","encuadernacion":"R\u00fastica","fecha_de_publicacion":"25\/05\/2021","novedad":false,"paginas":"332","subtitulo":"Semblanzas hagiogr\u00e1ficas compiladas por Bernab\u00e9 Dalmau","orden":"30","portada":false,"idioma":"spa","editorial":[{"ID":6736,"post_author":"2","post_date":"2023-10-06 08:35:24","post_date_gmt":"2023-10-06 06:35:24","post_content":"","post_title":"CPL","post_excerpt":"","post_status":"publish","comment_status":"closed","ping_status":"closed","post_password":"","post_name":"cpl","to_ping":"","pinged":"","post_modified":"2023-10-06 08:35:24","post_modified_gmt":"2023-10-06 06:35:24","post_content_filtered":"","post_parent":0,"guid":"https:\/\/nuevaweb.cpl.es\/editorial\/cpl\/","menu_order":0,"post_type":"editorial","post_mime_type":"","comment_count":"0","filter":"raw"}]},"yoast_head":"<!-- This site is optimized with the Yoast SEO plugin v27.3 - https:\/\/yoast.com\/product\/yoast-seo-wordpress\/ -->\n<title>Portadores de luz en la historia - CPL<\/title>\n<meta name=\"robots\" content=\"index, follow, max-snippet:-1, max-image-preview:large, max-video-preview:-1\" \/>\n<link rel=\"canonical\" href=\"https:\/\/www.cpl.es\/producto\/portadores-de-luz-en-la-historia-9788491654346\/\" \/>\n<meta property=\"og:locale\" content=\"ca_ES\" \/>\n<meta property=\"og:type\" content=\"article\" \/>\n<meta property=\"og:title\" content=\"Portadores de luz en la historia - CPL\" \/>\n<meta property=\"og:description\" content=\"Benedicto XVI\" \/>\n<meta property=\"og:url\" content=\"https:\/\/www.cpl.es\/producto\/portadores-de-luz-en-la-historia-9788491654346\/\" \/>\n<meta property=\"og:site_name\" content=\"CPL\" \/>\n<meta property=\"article:modified_time\" content=\"2023-12-05T12:34:28+00:00\" \/>\n<meta property=\"og:image\" content=\"https:\/\/www.cpl.es\/wp-content\/uploads\/101157.jpg\" \/>\n\t<meta property=\"og:image:width\" content=\"280\" \/>\n\t<meta property=\"og:image:height\" content=\"443\" \/>\n\t<meta property=\"og:image:type\" content=\"image\/jpeg\" \/>\n<meta name=\"twitter:card\" content=\"summary_large_image\" \/>\n<meta name=\"twitter:label1\" content=\"Temps estimat de lectura\" \/>\n\t<meta name=\"twitter:data1\" content=\"1 minut\" \/>\n<script type=\"application\/ld+json\" class=\"yoast-schema-graph\">{\"@context\":\"https:\\\/\\\/schema.org\",\"@graph\":[{\"@type\":\"WebPage\",\"@id\":\"https:\\\/\\\/www.cpl.es\\\/producto\\\/portadores-de-luz-en-la-historia-9788491654346\\\/\",\"url\":\"https:\\\/\\\/www.cpl.es\\\/producto\\\/portadores-de-luz-en-la-historia-9788491654346\\\/\",\"name\":\"Portadores de luz en la historia - CPL\",\"isPartOf\":{\"@id\":\"https:\\\/\\\/www.cpl.es\\\/#website\"},\"primaryImageOfPage\":{\"@id\":\"https:\\\/\\\/www.cpl.es\\\/producto\\\/portadores-de-luz-en-la-historia-9788491654346\\\/#primaryimage\"},\"image\":{\"@id\":\"https:\\\/\\\/www.cpl.es\\\/producto\\\/portadores-de-luz-en-la-historia-9788491654346\\\/#primaryimage\"},\"thumbnailUrl\":\"https:\\\/\\\/www.cpl.es\\\/wp-content\\\/uploads\\\/101157.jpg\",\"datePublished\":\"2023-10-03T22:55:27+00:00\",\"dateModified\":\"2023-12-05T12:34:28+00:00\",\"breadcrumb\":{\"@id\":\"https:\\\/\\\/www.cpl.es\\\/producto\\\/portadores-de-luz-en-la-historia-9788491654346\\\/#breadcrumb\"},\"inLanguage\":\"ca\",\"potentialAction\":[{\"@type\":\"ReadAction\",\"target\":[\"https:\\\/\\\/www.cpl.es\\\/producto\\\/portadores-de-luz-en-la-historia-9788491654346\\\/\"]}]},{\"@type\":\"ImageObject\",\"inLanguage\":\"ca\",\"@id\":\"https:\\\/\\\/www.cpl.es\\\/producto\\\/portadores-de-luz-en-la-historia-9788491654346\\\/#primaryimage\",\"url\":\"https:\\\/\\\/www.cpl.es\\\/wp-content\\\/uploads\\\/101157.jpg\",\"contentUrl\":\"https:\\\/\\\/www.cpl.es\\\/wp-content\\\/uploads\\\/101157.jpg\",\"width\":280,\"height\":443,\"caption\":\"101157.jpg\"},{\"@type\":\"BreadcrumbList\",\"@id\":\"https:\\\/\\\/www.cpl.es\\\/producto\\\/portadores-de-luz-en-la-historia-9788491654346\\\/#breadcrumb\",\"itemListElement\":[{\"@type\":\"ListItem\",\"position\":1,\"name\":\"Portada\",\"item\":\"https:\\\/\\\/www.cpl.es\\\/ca\\\/\"},{\"@type\":\"ListItem\",\"position\":2,\"name\":\"Cat\u00e0leg\",\"item\":\"https:\\\/\\\/www.cpl.es\\\/ca\\\/cataleg\\\/\"},{\"@type\":\"ListItem\",\"position\":3,\"name\":\"Portadores de luz en la historia\"}]},{\"@type\":\"WebSite\",\"@id\":\"https:\\\/\\\/www.cpl.es\\\/#website\",\"url\":\"https:\\\/\\\/www.cpl.es\\\/\",\"name\":\"CPL\",\"description\":\"Centre de Pastoral Lit\u00fargica de Barcelona\",\"publisher\":{\"@id\":\"https:\\\/\\\/www.cpl.es\\\/#organization\"},\"alternateName\":\"Centre de Pastoral Lit\u00fargica\",\"potentialAction\":[{\"@type\":\"SearchAction\",\"target\":{\"@type\":\"EntryPoint\",\"urlTemplate\":\"https:\\\/\\\/www.cpl.es\\\/?s={search_term_string}\"},\"query-input\":{\"@type\":\"PropertyValueSpecification\",\"valueRequired\":true,\"valueName\":\"search_term_string\"}}],\"inLanguage\":\"ca\"},{\"@type\":\"Organization\",\"@id\":\"https:\\\/\\\/www.cpl.es\\\/#organization\",\"name\":\"Centre de Pastoral Lit\u00fargica\",\"alternateName\":\"Centre de Pastoral Lit\u00fargica de Barcelona\",\"url\":\"https:\\\/\\\/www.cpl.es\\\/\",\"logo\":{\"@type\":\"ImageObject\",\"inLanguage\":\"ca\",\"@id\":\"https:\\\/\\\/www.cpl.es\\\/#\\\/schema\\\/logo\\\/image\\\/\",\"url\":\"https:\\\/\\\/www.cpl.es\\\/wp-content\\\/uploads\\\/logo-cpl.svg\",\"contentUrl\":\"https:\\\/\\\/www.cpl.es\\\/wp-content\\\/uploads\\\/logo-cpl.svg\",\"caption\":\"Centre de Pastoral Lit\u00fargica\"},\"image\":{\"@id\":\"https:\\\/\\\/www.cpl.es\\\/#\\\/schema\\\/logo\\\/image\\\/\"}}]}<\/script>\n<!-- \/ Yoast SEO plugin. -->","yoast_head_json":{"title":"Portadores de luz en la historia - CPL","robots":{"index":"index","follow":"follow","max-snippet":"max-snippet:-1","max-image-preview":"max-image-preview:large","max-video-preview":"max-video-preview:-1"},"canonical":"https:\/\/www.cpl.es\/producto\/portadores-de-luz-en-la-historia-9788491654346\/","og_locale":"ca_ES","og_type":"article","og_title":"Portadores de luz en la historia - CPL","og_description":"Benedicto XVI","og_url":"https:\/\/www.cpl.es\/producto\/portadores-de-luz-en-la-historia-9788491654346\/","og_site_name":"CPL","article_modified_time":"2023-12-05T12:34:28+00:00","og_image":[{"width":280,"height":443,"url":"https:\/\/www.cpl.es\/wp-content\/uploads\/101157.jpg","type":"image\/jpeg"}],"twitter_card":"summary_large_image","twitter_misc":{"Temps estimat de lectura":"1 minut"},"schema":{"@context":"https:\/\/schema.org","@graph":[{"@type":"WebPage","@id":"https:\/\/www.cpl.es\/producto\/portadores-de-luz-en-la-historia-9788491654346\/","url":"https:\/\/www.cpl.es\/producto\/portadores-de-luz-en-la-historia-9788491654346\/","name":"Portadores de luz en la historia - CPL","isPartOf":{"@id":"https:\/\/www.cpl.es\/#website"},"primaryImageOfPage":{"@id":"https:\/\/www.cpl.es\/producto\/portadores-de-luz-en-la-historia-9788491654346\/#primaryimage"},"image":{"@id":"https:\/\/www.cpl.es\/producto\/portadores-de-luz-en-la-historia-9788491654346\/#primaryimage"},"thumbnailUrl":"https:\/\/www.cpl.es\/wp-content\/uploads\/101157.jpg","datePublished":"2023-10-03T22:55:27+00:00","dateModified":"2023-12-05T12:34:28+00:00","breadcrumb":{"@id":"https:\/\/www.cpl.es\/producto\/portadores-de-luz-en-la-historia-9788491654346\/#breadcrumb"},"inLanguage":"ca","potentialAction":[{"@type":"ReadAction","target":["https:\/\/www.cpl.es\/producto\/portadores-de-luz-en-la-historia-9788491654346\/"]}]},{"@type":"ImageObject","inLanguage":"ca","@id":"https:\/\/www.cpl.es\/producto\/portadores-de-luz-en-la-historia-9788491654346\/#primaryimage","url":"https:\/\/www.cpl.es\/wp-content\/uploads\/101157.jpg","contentUrl":"https:\/\/www.cpl.es\/wp-content\/uploads\/101157.jpg","width":280,"height":443,"caption":"101157.jpg"},{"@type":"BreadcrumbList","@id":"https:\/\/www.cpl.es\/producto\/portadores-de-luz-en-la-historia-9788491654346\/#breadcrumb","itemListElement":[{"@type":"ListItem","position":1,"name":"Portada","item":"https:\/\/www.cpl.es\/ca\/"},{"@type":"ListItem","position":2,"name":"Cat\u00e0leg","item":"https:\/\/www.cpl.es\/ca\/cataleg\/"},{"@type":"ListItem","position":3,"name":"Portadores de luz en la historia"}]},{"@type":"WebSite","@id":"https:\/\/www.cpl.es\/#website","url":"https:\/\/www.cpl.es\/","name":"CPL","description":"Centre de Pastoral Lit\u00fargica de Barcelona","publisher":{"@id":"https:\/\/www.cpl.es\/#organization"},"alternateName":"Centre de Pastoral Lit\u00fargica","potentialAction":[{"@type":"SearchAction","target":{"@type":"EntryPoint","urlTemplate":"https:\/\/www.cpl.es\/?s={search_term_string}"},"query-input":{"@type":"PropertyValueSpecification","valueRequired":true,"valueName":"search_term_string"}}],"inLanguage":"ca"},{"@type":"Organization","@id":"https:\/\/www.cpl.es\/#organization","name":"Centre de Pastoral Lit\u00fargica","alternateName":"Centre de Pastoral Lit\u00fargica de Barcelona","url":"https:\/\/www.cpl.es\/","logo":{"@type":"ImageObject","inLanguage":"ca","@id":"https:\/\/www.cpl.es\/#\/schema\/logo\/image\/","url":"https:\/\/www.cpl.es\/wp-content\/uploads\/logo-cpl.svg","contentUrl":"https:\/\/www.cpl.es\/wp-content\/uploads\/logo-cpl.svg","caption":"Centre de Pastoral Lit\u00fargica"},"image":{"@id":"https:\/\/www.cpl.es\/#\/schema\/logo\/image\/"}}]}},"_links":{"self":[{"href":"https:\/\/www.cpl.es\/ca\/wp-json\/wp\/v2\/product\/940","targetHints":{"allow":["GET"]}}],"collection":[{"href":"https:\/\/www.cpl.es\/ca\/wp-json\/wp\/v2\/product"}],"about":[{"href":"https:\/\/www.cpl.es\/ca\/wp-json\/wp\/v2\/types\/product"}],"wp:featuredmedia":[{"embeddable":true,"href":"https:\/\/www.cpl.es\/ca\/wp-json\/wp\/v2\/media\/941"}],"wp:attachment":[{"href":"https:\/\/www.cpl.es\/ca\/wp-json\/wp\/v2\/media?parent=940"}],"wp:term":[{"taxonomy":"product_brand","embeddable":true,"href":"https:\/\/www.cpl.es\/ca\/wp-json\/wp\/v2\/product_brand?post=940"},{"taxonomy":"product_cat","embeddable":true,"href":"https:\/\/www.cpl.es\/ca\/wp-json\/wp\/v2\/product_cat?post=940"},{"taxonomy":"product_tag","embeddable":true,"href":"https:\/\/www.cpl.es\/ca\/wp-json\/wp\/v2\/product_tag?post=940"}],"curies":[{"name":"wp","href":"https:\/\/api.w.org\/{rel}","templated":true}]}}

<p>En los grandes escritos y alocuciones de los casi ocho años de pontificado romano del papa Benedicto XVI se nota la finura del intelectual, la profundidad de un pensamiento. Amante de la tradición, empezó catequesis semanales describiendo una amplia galería de personajes del Nuevo Testamento. A continuación vinieron los Padres de la Iglesia. Siguieron después personajes medievales y algunos santos de la edad moderna. Trató igualmente el tema de los santos durante muchos domingos cuando, antes de la típica oración del Ángelus, presentó alguna figura de aquella semana. Consciente de que el testimonio de los santos y de los grandes creyentes de la antigüedad o de nuestros días es todavía una pauta válida para hoy, quiso subrayar la importancia que tienen para todo cristiano.<br />Bernabé Dalmau, monje de Montserrat, nos propone una antología &#8216;que seguro que hará descubrir aspectos ocultos de los grandes testigos de vida cristiana'.</p>

Rústica

Semblanzas hagiográficas compiladas por Bernabé Dalmau

<!-- This site is optimized with the Yoast SEO plugin v27.3 - https://yoast.com/product/yoast-seo-wordpress/ -->
<title>Portadores de luz en la historia - CPL</title>
<meta name="robots" content="index, follow, max-snippet:-1, max-image-preview:large, max-video-preview:-1" />
<link rel="canonical" href="https://www.cpl.es/producto/portadores-de-luz-en-la-historia-9788491654346/" />
<meta property="og:locale" content="ca_ES" />
<meta property="og:type" content="article" />
<meta property="og:title" content="Portadores de luz en la historia - CPL" />
<meta property="og:description" content="Benedicto XVI" />
<meta property="og:url" content="https://www.cpl.es/producto/portadores-de-luz-en-la-historia-9788491654346/" />
<meta property="og:site_name" content="CPL" />
<meta property="article:modified_time" content="2023-12-05T12:34:28+00:00" />
<meta property="og:image" content="https://www.cpl.es/wp-content/uploads/101157.jpg" />
	<meta property="og:image:width" content="280" />
	<meta property="og:image:height" content="443" />
	<meta property="og:image:type" content="image/jpeg" />
<meta name="twitter:card" content="summary_large_image" />
<meta name="twitter:label1" content="Temps estimat de lectura" />
	<meta name="twitter:data1" content="1 minut" />
<script type="application/ld+json" class="yoast-schema-graph">{"@context":"https:\/\/schema.org","@graph":[{"@type":"WebPage","@id":"https:\/\/www.cpl.es\/producto\/portadores-de-luz-en-la-historia-9788491654346\/","url":"https:\/\/www.cpl.es\/producto\/portadores-de-luz-en-la-historia-9788491654346\/","name":"Portadores de luz en la historia - CPL","isPartOf":{"@id":"https:\/\/www.cpl.es\/#website"},"primaryImageOfPage":{"@id":"https:\/\/www.cpl.es\/producto\/portadores-de-luz-en-la-historia-9788491654346\/#primaryimage"},"image":{"@id":"https:\/\/www.cpl.es\/producto\/portadores-de-luz-en-la-historia-9788491654346\/#primaryimage"},"thumbnailUrl":"https:\/\/www.cpl.es\/wp-content\/uploads\/101157.jpg","datePublished":"2023-10-03T22:55:27+00:00","dateModified":"2023-12-05T12:34:28+00:00","breadcrumb":{"@id":"https:\/\/www.cpl.es\/producto\/portadores-de-luz-en-la-historia-9788491654346\/#breadcrumb"},"inLanguage":"ca","potentialAction":[{"@type":"ReadAction","target":["https:\/\/www.cpl.es\/producto\/portadores-de-luz-en-la-historia-9788491654346\/"]}]},{"@type":"ImageObject","inLanguage":"ca","@id":"https:\/\/www.cpl.es\/producto\/portadores-de-luz-en-la-historia-9788491654346\/#primaryimage","url":"https:\/\/www.cpl.es\/wp-content\/uploads\/101157.jpg","contentUrl":"https:\/\/www.cpl.es\/wp-content\/uploads\/101157.jpg","width":280,"height":443,"caption":"101157.jpg"},{"@type":"BreadcrumbList","@id":"https:\/\/www.cpl.es\/producto\/portadores-de-luz-en-la-historia-9788491654346\/#breadcrumb","itemListElement":[{"@type":"ListItem","position":1,"name":"Portada","item":"https:\/\/www.cpl.es\/ca\/"},{"@type":"ListItem","position":2,"name":"Catàleg","item":"https:\/\/www.cpl.es\/ca\/cataleg\/"},{"@type":"ListItem","position":3,"name":"Portadores de luz en la historia"}]},{"@type":"WebSite","@id":"https:\/\/www.cpl.es\/#website","url":"https:\/\/www.cpl.es\/","name":"CPL","description":"Centre de Pastoral Litúrgica de Barcelona","publisher":{"@id":"https:\/\/www.cpl.es\/#organization"},"alternateName":"Centre de Pastoral Litúrgica","potentialAction":[{"@type":"SearchAction","target":{"@type":"EntryPoint","urlTemplate":"https:\/\/www.cpl.es\/?s={search_term_string}"},"query-input":{"@type":"PropertyValueSpecification","valueRequired":true,"valueName":"search_term_string"}}],"inLanguage":"ca"},{"@type":"Organization","@id":"https:\/\/www.cpl.es\/#organization","name":"Centre de Pastoral Litúrgica","alternateName":"Centre de Pastoral Litúrgica de Barcelona","url":"https:\/\/www.cpl.es\/","logo":{"@type":"ImageObject","inLanguage":"ca","@id":"https:\/\/www.cpl.es\/#\/schema\/logo\/image\/","url":"https:\/\/www.cpl.es\/wp-content\/uploads\/logo-cpl.svg","contentUrl":"https:\/\/www.cpl.es\/wp-content\/uploads\/logo-cpl.svg","caption":"Centre de Pastoral Litúrgica"},"image":{"@id":"https:\/\/www.cpl.es\/#\/schema\/logo\/image\/"}}]}</script>
<!-- / Yoast SEO plugin. -->

Catàleg

Centre de Pastoral Litúrgica de Barcelona

Centre de Pastoral Litúrgica
