{"id":880,"date":"2023-10-04T00:53:32","date_gmt":"2023-10-03T22:53:32","guid":{"rendered":"https:\/\/nuevaweb.cpl.es\/producto\/en-la-duda-y-en-la-fe-9788491654629\/"},"modified":"2023-12-05T13:34:20","modified_gmt":"2023-12-05T12:34:20","slug":"en-la-duda-y-en-la-fe-9788491654629","status":"publish","type":"product","link":"https:\/\/www.cpl.es\/ca\/producto\/en-la-duda-y-en-la-fe-9788491654629\/","title":{"rendered":"En la duda y en la fe"},"content":{"rendered":"<p>Esta obra responde al deseo de un pastor que quiere acercar al pueblo fiel una figura tan insigne como es el esposo de Mar\u00eda, y hacerlo gracias a la voluntad del Papa de dedicar este a\u00f1o a la contemplaci\u00f3n y ahondamiento de la vida y misi\u00f3n de san Jos\u00e9. Una reflexi\u00f3n seg\u00fan la fe de los cristianos cat\u00f3licos orientales, con un arraigo espec\u00edfico en todo lo que aporta y expresa la sagrada liturgia.<\/p>\n<p>Manuel Nin naci\u00f3 en El Vendrell (Tarragona) en el a\u00f1o 1956, ingres\u00f3 en 1975 en el noviciado del monasterio benedictino de Montserrat, y realiz\u00f3 su profesi\u00f3n solemne en 1980. Fue ordenado sacerdote en 1998. <br \/>Terminados los estudios de Filosof\u00eda y Teolog\u00eda en Montserrat, en 1984 se traslada a Roma, donde obtiene la licenciatura en Teolog\u00eda y Ciencias Patr\u00edsticas en 1987. De nuevo en Montserrat, ejerce durante dos a\u00f1os la ense\u00f1anza en el monasterio, tras los cuales vuelve a Roma para obtener el doctorado, lo que tiene lugar en 1992. A partir de entonces, inicia su labor de ense\u00f1anza en distintas universidades e institutos romanos, pasando a residir, desde el a\u00f1o 1996, en el Pontificio Colegio Griego, del que es nombrado rector en 1999, cargo que sigue ejerciendo en la actualidad. Asimismo, en este mismo a\u00f1o 1999 es bendecido archimandrita por el arzobispo cat\u00f3lico melquita Boutros Mouallem. <\/p>\n","protected":false},"excerpt":{"rendered":"<p>Nin G\u00fcell, Manel<\/p>\n","protected":false},"featured_media":881,"template":"","meta":{"_acf_changed":false,"inline_featured_image":false},"product_brand":[],"product_cat":[77,45,65,88,63,86],"product_tag":[],"class_list":{"0":"post-880","1":"product","2":"type-product","3":"status-publish","4":"has-post-thumbnail","6":"product_cat-celebrar-colleccions-catala","7":"product_cat-celebrar","8":"product_cat-espiritualidad","9":"product_cat-espiritualitat","10":"product_cat-oracion","11":"product_cat-pregaria","13":"first","14":"instock","15":"taxable","16":"shipping-taxable","17":"purchasable","18":"product-type-simple"},"acf":{"autor":"Nin G\u00fcell, Manel","codart":"102106","ediciones":"2","encuadernacion":"R\u00fastica","fecha_de_publicacion":"21\/12\/2021","novedad":false,"paginas":"48","subtitulo":"Orar a san Jos\u00e9 en el Oriente Cristiano","orden":"999","portada":false,"idioma":"spa","editorial":[{"ID":6736,"post_author":"2","post_date":"2023-10-06 08:35:24","post_date_gmt":"2023-10-06 06:35:24","post_content":"","post_title":"CPL","post_excerpt":"","post_status":"publish","comment_status":"closed","ping_status":"closed","post_password":"","post_name":"cpl","to_ping":"","pinged":"","post_modified":"2023-10-06 08:35:24","post_modified_gmt":"2023-10-06 06:35:24","post_content_filtered":"","post_parent":0,"guid":"https:\/\/nuevaweb.cpl.es\/editorial\/cpl\/","menu_order":0,"post_type":"editorial","post_mime_type":"","comment_count":"0","filter":"raw"}]},"yoast_head":"<!-- This site is optimized with the Yoast SEO plugin v27.3 - https:\/\/yoast.com\/product\/yoast-seo-wordpress\/ -->\n<title>En la duda y en la fe - CPL<\/title>\n<meta name=\"robots\" content=\"index, follow, max-snippet:-1, max-image-preview:large, max-video-preview:-1\" \/>\n<link rel=\"canonical\" href=\"https:\/\/www.cpl.es\/producto\/en-la-duda-y-en-la-fe-9788491654629\/\" \/>\n<meta property=\"og:locale\" content=\"ca_ES\" \/>\n<meta property=\"og:type\" content=\"article\" \/>\n<meta property=\"og:title\" content=\"En la duda y en la fe - CPL\" \/>\n<meta property=\"og:description\" content=\"Nin G\u00fcell, Manel\" \/>\n<meta property=\"og:url\" content=\"https:\/\/www.cpl.es\/producto\/en-la-duda-y-en-la-fe-9788491654629\/\" \/>\n<meta property=\"og:site_name\" content=\"CPL\" \/>\n<meta property=\"article:modified_time\" content=\"2023-12-05T12:34:20+00:00\" \/>\n<meta property=\"og:image\" content=\"https:\/\/www.cpl.es\/wp-content\/uploads\/102106.jpg\" \/>\n\t<meta property=\"og:image:width\" content=\"294\" \/>\n\t<meta property=\"og:image:height\" content=\"417\" \/>\n\t<meta property=\"og:image:type\" content=\"image\/jpeg\" \/>\n<meta name=\"twitter:card\" content=\"summary_large_image\" \/>\n<meta name=\"twitter:label1\" content=\"Temps estimat de lectura\" \/>\n\t<meta name=\"twitter:data1\" content=\"1 minut\" \/>\n<script type=\"application\/ld+json\" class=\"yoast-schema-graph\">{\"@context\":\"https:\\\/\\\/schema.org\",\"@graph\":[{\"@type\":\"WebPage\",\"@id\":\"https:\\\/\\\/www.cpl.es\\\/producto\\\/en-la-duda-y-en-la-fe-9788491654629\\\/\",\"url\":\"https:\\\/\\\/www.cpl.es\\\/producto\\\/en-la-duda-y-en-la-fe-9788491654629\\\/\",\"name\":\"En la duda y en la fe - CPL\",\"isPartOf\":{\"@id\":\"https:\\\/\\\/www.cpl.es\\\/#website\"},\"primaryImageOfPage\":{\"@id\":\"https:\\\/\\\/www.cpl.es\\\/producto\\\/en-la-duda-y-en-la-fe-9788491654629\\\/#primaryimage\"},\"image\":{\"@id\":\"https:\\\/\\\/www.cpl.es\\\/producto\\\/en-la-duda-y-en-la-fe-9788491654629\\\/#primaryimage\"},\"thumbnailUrl\":\"https:\\\/\\\/www.cpl.es\\\/wp-content\\\/uploads\\\/102106.jpg\",\"datePublished\":\"2023-10-03T22:53:32+00:00\",\"dateModified\":\"2023-12-05T12:34:20+00:00\",\"breadcrumb\":{\"@id\":\"https:\\\/\\\/www.cpl.es\\\/producto\\\/en-la-duda-y-en-la-fe-9788491654629\\\/#breadcrumb\"},\"inLanguage\":\"ca\",\"potentialAction\":[{\"@type\":\"ReadAction\",\"target\":[\"https:\\\/\\\/www.cpl.es\\\/producto\\\/en-la-duda-y-en-la-fe-9788491654629\\\/\"]}]},{\"@type\":\"ImageObject\",\"inLanguage\":\"ca\",\"@id\":\"https:\\\/\\\/www.cpl.es\\\/producto\\\/en-la-duda-y-en-la-fe-9788491654629\\\/#primaryimage\",\"url\":\"https:\\\/\\\/www.cpl.es\\\/wp-content\\\/uploads\\\/102106.jpg\",\"contentUrl\":\"https:\\\/\\\/www.cpl.es\\\/wp-content\\\/uploads\\\/102106.jpg\",\"width\":294,\"height\":417,\"caption\":\"102106.jpg\"},{\"@type\":\"BreadcrumbList\",\"@id\":\"https:\\\/\\\/www.cpl.es\\\/producto\\\/en-la-duda-y-en-la-fe-9788491654629\\\/#breadcrumb\",\"itemListElement\":[{\"@type\":\"ListItem\",\"position\":1,\"name\":\"Portada\",\"item\":\"https:\\\/\\\/www.cpl.es\\\/ca\\\/\"},{\"@type\":\"ListItem\",\"position\":2,\"name\":\"Cat\u00e0leg\",\"item\":\"https:\\\/\\\/www.cpl.es\\\/ca\\\/cataleg\\\/\"},{\"@type\":\"ListItem\",\"position\":3,\"name\":\"En la duda y en la fe\"}]},{\"@type\":\"WebSite\",\"@id\":\"https:\\\/\\\/www.cpl.es\\\/#website\",\"url\":\"https:\\\/\\\/www.cpl.es\\\/\",\"name\":\"CPL\",\"description\":\"Centre de Pastoral Lit\u00fargica de Barcelona\",\"publisher\":{\"@id\":\"https:\\\/\\\/www.cpl.es\\\/#organization\"},\"alternateName\":\"Centre de Pastoral Lit\u00fargica\",\"potentialAction\":[{\"@type\":\"SearchAction\",\"target\":{\"@type\":\"EntryPoint\",\"urlTemplate\":\"https:\\\/\\\/www.cpl.es\\\/?s={search_term_string}\"},\"query-input\":{\"@type\":\"PropertyValueSpecification\",\"valueRequired\":true,\"valueName\":\"search_term_string\"}}],\"inLanguage\":\"ca\"},{\"@type\":\"Organization\",\"@id\":\"https:\\\/\\\/www.cpl.es\\\/#organization\",\"name\":\"Centre de Pastoral Lit\u00fargica\",\"alternateName\":\"Centre de Pastoral Lit\u00fargica de Barcelona\",\"url\":\"https:\\\/\\\/www.cpl.es\\\/\",\"logo\":{\"@type\":\"ImageObject\",\"inLanguage\":\"ca\",\"@id\":\"https:\\\/\\\/www.cpl.es\\\/#\\\/schema\\\/logo\\\/image\\\/\",\"url\":\"https:\\\/\\\/www.cpl.es\\\/wp-content\\\/uploads\\\/logo-cpl.svg\",\"contentUrl\":\"https:\\\/\\\/www.cpl.es\\\/wp-content\\\/uploads\\\/logo-cpl.svg\",\"caption\":\"Centre de Pastoral Lit\u00fargica\"},\"image\":{\"@id\":\"https:\\\/\\\/www.cpl.es\\\/#\\\/schema\\\/logo\\\/image\\\/\"}}]}<\/script>\n<!-- \/ Yoast SEO plugin. -->","yoast_head_json":{"title":"En la duda y en la fe - CPL","robots":{"index":"index","follow":"follow","max-snippet":"max-snippet:-1","max-image-preview":"max-image-preview:large","max-video-preview":"max-video-preview:-1"},"canonical":"https:\/\/www.cpl.es\/producto\/en-la-duda-y-en-la-fe-9788491654629\/","og_locale":"ca_ES","og_type":"article","og_title":"En la duda y en la fe - CPL","og_description":"Nin G\u00fcell, Manel","og_url":"https:\/\/www.cpl.es\/producto\/en-la-duda-y-en-la-fe-9788491654629\/","og_site_name":"CPL","article_modified_time":"2023-12-05T12:34:20+00:00","og_image":[{"width":294,"height":417,"url":"https:\/\/www.cpl.es\/wp-content\/uploads\/102106.jpg","type":"image\/jpeg"}],"twitter_card":"summary_large_image","twitter_misc":{"Temps estimat de lectura":"1 minut"},"schema":{"@context":"https:\/\/schema.org","@graph":[{"@type":"WebPage","@id":"https:\/\/www.cpl.es\/producto\/en-la-duda-y-en-la-fe-9788491654629\/","url":"https:\/\/www.cpl.es\/producto\/en-la-duda-y-en-la-fe-9788491654629\/","name":"En la duda y en la fe - CPL","isPartOf":{"@id":"https:\/\/www.cpl.es\/#website"},"primaryImageOfPage":{"@id":"https:\/\/www.cpl.es\/producto\/en-la-duda-y-en-la-fe-9788491654629\/#primaryimage"},"image":{"@id":"https:\/\/www.cpl.es\/producto\/en-la-duda-y-en-la-fe-9788491654629\/#primaryimage"},"thumbnailUrl":"https:\/\/www.cpl.es\/wp-content\/uploads\/102106.jpg","datePublished":"2023-10-03T22:53:32+00:00","dateModified":"2023-12-05T12:34:20+00:00","breadcrumb":{"@id":"https:\/\/www.cpl.es\/producto\/en-la-duda-y-en-la-fe-9788491654629\/#breadcrumb"},"inLanguage":"ca","potentialAction":[{"@type":"ReadAction","target":["https:\/\/www.cpl.es\/producto\/en-la-duda-y-en-la-fe-9788491654629\/"]}]},{"@type":"ImageObject","inLanguage":"ca","@id":"https:\/\/www.cpl.es\/producto\/en-la-duda-y-en-la-fe-9788491654629\/#primaryimage","url":"https:\/\/www.cpl.es\/wp-content\/uploads\/102106.jpg","contentUrl":"https:\/\/www.cpl.es\/wp-content\/uploads\/102106.jpg","width":294,"height":417,"caption":"102106.jpg"},{"@type":"BreadcrumbList","@id":"https:\/\/www.cpl.es\/producto\/en-la-duda-y-en-la-fe-9788491654629\/#breadcrumb","itemListElement":[{"@type":"ListItem","position":1,"name":"Portada","item":"https:\/\/www.cpl.es\/ca\/"},{"@type":"ListItem","position":2,"name":"Cat\u00e0leg","item":"https:\/\/www.cpl.es\/ca\/cataleg\/"},{"@type":"ListItem","position":3,"name":"En la duda y en la fe"}]},{"@type":"WebSite","@id":"https:\/\/www.cpl.es\/#website","url":"https:\/\/www.cpl.es\/","name":"CPL","description":"Centre de Pastoral Lit\u00fargica de Barcelona","publisher":{"@id":"https:\/\/www.cpl.es\/#organization"},"alternateName":"Centre de Pastoral Lit\u00fargica","potentialAction":[{"@type":"SearchAction","target":{"@type":"EntryPoint","urlTemplate":"https:\/\/www.cpl.es\/?s={search_term_string}"},"query-input":{"@type":"PropertyValueSpecification","valueRequired":true,"valueName":"search_term_string"}}],"inLanguage":"ca"},{"@type":"Organization","@id":"https:\/\/www.cpl.es\/#organization","name":"Centre de Pastoral Lit\u00fargica","alternateName":"Centre de Pastoral Lit\u00fargica de Barcelona","url":"https:\/\/www.cpl.es\/","logo":{"@type":"ImageObject","inLanguage":"ca","@id":"https:\/\/www.cpl.es\/#\/schema\/logo\/image\/","url":"https:\/\/www.cpl.es\/wp-content\/uploads\/logo-cpl.svg","contentUrl":"https:\/\/www.cpl.es\/wp-content\/uploads\/logo-cpl.svg","caption":"Centre de Pastoral Lit\u00fargica"},"image":{"@id":"https:\/\/www.cpl.es\/#\/schema\/logo\/image\/"}}]}},"_links":{"self":[{"href":"https:\/\/www.cpl.es\/ca\/wp-json\/wp\/v2\/product\/880","targetHints":{"allow":["GET"]}}],"collection":[{"href":"https:\/\/www.cpl.es\/ca\/wp-json\/wp\/v2\/product"}],"about":[{"href":"https:\/\/www.cpl.es\/ca\/wp-json\/wp\/v2\/types\/product"}],"wp:featuredmedia":[{"embeddable":true,"href":"https:\/\/www.cpl.es\/ca\/wp-json\/wp\/v2\/media\/881"}],"wp:attachment":[{"href":"https:\/\/www.cpl.es\/ca\/wp-json\/wp\/v2\/media?parent=880"}],"wp:term":[{"taxonomy":"product_brand","embeddable":true,"href":"https:\/\/www.cpl.es\/ca\/wp-json\/wp\/v2\/product_brand?post=880"},{"taxonomy":"product_cat","embeddable":true,"href":"https:\/\/www.cpl.es\/ca\/wp-json\/wp\/v2\/product_cat?post=880"},{"taxonomy":"product_tag","embeddable":true,"href":"https:\/\/www.cpl.es\/ca\/wp-json\/wp\/v2\/product_tag?post=880"}],"curies":[{"name":"wp","href":"https:\/\/api.w.org\/{rel}","templated":true}]}}

<p>Esta obra responde al deseo de un pastor que quiere acercar al pueblo fiel una figura tan insigne como es el esposo de María, y hacerlo gracias a la voluntad del Papa de dedicar este año a la contemplación y ahondamiento de la vida y misión de san José. Una reflexión según la fe de los cristianos católicos orientales, con un arraigo específico en todo lo que aporta y expresa la sagrada liturgia.</p>
<p>Manuel Nin nació en El Vendrell (Tarragona) en el año 1956, ingresó en 1975 en el noviciado del monasterio benedictino de Montserrat, y realizó su profesión solemne en 1980. Fue ordenado sacerdote en 1998. <br />Terminados los estudios de Filosofía y Teología en Montserrat, en 1984 se traslada a Roma, donde obtiene la licenciatura en Teología y Ciencias Patrísticas en 1987. De nuevo en Montserrat, ejerce durante dos años la enseñanza en el monasterio, tras los cuales vuelve a Roma para obtener el doctorado, lo que tiene lugar en 1992. A partir de entonces, inicia su labor de enseñanza en distintas universidades e institutos romanos, pasando a residir, desde el año 1996, en el Pontificio Colegio Griego, del que es nombrado rector en 1999, cargo que sigue ejerciendo en la actualidad. Asimismo, en este mismo año 1999 es bendecido archimandrita por el arzobispo católico melquita Boutros Mouallem. </p>

<p>Nin Güell, Manel</p>

Nin Güell, Manel

Rústica

Orar a san José en el Oriente Cristiano

<!-- This site is optimized with the Yoast SEO plugin v27.3 - https://yoast.com/product/yoast-seo-wordpress/ -->
<title>En la duda y en la fe - CPL</title>
<meta name="robots" content="index, follow, max-snippet:-1, max-image-preview:large, max-video-preview:-1" />
<link rel="canonical" href="https://www.cpl.es/producto/en-la-duda-y-en-la-fe-9788491654629/" />
<meta property="og:locale" content="ca_ES" />
<meta property="og:type" content="article" />
<meta property="og:title" content="En la duda y en la fe - CPL" />
<meta property="og:description" content="Nin Güell, Manel" />
<meta property="og:url" content="https://www.cpl.es/producto/en-la-duda-y-en-la-fe-9788491654629/" />
<meta property="og:site_name" content="CPL" />
<meta property="article:modified_time" content="2023-12-05T12:34:20+00:00" />
<meta property="og:image" content="https://www.cpl.es/wp-content/uploads/102106.jpg" />
	<meta property="og:image:width" content="294" />
	<meta property="og:image:height" content="417" />
	<meta property="og:image:type" content="image/jpeg" />
<meta name="twitter:card" content="summary_large_image" />
<meta name="twitter:label1" content="Temps estimat de lectura" />
	<meta name="twitter:data1" content="1 minut" />
<script type="application/ld+json" class="yoast-schema-graph">{"@context":"https:\/\/schema.org","@graph":[{"@type":"WebPage","@id":"https:\/\/www.cpl.es\/producto\/en-la-duda-y-en-la-fe-9788491654629\/","url":"https:\/\/www.cpl.es\/producto\/en-la-duda-y-en-la-fe-9788491654629\/","name":"En la duda y en la fe - CPL","isPartOf":{"@id":"https:\/\/www.cpl.es\/#website"},"primaryImageOfPage":{"@id":"https:\/\/www.cpl.es\/producto\/en-la-duda-y-en-la-fe-9788491654629\/#primaryimage"},"image":{"@id":"https:\/\/www.cpl.es\/producto\/en-la-duda-y-en-la-fe-9788491654629\/#primaryimage"},"thumbnailUrl":"https:\/\/www.cpl.es\/wp-content\/uploads\/102106.jpg","datePublished":"2023-10-03T22:53:32+00:00","dateModified":"2023-12-05T12:34:20+00:00","breadcrumb":{"@id":"https:\/\/www.cpl.es\/producto\/en-la-duda-y-en-la-fe-9788491654629\/#breadcrumb"},"inLanguage":"ca","potentialAction":[{"@type":"ReadAction","target":["https:\/\/www.cpl.es\/producto\/en-la-duda-y-en-la-fe-9788491654629\/"]}]},{"@type":"ImageObject","inLanguage":"ca","@id":"https:\/\/www.cpl.es\/producto\/en-la-duda-y-en-la-fe-9788491654629\/#primaryimage","url":"https:\/\/www.cpl.es\/wp-content\/uploads\/102106.jpg","contentUrl":"https:\/\/www.cpl.es\/wp-content\/uploads\/102106.jpg","width":294,"height":417,"caption":"102106.jpg"},{"@type":"BreadcrumbList","@id":"https:\/\/www.cpl.es\/producto\/en-la-duda-y-en-la-fe-9788491654629\/#breadcrumb","itemListElement":[{"@type":"ListItem","position":1,"name":"Portada","item":"https:\/\/www.cpl.es\/ca\/"},{"@type":"ListItem","position":2,"name":"Catàleg","item":"https:\/\/www.cpl.es\/ca\/cataleg\/"},{"@type":"ListItem","position":3,"name":"En la duda y en la fe"}]},{"@type":"WebSite","@id":"https:\/\/www.cpl.es\/#website","url":"https:\/\/www.cpl.es\/","name":"CPL","description":"Centre de Pastoral Litúrgica de Barcelona","publisher":{"@id":"https:\/\/www.cpl.es\/#organization"},"alternateName":"Centre de Pastoral Litúrgica","potentialAction":[{"@type":"SearchAction","target":{"@type":"EntryPoint","urlTemplate":"https:\/\/www.cpl.es\/?s={search_term_string}"},"query-input":{"@type":"PropertyValueSpecification","valueRequired":true,"valueName":"search_term_string"}}],"inLanguage":"ca"},{"@type":"Organization","@id":"https:\/\/www.cpl.es\/#organization","name":"Centre de Pastoral Litúrgica","alternateName":"Centre de Pastoral Litúrgica de Barcelona","url":"https:\/\/www.cpl.es\/","logo":{"@type":"ImageObject","inLanguage":"ca","@id":"https:\/\/www.cpl.es\/#\/schema\/logo\/image\/","url":"https:\/\/www.cpl.es\/wp-content\/uploads\/logo-cpl.svg","contentUrl":"https:\/\/www.cpl.es\/wp-content\/uploads\/logo-cpl.svg","caption":"Centre de Pastoral Litúrgica"},"image":{"@id":"https:\/\/www.cpl.es\/#\/schema\/logo\/image\/"}}]}</script>
<!-- / Yoast SEO plugin. -->

Catàleg

Centre de Pastoral Litúrgica de Barcelona

Centre de Pastoral Litúrgica
