{"id":831,"date":"2023-10-04T00:51:54","date_gmt":"2023-10-03T22:51:54","guid":{"rendered":"https:\/\/nuevaweb.cpl.es\/producto\/qui-ets-i-on-vas-esser-huma-modern-9788491655015\/"},"modified":"2026-02-12T17:55:24","modified_gmt":"2026-02-12T16:55:24","slug":"qui-ets-i-on-vas-esser-huma-modern-9788491655015","status":"publish","type":"product","link":"https:\/\/www.cpl.es\/ca\/producto\/qui-ets-i-on-vas-esser-huma-modern-9788491655015\/","title":{"rendered":"\u00bfQui ets i on vas, \u00e9sser hum\u00e0 modern?"},"content":{"rendered":"<p>Oriol Xirinachs ha anat recollint de diversos articles i estudis sociol\u00f2gics i analistes del comportament hum\u00e0 uns trets espec\u00edfics que caracteritzen l\u2019\u00e9sser hum\u00e0; i que es repeteixen i coincideixen en moltes d\u2019aquestes publicacions. Es tracta d\u2019uns trets o tend\u00e8ncies generals presents en l\u2019ambient, per\u00f2 que hi s\u00f3n en graus i formes molt diferents en cada persona o grup social i, per tant, encara trobem el poble sa que no n\u2019est\u00e0 tan influenciat. Ara b\u00e9, l\u2019\u00e9sser hum\u00e0, pel sol fet de ser-ho, ell mateix ja \u00e9s una pregunta, que pot intentar ignorar, o pot buscar-ne resposta en les fonts que ara d\u00e8iem, o pot mantenir-la oberta, amb tota l\u2019angoixa que aix\u00f2 li comporta. Per la seva mateixa naturalesa, la seva dimensi\u00f3 relacional i espiritual, els elements i esdeveniments de l\u2019entorn on es mou, s\u00f3n unes realitats a les quals ha de donar resposta inexorablement i de manera vital: no les pot evadir o anar-les ajornant.<\/p>\n<p>Oriol Xirinachs (Barcelona, 1935) \u00e9s capell\u00e0 de la di\u00f2cesi de Barcelona i membre de l\u2019Associaci\u00f3 de Preveres del Prad\u00f3. Tot el seu ministeri com a capell\u00e0 l\u2019ha exercit en barris obrers i populars, alhora que ha estat membre actiu en organitzacions en el m\u00f3n de la marginaci\u00f3 i en tasques de pastoral social.<\/p>\n","protected":false},"excerpt":{"rendered":"<p>Xirinachs Benavent, Oriol<\/p>\n","protected":false},"featured_media":832,"template":"","meta":{"_acf_changed":false,"inline_featured_image":false},"product_brand":[],"product_cat":[73],"product_tag":[],"class_list":{"0":"post-831","1":"product","2":"type-product","3":"status-publish","4":"has-post-thumbnail","6":"product_cat-emaus-colleccions-catala","8":"first","9":"instock","10":"taxable","11":"shipping-taxable","12":"purchasable","13":"product-type-simple"},"acf":{"autor":"Xirinachs Benavent, Oriol","codart":"208171","ediciones":"1","encuadernacion":"R\u00fastica","fecha_de_publicacion":"29\/03\/2022","novedad":false,"paginas":"104","subtitulo":"","orden":"999","portada":false,"idioma":"cat","editorial":[{"ID":6736,"post_author":"2","post_date":"2023-10-06 08:35:24","post_date_gmt":"2023-10-06 06:35:24","post_content":"","post_title":"CPL","post_excerpt":"","post_status":"publish","comment_status":"closed","ping_status":"closed","post_password":"","post_name":"cpl","to_ping":"","pinged":"","post_modified":"2023-10-06 08:35:24","post_modified_gmt":"2023-10-06 06:35:24","post_content_filtered":"","post_parent":0,"guid":"https:\/\/nuevaweb.cpl.es\/editorial\/cpl\/","menu_order":0,"post_type":"editorial","post_mime_type":"","comment_count":"0","filter":"raw"}],"coleccion_num":"171"},"yoast_head":"<!-- This site is optimized with the Yoast SEO plugin v27.3 - https:\/\/yoast.com\/product\/yoast-seo-wordpress\/ -->\n<title>\u00bfQui ets i on vas, \u00e9sser hum\u00e0 modern? - CPL<\/title>\n<meta name=\"robots\" content=\"index, follow, max-snippet:-1, max-image-preview:large, max-video-preview:-1\" \/>\n<link rel=\"canonical\" href=\"https:\/\/www.cpl.es\/producto\/qui-ets-i-on-vas-esser-huma-modern-9788491655015\/\" \/>\n<meta property=\"og:locale\" content=\"ca_ES\" \/>\n<meta property=\"og:type\" content=\"article\" \/>\n<meta property=\"og:title\" content=\"\u00bfQui ets i on vas, \u00e9sser hum\u00e0 modern? - CPL\" \/>\n<meta property=\"og:description\" content=\"Xirinachs Benavent, Oriol\" \/>\n<meta property=\"og:url\" content=\"https:\/\/www.cpl.es\/producto\/qui-ets-i-on-vas-esser-huma-modern-9788491655015\/\" \/>\n<meta property=\"og:site_name\" content=\"CPL\" \/>\n<meta property=\"article:modified_time\" content=\"2026-02-12T16:55:24+00:00\" \/>\n<meta property=\"og:image\" content=\"https:\/\/www.cpl.es\/wp-content\/uploads\/208171.jpg\" \/>\n\t<meta property=\"og:image:width\" content=\"280\" \/>\n\t<meta property=\"og:image:height\" content=\"443\" \/>\n\t<meta property=\"og:image:type\" content=\"image\/jpeg\" \/>\n<meta name=\"twitter:card\" content=\"summary_large_image\" \/>\n<meta name=\"twitter:label1\" content=\"Temps estimat de lectura\" \/>\n\t<meta name=\"twitter:data1\" content=\"1 minut\" \/>\n<script type=\"application\/ld+json\" class=\"yoast-schema-graph\">{\"@context\":\"https:\\\/\\\/schema.org\",\"@graph\":[{\"@type\":\"WebPage\",\"@id\":\"https:\\\/\\\/www.cpl.es\\\/producto\\\/qui-ets-i-on-vas-esser-huma-modern-9788491655015\\\/\",\"url\":\"https:\\\/\\\/www.cpl.es\\\/producto\\\/qui-ets-i-on-vas-esser-huma-modern-9788491655015\\\/\",\"name\":\"\u00bfQui ets i on vas, \u00e9sser hum\u00e0 modern? - CPL\",\"isPartOf\":{\"@id\":\"https:\\\/\\\/www.cpl.es\\\/#website\"},\"primaryImageOfPage\":{\"@id\":\"https:\\\/\\\/www.cpl.es\\\/producto\\\/qui-ets-i-on-vas-esser-huma-modern-9788491655015\\\/#primaryimage\"},\"image\":{\"@id\":\"https:\\\/\\\/www.cpl.es\\\/producto\\\/qui-ets-i-on-vas-esser-huma-modern-9788491655015\\\/#primaryimage\"},\"thumbnailUrl\":\"https:\\\/\\\/www.cpl.es\\\/wp-content\\\/uploads\\\/208171.jpg\",\"datePublished\":\"2023-10-03T22:51:54+00:00\",\"dateModified\":\"2026-02-12T16:55:24+00:00\",\"breadcrumb\":{\"@id\":\"https:\\\/\\\/www.cpl.es\\\/producto\\\/qui-ets-i-on-vas-esser-huma-modern-9788491655015\\\/#breadcrumb\"},\"inLanguage\":\"ca\",\"potentialAction\":[{\"@type\":\"ReadAction\",\"target\":[\"https:\\\/\\\/www.cpl.es\\\/producto\\\/qui-ets-i-on-vas-esser-huma-modern-9788491655015\\\/\"]}]},{\"@type\":\"ImageObject\",\"inLanguage\":\"ca\",\"@id\":\"https:\\\/\\\/www.cpl.es\\\/producto\\\/qui-ets-i-on-vas-esser-huma-modern-9788491655015\\\/#primaryimage\",\"url\":\"https:\\\/\\\/www.cpl.es\\\/wp-content\\\/uploads\\\/208171.jpg\",\"contentUrl\":\"https:\\\/\\\/www.cpl.es\\\/wp-content\\\/uploads\\\/208171.jpg\",\"width\":280,\"height\":443,\"caption\":\"208171.jpg\"},{\"@type\":\"BreadcrumbList\",\"@id\":\"https:\\\/\\\/www.cpl.es\\\/producto\\\/qui-ets-i-on-vas-esser-huma-modern-9788491655015\\\/#breadcrumb\",\"itemListElement\":[{\"@type\":\"ListItem\",\"position\":1,\"name\":\"Portada\",\"item\":\"https:\\\/\\\/www.cpl.es\\\/ca\\\/\"},{\"@type\":\"ListItem\",\"position\":2,\"name\":\"Cat\u00e0leg\",\"item\":\"https:\\\/\\\/www.cpl.es\\\/ca\\\/cataleg\\\/\"},{\"@type\":\"ListItem\",\"position\":3,\"name\":\"\u00bfQui ets i on vas, \u00e9sser hum\u00e0 modern?\"}]},{\"@type\":\"WebSite\",\"@id\":\"https:\\\/\\\/www.cpl.es\\\/#website\",\"url\":\"https:\\\/\\\/www.cpl.es\\\/\",\"name\":\"CPL\",\"description\":\"Centre de Pastoral Lit\u00fargica de Barcelona\",\"publisher\":{\"@id\":\"https:\\\/\\\/www.cpl.es\\\/#organization\"},\"alternateName\":\"Centre de Pastoral Lit\u00fargica\",\"potentialAction\":[{\"@type\":\"SearchAction\",\"target\":{\"@type\":\"EntryPoint\",\"urlTemplate\":\"https:\\\/\\\/www.cpl.es\\\/?s={search_term_string}\"},\"query-input\":{\"@type\":\"PropertyValueSpecification\",\"valueRequired\":true,\"valueName\":\"search_term_string\"}}],\"inLanguage\":\"ca\"},{\"@type\":\"Organization\",\"@id\":\"https:\\\/\\\/www.cpl.es\\\/#organization\",\"name\":\"Centre de Pastoral Lit\u00fargica\",\"alternateName\":\"Centre de Pastoral Lit\u00fargica de Barcelona\",\"url\":\"https:\\\/\\\/www.cpl.es\\\/\",\"logo\":{\"@type\":\"ImageObject\",\"inLanguage\":\"ca\",\"@id\":\"https:\\\/\\\/www.cpl.es\\\/#\\\/schema\\\/logo\\\/image\\\/\",\"url\":\"https:\\\/\\\/www.cpl.es\\\/wp-content\\\/uploads\\\/logo-cpl.svg\",\"contentUrl\":\"https:\\\/\\\/www.cpl.es\\\/wp-content\\\/uploads\\\/logo-cpl.svg\",\"caption\":\"Centre de Pastoral Lit\u00fargica\"},\"image\":{\"@id\":\"https:\\\/\\\/www.cpl.es\\\/#\\\/schema\\\/logo\\\/image\\\/\"}}]}<\/script>\n<!-- \/ Yoast SEO plugin. -->","yoast_head_json":{"title":"\u00bfQui ets i on vas, \u00e9sser hum\u00e0 modern? - CPL","robots":{"index":"index","follow":"follow","max-snippet":"max-snippet:-1","max-image-preview":"max-image-preview:large","max-video-preview":"max-video-preview:-1"},"canonical":"https:\/\/www.cpl.es\/producto\/qui-ets-i-on-vas-esser-huma-modern-9788491655015\/","og_locale":"ca_ES","og_type":"article","og_title":"\u00bfQui ets i on vas, \u00e9sser hum\u00e0 modern? - CPL","og_description":"Xirinachs Benavent, Oriol","og_url":"https:\/\/www.cpl.es\/producto\/qui-ets-i-on-vas-esser-huma-modern-9788491655015\/","og_site_name":"CPL","article_modified_time":"2026-02-12T16:55:24+00:00","og_image":[{"width":280,"height":443,"url":"https:\/\/www.cpl.es\/wp-content\/uploads\/208171.jpg","type":"image\/jpeg"}],"twitter_card":"summary_large_image","twitter_misc":{"Temps estimat de lectura":"1 minut"},"schema":{"@context":"https:\/\/schema.org","@graph":[{"@type":"WebPage","@id":"https:\/\/www.cpl.es\/producto\/qui-ets-i-on-vas-esser-huma-modern-9788491655015\/","url":"https:\/\/www.cpl.es\/producto\/qui-ets-i-on-vas-esser-huma-modern-9788491655015\/","name":"\u00bfQui ets i on vas, \u00e9sser hum\u00e0 modern? - CPL","isPartOf":{"@id":"https:\/\/www.cpl.es\/#website"},"primaryImageOfPage":{"@id":"https:\/\/www.cpl.es\/producto\/qui-ets-i-on-vas-esser-huma-modern-9788491655015\/#primaryimage"},"image":{"@id":"https:\/\/www.cpl.es\/producto\/qui-ets-i-on-vas-esser-huma-modern-9788491655015\/#primaryimage"},"thumbnailUrl":"https:\/\/www.cpl.es\/wp-content\/uploads\/208171.jpg","datePublished":"2023-10-03T22:51:54+00:00","dateModified":"2026-02-12T16:55:24+00:00","breadcrumb":{"@id":"https:\/\/www.cpl.es\/producto\/qui-ets-i-on-vas-esser-huma-modern-9788491655015\/#breadcrumb"},"inLanguage":"ca","potentialAction":[{"@type":"ReadAction","target":["https:\/\/www.cpl.es\/producto\/qui-ets-i-on-vas-esser-huma-modern-9788491655015\/"]}]},{"@type":"ImageObject","inLanguage":"ca","@id":"https:\/\/www.cpl.es\/producto\/qui-ets-i-on-vas-esser-huma-modern-9788491655015\/#primaryimage","url":"https:\/\/www.cpl.es\/wp-content\/uploads\/208171.jpg","contentUrl":"https:\/\/www.cpl.es\/wp-content\/uploads\/208171.jpg","width":280,"height":443,"caption":"208171.jpg"},{"@type":"BreadcrumbList","@id":"https:\/\/www.cpl.es\/producto\/qui-ets-i-on-vas-esser-huma-modern-9788491655015\/#breadcrumb","itemListElement":[{"@type":"ListItem","position":1,"name":"Portada","item":"https:\/\/www.cpl.es\/ca\/"},{"@type":"ListItem","position":2,"name":"Cat\u00e0leg","item":"https:\/\/www.cpl.es\/ca\/cataleg\/"},{"@type":"ListItem","position":3,"name":"\u00bfQui ets i on vas, \u00e9sser hum\u00e0 modern?"}]},{"@type":"WebSite","@id":"https:\/\/www.cpl.es\/#website","url":"https:\/\/www.cpl.es\/","name":"CPL","description":"Centre de Pastoral Lit\u00fargica de Barcelona","publisher":{"@id":"https:\/\/www.cpl.es\/#organization"},"alternateName":"Centre de Pastoral Lit\u00fargica","potentialAction":[{"@type":"SearchAction","target":{"@type":"EntryPoint","urlTemplate":"https:\/\/www.cpl.es\/?s={search_term_string}"},"query-input":{"@type":"PropertyValueSpecification","valueRequired":true,"valueName":"search_term_string"}}],"inLanguage":"ca"},{"@type":"Organization","@id":"https:\/\/www.cpl.es\/#organization","name":"Centre de Pastoral Lit\u00fargica","alternateName":"Centre de Pastoral Lit\u00fargica de Barcelona","url":"https:\/\/www.cpl.es\/","logo":{"@type":"ImageObject","inLanguage":"ca","@id":"https:\/\/www.cpl.es\/#\/schema\/logo\/image\/","url":"https:\/\/www.cpl.es\/wp-content\/uploads\/logo-cpl.svg","contentUrl":"https:\/\/www.cpl.es\/wp-content\/uploads\/logo-cpl.svg","caption":"Centre de Pastoral Lit\u00fargica"},"image":{"@id":"https:\/\/www.cpl.es\/#\/schema\/logo\/image\/"}}]}},"_links":{"self":[{"href":"https:\/\/www.cpl.es\/ca\/wp-json\/wp\/v2\/product\/831","targetHints":{"allow":["GET"]}}],"collection":[{"href":"https:\/\/www.cpl.es\/ca\/wp-json\/wp\/v2\/product"}],"about":[{"href":"https:\/\/www.cpl.es\/ca\/wp-json\/wp\/v2\/types\/product"}],"wp:featuredmedia":[{"embeddable":true,"href":"https:\/\/www.cpl.es\/ca\/wp-json\/wp\/v2\/media\/832"}],"wp:attachment":[{"href":"https:\/\/www.cpl.es\/ca\/wp-json\/wp\/v2\/media?parent=831"}],"wp:term":[{"taxonomy":"product_brand","embeddable":true,"href":"https:\/\/www.cpl.es\/ca\/wp-json\/wp\/v2\/product_brand?post=831"},{"taxonomy":"product_cat","embeddable":true,"href":"https:\/\/www.cpl.es\/ca\/wp-json\/wp\/v2\/product_cat?post=831"},{"taxonomy":"product_tag","embeddable":true,"href":"https:\/\/www.cpl.es\/ca\/wp-json\/wp\/v2\/product_tag?post=831"}],"curies":[{"name":"wp","href":"https:\/\/api.w.org\/{rel}","templated":true}]}}

¿Qui ets i on vas, ésser humà modern?

<p>Oriol Xirinachs ha anat recollint de diversos articles i estudis sociològics i analistes del comportament humà uns trets específics que caracteritzen l’ésser humà; i que es repeteixen i coincideixen en moltes d’aquestes publicacions. Es tracta d’uns trets o tendències generals presents en l’ambient, però que hi són en graus i formes molt diferents en cada persona o grup social i, per tant, encara trobem el poble sa que no n’està tan influenciat. Ara bé, l’ésser humà, pel sol fet de ser-ho, ell mateix ja és una pregunta, que pot intentar ignorar, o pot buscar-ne resposta en les fonts que ara dèiem, o pot mantenir-la oberta, amb tota l’angoixa que això li comporta. Per la seva mateixa naturalesa, la seva dimensió relacional i espiritual, els elements i esdeveniments de l’entorn on es mou, són unes realitats a les quals ha de donar resposta inexorablement i de manera vital: no les pot evadir o anar-les ajornant.</p>
<p>Oriol Xirinachs (Barcelona, 1935) és capellà de la diòcesi de Barcelona i membre de l’Associació de Preveres del Pradó. Tot el seu ministeri com a capellà l’ha exercit en barris obrers i populars, alhora que ha estat membre actiu en organitzacions en el món de la marginació i en tasques de pastoral social.</p>

Rústica

<!-- This site is optimized with the Yoast SEO plugin v27.3 - https://yoast.com/product/yoast-seo-wordpress/ -->
<title>¿Qui ets i on vas, ésser humà modern? - CPL</title>
<meta name="robots" content="index, follow, max-snippet:-1, max-image-preview:large, max-video-preview:-1" />
<link rel="canonical" href="https://www.cpl.es/producto/qui-ets-i-on-vas-esser-huma-modern-9788491655015/" />
<meta property="og:locale" content="ca_ES" />
<meta property="og:type" content="article" />
<meta property="og:title" content="¿Qui ets i on vas, ésser humà modern? - CPL" />
<meta property="og:description" content="Xirinachs Benavent, Oriol" />
<meta property="og:url" content="https://www.cpl.es/producto/qui-ets-i-on-vas-esser-huma-modern-9788491655015/" />
<meta property="og:site_name" content="CPL" />
<meta property="article:modified_time" content="2026-02-12T16:55:24+00:00" />
<meta property="og:image" content="https://www.cpl.es/wp-content/uploads/208171.jpg" />
	<meta property="og:image:width" content="280" />
	<meta property="og:image:height" content="443" />
	<meta property="og:image:type" content="image/jpeg" />
<meta name="twitter:card" content="summary_large_image" />
<meta name="twitter:label1" content="Temps estimat de lectura" />
	<meta name="twitter:data1" content="1 minut" />
<script type="application/ld+json" class="yoast-schema-graph">{"@context":"https:\/\/schema.org","@graph":[{"@type":"WebPage","@id":"https:\/\/www.cpl.es\/producto\/qui-ets-i-on-vas-esser-huma-modern-9788491655015\/","url":"https:\/\/www.cpl.es\/producto\/qui-ets-i-on-vas-esser-huma-modern-9788491655015\/","name":"¿Qui ets i on vas, ésser humà modern? - CPL","isPartOf":{"@id":"https:\/\/www.cpl.es\/#website"},"primaryImageOfPage":{"@id":"https:\/\/www.cpl.es\/producto\/qui-ets-i-on-vas-esser-huma-modern-9788491655015\/#primaryimage"},"image":{"@id":"https:\/\/www.cpl.es\/producto\/qui-ets-i-on-vas-esser-huma-modern-9788491655015\/#primaryimage"},"thumbnailUrl":"https:\/\/www.cpl.es\/wp-content\/uploads\/208171.jpg","datePublished":"2023-10-03T22:51:54+00:00","dateModified":"2026-02-12T16:55:24+00:00","breadcrumb":{"@id":"https:\/\/www.cpl.es\/producto\/qui-ets-i-on-vas-esser-huma-modern-9788491655015\/#breadcrumb"},"inLanguage":"ca","potentialAction":[{"@type":"ReadAction","target":["https:\/\/www.cpl.es\/producto\/qui-ets-i-on-vas-esser-huma-modern-9788491655015\/"]}]},{"@type":"ImageObject","inLanguage":"ca","@id":"https:\/\/www.cpl.es\/producto\/qui-ets-i-on-vas-esser-huma-modern-9788491655015\/#primaryimage","url":"https:\/\/www.cpl.es\/wp-content\/uploads\/208171.jpg","contentUrl":"https:\/\/www.cpl.es\/wp-content\/uploads\/208171.jpg","width":280,"height":443,"caption":"208171.jpg"},{"@type":"BreadcrumbList","@id":"https:\/\/www.cpl.es\/producto\/qui-ets-i-on-vas-esser-huma-modern-9788491655015\/#breadcrumb","itemListElement":[{"@type":"ListItem","position":1,"name":"Portada","item":"https:\/\/www.cpl.es\/ca\/"},{"@type":"ListItem","position":2,"name":"Catàleg","item":"https:\/\/www.cpl.es\/ca\/cataleg\/"},{"@type":"ListItem","position":3,"name":"¿Qui ets i on vas, ésser humà modern?"}]},{"@type":"WebSite","@id":"https:\/\/www.cpl.es\/#website","url":"https:\/\/www.cpl.es\/","name":"CPL","description":"Centre de Pastoral Litúrgica de Barcelona","publisher":{"@id":"https:\/\/www.cpl.es\/#organization"},"alternateName":"Centre de Pastoral Litúrgica","potentialAction":[{"@type":"SearchAction","target":{"@type":"EntryPoint","urlTemplate":"https:\/\/www.cpl.es\/?s={search_term_string}"},"query-input":{"@type":"PropertyValueSpecification","valueRequired":true,"valueName":"search_term_string"}}],"inLanguage":"ca"},{"@type":"Organization","@id":"https:\/\/www.cpl.es\/#organization","name":"Centre de Pastoral Litúrgica","alternateName":"Centre de Pastoral Litúrgica de Barcelona","url":"https:\/\/www.cpl.es\/","logo":{"@type":"ImageObject","inLanguage":"ca","@id":"https:\/\/www.cpl.es\/#\/schema\/logo\/image\/","url":"https:\/\/www.cpl.es\/wp-content\/uploads\/logo-cpl.svg","contentUrl":"https:\/\/www.cpl.es\/wp-content\/uploads\/logo-cpl.svg","caption":"Centre de Pastoral Litúrgica"},"image":{"@id":"https:\/\/www.cpl.es\/#\/schema\/logo\/image\/"}}]}</script>
<!-- / Yoast SEO plugin. -->

¿Qui ets i on vas, ésser humà modern? - CPL

Catàleg

Centre de Pastoral Litúrgica de Barcelona

Centre de Pastoral Litúrgica
