{"id":828,"date":"2023-10-04T00:51:48","date_gmt":"2023-10-03T22:51:48","guid":{"rendered":"https:\/\/nuevaweb.cpl.es\/producto\/la-buena-noticia-de-jesus-el-evangelio-segun-marcos-9788491654896\/"},"modified":"2025-06-19T10:33:06","modified_gmt":"2025-06-19T08:33:06","slug":"la-buena-noticia-de-jesus-el-evangelio-segun-marcos-9788491654896","status":"publish","type":"product","link":"https:\/\/www.cpl.es\/ca\/producto\/la-buena-noticia-de-jesus-el-evangelio-segun-marcos-9788491654896\/","title":{"rendered":"La Buena Noticia de Jes\u00fas. El Evangelio seg\u00fan Marcos"},"content":{"rendered":"<p>La Buena Noticia de Jes\u00fas es una edici\u00f3n del Evangelio seg\u00fan Marcos, que hace resplandecer un texto venerable acerc\u00e1ndolo a la luz original. La importancia dada a su estructura y sus caracter\u00edsticas literarias hace que la voz del<br \/>evangelio resuene con una mayor transparencia.<br \/>La distinci\u00f3n de las diversas redacciones del texto evang\u00e9lico viene subrayada por la distinci\u00f3n de colores; la repetici\u00f3n de t\u00e9rminos, con el uso de la cursiva; las palabras que forman inclusi\u00f3n o expresan la fe de la comunidad, con letras versaletas; la caracter\u00edstica especial de ciertos relatos de luz, con la reproducci\u00f3n de iconos bizantinos. La introducci\u00f3n clara y concisa sit\u00faa al lector en la aventura de la lectura. Un extenso vocabulario permite entender las<br \/>diversas expresiones desde la \u00f3ptica propia del evangelista Marcos. Un libro que renueva la lectura de un texto bimilenario.<\/p>\n<p>Rodolfo Puigdollers Noblom (Barcelona, 1948) es escolapio, doctor en teolog\u00eda y p\u00e1rroco de las parroquias de Sant<br \/>Sadurn\u00ed de la Roca del Vall\u00e8s y de Santa Maria del Jaire de la Torreta, en la di\u00f3cesis de Terrassa. Profesor de Nuevo Testamento en la Facultat de Teologia de Catalunya y en el Institut Superior de Ci\u00e8ncies Religioses de Vic.<br \/>Es autor de una amplia serie de publicaciones b\u00edblicas, catequ\u00e9ticas y pastorales, algunas de las cuales han sido editadas por el Centre de Pastoral Lit\u00fargica.<\/p>\n","protected":false},"excerpt":{"rendered":"<p>Puigdollers Noblom, Rodolfo<\/p>\n","protected":false},"featured_media":19509,"template":"","meta":{"_acf_changed":false,"inline_featured_image":false},"product_brand":[],"product_cat":[100],"product_tag":[],"class_list":{"0":"post-828","1":"product","2":"type-product","3":"status-publish","4":"has-post-thumbnail","6":"product_cat-cpl-libri-colleccions-catala","8":"first","9":"instock","10":"taxable","11":"shipping-taxable","12":"purchasable","13":"product-type-simple"},"acf":{"autor":"Puigdollers Noblom, Rodolfo","codart":"117049","ediciones":"1","encuadernacion":"R\u00fastica","fecha_de_publicacion":"16\/02\/2022","novedad":false,"paginas":"300","subtitulo":"Con vocabulario b\u00edblico","orden":"999","portada":false,"idioma":"spa","editorial":[{"ID":6736,"post_author":"2","post_date":"2023-10-06 08:35:24","post_date_gmt":"2023-10-06 06:35:24","post_content":"","post_title":"CPL","post_excerpt":"","post_status":"publish","comment_status":"closed","ping_status":"closed","post_password":"","post_name":"cpl","to_ping":"","pinged":"","post_modified":"2023-10-06 08:35:24","post_modified_gmt":"2023-10-06 06:35:24","post_content_filtered":"","post_parent":0,"guid":"https:\/\/nuevaweb.cpl.es\/editorial\/cpl\/","menu_order":0,"post_type":"editorial","post_mime_type":"","comment_count":"0","filter":"raw"}],"coleccion_num":"49"},"yoast_head":"<!-- This site is optimized with the Yoast SEO plugin v27.3 - https:\/\/yoast.com\/product\/yoast-seo-wordpress\/ -->\n<title>La Buena Noticia de Jes\u00fas. El Evangelio seg\u00fan Marcos - CPL<\/title>\n<meta name=\"robots\" content=\"index, follow, max-snippet:-1, max-image-preview:large, max-video-preview:-1\" \/>\n<link rel=\"canonical\" href=\"https:\/\/www.cpl.es\/producto\/la-buena-noticia-de-jesus-el-evangelio-segun-marcos-9788491654896\/\" \/>\n<meta property=\"og:locale\" content=\"ca_ES\" \/>\n<meta property=\"og:type\" content=\"article\" \/>\n<meta property=\"og:title\" content=\"La Buena Noticia de Jes\u00fas. El Evangelio seg\u00fan Marcos - CPL\" \/>\n<meta property=\"og:description\" content=\"Puigdollers Noblom, Rodolfo\" \/>\n<meta property=\"og:url\" content=\"https:\/\/www.cpl.es\/producto\/la-buena-noticia-de-jesus-el-evangelio-segun-marcos-9788491654896\/\" \/>\n<meta property=\"og:site_name\" content=\"CPL\" \/>\n<meta property=\"article:modified_time\" content=\"2025-06-19T08:33:06+00:00\" \/>\n<meta property=\"og:image\" content=\"https:\/\/www.cpl.es\/wp-content\/uploads\/117049-1.jpg\" \/>\n\t<meta property=\"og:image:width\" content=\"294\" \/>\n\t<meta property=\"og:image:height\" content=\"432\" \/>\n\t<meta property=\"og:image:type\" content=\"image\/jpeg\" \/>\n<meta name=\"twitter:card\" content=\"summary_large_image\" \/>\n<meta name=\"twitter:label1\" content=\"Temps estimat de lectura\" \/>\n\t<meta name=\"twitter:data1\" content=\"1 minut\" \/>\n<script type=\"application\/ld+json\" class=\"yoast-schema-graph\">{\"@context\":\"https:\\\/\\\/schema.org\",\"@graph\":[{\"@type\":\"WebPage\",\"@id\":\"https:\\\/\\\/www.cpl.es\\\/producto\\\/la-buena-noticia-de-jesus-el-evangelio-segun-marcos-9788491654896\\\/\",\"url\":\"https:\\\/\\\/www.cpl.es\\\/producto\\\/la-buena-noticia-de-jesus-el-evangelio-segun-marcos-9788491654896\\\/\",\"name\":\"La Buena Noticia de Jes\u00fas. El Evangelio seg\u00fan Marcos - CPL\",\"isPartOf\":{\"@id\":\"https:\\\/\\\/www.cpl.es\\\/#website\"},\"primaryImageOfPage\":{\"@id\":\"https:\\\/\\\/www.cpl.es\\\/producto\\\/la-buena-noticia-de-jesus-el-evangelio-segun-marcos-9788491654896\\\/#primaryimage\"},\"image\":{\"@id\":\"https:\\\/\\\/www.cpl.es\\\/producto\\\/la-buena-noticia-de-jesus-el-evangelio-segun-marcos-9788491654896\\\/#primaryimage\"},\"thumbnailUrl\":\"https:\\\/\\\/www.cpl.es\\\/wp-content\\\/uploads\\\/117049-1.jpg\",\"datePublished\":\"2023-10-03T22:51:48+00:00\",\"dateModified\":\"2025-06-19T08:33:06+00:00\",\"breadcrumb\":{\"@id\":\"https:\\\/\\\/www.cpl.es\\\/producto\\\/la-buena-noticia-de-jesus-el-evangelio-segun-marcos-9788491654896\\\/#breadcrumb\"},\"inLanguage\":\"ca\",\"potentialAction\":[{\"@type\":\"ReadAction\",\"target\":[\"https:\\\/\\\/www.cpl.es\\\/producto\\\/la-buena-noticia-de-jesus-el-evangelio-segun-marcos-9788491654896\\\/\"]}]},{\"@type\":\"ImageObject\",\"inLanguage\":\"ca\",\"@id\":\"https:\\\/\\\/www.cpl.es\\\/producto\\\/la-buena-noticia-de-jesus-el-evangelio-segun-marcos-9788491654896\\\/#primaryimage\",\"url\":\"https:\\\/\\\/www.cpl.es\\\/wp-content\\\/uploads\\\/117049-1.jpg\",\"contentUrl\":\"https:\\\/\\\/www.cpl.es\\\/wp-content\\\/uploads\\\/117049-1.jpg\",\"width\":294,\"height\":432,\"caption\":\"117049.jpg\"},{\"@type\":\"BreadcrumbList\",\"@id\":\"https:\\\/\\\/www.cpl.es\\\/producto\\\/la-buena-noticia-de-jesus-el-evangelio-segun-marcos-9788491654896\\\/#breadcrumb\",\"itemListElement\":[{\"@type\":\"ListItem\",\"position\":1,\"name\":\"Portada\",\"item\":\"https:\\\/\\\/www.cpl.es\\\/ca\\\/\"},{\"@type\":\"ListItem\",\"position\":2,\"name\":\"Cat\u00e0leg\",\"item\":\"https:\\\/\\\/www.cpl.es\\\/ca\\\/cataleg\\\/\"},{\"@type\":\"ListItem\",\"position\":3,\"name\":\"La Buena Noticia de Jes\u00fas. El Evangelio seg\u00fan Marcos\"}]},{\"@type\":\"WebSite\",\"@id\":\"https:\\\/\\\/www.cpl.es\\\/#website\",\"url\":\"https:\\\/\\\/www.cpl.es\\\/\",\"name\":\"CPL\",\"description\":\"Centre de Pastoral Lit\u00fargica de Barcelona\",\"publisher\":{\"@id\":\"https:\\\/\\\/www.cpl.es\\\/#organization\"},\"alternateName\":\"Centre de Pastoral Lit\u00fargica\",\"potentialAction\":[{\"@type\":\"SearchAction\",\"target\":{\"@type\":\"EntryPoint\",\"urlTemplate\":\"https:\\\/\\\/www.cpl.es\\\/?s={search_term_string}\"},\"query-input\":{\"@type\":\"PropertyValueSpecification\",\"valueRequired\":true,\"valueName\":\"search_term_string\"}}],\"inLanguage\":\"ca\"},{\"@type\":\"Organization\",\"@id\":\"https:\\\/\\\/www.cpl.es\\\/#organization\",\"name\":\"Centre de Pastoral Lit\u00fargica\",\"alternateName\":\"Centre de Pastoral Lit\u00fargica de Barcelona\",\"url\":\"https:\\\/\\\/www.cpl.es\\\/\",\"logo\":{\"@type\":\"ImageObject\",\"inLanguage\":\"ca\",\"@id\":\"https:\\\/\\\/www.cpl.es\\\/#\\\/schema\\\/logo\\\/image\\\/\",\"url\":\"https:\\\/\\\/www.cpl.es\\\/wp-content\\\/uploads\\\/logo-cpl.svg\",\"contentUrl\":\"https:\\\/\\\/www.cpl.es\\\/wp-content\\\/uploads\\\/logo-cpl.svg\",\"caption\":\"Centre de Pastoral Lit\u00fargica\"},\"image\":{\"@id\":\"https:\\\/\\\/www.cpl.es\\\/#\\\/schema\\\/logo\\\/image\\\/\"}}]}<\/script>\n<!-- \/ Yoast SEO plugin. -->","yoast_head_json":{"title":"La Buena Noticia de Jes\u00fas. El Evangelio seg\u00fan Marcos - CPL","robots":{"index":"index","follow":"follow","max-snippet":"max-snippet:-1","max-image-preview":"max-image-preview:large","max-video-preview":"max-video-preview:-1"},"canonical":"https:\/\/www.cpl.es\/producto\/la-buena-noticia-de-jesus-el-evangelio-segun-marcos-9788491654896\/","og_locale":"ca_ES","og_type":"article","og_title":"La Buena Noticia de Jes\u00fas. El Evangelio seg\u00fan Marcos - CPL","og_description":"Puigdollers Noblom, Rodolfo","og_url":"https:\/\/www.cpl.es\/producto\/la-buena-noticia-de-jesus-el-evangelio-segun-marcos-9788491654896\/","og_site_name":"CPL","article_modified_time":"2025-06-19T08:33:06+00:00","og_image":[{"width":294,"height":432,"url":"https:\/\/www.cpl.es\/wp-content\/uploads\/117049-1.jpg","type":"image\/jpeg"}],"twitter_card":"summary_large_image","twitter_misc":{"Temps estimat de lectura":"1 minut"},"schema":{"@context":"https:\/\/schema.org","@graph":[{"@type":"WebPage","@id":"https:\/\/www.cpl.es\/producto\/la-buena-noticia-de-jesus-el-evangelio-segun-marcos-9788491654896\/","url":"https:\/\/www.cpl.es\/producto\/la-buena-noticia-de-jesus-el-evangelio-segun-marcos-9788491654896\/","name":"La Buena Noticia de Jes\u00fas. El Evangelio seg\u00fan Marcos - CPL","isPartOf":{"@id":"https:\/\/www.cpl.es\/#website"},"primaryImageOfPage":{"@id":"https:\/\/www.cpl.es\/producto\/la-buena-noticia-de-jesus-el-evangelio-segun-marcos-9788491654896\/#primaryimage"},"image":{"@id":"https:\/\/www.cpl.es\/producto\/la-buena-noticia-de-jesus-el-evangelio-segun-marcos-9788491654896\/#primaryimage"},"thumbnailUrl":"https:\/\/www.cpl.es\/wp-content\/uploads\/117049-1.jpg","datePublished":"2023-10-03T22:51:48+00:00","dateModified":"2025-06-19T08:33:06+00:00","breadcrumb":{"@id":"https:\/\/www.cpl.es\/producto\/la-buena-noticia-de-jesus-el-evangelio-segun-marcos-9788491654896\/#breadcrumb"},"inLanguage":"ca","potentialAction":[{"@type":"ReadAction","target":["https:\/\/www.cpl.es\/producto\/la-buena-noticia-de-jesus-el-evangelio-segun-marcos-9788491654896\/"]}]},{"@type":"ImageObject","inLanguage":"ca","@id":"https:\/\/www.cpl.es\/producto\/la-buena-noticia-de-jesus-el-evangelio-segun-marcos-9788491654896\/#primaryimage","url":"https:\/\/www.cpl.es\/wp-content\/uploads\/117049-1.jpg","contentUrl":"https:\/\/www.cpl.es\/wp-content\/uploads\/117049-1.jpg","width":294,"height":432,"caption":"117049.jpg"},{"@type":"BreadcrumbList","@id":"https:\/\/www.cpl.es\/producto\/la-buena-noticia-de-jesus-el-evangelio-segun-marcos-9788491654896\/#breadcrumb","itemListElement":[{"@type":"ListItem","position":1,"name":"Portada","item":"https:\/\/www.cpl.es\/ca\/"},{"@type":"ListItem","position":2,"name":"Cat\u00e0leg","item":"https:\/\/www.cpl.es\/ca\/cataleg\/"},{"@type":"ListItem","position":3,"name":"La Buena Noticia de Jes\u00fas. El Evangelio seg\u00fan Marcos"}]},{"@type":"WebSite","@id":"https:\/\/www.cpl.es\/#website","url":"https:\/\/www.cpl.es\/","name":"CPL","description":"Centre de Pastoral Lit\u00fargica de Barcelona","publisher":{"@id":"https:\/\/www.cpl.es\/#organization"},"alternateName":"Centre de Pastoral Lit\u00fargica","potentialAction":[{"@type":"SearchAction","target":{"@type":"EntryPoint","urlTemplate":"https:\/\/www.cpl.es\/?s={search_term_string}"},"query-input":{"@type":"PropertyValueSpecification","valueRequired":true,"valueName":"search_term_string"}}],"inLanguage":"ca"},{"@type":"Organization","@id":"https:\/\/www.cpl.es\/#organization","name":"Centre de Pastoral Lit\u00fargica","alternateName":"Centre de Pastoral Lit\u00fargica de Barcelona","url":"https:\/\/www.cpl.es\/","logo":{"@type":"ImageObject","inLanguage":"ca","@id":"https:\/\/www.cpl.es\/#\/schema\/logo\/image\/","url":"https:\/\/www.cpl.es\/wp-content\/uploads\/logo-cpl.svg","contentUrl":"https:\/\/www.cpl.es\/wp-content\/uploads\/logo-cpl.svg","caption":"Centre de Pastoral Lit\u00fargica"},"image":{"@id":"https:\/\/www.cpl.es\/#\/schema\/logo\/image\/"}}]}},"_links":{"self":[{"href":"https:\/\/www.cpl.es\/ca\/wp-json\/wp\/v2\/product\/828","targetHints":{"allow":["GET"]}}],"collection":[{"href":"https:\/\/www.cpl.es\/ca\/wp-json\/wp\/v2\/product"}],"about":[{"href":"https:\/\/www.cpl.es\/ca\/wp-json\/wp\/v2\/types\/product"}],"wp:featuredmedia":[{"embeddable":true,"href":"https:\/\/www.cpl.es\/ca\/wp-json\/wp\/v2\/media\/19509"}],"wp:attachment":[{"href":"https:\/\/www.cpl.es\/ca\/wp-json\/wp\/v2\/media?parent=828"}],"wp:term":[{"taxonomy":"product_brand","embeddable":true,"href":"https:\/\/www.cpl.es\/ca\/wp-json\/wp\/v2\/product_brand?post=828"},{"taxonomy":"product_cat","embeddable":true,"href":"https:\/\/www.cpl.es\/ca\/wp-json\/wp\/v2\/product_cat?post=828"},{"taxonomy":"product_tag","embeddable":true,"href":"https:\/\/www.cpl.es\/ca\/wp-json\/wp\/v2\/product_tag?post=828"}],"curies":[{"name":"wp","href":"https:\/\/api.w.org\/{rel}","templated":true}]}}

La Buena Noticia de Jesús. El Evangelio según Marcos

<p>La Buena Noticia de Jesús es una edición del Evangelio según Marcos, que hace resplandecer un texto venerable acercándolo a la luz original. La importancia dada a su estructura y sus características literarias hace que la voz del<br />evangelio resuene con una mayor transparencia.<br />La distinción de las diversas redacciones del texto evangélico viene subrayada por la distinción de colores; la repetición de términos, con el uso de la cursiva; las palabras que forman inclusión o expresan la fe de la comunidad, con letras versaletas; la característica especial de ciertos relatos de luz, con la reproducción de iconos bizantinos. La introducción clara y concisa sitúa al lector en la aventura de la lectura. Un extenso vocabulario permite entender las<br />diversas expresiones desde la óptica propia del evangelista Marcos. Un libro que renueva la lectura de un texto bimilenario.</p>
<p>Rodolfo Puigdollers Noblom (Barcelona, 1948) es escolapio, doctor en teología y párroco de las parroquias de Sant<br />Sadurní de la Roca del Vallès y de Santa Maria del Jaire de la Torreta, en la diócesis de Terrassa. Profesor de Nuevo Testamento en la Facultat de Teologia de Catalunya y en el Institut Superior de Ciències Religioses de Vic.<br />Es autor de una amplia serie de publicaciones bíblicas, catequéticas y pastorales, algunas de las cuales han sido editadas por el Centre de Pastoral Litúrgica.</p>

Rústica

Con vocabulario bíblico

<!-- This site is optimized with the Yoast SEO plugin v27.3 - https://yoast.com/product/yoast-seo-wordpress/ -->
<title>La Buena Noticia de Jesús. El Evangelio según Marcos - CPL</title>
<meta name="robots" content="index, follow, max-snippet:-1, max-image-preview:large, max-video-preview:-1" />
<link rel="canonical" href="https://www.cpl.es/producto/la-buena-noticia-de-jesus-el-evangelio-segun-marcos-9788491654896/" />
<meta property="og:locale" content="ca_ES" />
<meta property="og:type" content="article" />
<meta property="og:title" content="La Buena Noticia de Jesús. El Evangelio según Marcos - CPL" />
<meta property="og:description" content="Puigdollers Noblom, Rodolfo" />
<meta property="og:url" content="https://www.cpl.es/producto/la-buena-noticia-de-jesus-el-evangelio-segun-marcos-9788491654896/" />
<meta property="og:site_name" content="CPL" />
<meta property="article:modified_time" content="2025-06-19T08:33:06+00:00" />
<meta property="og:image" content="https://www.cpl.es/wp-content/uploads/117049-1.jpg" />
	<meta property="og:image:width" content="294" />
	<meta property="og:image:height" content="432" />
	<meta property="og:image:type" content="image/jpeg" />
<meta name="twitter:card" content="summary_large_image" />
<meta name="twitter:label1" content="Temps estimat de lectura" />
	<meta name="twitter:data1" content="1 minut" />
<script type="application/ld+json" class="yoast-schema-graph">{"@context":"https:\/\/schema.org","@graph":[{"@type":"WebPage","@id":"https:\/\/www.cpl.es\/producto\/la-buena-noticia-de-jesus-el-evangelio-segun-marcos-9788491654896\/","url":"https:\/\/www.cpl.es\/producto\/la-buena-noticia-de-jesus-el-evangelio-segun-marcos-9788491654896\/","name":"La Buena Noticia de Jesús. El Evangelio según Marcos - CPL","isPartOf":{"@id":"https:\/\/www.cpl.es\/#website"},"primaryImageOfPage":{"@id":"https:\/\/www.cpl.es\/producto\/la-buena-noticia-de-jesus-el-evangelio-segun-marcos-9788491654896\/#primaryimage"},"image":{"@id":"https:\/\/www.cpl.es\/producto\/la-buena-noticia-de-jesus-el-evangelio-segun-marcos-9788491654896\/#primaryimage"},"thumbnailUrl":"https:\/\/www.cpl.es\/wp-content\/uploads\/117049-1.jpg","datePublished":"2023-10-03T22:51:48+00:00","dateModified":"2025-06-19T08:33:06+00:00","breadcrumb":{"@id":"https:\/\/www.cpl.es\/producto\/la-buena-noticia-de-jesus-el-evangelio-segun-marcos-9788491654896\/#breadcrumb"},"inLanguage":"ca","potentialAction":[{"@type":"ReadAction","target":["https:\/\/www.cpl.es\/producto\/la-buena-noticia-de-jesus-el-evangelio-segun-marcos-9788491654896\/"]}]},{"@type":"ImageObject","inLanguage":"ca","@id":"https:\/\/www.cpl.es\/producto\/la-buena-noticia-de-jesus-el-evangelio-segun-marcos-9788491654896\/#primaryimage","url":"https:\/\/www.cpl.es\/wp-content\/uploads\/117049-1.jpg","contentUrl":"https:\/\/www.cpl.es\/wp-content\/uploads\/117049-1.jpg","width":294,"height":432,"caption":"117049.jpg"},{"@type":"BreadcrumbList","@id":"https:\/\/www.cpl.es\/producto\/la-buena-noticia-de-jesus-el-evangelio-segun-marcos-9788491654896\/#breadcrumb","itemListElement":[{"@type":"ListItem","position":1,"name":"Portada","item":"https:\/\/www.cpl.es\/ca\/"},{"@type":"ListItem","position":2,"name":"Catàleg","item":"https:\/\/www.cpl.es\/ca\/cataleg\/"},{"@type":"ListItem","position":3,"name":"La Buena Noticia de Jesús. El Evangelio según Marcos"}]},{"@type":"WebSite","@id":"https:\/\/www.cpl.es\/#website","url":"https:\/\/www.cpl.es\/","name":"CPL","description":"Centre de Pastoral Litúrgica de Barcelona","publisher":{"@id":"https:\/\/www.cpl.es\/#organization"},"alternateName":"Centre de Pastoral Litúrgica","potentialAction":[{"@type":"SearchAction","target":{"@type":"EntryPoint","urlTemplate":"https:\/\/www.cpl.es\/?s={search_term_string}"},"query-input":{"@type":"PropertyValueSpecification","valueRequired":true,"valueName":"search_term_string"}}],"inLanguage":"ca"},{"@type":"Organization","@id":"https:\/\/www.cpl.es\/#organization","name":"Centre de Pastoral Litúrgica","alternateName":"Centre de Pastoral Litúrgica de Barcelona","url":"https:\/\/www.cpl.es\/","logo":{"@type":"ImageObject","inLanguage":"ca","@id":"https:\/\/www.cpl.es\/#\/schema\/logo\/image\/","url":"https:\/\/www.cpl.es\/wp-content\/uploads\/logo-cpl.svg","contentUrl":"https:\/\/www.cpl.es\/wp-content\/uploads\/logo-cpl.svg","caption":"Centre de Pastoral Litúrgica"},"image":{"@id":"https:\/\/www.cpl.es\/#\/schema\/logo\/image\/"}}]}</script>
<!-- / Yoast SEO plugin. -->

La Buena Noticia de Jesús. El Evangelio según Marcos - CPL

Catàleg

Centre de Pastoral Litúrgica de Barcelona

Centre de Pastoral Litúrgica
