{"id":819,"date":"2023-10-04T00:51:31","date_gmt":"2023-10-03T22:51:31","guid":{"rendered":"https:\/\/nuevaweb.cpl.es\/producto\/la-fe-humanitza-9788491654964\/"},"modified":"2023-10-04T00:51:34","modified_gmt":"2023-10-03T22:51:34","slug":"la-fe-humanitza-9788491654964","status":"publish","type":"product","link":"https:\/\/www.cpl.es\/ca\/producto\/la-fe-humanitza-9788491654964\/","title":{"rendered":"La fe humanitza"},"content":{"rendered":"<p>Quan ens acostem (o quan ens acosten) a l\u2019esgl\u00e9sia per ser batejats, la primera pregunta que se\u2019ns fa \u00e9s: \u00abQu\u00e8 demanes a l\u2019Esgl\u00e9sia de D\u00e9u?\u00bb. I la resposta \u00e9s clara: \u00abLa fe\u00bb. S\u00ed, demanem el do de la fe perqu\u00e8 \u00e9s la fe la que ens porta fins al baptisme i \u00e9s pel baptisme que reneixem a la vida dels fills de D\u00e9u. Una vida que anir\u00e0 creixent en nosaltres gr\u00e0cies al nodriment que li ofereixen les Sagrades Escriptures i els sagraments. Per\u00f2 tamb\u00e9 l\u2019ajuda a cr\u00e9ixer descobrir el pas de D\u00e9u en fets exemplars, paraules, dites&#8230; \u00e9s a dir, fixant-nos en els fruits de les llavors de la Paraula de D\u00e9u que han estat sembrades a la vora nostra.<\/p>\n<p>Joan Guiteras (Sant Lloren\u00e7 Savall, Barcelona, 1939) \u00e9s canonge deg\u00e0 del cap\u00edtol de la Catedral Metropolitana de Barcelona, doctor en Teologia. Ha estat director de l\u2019Institut Superior de Lit\u00fargia de Barcelona i professor de la Facultat de Teologia de Catalunya. Dirigeix la revista Teologia Actual. \u00c9s autor d\u2019un bon nombre de llibres de temes teol\u00f2gics, catequ\u00e8tics i de formaci\u00f3 cristiana, i col\u00b7labora en diverses publicacions amb articles sobre aquests mateixos temes.<\/p>\n","protected":false},"excerpt":{"rendered":"<p>Guiteras Vilanova, Joan<\/p>\n","protected":false},"featured_media":820,"template":"","meta":{"_acf_changed":false,"inline_featured_image":false},"product_brand":[],"product_cat":[100],"product_tag":[],"class_list":{"0":"post-819","1":"product","2":"type-product","3":"status-publish","4":"has-post-thumbnail","6":"product_cat-cpl-libri-colleccions-catala","8":"first","9":"instock","10":"taxable","11":"shipping-taxable","12":"purchasable","13":"product-type-simple"},"acf":{"autor":"Guiteras Vilanova, Joan","codart":"217050","ediciones":"1","encuadernacion":"R\u00fastica","fecha_de_publicacion":"24\/02\/2022","novedad":false,"paginas":"198","subtitulo":"","orden":"999","portada":false,"idioma":"cat","editorial":[{"ID":6736,"post_author":"2","post_date":"2023-10-06 08:35:24","post_date_gmt":"2023-10-06 06:35:24","post_content":"","post_title":"CPL","post_excerpt":"","post_status":"publish","comment_status":"closed","ping_status":"closed","post_password":"","post_name":"cpl","to_ping":"","pinged":"","post_modified":"2023-10-06 08:35:24","post_modified_gmt":"2023-10-06 06:35:24","post_content_filtered":"","post_parent":0,"guid":"https:\/\/nuevaweb.cpl.es\/editorial\/cpl\/","menu_order":0,"post_type":"editorial","post_mime_type":"","comment_count":"0","filter":"raw"}]},"yoast_head":"<!-- This site is optimized with the Yoast SEO plugin v27.3 - https:\/\/yoast.com\/product\/yoast-seo-wordpress\/ -->\n<title>La fe humanitza - CPL<\/title>\n<meta name=\"robots\" content=\"index, follow, max-snippet:-1, max-image-preview:large, max-video-preview:-1\" \/>\n<link rel=\"canonical\" href=\"https:\/\/www.cpl.es\/producto\/la-fe-humanitza-9788491654964\/\" \/>\n<meta property=\"og:locale\" content=\"ca_ES\" \/>\n<meta property=\"og:type\" content=\"article\" \/>\n<meta property=\"og:title\" content=\"La fe humanitza - CPL\" \/>\n<meta property=\"og:description\" content=\"Guiteras Vilanova, Joan\" \/>\n<meta property=\"og:url\" content=\"https:\/\/www.cpl.es\/producto\/la-fe-humanitza-9788491654964\/\" \/>\n<meta property=\"og:site_name\" content=\"CPL\" \/>\n<meta property=\"article:modified_time\" content=\"2023-10-03T22:51:34+00:00\" \/>\n<meta property=\"og:image\" content=\"https:\/\/www.cpl.es\/wp-content\/uploads\/217050.jpg\" \/>\n\t<meta property=\"og:image:width\" content=\"280\" \/>\n\t<meta property=\"og:image:height\" content=\"443\" \/>\n\t<meta property=\"og:image:type\" content=\"image\/jpeg\" \/>\n<meta name=\"twitter:card\" content=\"summary_large_image\" \/>\n<meta name=\"twitter:label1\" content=\"Temps estimat de lectura\" \/>\n\t<meta name=\"twitter:data1\" content=\"1 minut\" \/>\n<script type=\"application\/ld+json\" class=\"yoast-schema-graph\">{\"@context\":\"https:\\\/\\\/schema.org\",\"@graph\":[{\"@type\":\"WebPage\",\"@id\":\"https:\\\/\\\/www.cpl.es\\\/producto\\\/la-fe-humanitza-9788491654964\\\/\",\"url\":\"https:\\\/\\\/www.cpl.es\\\/producto\\\/la-fe-humanitza-9788491654964\\\/\",\"name\":\"La fe humanitza - CPL\",\"isPartOf\":{\"@id\":\"https:\\\/\\\/www.cpl.es\\\/#website\"},\"primaryImageOfPage\":{\"@id\":\"https:\\\/\\\/www.cpl.es\\\/producto\\\/la-fe-humanitza-9788491654964\\\/#primaryimage\"},\"image\":{\"@id\":\"https:\\\/\\\/www.cpl.es\\\/producto\\\/la-fe-humanitza-9788491654964\\\/#primaryimage\"},\"thumbnailUrl\":\"https:\\\/\\\/www.cpl.es\\\/wp-content\\\/uploads\\\/217050.jpg\",\"datePublished\":\"2023-10-03T22:51:31+00:00\",\"dateModified\":\"2023-10-03T22:51:34+00:00\",\"breadcrumb\":{\"@id\":\"https:\\\/\\\/www.cpl.es\\\/producto\\\/la-fe-humanitza-9788491654964\\\/#breadcrumb\"},\"inLanguage\":\"ca\",\"potentialAction\":[{\"@type\":\"ReadAction\",\"target\":[\"https:\\\/\\\/www.cpl.es\\\/producto\\\/la-fe-humanitza-9788491654964\\\/\"]}]},{\"@type\":\"ImageObject\",\"inLanguage\":\"ca\",\"@id\":\"https:\\\/\\\/www.cpl.es\\\/producto\\\/la-fe-humanitza-9788491654964\\\/#primaryimage\",\"url\":\"https:\\\/\\\/www.cpl.es\\\/wp-content\\\/uploads\\\/217050.jpg\",\"contentUrl\":\"https:\\\/\\\/www.cpl.es\\\/wp-content\\\/uploads\\\/217050.jpg\",\"width\":280,\"height\":443,\"caption\":\"217050.jpg\"},{\"@type\":\"BreadcrumbList\",\"@id\":\"https:\\\/\\\/www.cpl.es\\\/producto\\\/la-fe-humanitza-9788491654964\\\/#breadcrumb\",\"itemListElement\":[{\"@type\":\"ListItem\",\"position\":1,\"name\":\"Portada\",\"item\":\"https:\\\/\\\/www.cpl.es\\\/ca\\\/\"},{\"@type\":\"ListItem\",\"position\":2,\"name\":\"Cat\u00e0leg\",\"item\":\"https:\\\/\\\/www.cpl.es\\\/ca\\\/cataleg\\\/\"},{\"@type\":\"ListItem\",\"position\":3,\"name\":\"La fe humanitza\"}]},{\"@type\":\"WebSite\",\"@id\":\"https:\\\/\\\/www.cpl.es\\\/#website\",\"url\":\"https:\\\/\\\/www.cpl.es\\\/\",\"name\":\"CPL\",\"description\":\"Centre de Pastoral Lit\u00fargica de Barcelona\",\"publisher\":{\"@id\":\"https:\\\/\\\/www.cpl.es\\\/#organization\"},\"alternateName\":\"Centre de Pastoral Lit\u00fargica\",\"potentialAction\":[{\"@type\":\"SearchAction\",\"target\":{\"@type\":\"EntryPoint\",\"urlTemplate\":\"https:\\\/\\\/www.cpl.es\\\/?s={search_term_string}\"},\"query-input\":{\"@type\":\"PropertyValueSpecification\",\"valueRequired\":true,\"valueName\":\"search_term_string\"}}],\"inLanguage\":\"ca\"},{\"@type\":\"Organization\",\"@id\":\"https:\\\/\\\/www.cpl.es\\\/#organization\",\"name\":\"Centre de Pastoral Lit\u00fargica\",\"alternateName\":\"Centre de Pastoral Lit\u00fargica de Barcelona\",\"url\":\"https:\\\/\\\/www.cpl.es\\\/\",\"logo\":{\"@type\":\"ImageObject\",\"inLanguage\":\"ca\",\"@id\":\"https:\\\/\\\/www.cpl.es\\\/#\\\/schema\\\/logo\\\/image\\\/\",\"url\":\"https:\\\/\\\/www.cpl.es\\\/wp-content\\\/uploads\\\/logo-cpl.svg\",\"contentUrl\":\"https:\\\/\\\/www.cpl.es\\\/wp-content\\\/uploads\\\/logo-cpl.svg\",\"caption\":\"Centre de Pastoral Lit\u00fargica\"},\"image\":{\"@id\":\"https:\\\/\\\/www.cpl.es\\\/#\\\/schema\\\/logo\\\/image\\\/\"}}]}<\/script>\n<!-- \/ Yoast SEO plugin. -->","yoast_head_json":{"title":"La fe humanitza - CPL","robots":{"index":"index","follow":"follow","max-snippet":"max-snippet:-1","max-image-preview":"max-image-preview:large","max-video-preview":"max-video-preview:-1"},"canonical":"https:\/\/www.cpl.es\/producto\/la-fe-humanitza-9788491654964\/","og_locale":"ca_ES","og_type":"article","og_title":"La fe humanitza - CPL","og_description":"Guiteras Vilanova, Joan","og_url":"https:\/\/www.cpl.es\/producto\/la-fe-humanitza-9788491654964\/","og_site_name":"CPL","article_modified_time":"2023-10-03T22:51:34+00:00","og_image":[{"width":280,"height":443,"url":"https:\/\/www.cpl.es\/wp-content\/uploads\/217050.jpg","type":"image\/jpeg"}],"twitter_card":"summary_large_image","twitter_misc":{"Temps estimat de lectura":"1 minut"},"schema":{"@context":"https:\/\/schema.org","@graph":[{"@type":"WebPage","@id":"https:\/\/www.cpl.es\/producto\/la-fe-humanitza-9788491654964\/","url":"https:\/\/www.cpl.es\/producto\/la-fe-humanitza-9788491654964\/","name":"La fe humanitza - CPL","isPartOf":{"@id":"https:\/\/www.cpl.es\/#website"},"primaryImageOfPage":{"@id":"https:\/\/www.cpl.es\/producto\/la-fe-humanitza-9788491654964\/#primaryimage"},"image":{"@id":"https:\/\/www.cpl.es\/producto\/la-fe-humanitza-9788491654964\/#primaryimage"},"thumbnailUrl":"https:\/\/www.cpl.es\/wp-content\/uploads\/217050.jpg","datePublished":"2023-10-03T22:51:31+00:00","dateModified":"2023-10-03T22:51:34+00:00","breadcrumb":{"@id":"https:\/\/www.cpl.es\/producto\/la-fe-humanitza-9788491654964\/#breadcrumb"},"inLanguage":"ca","potentialAction":[{"@type":"ReadAction","target":["https:\/\/www.cpl.es\/producto\/la-fe-humanitza-9788491654964\/"]}]},{"@type":"ImageObject","inLanguage":"ca","@id":"https:\/\/www.cpl.es\/producto\/la-fe-humanitza-9788491654964\/#primaryimage","url":"https:\/\/www.cpl.es\/wp-content\/uploads\/217050.jpg","contentUrl":"https:\/\/www.cpl.es\/wp-content\/uploads\/217050.jpg","width":280,"height":443,"caption":"217050.jpg"},{"@type":"BreadcrumbList","@id":"https:\/\/www.cpl.es\/producto\/la-fe-humanitza-9788491654964\/#breadcrumb","itemListElement":[{"@type":"ListItem","position":1,"name":"Portada","item":"https:\/\/www.cpl.es\/ca\/"},{"@type":"ListItem","position":2,"name":"Cat\u00e0leg","item":"https:\/\/www.cpl.es\/ca\/cataleg\/"},{"@type":"ListItem","position":3,"name":"La fe humanitza"}]},{"@type":"WebSite","@id":"https:\/\/www.cpl.es\/#website","url":"https:\/\/www.cpl.es\/","name":"CPL","description":"Centre de Pastoral Lit\u00fargica de Barcelona","publisher":{"@id":"https:\/\/www.cpl.es\/#organization"},"alternateName":"Centre de Pastoral Lit\u00fargica","potentialAction":[{"@type":"SearchAction","target":{"@type":"EntryPoint","urlTemplate":"https:\/\/www.cpl.es\/?s={search_term_string}"},"query-input":{"@type":"PropertyValueSpecification","valueRequired":true,"valueName":"search_term_string"}}],"inLanguage":"ca"},{"@type":"Organization","@id":"https:\/\/www.cpl.es\/#organization","name":"Centre de Pastoral Lit\u00fargica","alternateName":"Centre de Pastoral Lit\u00fargica de Barcelona","url":"https:\/\/www.cpl.es\/","logo":{"@type":"ImageObject","inLanguage":"ca","@id":"https:\/\/www.cpl.es\/#\/schema\/logo\/image\/","url":"https:\/\/www.cpl.es\/wp-content\/uploads\/logo-cpl.svg","contentUrl":"https:\/\/www.cpl.es\/wp-content\/uploads\/logo-cpl.svg","caption":"Centre de Pastoral Lit\u00fargica"},"image":{"@id":"https:\/\/www.cpl.es\/#\/schema\/logo\/image\/"}}]}},"_links":{"self":[{"href":"https:\/\/www.cpl.es\/ca\/wp-json\/wp\/v2\/product\/819","targetHints":{"allow":["GET"]}}],"collection":[{"href":"https:\/\/www.cpl.es\/ca\/wp-json\/wp\/v2\/product"}],"about":[{"href":"https:\/\/www.cpl.es\/ca\/wp-json\/wp\/v2\/types\/product"}],"wp:featuredmedia":[{"embeddable":true,"href":"https:\/\/www.cpl.es\/ca\/wp-json\/wp\/v2\/media\/820"}],"wp:attachment":[{"href":"https:\/\/www.cpl.es\/ca\/wp-json\/wp\/v2\/media?parent=819"}],"wp:term":[{"taxonomy":"product_brand","embeddable":true,"href":"https:\/\/www.cpl.es\/ca\/wp-json\/wp\/v2\/product_brand?post=819"},{"taxonomy":"product_cat","embeddable":true,"href":"https:\/\/www.cpl.es\/ca\/wp-json\/wp\/v2\/product_cat?post=819"},{"taxonomy":"product_tag","embeddable":true,"href":"https:\/\/www.cpl.es\/ca\/wp-json\/wp\/v2\/product_tag?post=819"}],"curies":[{"name":"wp","href":"https:\/\/api.w.org\/{rel}","templated":true}]}}

<p>Quan ens acostem (o quan ens acosten) a l’església per ser batejats, la primera pregunta que se’ns fa és: «Què demanes a l’Església de Déu?». I la resposta és clara: «La fe». Sí, demanem el do de la fe perquè és la fe la que ens porta fins al baptisme i és pel baptisme que reneixem a la vida dels fills de Déu. Una vida que anirà creixent en nosaltres gràcies al nodriment que li ofereixen les Sagrades Escriptures i els sagraments. Però també l’ajuda a créixer descobrir el pas de Déu en fets exemplars, paraules, dites&#8230; és a dir, fixant-nos en els fruits de les llavors de la Paraula de Déu que han estat sembrades a la vora nostra.</p>
<p>Joan Guiteras (Sant Llorenç Savall, Barcelona, 1939) és canonge degà del capítol de la Catedral Metropolitana de Barcelona, doctor en Teologia. Ha estat director de l’Institut Superior de Litúrgia de Barcelona i professor de la Facultat de Teologia de Catalunya. Dirigeix la revista Teologia Actual. És autor d’un bon nombre de llibres de temes teològics, catequètics i de formació cristiana, i col·labora en diverses publicacions amb articles sobre aquests mateixos temes.</p>

Rústica

<!-- This site is optimized with the Yoast SEO plugin v27.3 - https://yoast.com/product/yoast-seo-wordpress/ -->
<title>La fe humanitza - CPL</title>
<meta name="robots" content="index, follow, max-snippet:-1, max-image-preview:large, max-video-preview:-1" />
<link rel="canonical" href="https://www.cpl.es/producto/la-fe-humanitza-9788491654964/" />
<meta property="og:locale" content="ca_ES" />
<meta property="og:type" content="article" />
<meta property="og:title" content="La fe humanitza - CPL" />
<meta property="og:description" content="Guiteras Vilanova, Joan" />
<meta property="og:url" content="https://www.cpl.es/producto/la-fe-humanitza-9788491654964/" />
<meta property="og:site_name" content="CPL" />
<meta property="article:modified_time" content="2023-10-03T22:51:34+00:00" />
<meta property="og:image" content="https://www.cpl.es/wp-content/uploads/217050.jpg" />
	<meta property="og:image:width" content="280" />
	<meta property="og:image:height" content="443" />
	<meta property="og:image:type" content="image/jpeg" />
<meta name="twitter:card" content="summary_large_image" />
<meta name="twitter:label1" content="Temps estimat de lectura" />
	<meta name="twitter:data1" content="1 minut" />
<script type="application/ld+json" class="yoast-schema-graph">{"@context":"https:\/\/schema.org","@graph":[{"@type":"WebPage","@id":"https:\/\/www.cpl.es\/producto\/la-fe-humanitza-9788491654964\/","url":"https:\/\/www.cpl.es\/producto\/la-fe-humanitza-9788491654964\/","name":"La fe humanitza - CPL","isPartOf":{"@id":"https:\/\/www.cpl.es\/#website"},"primaryImageOfPage":{"@id":"https:\/\/www.cpl.es\/producto\/la-fe-humanitza-9788491654964\/#primaryimage"},"image":{"@id":"https:\/\/www.cpl.es\/producto\/la-fe-humanitza-9788491654964\/#primaryimage"},"thumbnailUrl":"https:\/\/www.cpl.es\/wp-content\/uploads\/217050.jpg","datePublished":"2023-10-03T22:51:31+00:00","dateModified":"2023-10-03T22:51:34+00:00","breadcrumb":{"@id":"https:\/\/www.cpl.es\/producto\/la-fe-humanitza-9788491654964\/#breadcrumb"},"inLanguage":"ca","potentialAction":[{"@type":"ReadAction","target":["https:\/\/www.cpl.es\/producto\/la-fe-humanitza-9788491654964\/"]}]},{"@type":"ImageObject","inLanguage":"ca","@id":"https:\/\/www.cpl.es\/producto\/la-fe-humanitza-9788491654964\/#primaryimage","url":"https:\/\/www.cpl.es\/wp-content\/uploads\/217050.jpg","contentUrl":"https:\/\/www.cpl.es\/wp-content\/uploads\/217050.jpg","width":280,"height":443,"caption":"217050.jpg"},{"@type":"BreadcrumbList","@id":"https:\/\/www.cpl.es\/producto\/la-fe-humanitza-9788491654964\/#breadcrumb","itemListElement":[{"@type":"ListItem","position":1,"name":"Portada","item":"https:\/\/www.cpl.es\/ca\/"},{"@type":"ListItem","position":2,"name":"Catàleg","item":"https:\/\/www.cpl.es\/ca\/cataleg\/"},{"@type":"ListItem","position":3,"name":"La fe humanitza"}]},{"@type":"WebSite","@id":"https:\/\/www.cpl.es\/#website","url":"https:\/\/www.cpl.es\/","name":"CPL","description":"Centre de Pastoral Litúrgica de Barcelona","publisher":{"@id":"https:\/\/www.cpl.es\/#organization"},"alternateName":"Centre de Pastoral Litúrgica","potentialAction":[{"@type":"SearchAction","target":{"@type":"EntryPoint","urlTemplate":"https:\/\/www.cpl.es\/?s={search_term_string}"},"query-input":{"@type":"PropertyValueSpecification","valueRequired":true,"valueName":"search_term_string"}}],"inLanguage":"ca"},{"@type":"Organization","@id":"https:\/\/www.cpl.es\/#organization","name":"Centre de Pastoral Litúrgica","alternateName":"Centre de Pastoral Litúrgica de Barcelona","url":"https:\/\/www.cpl.es\/","logo":{"@type":"ImageObject","inLanguage":"ca","@id":"https:\/\/www.cpl.es\/#\/schema\/logo\/image\/","url":"https:\/\/www.cpl.es\/wp-content\/uploads\/logo-cpl.svg","contentUrl":"https:\/\/www.cpl.es\/wp-content\/uploads\/logo-cpl.svg","caption":"Centre de Pastoral Litúrgica"},"image":{"@id":"https:\/\/www.cpl.es\/#\/schema\/logo\/image\/"}}]}</script>
<!-- / Yoast SEO plugin. -->

Catàleg

Centre de Pastoral Litúrgica de Barcelona

Centre de Pastoral Litúrgica
