{"id":816,"date":"2023-10-04T00:51:25","date_gmt":"2023-10-03T22:51:25","guid":{"rendered":"https:\/\/nuevaweb.cpl.es\/producto\/pindoles-devangeli-9788491654988\/"},"modified":"2023-10-04T00:51:29","modified_gmt":"2023-10-03T22:51:29","slug":"pindoles-devangeli-9788491654988","status":"publish","type":"product","link":"https:\/\/www.cpl.es\/ca\/producto\/pindoles-devangeli-9788491654988\/","title":{"rendered":"P\u00edndoles d&#8217;Evangeli"},"content":{"rendered":"<p>El full parroquial de les parr\u00f2quies de Torell\u00f3 amb el nom de Di\u00e0leg va ser dinamitzat durant quinze anys (2004-2019) pel rector d\u2019aquells temps, Joan Torra Bitlloch, actual deg\u00e0 de la Facultat de Teologia de Catalunya. El Di\u00e0leg informava a la gent de les comunitats parroquials i a tothom del poble de la celebraci\u00f3 dels sagraments, de l\u2019activitat catequ\u00e8tica i formadora, de la feina de C\u00e0ritas i de tot el que es referia a l\u2019acci\u00f3 pastoral generada des de les parr\u00f2quies.<br \/>P\u00edndoles d\u2019Evangeli inclou les reflexions que en el Di\u00e0leg partien, sobretot, de les lectures b\u00edbliques dominicals. S\u00f3n comentaris espirituals per acompanyar, guiar, formar, conduir la comunitat des de l\u2019Evangeli i des del moment concret de la vida. L\u2019autor va entendre que aquests comentaris formaven part de l\u2019exercici del seu ministeri de rector. Era una manera m\u00e9s d\u2019exercir la funci\u00f3 de guiatge, \u00e9s a dir, de ser i fer de pastor.<\/p>\n<p>Joan Torra Bitlloch (Manresa 1954) \u00e9s prevere de la di\u00f2cesi de Vic des de 1982. Llicenciat en Teologia per la Facultat de Teologia de Catalunya el 1987, diplomat en Teologia i Ci\u00e8ncies Patr\u00edstiques per l\u2019Institut Patr\u00edstic Augustinianum de Roma el 1990 i doctor per la Facultat de Teologia de Catalunya el 2017. Deg\u00e0 de la Facultat de Teologia de Catalunya de l\u2019Ateneu Universitari Sant Paci\u00e0 (AUSP), d\u2019on \u00e9s professor de patrologia. Professor tamb\u00e9 a l\u2019Institut de Lit\u00fargia ad instar Facultatis, i als Instituts Superiors de Ci\u00e8ncies Religioses de Vic (ISCRVIC), i de Barcelona (ISCREB). Vicepresident del Centre de Pastoral Lit\u00fargica de Barcelona (CPL). Actualment \u00e9s rector de la parr\u00f2quia de Sant Pere de Vacarisses.<\/p>\n","protected":false},"excerpt":{"rendered":"<p>Torra Bitlloch, Joan<\/p>\n","protected":false},"featured_media":817,"template":"","meta":{"_acf_changed":false,"inline_featured_image":false},"product_brand":[],"product_cat":[100],"product_tag":[],"class_list":{"0":"post-816","1":"product","2":"type-product","3":"status-publish","4":"has-post-thumbnail","6":"product_cat-cpl-libri-colleccions-catala","8":"first","9":"instock","10":"taxable","11":"shipping-taxable","12":"purchasable","13":"product-type-simple"},"acf":{"autor":"Torra Bitlloch, Joan","codart":"217052","ediciones":"1","encuadernacion":"R\u00fastica","fecha_de_publicacion":"03\/03\/2022","novedad":false,"paginas":"604","subtitulo":"","orden":"999","portada":false,"idioma":"cat","editorial":[{"ID":6736,"post_author":"2","post_date":"2023-10-06 08:35:24","post_date_gmt":"2023-10-06 06:35:24","post_content":"","post_title":"CPL","post_excerpt":"","post_status":"publish","comment_status":"closed","ping_status":"closed","post_password":"","post_name":"cpl","to_ping":"","pinged":"","post_modified":"2023-10-06 08:35:24","post_modified_gmt":"2023-10-06 06:35:24","post_content_filtered":"","post_parent":0,"guid":"https:\/\/nuevaweb.cpl.es\/editorial\/cpl\/","menu_order":0,"post_type":"editorial","post_mime_type":"","comment_count":"0","filter":"raw"}]},"yoast_head":"<!-- This site is optimized with the Yoast SEO plugin v27.3 - https:\/\/yoast.com\/product\/yoast-seo-wordpress\/ -->\n<title>P\u00edndoles d&#039;Evangeli - CPL<\/title>\n<meta name=\"robots\" content=\"index, follow, max-snippet:-1, max-image-preview:large, max-video-preview:-1\" \/>\n<link rel=\"canonical\" href=\"https:\/\/www.cpl.es\/producto\/pindoles-devangeli-9788491654988\/\" \/>\n<meta property=\"og:locale\" content=\"ca_ES\" \/>\n<meta property=\"og:type\" content=\"article\" \/>\n<meta property=\"og:title\" content=\"P\u00edndoles d&#039;Evangeli - CPL\" \/>\n<meta property=\"og:description\" content=\"Torra Bitlloch, Joan\" \/>\n<meta property=\"og:url\" content=\"https:\/\/www.cpl.es\/producto\/pindoles-devangeli-9788491654988\/\" \/>\n<meta property=\"og:site_name\" content=\"CPL\" \/>\n<meta property=\"article:modified_time\" content=\"2023-10-03T22:51:29+00:00\" \/>\n<meta property=\"og:image\" content=\"https:\/\/www.cpl.es\/wp-content\/uploads\/217052.jpg\" \/>\n\t<meta property=\"og:image:width\" content=\"294\" \/>\n\t<meta property=\"og:image:height\" content=\"423\" \/>\n\t<meta property=\"og:image:type\" content=\"image\/jpeg\" \/>\n<meta name=\"twitter:card\" content=\"summary_large_image\" \/>\n<meta name=\"twitter:label1\" content=\"Temps estimat de lectura\" \/>\n\t<meta name=\"twitter:data1\" content=\"1 minut\" \/>\n<script type=\"application\/ld+json\" class=\"yoast-schema-graph\">{\"@context\":\"https:\\\/\\\/schema.org\",\"@graph\":[{\"@type\":\"WebPage\",\"@id\":\"https:\\\/\\\/www.cpl.es\\\/producto\\\/pindoles-devangeli-9788491654988\\\/\",\"url\":\"https:\\\/\\\/www.cpl.es\\\/producto\\\/pindoles-devangeli-9788491654988\\\/\",\"name\":\"P\u00edndoles d'Evangeli - CPL\",\"isPartOf\":{\"@id\":\"https:\\\/\\\/www.cpl.es\\\/#website\"},\"primaryImageOfPage\":{\"@id\":\"https:\\\/\\\/www.cpl.es\\\/producto\\\/pindoles-devangeli-9788491654988\\\/#primaryimage\"},\"image\":{\"@id\":\"https:\\\/\\\/www.cpl.es\\\/producto\\\/pindoles-devangeli-9788491654988\\\/#primaryimage\"},\"thumbnailUrl\":\"https:\\\/\\\/www.cpl.es\\\/wp-content\\\/uploads\\\/217052.jpg\",\"datePublished\":\"2023-10-03T22:51:25+00:00\",\"dateModified\":\"2023-10-03T22:51:29+00:00\",\"breadcrumb\":{\"@id\":\"https:\\\/\\\/www.cpl.es\\\/producto\\\/pindoles-devangeli-9788491654988\\\/#breadcrumb\"},\"inLanguage\":\"ca\",\"potentialAction\":[{\"@type\":\"ReadAction\",\"target\":[\"https:\\\/\\\/www.cpl.es\\\/producto\\\/pindoles-devangeli-9788491654988\\\/\"]}]},{\"@type\":\"ImageObject\",\"inLanguage\":\"ca\",\"@id\":\"https:\\\/\\\/www.cpl.es\\\/producto\\\/pindoles-devangeli-9788491654988\\\/#primaryimage\",\"url\":\"https:\\\/\\\/www.cpl.es\\\/wp-content\\\/uploads\\\/217052.jpg\",\"contentUrl\":\"https:\\\/\\\/www.cpl.es\\\/wp-content\\\/uploads\\\/217052.jpg\",\"width\":294,\"height\":423,\"caption\":\"217052.jpg\"},{\"@type\":\"BreadcrumbList\",\"@id\":\"https:\\\/\\\/www.cpl.es\\\/producto\\\/pindoles-devangeli-9788491654988\\\/#breadcrumb\",\"itemListElement\":[{\"@type\":\"ListItem\",\"position\":1,\"name\":\"Portada\",\"item\":\"https:\\\/\\\/www.cpl.es\\\/ca\\\/\"},{\"@type\":\"ListItem\",\"position\":2,\"name\":\"Cat\u00e0leg\",\"item\":\"https:\\\/\\\/www.cpl.es\\\/ca\\\/cataleg\\\/\"},{\"@type\":\"ListItem\",\"position\":3,\"name\":\"P\u00edndoles d&#8217;Evangeli\"}]},{\"@type\":\"WebSite\",\"@id\":\"https:\\\/\\\/www.cpl.es\\\/#website\",\"url\":\"https:\\\/\\\/www.cpl.es\\\/\",\"name\":\"CPL\",\"description\":\"Centre de Pastoral Lit\u00fargica de Barcelona\",\"publisher\":{\"@id\":\"https:\\\/\\\/www.cpl.es\\\/#organization\"},\"alternateName\":\"Centre de Pastoral Lit\u00fargica\",\"potentialAction\":[{\"@type\":\"SearchAction\",\"target\":{\"@type\":\"EntryPoint\",\"urlTemplate\":\"https:\\\/\\\/www.cpl.es\\\/?s={search_term_string}\"},\"query-input\":{\"@type\":\"PropertyValueSpecification\",\"valueRequired\":true,\"valueName\":\"search_term_string\"}}],\"inLanguage\":\"ca\"},{\"@type\":\"Organization\",\"@id\":\"https:\\\/\\\/www.cpl.es\\\/#organization\",\"name\":\"Centre de Pastoral Lit\u00fargica\",\"alternateName\":\"Centre de Pastoral Lit\u00fargica de Barcelona\",\"url\":\"https:\\\/\\\/www.cpl.es\\\/\",\"logo\":{\"@type\":\"ImageObject\",\"inLanguage\":\"ca\",\"@id\":\"https:\\\/\\\/www.cpl.es\\\/#\\\/schema\\\/logo\\\/image\\\/\",\"url\":\"https:\\\/\\\/www.cpl.es\\\/wp-content\\\/uploads\\\/logo-cpl.svg\",\"contentUrl\":\"https:\\\/\\\/www.cpl.es\\\/wp-content\\\/uploads\\\/logo-cpl.svg\",\"caption\":\"Centre de Pastoral Lit\u00fargica\"},\"image\":{\"@id\":\"https:\\\/\\\/www.cpl.es\\\/#\\\/schema\\\/logo\\\/image\\\/\"}}]}<\/script>\n<!-- \/ Yoast SEO plugin. -->","yoast_head_json":{"title":"P\u00edndoles d'Evangeli - CPL","robots":{"index":"index","follow":"follow","max-snippet":"max-snippet:-1","max-image-preview":"max-image-preview:large","max-video-preview":"max-video-preview:-1"},"canonical":"https:\/\/www.cpl.es\/producto\/pindoles-devangeli-9788491654988\/","og_locale":"ca_ES","og_type":"article","og_title":"P\u00edndoles d'Evangeli - CPL","og_description":"Torra Bitlloch, Joan","og_url":"https:\/\/www.cpl.es\/producto\/pindoles-devangeli-9788491654988\/","og_site_name":"CPL","article_modified_time":"2023-10-03T22:51:29+00:00","og_image":[{"width":294,"height":423,"url":"https:\/\/www.cpl.es\/wp-content\/uploads\/217052.jpg","type":"image\/jpeg"}],"twitter_card":"summary_large_image","twitter_misc":{"Temps estimat de lectura":"1 minut"},"schema":{"@context":"https:\/\/schema.org","@graph":[{"@type":"WebPage","@id":"https:\/\/www.cpl.es\/producto\/pindoles-devangeli-9788491654988\/","url":"https:\/\/www.cpl.es\/producto\/pindoles-devangeli-9788491654988\/","name":"P\u00edndoles d'Evangeli - CPL","isPartOf":{"@id":"https:\/\/www.cpl.es\/#website"},"primaryImageOfPage":{"@id":"https:\/\/www.cpl.es\/producto\/pindoles-devangeli-9788491654988\/#primaryimage"},"image":{"@id":"https:\/\/www.cpl.es\/producto\/pindoles-devangeli-9788491654988\/#primaryimage"},"thumbnailUrl":"https:\/\/www.cpl.es\/wp-content\/uploads\/217052.jpg","datePublished":"2023-10-03T22:51:25+00:00","dateModified":"2023-10-03T22:51:29+00:00","breadcrumb":{"@id":"https:\/\/www.cpl.es\/producto\/pindoles-devangeli-9788491654988\/#breadcrumb"},"inLanguage":"ca","potentialAction":[{"@type":"ReadAction","target":["https:\/\/www.cpl.es\/producto\/pindoles-devangeli-9788491654988\/"]}]},{"@type":"ImageObject","inLanguage":"ca","@id":"https:\/\/www.cpl.es\/producto\/pindoles-devangeli-9788491654988\/#primaryimage","url":"https:\/\/www.cpl.es\/wp-content\/uploads\/217052.jpg","contentUrl":"https:\/\/www.cpl.es\/wp-content\/uploads\/217052.jpg","width":294,"height":423,"caption":"217052.jpg"},{"@type":"BreadcrumbList","@id":"https:\/\/www.cpl.es\/producto\/pindoles-devangeli-9788491654988\/#breadcrumb","itemListElement":[{"@type":"ListItem","position":1,"name":"Portada","item":"https:\/\/www.cpl.es\/ca\/"},{"@type":"ListItem","position":2,"name":"Cat\u00e0leg","item":"https:\/\/www.cpl.es\/ca\/cataleg\/"},{"@type":"ListItem","position":3,"name":"P\u00edndoles d&#8217;Evangeli"}]},{"@type":"WebSite","@id":"https:\/\/www.cpl.es\/#website","url":"https:\/\/www.cpl.es\/","name":"CPL","description":"Centre de Pastoral Lit\u00fargica de Barcelona","publisher":{"@id":"https:\/\/www.cpl.es\/#organization"},"alternateName":"Centre de Pastoral Lit\u00fargica","potentialAction":[{"@type":"SearchAction","target":{"@type":"EntryPoint","urlTemplate":"https:\/\/www.cpl.es\/?s={search_term_string}"},"query-input":{"@type":"PropertyValueSpecification","valueRequired":true,"valueName":"search_term_string"}}],"inLanguage":"ca"},{"@type":"Organization","@id":"https:\/\/www.cpl.es\/#organization","name":"Centre de Pastoral Lit\u00fargica","alternateName":"Centre de Pastoral Lit\u00fargica de Barcelona","url":"https:\/\/www.cpl.es\/","logo":{"@type":"ImageObject","inLanguage":"ca","@id":"https:\/\/www.cpl.es\/#\/schema\/logo\/image\/","url":"https:\/\/www.cpl.es\/wp-content\/uploads\/logo-cpl.svg","contentUrl":"https:\/\/www.cpl.es\/wp-content\/uploads\/logo-cpl.svg","caption":"Centre de Pastoral Lit\u00fargica"},"image":{"@id":"https:\/\/www.cpl.es\/#\/schema\/logo\/image\/"}}]}},"_links":{"self":[{"href":"https:\/\/www.cpl.es\/ca\/wp-json\/wp\/v2\/product\/816","targetHints":{"allow":["GET"]}}],"collection":[{"href":"https:\/\/www.cpl.es\/ca\/wp-json\/wp\/v2\/product"}],"about":[{"href":"https:\/\/www.cpl.es\/ca\/wp-json\/wp\/v2\/types\/product"}],"wp:featuredmedia":[{"embeddable":true,"href":"https:\/\/www.cpl.es\/ca\/wp-json\/wp\/v2\/media\/817"}],"wp:attachment":[{"href":"https:\/\/www.cpl.es\/ca\/wp-json\/wp\/v2\/media?parent=816"}],"wp:term":[{"taxonomy":"product_brand","embeddable":true,"href":"https:\/\/www.cpl.es\/ca\/wp-json\/wp\/v2\/product_brand?post=816"},{"taxonomy":"product_cat","embeddable":true,"href":"https:\/\/www.cpl.es\/ca\/wp-json\/wp\/v2\/product_cat?post=816"},{"taxonomy":"product_tag","embeddable":true,"href":"https:\/\/www.cpl.es\/ca\/wp-json\/wp\/v2\/product_tag?post=816"}],"curies":[{"name":"wp","href":"https:\/\/api.w.org\/{rel}","templated":true}]}}

Píndoles d&#8217;Evangeli

<p>El full parroquial de les parròquies de Torelló amb el nom de Diàleg va ser dinamitzat durant quinze anys (2004-2019) pel rector d’aquells temps, Joan Torra Bitlloch, actual degà de la Facultat de Teologia de Catalunya. El Diàleg informava a la gent de les comunitats parroquials i a tothom del poble de la celebració dels sagraments, de l’activitat catequètica i formadora, de la feina de Càritas i de tot el que es referia a l’acció pastoral generada des de les parròquies.<br />Píndoles d’Evangeli inclou les reflexions que en el Diàleg partien, sobretot, de les lectures bíbliques dominicals. Són comentaris espirituals per acompanyar, guiar, formar, conduir la comunitat des de l’Evangeli i des del moment concret de la vida. L’autor va entendre que aquests comentaris formaven part de l’exercici del seu ministeri de rector. Era una manera més d’exercir la funció de guiatge, és a dir, de ser i fer de pastor.</p>
<p>Joan Torra Bitlloch (Manresa 1954) és prevere de la diòcesi de Vic des de 1982. Llicenciat en Teologia per la Facultat de Teologia de Catalunya el 1987, diplomat en Teologia i Ciències Patrístiques per l’Institut Patrístic Augustinianum de Roma el 1990 i doctor per la Facultat de Teologia de Catalunya el 2017. Degà de la Facultat de Teologia de Catalunya de l’Ateneu Universitari Sant Pacià (AUSP), d’on és professor de patrologia. Professor també a l’Institut de Litúrgia ad instar Facultatis, i als Instituts Superiors de Ciències Religioses de Vic (ISCRVIC), i de Barcelona (ISCREB). Vicepresident del Centre de Pastoral Litúrgica de Barcelona (CPL). Actualment és rector de la parròquia de Sant Pere de Vacarisses.</p>

Rústica

<!-- This site is optimized with the Yoast SEO plugin v27.3 - https://yoast.com/product/yoast-seo-wordpress/ -->
<title>Píndoles d&#039;Evangeli - CPL</title>
<meta name="robots" content="index, follow, max-snippet:-1, max-image-preview:large, max-video-preview:-1" />
<link rel="canonical" href="https://www.cpl.es/producto/pindoles-devangeli-9788491654988/" />
<meta property="og:locale" content="ca_ES" />
<meta property="og:type" content="article" />
<meta property="og:title" content="Píndoles d&#039;Evangeli - CPL" />
<meta property="og:description" content="Torra Bitlloch, Joan" />
<meta property="og:url" content="https://www.cpl.es/producto/pindoles-devangeli-9788491654988/" />
<meta property="og:site_name" content="CPL" />
<meta property="article:modified_time" content="2023-10-03T22:51:29+00:00" />
<meta property="og:image" content="https://www.cpl.es/wp-content/uploads/217052.jpg" />
	<meta property="og:image:width" content="294" />
	<meta property="og:image:height" content="423" />
	<meta property="og:image:type" content="image/jpeg" />
<meta name="twitter:card" content="summary_large_image" />
<meta name="twitter:label1" content="Temps estimat de lectura" />
	<meta name="twitter:data1" content="1 minut" />
<script type="application/ld+json" class="yoast-schema-graph">{"@context":"https:\/\/schema.org","@graph":[{"@type":"WebPage","@id":"https:\/\/www.cpl.es\/producto\/pindoles-devangeli-9788491654988\/","url":"https:\/\/www.cpl.es\/producto\/pindoles-devangeli-9788491654988\/","name":"Píndoles d'Evangeli - CPL","isPartOf":{"@id":"https:\/\/www.cpl.es\/#website"},"primaryImageOfPage":{"@id":"https:\/\/www.cpl.es\/producto\/pindoles-devangeli-9788491654988\/#primaryimage"},"image":{"@id":"https:\/\/www.cpl.es\/producto\/pindoles-devangeli-9788491654988\/#primaryimage"},"thumbnailUrl":"https:\/\/www.cpl.es\/wp-content\/uploads\/217052.jpg","datePublished":"2023-10-03T22:51:25+00:00","dateModified":"2023-10-03T22:51:29+00:00","breadcrumb":{"@id":"https:\/\/www.cpl.es\/producto\/pindoles-devangeli-9788491654988\/#breadcrumb"},"inLanguage":"ca","potentialAction":[{"@type":"ReadAction","target":["https:\/\/www.cpl.es\/producto\/pindoles-devangeli-9788491654988\/"]}]},{"@type":"ImageObject","inLanguage":"ca","@id":"https:\/\/www.cpl.es\/producto\/pindoles-devangeli-9788491654988\/#primaryimage","url":"https:\/\/www.cpl.es\/wp-content\/uploads\/217052.jpg","contentUrl":"https:\/\/www.cpl.es\/wp-content\/uploads\/217052.jpg","width":294,"height":423,"caption":"217052.jpg"},{"@type":"BreadcrumbList","@id":"https:\/\/www.cpl.es\/producto\/pindoles-devangeli-9788491654988\/#breadcrumb","itemListElement":[{"@type":"ListItem","position":1,"name":"Portada","item":"https:\/\/www.cpl.es\/ca\/"},{"@type":"ListItem","position":2,"name":"Catàleg","item":"https:\/\/www.cpl.es\/ca\/cataleg\/"},{"@type":"ListItem","position":3,"name":"Píndoles d&#8217;Evangeli"}]},{"@type":"WebSite","@id":"https:\/\/www.cpl.es\/#website","url":"https:\/\/www.cpl.es\/","name":"CPL","description":"Centre de Pastoral Litúrgica de Barcelona","publisher":{"@id":"https:\/\/www.cpl.es\/#organization"},"alternateName":"Centre de Pastoral Litúrgica","potentialAction":[{"@type":"SearchAction","target":{"@type":"EntryPoint","urlTemplate":"https:\/\/www.cpl.es\/?s={search_term_string}"},"query-input":{"@type":"PropertyValueSpecification","valueRequired":true,"valueName":"search_term_string"}}],"inLanguage":"ca"},{"@type":"Organization","@id":"https:\/\/www.cpl.es\/#organization","name":"Centre de Pastoral Litúrgica","alternateName":"Centre de Pastoral Litúrgica de Barcelona","url":"https:\/\/www.cpl.es\/","logo":{"@type":"ImageObject","inLanguage":"ca","@id":"https:\/\/www.cpl.es\/#\/schema\/logo\/image\/","url":"https:\/\/www.cpl.es\/wp-content\/uploads\/logo-cpl.svg","contentUrl":"https:\/\/www.cpl.es\/wp-content\/uploads\/logo-cpl.svg","caption":"Centre de Pastoral Litúrgica"},"image":{"@id":"https:\/\/www.cpl.es\/#\/schema\/logo\/image\/"}}]}</script>
<!-- / Yoast SEO plugin. -->

Píndoles d'Evangeli - CPL

Catàleg

Centre de Pastoral Litúrgica de Barcelona

Centre de Pastoral Litúrgica
