{"id":795,"date":"2023-10-04T00:50:47","date_gmt":"2023-10-03T22:50:47","guid":{"rendered":"https:\/\/nuevaweb.cpl.es\/producto\/del-ritualismo-libranos-senor-9788491654971\/"},"modified":"2023-12-05T13:34:00","modified_gmt":"2023-12-05T12:34:00","slug":"del-ritualismo-libranos-senor-9788491654971","status":"publish","type":"product","link":"https:\/\/www.cpl.es\/ca\/producto\/del-ritualismo-libranos-senor-9788491654971\/","title":{"rendered":"Del ritualismo, l\u00edbranos, Se\u00f1or"},"content":{"rendered":"<p>Este libro se dirige preferentemente a curas inquietos y a laicos empe\u00f1ados en la pastoral y en los proyectos de Iglesia. Su contenido es el resultado de muchos a\u00f1os de docencia y de reflexi\u00f3n.<br \/>El autor quiere ahondar en el sentido de la liturgia que celebramos y descubrir las implicaciones existenciales y vitales que conlleva adentrarse en la significaci\u00f3n \u00e9tica y exigente de la liturgia. Quiere, a toda costa, salir al paso al permanente riesgo de ritualismo y de apat\u00eda que acecha a nuestras liturgias, con el convencimiento de que en cada celebraci\u00f3n lit\u00fargica debe pasar algo, algo que nos atrape y nos subyugue, algo que nos transforme. En s\u00edntesis, es la apuesta por una liturgia confirmada en la vida.<\/p>\n<p>Jos\u00e9 Manuel Bernal Llorente (Alfaro, La Rioja, 1936) ingres\u00f3 en la Orden de Predicadores en 1952, estudi\u00f3 en el Instituto Superior de Liturgia de Par\u00eds, se doctor\u00f3 en 1964 en la Pontificia Universidad de Santo Tom\u00e1s de Aquino en Roma, y en la misma Roma vivi\u00f3 con intensidad el Concilio Vaticano II. Fue catedr\u00e1tico de Teolog\u00eda Dogm\u00e1tica en el Angelicum, y decano de la Facultad de Teolog\u00eda de Valencia, as\u00ed como el primer presidente de la Asociaci\u00f3n Espa\u00f1ola de Profesores de Liturgia. Su decisi\u00f3n de abandonar el ministerio para casarse, en 1986, no disminuy\u00f3 su inter\u00e9s e inquietud por la liturgia, pese a abordarla desde su compromiso familiar y c\u00edvico.<\/p>\n","protected":false},"excerpt":{"rendered":"<p>Bernal Llorente, Jos\u00e9 Manuel<\/p>\n","protected":false},"featured_media":796,"template":"","meta":{"_acf_changed":false,"inline_featured_image":false},"product_brand":[],"product_cat":[99,100],"product_tag":[],"class_list":{"0":"post-795","1":"product","2":"type-product","3":"status-publish","4":"has-post-thumbnail","6":"product_cat-cpl-libri","7":"product_cat-cpl-libri-colleccions-catala","9":"first","10":"instock","11":"taxable","12":"shipping-taxable","13":"purchasable","14":"product-type-simple"},"acf":{"autor":"Bernal Llorente, Jos\u00e9 Manuel","codart":"117051","ediciones":"1","encuadernacion":"R\u00fastica","fecha_de_publicacion":"07\/03\/2022","novedad":false,"paginas":"276","subtitulo":"Una liturgia confirmada en la vida","orden":"999","portada":false,"idioma":"spa","editorial":[{"ID":6736,"post_author":"2","post_date":"2023-10-06 08:35:24","post_date_gmt":"2023-10-06 06:35:24","post_content":"","post_title":"CPL","post_excerpt":"","post_status":"publish","comment_status":"closed","ping_status":"closed","post_password":"","post_name":"cpl","to_ping":"","pinged":"","post_modified":"2023-10-06 08:35:24","post_modified_gmt":"2023-10-06 06:35:24","post_content_filtered":"","post_parent":0,"guid":"https:\/\/nuevaweb.cpl.es\/editorial\/cpl\/","menu_order":0,"post_type":"editorial","post_mime_type":"","comment_count":"0","filter":"raw"}]},"yoast_head":"<!-- This site is optimized with the Yoast SEO plugin v27.3 - https:\/\/yoast.com\/product\/yoast-seo-wordpress\/ -->\n<title>Del ritualismo, l\u00edbranos, Se\u00f1or - CPL<\/title>\n<meta name=\"robots\" content=\"index, follow, max-snippet:-1, max-image-preview:large, max-video-preview:-1\" \/>\n<link rel=\"canonical\" href=\"https:\/\/www.cpl.es\/producto\/del-ritualismo-libranos-senor-9788491654971\/\" \/>\n<meta property=\"og:locale\" content=\"ca_ES\" \/>\n<meta property=\"og:type\" content=\"article\" \/>\n<meta property=\"og:title\" content=\"Del ritualismo, l\u00edbranos, Se\u00f1or - CPL\" \/>\n<meta property=\"og:description\" content=\"Bernal Llorente, Jos\u00e9 Manuel\" \/>\n<meta property=\"og:url\" content=\"https:\/\/www.cpl.es\/producto\/del-ritualismo-libranos-senor-9788491654971\/\" \/>\n<meta property=\"og:site_name\" content=\"CPL\" \/>\n<meta property=\"article:modified_time\" content=\"2023-12-05T12:34:00+00:00\" \/>\n<meta property=\"og:image\" content=\"https:\/\/www.cpl.es\/wp-content\/uploads\/117051.jpg\" \/>\n\t<meta property=\"og:image:width\" content=\"294\" \/>\n\t<meta property=\"og:image:height\" content=\"429\" \/>\n\t<meta property=\"og:image:type\" content=\"image\/jpeg\" \/>\n<meta name=\"twitter:card\" content=\"summary_large_image\" \/>\n<meta name=\"twitter:label1\" content=\"Temps estimat de lectura\" \/>\n\t<meta name=\"twitter:data1\" content=\"1 minut\" \/>\n<script type=\"application\/ld+json\" class=\"yoast-schema-graph\">{\"@context\":\"https:\\\/\\\/schema.org\",\"@graph\":[{\"@type\":\"WebPage\",\"@id\":\"https:\\\/\\\/www.cpl.es\\\/producto\\\/del-ritualismo-libranos-senor-9788491654971\\\/\",\"url\":\"https:\\\/\\\/www.cpl.es\\\/producto\\\/del-ritualismo-libranos-senor-9788491654971\\\/\",\"name\":\"Del ritualismo, l\u00edbranos, Se\u00f1or - CPL\",\"isPartOf\":{\"@id\":\"https:\\\/\\\/www.cpl.es\\\/#website\"},\"primaryImageOfPage\":{\"@id\":\"https:\\\/\\\/www.cpl.es\\\/producto\\\/del-ritualismo-libranos-senor-9788491654971\\\/#primaryimage\"},\"image\":{\"@id\":\"https:\\\/\\\/www.cpl.es\\\/producto\\\/del-ritualismo-libranos-senor-9788491654971\\\/#primaryimage\"},\"thumbnailUrl\":\"https:\\\/\\\/www.cpl.es\\\/wp-content\\\/uploads\\\/117051.jpg\",\"datePublished\":\"2023-10-03T22:50:47+00:00\",\"dateModified\":\"2023-12-05T12:34:00+00:00\",\"breadcrumb\":{\"@id\":\"https:\\\/\\\/www.cpl.es\\\/producto\\\/del-ritualismo-libranos-senor-9788491654971\\\/#breadcrumb\"},\"inLanguage\":\"ca\",\"potentialAction\":[{\"@type\":\"ReadAction\",\"target\":[\"https:\\\/\\\/www.cpl.es\\\/producto\\\/del-ritualismo-libranos-senor-9788491654971\\\/\"]}]},{\"@type\":\"ImageObject\",\"inLanguage\":\"ca\",\"@id\":\"https:\\\/\\\/www.cpl.es\\\/producto\\\/del-ritualismo-libranos-senor-9788491654971\\\/#primaryimage\",\"url\":\"https:\\\/\\\/www.cpl.es\\\/wp-content\\\/uploads\\\/117051.jpg\",\"contentUrl\":\"https:\\\/\\\/www.cpl.es\\\/wp-content\\\/uploads\\\/117051.jpg\",\"width\":294,\"height\":429,\"caption\":\"117051.jpg\"},{\"@type\":\"BreadcrumbList\",\"@id\":\"https:\\\/\\\/www.cpl.es\\\/producto\\\/del-ritualismo-libranos-senor-9788491654971\\\/#breadcrumb\",\"itemListElement\":[{\"@type\":\"ListItem\",\"position\":1,\"name\":\"Portada\",\"item\":\"https:\\\/\\\/www.cpl.es\\\/ca\\\/\"},{\"@type\":\"ListItem\",\"position\":2,\"name\":\"Cat\u00e0leg\",\"item\":\"https:\\\/\\\/www.cpl.es\\\/ca\\\/cataleg\\\/\"},{\"@type\":\"ListItem\",\"position\":3,\"name\":\"Del ritualismo, l\u00edbranos, Se\u00f1or\"}]},{\"@type\":\"WebSite\",\"@id\":\"https:\\\/\\\/www.cpl.es\\\/#website\",\"url\":\"https:\\\/\\\/www.cpl.es\\\/\",\"name\":\"CPL\",\"description\":\"Centre de Pastoral Lit\u00fargica de Barcelona\",\"publisher\":{\"@id\":\"https:\\\/\\\/www.cpl.es\\\/#organization\"},\"alternateName\":\"Centre de Pastoral Lit\u00fargica\",\"potentialAction\":[{\"@type\":\"SearchAction\",\"target\":{\"@type\":\"EntryPoint\",\"urlTemplate\":\"https:\\\/\\\/www.cpl.es\\\/?s={search_term_string}\"},\"query-input\":{\"@type\":\"PropertyValueSpecification\",\"valueRequired\":true,\"valueName\":\"search_term_string\"}}],\"inLanguage\":\"ca\"},{\"@type\":\"Organization\",\"@id\":\"https:\\\/\\\/www.cpl.es\\\/#organization\",\"name\":\"Centre de Pastoral Lit\u00fargica\",\"alternateName\":\"Centre de Pastoral Lit\u00fargica de Barcelona\",\"url\":\"https:\\\/\\\/www.cpl.es\\\/\",\"logo\":{\"@type\":\"ImageObject\",\"inLanguage\":\"ca\",\"@id\":\"https:\\\/\\\/www.cpl.es\\\/#\\\/schema\\\/logo\\\/image\\\/\",\"url\":\"https:\\\/\\\/www.cpl.es\\\/wp-content\\\/uploads\\\/logo-cpl.svg\",\"contentUrl\":\"https:\\\/\\\/www.cpl.es\\\/wp-content\\\/uploads\\\/logo-cpl.svg\",\"caption\":\"Centre de Pastoral Lit\u00fargica\"},\"image\":{\"@id\":\"https:\\\/\\\/www.cpl.es\\\/#\\\/schema\\\/logo\\\/image\\\/\"}}]}<\/script>\n<!-- \/ Yoast SEO plugin. -->","yoast_head_json":{"title":"Del ritualismo, l\u00edbranos, Se\u00f1or - CPL","robots":{"index":"index","follow":"follow","max-snippet":"max-snippet:-1","max-image-preview":"max-image-preview:large","max-video-preview":"max-video-preview:-1"},"canonical":"https:\/\/www.cpl.es\/producto\/del-ritualismo-libranos-senor-9788491654971\/","og_locale":"ca_ES","og_type":"article","og_title":"Del ritualismo, l\u00edbranos, Se\u00f1or - CPL","og_description":"Bernal Llorente, Jos\u00e9 Manuel","og_url":"https:\/\/www.cpl.es\/producto\/del-ritualismo-libranos-senor-9788491654971\/","og_site_name":"CPL","article_modified_time":"2023-12-05T12:34:00+00:00","og_image":[{"width":294,"height":429,"url":"https:\/\/www.cpl.es\/wp-content\/uploads\/117051.jpg","type":"image\/jpeg"}],"twitter_card":"summary_large_image","twitter_misc":{"Temps estimat de lectura":"1 minut"},"schema":{"@context":"https:\/\/schema.org","@graph":[{"@type":"WebPage","@id":"https:\/\/www.cpl.es\/producto\/del-ritualismo-libranos-senor-9788491654971\/","url":"https:\/\/www.cpl.es\/producto\/del-ritualismo-libranos-senor-9788491654971\/","name":"Del ritualismo, l\u00edbranos, Se\u00f1or - CPL","isPartOf":{"@id":"https:\/\/www.cpl.es\/#website"},"primaryImageOfPage":{"@id":"https:\/\/www.cpl.es\/producto\/del-ritualismo-libranos-senor-9788491654971\/#primaryimage"},"image":{"@id":"https:\/\/www.cpl.es\/producto\/del-ritualismo-libranos-senor-9788491654971\/#primaryimage"},"thumbnailUrl":"https:\/\/www.cpl.es\/wp-content\/uploads\/117051.jpg","datePublished":"2023-10-03T22:50:47+00:00","dateModified":"2023-12-05T12:34:00+00:00","breadcrumb":{"@id":"https:\/\/www.cpl.es\/producto\/del-ritualismo-libranos-senor-9788491654971\/#breadcrumb"},"inLanguage":"ca","potentialAction":[{"@type":"ReadAction","target":["https:\/\/www.cpl.es\/producto\/del-ritualismo-libranos-senor-9788491654971\/"]}]},{"@type":"ImageObject","inLanguage":"ca","@id":"https:\/\/www.cpl.es\/producto\/del-ritualismo-libranos-senor-9788491654971\/#primaryimage","url":"https:\/\/www.cpl.es\/wp-content\/uploads\/117051.jpg","contentUrl":"https:\/\/www.cpl.es\/wp-content\/uploads\/117051.jpg","width":294,"height":429,"caption":"117051.jpg"},{"@type":"BreadcrumbList","@id":"https:\/\/www.cpl.es\/producto\/del-ritualismo-libranos-senor-9788491654971\/#breadcrumb","itemListElement":[{"@type":"ListItem","position":1,"name":"Portada","item":"https:\/\/www.cpl.es\/ca\/"},{"@type":"ListItem","position":2,"name":"Cat\u00e0leg","item":"https:\/\/www.cpl.es\/ca\/cataleg\/"},{"@type":"ListItem","position":3,"name":"Del ritualismo, l\u00edbranos, Se\u00f1or"}]},{"@type":"WebSite","@id":"https:\/\/www.cpl.es\/#website","url":"https:\/\/www.cpl.es\/","name":"CPL","description":"Centre de Pastoral Lit\u00fargica de Barcelona","publisher":{"@id":"https:\/\/www.cpl.es\/#organization"},"alternateName":"Centre de Pastoral Lit\u00fargica","potentialAction":[{"@type":"SearchAction","target":{"@type":"EntryPoint","urlTemplate":"https:\/\/www.cpl.es\/?s={search_term_string}"},"query-input":{"@type":"PropertyValueSpecification","valueRequired":true,"valueName":"search_term_string"}}],"inLanguage":"ca"},{"@type":"Organization","@id":"https:\/\/www.cpl.es\/#organization","name":"Centre de Pastoral Lit\u00fargica","alternateName":"Centre de Pastoral Lit\u00fargica de Barcelona","url":"https:\/\/www.cpl.es\/","logo":{"@type":"ImageObject","inLanguage":"ca","@id":"https:\/\/www.cpl.es\/#\/schema\/logo\/image\/","url":"https:\/\/www.cpl.es\/wp-content\/uploads\/logo-cpl.svg","contentUrl":"https:\/\/www.cpl.es\/wp-content\/uploads\/logo-cpl.svg","caption":"Centre de Pastoral Lit\u00fargica"},"image":{"@id":"https:\/\/www.cpl.es\/#\/schema\/logo\/image\/"}}]}},"_links":{"self":[{"href":"https:\/\/www.cpl.es\/ca\/wp-json\/wp\/v2\/product\/795","targetHints":{"allow":["GET"]}}],"collection":[{"href":"https:\/\/www.cpl.es\/ca\/wp-json\/wp\/v2\/product"}],"about":[{"href":"https:\/\/www.cpl.es\/ca\/wp-json\/wp\/v2\/types\/product"}],"wp:featuredmedia":[{"embeddable":true,"href":"https:\/\/www.cpl.es\/ca\/wp-json\/wp\/v2\/media\/796"}],"wp:attachment":[{"href":"https:\/\/www.cpl.es\/ca\/wp-json\/wp\/v2\/media?parent=795"}],"wp:term":[{"taxonomy":"product_brand","embeddable":true,"href":"https:\/\/www.cpl.es\/ca\/wp-json\/wp\/v2\/product_brand?post=795"},{"taxonomy":"product_cat","embeddable":true,"href":"https:\/\/www.cpl.es\/ca\/wp-json\/wp\/v2\/product_cat?post=795"},{"taxonomy":"product_tag","embeddable":true,"href":"https:\/\/www.cpl.es\/ca\/wp-json\/wp\/v2\/product_tag?post=795"}],"curies":[{"name":"wp","href":"https:\/\/api.w.org\/{rel}","templated":true}]}}

Del ritualismo, líbranos, Señor

<p>Este libro se dirige preferentemente a curas inquietos y a laicos empeñados en la pastoral y en los proyectos de Iglesia. Su contenido es el resultado de muchos años de docencia y de reflexión.<br />El autor quiere ahondar en el sentido de la liturgia que celebramos y descubrir las implicaciones existenciales y vitales que conlleva adentrarse en la significación ética y exigente de la liturgia. Quiere, a toda costa, salir al paso al permanente riesgo de ritualismo y de apatía que acecha a nuestras liturgias, con el convencimiento de que en cada celebración litúrgica debe pasar algo, algo que nos atrape y nos subyugue, algo que nos transforme. En síntesis, es la apuesta por una liturgia confirmada en la vida.</p>
<p>José Manuel Bernal Llorente (Alfaro, La Rioja, 1936) ingresó en la Orden de Predicadores en 1952, estudió en el Instituto Superior de Liturgia de París, se doctoró en 1964 en la Pontificia Universidad de Santo Tomás de Aquino en Roma, y en la misma Roma vivió con intensidad el Concilio Vaticano II. Fue catedrático de Teología Dogmática en el Angelicum, y decano de la Facultad de Teología de Valencia, así como el primer presidente de la Asociación Española de Profesores de Liturgia. Su decisión de abandonar el ministerio para casarse, en 1986, no disminuyó su interés e inquietud por la liturgia, pese a abordarla desde su compromiso familiar y cívico.</p>

<p>Bernal Llorente, José Manuel</p>

Bernal Llorente, José Manuel

Rústica

<!-- This site is optimized with the Yoast SEO plugin v27.3 - https://yoast.com/product/yoast-seo-wordpress/ -->
<title>Del ritualismo, líbranos, Señor - CPL</title>
<meta name="robots" content="index, follow, max-snippet:-1, max-image-preview:large, max-video-preview:-1" />
<link rel="canonical" href="https://www.cpl.es/producto/del-ritualismo-libranos-senor-9788491654971/" />
<meta property="og:locale" content="ca_ES" />
<meta property="og:type" content="article" />
<meta property="og:title" content="Del ritualismo, líbranos, Señor - CPL" />
<meta property="og:description" content="Bernal Llorente, José Manuel" />
<meta property="og:url" content="https://www.cpl.es/producto/del-ritualismo-libranos-senor-9788491654971/" />
<meta property="og:site_name" content="CPL" />
<meta property="article:modified_time" content="2023-12-05T12:34:00+00:00" />
<meta property="og:image" content="https://www.cpl.es/wp-content/uploads/117051.jpg" />
	<meta property="og:image:width" content="294" />
	<meta property="og:image:height" content="429" />
	<meta property="og:image:type" content="image/jpeg" />
<meta name="twitter:card" content="summary_large_image" />
<meta name="twitter:label1" content="Temps estimat de lectura" />
	<meta name="twitter:data1" content="1 minut" />
<script type="application/ld+json" class="yoast-schema-graph">{"@context":"https:\/\/schema.org","@graph":[{"@type":"WebPage","@id":"https:\/\/www.cpl.es\/producto\/del-ritualismo-libranos-senor-9788491654971\/","url":"https:\/\/www.cpl.es\/producto\/del-ritualismo-libranos-senor-9788491654971\/","name":"Del ritualismo, líbranos, Señor - CPL","isPartOf":{"@id":"https:\/\/www.cpl.es\/#website"},"primaryImageOfPage":{"@id":"https:\/\/www.cpl.es\/producto\/del-ritualismo-libranos-senor-9788491654971\/#primaryimage"},"image":{"@id":"https:\/\/www.cpl.es\/producto\/del-ritualismo-libranos-senor-9788491654971\/#primaryimage"},"thumbnailUrl":"https:\/\/www.cpl.es\/wp-content\/uploads\/117051.jpg","datePublished":"2023-10-03T22:50:47+00:00","dateModified":"2023-12-05T12:34:00+00:00","breadcrumb":{"@id":"https:\/\/www.cpl.es\/producto\/del-ritualismo-libranos-senor-9788491654971\/#breadcrumb"},"inLanguage":"ca","potentialAction":[{"@type":"ReadAction","target":["https:\/\/www.cpl.es\/producto\/del-ritualismo-libranos-senor-9788491654971\/"]}]},{"@type":"ImageObject","inLanguage":"ca","@id":"https:\/\/www.cpl.es\/producto\/del-ritualismo-libranos-senor-9788491654971\/#primaryimage","url":"https:\/\/www.cpl.es\/wp-content\/uploads\/117051.jpg","contentUrl":"https:\/\/www.cpl.es\/wp-content\/uploads\/117051.jpg","width":294,"height":429,"caption":"117051.jpg"},{"@type":"BreadcrumbList","@id":"https:\/\/www.cpl.es\/producto\/del-ritualismo-libranos-senor-9788491654971\/#breadcrumb","itemListElement":[{"@type":"ListItem","position":1,"name":"Portada","item":"https:\/\/www.cpl.es\/ca\/"},{"@type":"ListItem","position":2,"name":"Catàleg","item":"https:\/\/www.cpl.es\/ca\/cataleg\/"},{"@type":"ListItem","position":3,"name":"Del ritualismo, líbranos, Señor"}]},{"@type":"WebSite","@id":"https:\/\/www.cpl.es\/#website","url":"https:\/\/www.cpl.es\/","name":"CPL","description":"Centre de Pastoral Litúrgica de Barcelona","publisher":{"@id":"https:\/\/www.cpl.es\/#organization"},"alternateName":"Centre de Pastoral Litúrgica","potentialAction":[{"@type":"SearchAction","target":{"@type":"EntryPoint","urlTemplate":"https:\/\/www.cpl.es\/?s={search_term_string}"},"query-input":{"@type":"PropertyValueSpecification","valueRequired":true,"valueName":"search_term_string"}}],"inLanguage":"ca"},{"@type":"Organization","@id":"https:\/\/www.cpl.es\/#organization","name":"Centre de Pastoral Litúrgica","alternateName":"Centre de Pastoral Litúrgica de Barcelona","url":"https:\/\/www.cpl.es\/","logo":{"@type":"ImageObject","inLanguage":"ca","@id":"https:\/\/www.cpl.es\/#\/schema\/logo\/image\/","url":"https:\/\/www.cpl.es\/wp-content\/uploads\/logo-cpl.svg","contentUrl":"https:\/\/www.cpl.es\/wp-content\/uploads\/logo-cpl.svg","caption":"Centre de Pastoral Litúrgica"},"image":{"@id":"https:\/\/www.cpl.es\/#\/schema\/logo\/image\/"}}]}</script>
<!-- / Yoast SEO plugin. -->

Del ritualismo, líbranos, Señor - CPL

Catàleg

Centre de Pastoral Litúrgica de Barcelona

Centre de Pastoral Litúrgica
