{"id":752,"date":"2023-10-04T00:49:21","date_gmt":"2023-10-03T22:49:21","guid":{"rendered":"https:\/\/nuevaweb.cpl.es\/producto\/la-iglesias-orientales-catolicas-identidad-y-patrimonio-9788491653103\/"},"modified":"2023-12-05T13:33:52","modified_gmt":"2023-12-05T12:33:52","slug":"la-iglesias-orientales-catolicas-identidad-y-patrimonio-9788491653103","status":"publish","type":"product","link":"https:\/\/www.cpl.es\/ca\/producto\/la-iglesias-orientales-catolicas-identidad-y-patrimonio-9788491653103\/","title":{"rendered":"La Iglesias Orientales Cat\u00f3licas. Identidad y patrimonio"},"content":{"rendered":"<p>La Iglesia cat\u00f3lica siempre ha de profesar la unidad y defender la leg\u00edtima diversidad: son como el anverso y el reverso de una misma moneda. Y las Iglesias orientales cat\u00f3licas afirman, cada una con su peculiar timbre de voz, la armon\u00eda de la unidad y de la diversidad. Los cristianos debemos conocer este rico patrimonio y reconocer sus valores. A ello quiere contribuir este libro: abrir las puertas de este mundo eclesial que encierra en s\u00ed riquezas insospechadas, analizando la historia y la actualidad de las Iglesias orientales cat\u00f3licas, as\u00ed como su patrimonio o tradici\u00f3n singular. El apoyo de una selecta bibliograf\u00eda y el ap\u00e9ndice documental sobre esta materia facilitar\u00e1n un m\u00e1s cabal conocimiento.<\/p>\n<p>Carlos de Francisco Vega es sacerdote diocesano de Le\u00f3n. Licenciado en Teolog\u00eda dogm\u00e1tica (1989) y Derecho can\u00f3nico (1991) por la Universidad Pontificia de Salamanca. Ha dirigido en la Conferencia Episcopal Espa\u00f1ola el Secretariado de la Comisi\u00f3n Episcopal de Relaciones Interconfesionales (1999-2011) y el Departamento para la atenci\u00f3n pastoral de los cat\u00f3licos orientales (2004-2009). Especialista en cuestiones ecum\u00e9nicas y can\u00f3nicas, ha publicado Los matrimonios mixtos. Cristianos separados y unidos en matrimonio (1999), Los cristianos orientales entre nosotros (2006), El cristiano ante el Juda\u00edsmo y el Islam (2014), La liturgia maronita de la Eucarist\u00eda (2021), as\u00ed como art\u00edculos en varias revistas especializadas.<\/p>\n","protected":false},"excerpt":{"rendered":"<p>de Francisco Vega, Carlos<\/p>\n","protected":false},"featured_media":753,"template":"","meta":{"_acf_changed":false,"inline_featured_image":false},"product_brand":[],"product_cat":[100,99],"product_tag":[],"class_list":{"0":"post-752","1":"product","2":"type-product","3":"status-publish","4":"has-post-thumbnail","6":"product_cat-cpl-libri-colleccions-catala","7":"product_cat-cpl-libri","9":"first","10":"instock","11":"taxable","12":"shipping-taxable","13":"purchasable","14":"product-type-simple"},"acf":{"autor":"de Francisco Vega, Carlos","codart":"117053","ediciones":"1","encuadernacion":"R\u00fastica","fecha_de_publicacion":"27\/06\/2022","novedad":false,"paginas":"632","subtitulo":"","orden":"999","portada":false,"idioma":"spa","editorial":[{"ID":6736,"post_author":"2","post_date":"2023-10-06 08:35:24","post_date_gmt":"2023-10-06 06:35:24","post_content":"","post_title":"CPL","post_excerpt":"","post_status":"publish","comment_status":"closed","ping_status":"closed","post_password":"","post_name":"cpl","to_ping":"","pinged":"","post_modified":"2023-10-06 08:35:24","post_modified_gmt":"2023-10-06 06:35:24","post_content_filtered":"","post_parent":0,"guid":"https:\/\/nuevaweb.cpl.es\/editorial\/cpl\/","menu_order":0,"post_type":"editorial","post_mime_type":"","comment_count":"0","filter":"raw"}]},"yoast_head":"<!-- This site is optimized with the Yoast SEO plugin v27.3 - https:\/\/yoast.com\/product\/yoast-seo-wordpress\/ -->\n<title>La Iglesias Orientales Cat\u00f3licas. Identidad y patrimonio - CPL<\/title>\n<meta name=\"robots\" content=\"index, follow, max-snippet:-1, max-image-preview:large, max-video-preview:-1\" \/>\n<link rel=\"canonical\" href=\"https:\/\/www.cpl.es\/producto\/la-iglesias-orientales-catolicas-identidad-y-patrimonio-9788491653103\/\" \/>\n<meta property=\"og:locale\" content=\"ca_ES\" \/>\n<meta property=\"og:type\" content=\"article\" \/>\n<meta property=\"og:title\" content=\"La Iglesias Orientales Cat\u00f3licas. Identidad y patrimonio - CPL\" \/>\n<meta property=\"og:description\" content=\"de Francisco Vega, Carlos\" \/>\n<meta property=\"og:url\" content=\"https:\/\/www.cpl.es\/producto\/la-iglesias-orientales-catolicas-identidad-y-patrimonio-9788491653103\/\" \/>\n<meta property=\"og:site_name\" content=\"CPL\" \/>\n<meta property=\"article:modified_time\" content=\"2023-12-05T12:33:52+00:00\" \/>\n<meta property=\"og:image\" content=\"https:\/\/www.cpl.es\/wp-content\/uploads\/117053.jpg\" \/>\n\t<meta property=\"og:image:width\" content=\"294\" \/>\n\t<meta property=\"og:image:height\" content=\"427\" \/>\n\t<meta property=\"og:image:type\" content=\"image\/jpeg\" \/>\n<meta name=\"twitter:card\" content=\"summary_large_image\" \/>\n<meta name=\"twitter:label1\" content=\"Temps estimat de lectura\" \/>\n\t<meta name=\"twitter:data1\" content=\"1 minut\" \/>\n<script type=\"application\/ld+json\" class=\"yoast-schema-graph\">{\"@context\":\"https:\\\/\\\/schema.org\",\"@graph\":[{\"@type\":\"WebPage\",\"@id\":\"https:\\\/\\\/www.cpl.es\\\/producto\\\/la-iglesias-orientales-catolicas-identidad-y-patrimonio-9788491653103\\\/\",\"url\":\"https:\\\/\\\/www.cpl.es\\\/producto\\\/la-iglesias-orientales-catolicas-identidad-y-patrimonio-9788491653103\\\/\",\"name\":\"La Iglesias Orientales Cat\u00f3licas. Identidad y patrimonio - CPL\",\"isPartOf\":{\"@id\":\"https:\\\/\\\/www.cpl.es\\\/#website\"},\"primaryImageOfPage\":{\"@id\":\"https:\\\/\\\/www.cpl.es\\\/producto\\\/la-iglesias-orientales-catolicas-identidad-y-patrimonio-9788491653103\\\/#primaryimage\"},\"image\":{\"@id\":\"https:\\\/\\\/www.cpl.es\\\/producto\\\/la-iglesias-orientales-catolicas-identidad-y-patrimonio-9788491653103\\\/#primaryimage\"},\"thumbnailUrl\":\"https:\\\/\\\/www.cpl.es\\\/wp-content\\\/uploads\\\/117053.jpg\",\"datePublished\":\"2023-10-03T22:49:21+00:00\",\"dateModified\":\"2023-12-05T12:33:52+00:00\",\"breadcrumb\":{\"@id\":\"https:\\\/\\\/www.cpl.es\\\/producto\\\/la-iglesias-orientales-catolicas-identidad-y-patrimonio-9788491653103\\\/#breadcrumb\"},\"inLanguage\":\"ca\",\"potentialAction\":[{\"@type\":\"ReadAction\",\"target\":[\"https:\\\/\\\/www.cpl.es\\\/producto\\\/la-iglesias-orientales-catolicas-identidad-y-patrimonio-9788491653103\\\/\"]}]},{\"@type\":\"ImageObject\",\"inLanguage\":\"ca\",\"@id\":\"https:\\\/\\\/www.cpl.es\\\/producto\\\/la-iglesias-orientales-catolicas-identidad-y-patrimonio-9788491653103\\\/#primaryimage\",\"url\":\"https:\\\/\\\/www.cpl.es\\\/wp-content\\\/uploads\\\/117053.jpg\",\"contentUrl\":\"https:\\\/\\\/www.cpl.es\\\/wp-content\\\/uploads\\\/117053.jpg\",\"width\":294,\"height\":427,\"caption\":\"117053.jpg\"},{\"@type\":\"BreadcrumbList\",\"@id\":\"https:\\\/\\\/www.cpl.es\\\/producto\\\/la-iglesias-orientales-catolicas-identidad-y-patrimonio-9788491653103\\\/#breadcrumb\",\"itemListElement\":[{\"@type\":\"ListItem\",\"position\":1,\"name\":\"Portada\",\"item\":\"https:\\\/\\\/www.cpl.es\\\/ca\\\/\"},{\"@type\":\"ListItem\",\"position\":2,\"name\":\"Cat\u00e0leg\",\"item\":\"https:\\\/\\\/www.cpl.es\\\/ca\\\/cataleg\\\/\"},{\"@type\":\"ListItem\",\"position\":3,\"name\":\"La Iglesias Orientales Cat\u00f3licas. Identidad y patrimonio\"}]},{\"@type\":\"WebSite\",\"@id\":\"https:\\\/\\\/www.cpl.es\\\/#website\",\"url\":\"https:\\\/\\\/www.cpl.es\\\/\",\"name\":\"CPL\",\"description\":\"Centre de Pastoral Lit\u00fargica de Barcelona\",\"publisher\":{\"@id\":\"https:\\\/\\\/www.cpl.es\\\/#organization\"},\"alternateName\":\"Centre de Pastoral Lit\u00fargica\",\"potentialAction\":[{\"@type\":\"SearchAction\",\"target\":{\"@type\":\"EntryPoint\",\"urlTemplate\":\"https:\\\/\\\/www.cpl.es\\\/?s={search_term_string}\"},\"query-input\":{\"@type\":\"PropertyValueSpecification\",\"valueRequired\":true,\"valueName\":\"search_term_string\"}}],\"inLanguage\":\"ca\"},{\"@type\":\"Organization\",\"@id\":\"https:\\\/\\\/www.cpl.es\\\/#organization\",\"name\":\"Centre de Pastoral Lit\u00fargica\",\"alternateName\":\"Centre de Pastoral Lit\u00fargica de Barcelona\",\"url\":\"https:\\\/\\\/www.cpl.es\\\/\",\"logo\":{\"@type\":\"ImageObject\",\"inLanguage\":\"ca\",\"@id\":\"https:\\\/\\\/www.cpl.es\\\/#\\\/schema\\\/logo\\\/image\\\/\",\"url\":\"https:\\\/\\\/www.cpl.es\\\/wp-content\\\/uploads\\\/logo-cpl.svg\",\"contentUrl\":\"https:\\\/\\\/www.cpl.es\\\/wp-content\\\/uploads\\\/logo-cpl.svg\",\"caption\":\"Centre de Pastoral Lit\u00fargica\"},\"image\":{\"@id\":\"https:\\\/\\\/www.cpl.es\\\/#\\\/schema\\\/logo\\\/image\\\/\"}}]}<\/script>\n<!-- \/ Yoast SEO plugin. -->","yoast_head_json":{"title":"La Iglesias Orientales Cat\u00f3licas. Identidad y patrimonio - CPL","robots":{"index":"index","follow":"follow","max-snippet":"max-snippet:-1","max-image-preview":"max-image-preview:large","max-video-preview":"max-video-preview:-1"},"canonical":"https:\/\/www.cpl.es\/producto\/la-iglesias-orientales-catolicas-identidad-y-patrimonio-9788491653103\/","og_locale":"ca_ES","og_type":"article","og_title":"La Iglesias Orientales Cat\u00f3licas. Identidad y patrimonio - CPL","og_description":"de Francisco Vega, Carlos","og_url":"https:\/\/www.cpl.es\/producto\/la-iglesias-orientales-catolicas-identidad-y-patrimonio-9788491653103\/","og_site_name":"CPL","article_modified_time":"2023-12-05T12:33:52+00:00","og_image":[{"width":294,"height":427,"url":"https:\/\/www.cpl.es\/wp-content\/uploads\/117053.jpg","type":"image\/jpeg"}],"twitter_card":"summary_large_image","twitter_misc":{"Temps estimat de lectura":"1 minut"},"schema":{"@context":"https:\/\/schema.org","@graph":[{"@type":"WebPage","@id":"https:\/\/www.cpl.es\/producto\/la-iglesias-orientales-catolicas-identidad-y-patrimonio-9788491653103\/","url":"https:\/\/www.cpl.es\/producto\/la-iglesias-orientales-catolicas-identidad-y-patrimonio-9788491653103\/","name":"La Iglesias Orientales Cat\u00f3licas. Identidad y patrimonio - CPL","isPartOf":{"@id":"https:\/\/www.cpl.es\/#website"},"primaryImageOfPage":{"@id":"https:\/\/www.cpl.es\/producto\/la-iglesias-orientales-catolicas-identidad-y-patrimonio-9788491653103\/#primaryimage"},"image":{"@id":"https:\/\/www.cpl.es\/producto\/la-iglesias-orientales-catolicas-identidad-y-patrimonio-9788491653103\/#primaryimage"},"thumbnailUrl":"https:\/\/www.cpl.es\/wp-content\/uploads\/117053.jpg","datePublished":"2023-10-03T22:49:21+00:00","dateModified":"2023-12-05T12:33:52+00:00","breadcrumb":{"@id":"https:\/\/www.cpl.es\/producto\/la-iglesias-orientales-catolicas-identidad-y-patrimonio-9788491653103\/#breadcrumb"},"inLanguage":"ca","potentialAction":[{"@type":"ReadAction","target":["https:\/\/www.cpl.es\/producto\/la-iglesias-orientales-catolicas-identidad-y-patrimonio-9788491653103\/"]}]},{"@type":"ImageObject","inLanguage":"ca","@id":"https:\/\/www.cpl.es\/producto\/la-iglesias-orientales-catolicas-identidad-y-patrimonio-9788491653103\/#primaryimage","url":"https:\/\/www.cpl.es\/wp-content\/uploads\/117053.jpg","contentUrl":"https:\/\/www.cpl.es\/wp-content\/uploads\/117053.jpg","width":294,"height":427,"caption":"117053.jpg"},{"@type":"BreadcrumbList","@id":"https:\/\/www.cpl.es\/producto\/la-iglesias-orientales-catolicas-identidad-y-patrimonio-9788491653103\/#breadcrumb","itemListElement":[{"@type":"ListItem","position":1,"name":"Portada","item":"https:\/\/www.cpl.es\/ca\/"},{"@type":"ListItem","position":2,"name":"Cat\u00e0leg","item":"https:\/\/www.cpl.es\/ca\/cataleg\/"},{"@type":"ListItem","position":3,"name":"La Iglesias Orientales Cat\u00f3licas. Identidad y patrimonio"}]},{"@type":"WebSite","@id":"https:\/\/www.cpl.es\/#website","url":"https:\/\/www.cpl.es\/","name":"CPL","description":"Centre de Pastoral Lit\u00fargica de Barcelona","publisher":{"@id":"https:\/\/www.cpl.es\/#organization"},"alternateName":"Centre de Pastoral Lit\u00fargica","potentialAction":[{"@type":"SearchAction","target":{"@type":"EntryPoint","urlTemplate":"https:\/\/www.cpl.es\/?s={search_term_string}"},"query-input":{"@type":"PropertyValueSpecification","valueRequired":true,"valueName":"search_term_string"}}],"inLanguage":"ca"},{"@type":"Organization","@id":"https:\/\/www.cpl.es\/#organization","name":"Centre de Pastoral Lit\u00fargica","alternateName":"Centre de Pastoral Lit\u00fargica de Barcelona","url":"https:\/\/www.cpl.es\/","logo":{"@type":"ImageObject","inLanguage":"ca","@id":"https:\/\/www.cpl.es\/#\/schema\/logo\/image\/","url":"https:\/\/www.cpl.es\/wp-content\/uploads\/logo-cpl.svg","contentUrl":"https:\/\/www.cpl.es\/wp-content\/uploads\/logo-cpl.svg","caption":"Centre de Pastoral Lit\u00fargica"},"image":{"@id":"https:\/\/www.cpl.es\/#\/schema\/logo\/image\/"}}]}},"_links":{"self":[{"href":"https:\/\/www.cpl.es\/ca\/wp-json\/wp\/v2\/product\/752","targetHints":{"allow":["GET"]}}],"collection":[{"href":"https:\/\/www.cpl.es\/ca\/wp-json\/wp\/v2\/product"}],"about":[{"href":"https:\/\/www.cpl.es\/ca\/wp-json\/wp\/v2\/types\/product"}],"wp:featuredmedia":[{"embeddable":true,"href":"https:\/\/www.cpl.es\/ca\/wp-json\/wp\/v2\/media\/753"}],"wp:attachment":[{"href":"https:\/\/www.cpl.es\/ca\/wp-json\/wp\/v2\/media?parent=752"}],"wp:term":[{"taxonomy":"product_brand","embeddable":true,"href":"https:\/\/www.cpl.es\/ca\/wp-json\/wp\/v2\/product_brand?post=752"},{"taxonomy":"product_cat","embeddable":true,"href":"https:\/\/www.cpl.es\/ca\/wp-json\/wp\/v2\/product_cat?post=752"},{"taxonomy":"product_tag","embeddable":true,"href":"https:\/\/www.cpl.es\/ca\/wp-json\/wp\/v2\/product_tag?post=752"}],"curies":[{"name":"wp","href":"https:\/\/api.w.org\/{rel}","templated":true}]}}

La Iglesias Orientales Católicas. Identidad y patrimonio

<p>La Iglesia católica siempre ha de profesar la unidad y defender la legítima diversidad: son como el anverso y el reverso de una misma moneda. Y las Iglesias orientales católicas afirman, cada una con su peculiar timbre de voz, la armonía de la unidad y de la diversidad. Los cristianos debemos conocer este rico patrimonio y reconocer sus valores. A ello quiere contribuir este libro: abrir las puertas de este mundo eclesial que encierra en sí riquezas insospechadas, analizando la historia y la actualidad de las Iglesias orientales católicas, así como su patrimonio o tradición singular. El apoyo de una selecta bibliografía y el apéndice documental sobre esta materia facilitarán un más cabal conocimiento.</p>
<p>Carlos de Francisco Vega es sacerdote diocesano de León. Licenciado en Teología dogmática (1989) y Derecho canónico (1991) por la Universidad Pontificia de Salamanca. Ha dirigido en la Conferencia Episcopal Española el Secretariado de la Comisión Episcopal de Relaciones Interconfesionales (1999-2011) y el Departamento para la atención pastoral de los católicos orientales (2004-2009). Especialista en cuestiones ecuménicas y canónicas, ha publicado Los matrimonios mixtos. Cristianos separados y unidos en matrimonio (1999), Los cristianos orientales entre nosotros (2006), El cristiano ante el Judaísmo y el Islam (2014), La liturgia maronita de la Eucaristía (2021), así como artículos en varias revistas especializadas.</p>

Rústica

<!-- This site is optimized with the Yoast SEO plugin v27.3 - https://yoast.com/product/yoast-seo-wordpress/ -->
<title>La Iglesias Orientales Católicas. Identidad y patrimonio - CPL</title>
<meta name="robots" content="index, follow, max-snippet:-1, max-image-preview:large, max-video-preview:-1" />
<link rel="canonical" href="https://www.cpl.es/producto/la-iglesias-orientales-catolicas-identidad-y-patrimonio-9788491653103/" />
<meta property="og:locale" content="ca_ES" />
<meta property="og:type" content="article" />
<meta property="og:title" content="La Iglesias Orientales Católicas. Identidad y patrimonio - CPL" />
<meta property="og:description" content="de Francisco Vega, Carlos" />
<meta property="og:url" content="https://www.cpl.es/producto/la-iglesias-orientales-catolicas-identidad-y-patrimonio-9788491653103/" />
<meta property="og:site_name" content="CPL" />
<meta property="article:modified_time" content="2023-12-05T12:33:52+00:00" />
<meta property="og:image" content="https://www.cpl.es/wp-content/uploads/117053.jpg" />
	<meta property="og:image:width" content="294" />
	<meta property="og:image:height" content="427" />
	<meta property="og:image:type" content="image/jpeg" />
<meta name="twitter:card" content="summary_large_image" />
<meta name="twitter:label1" content="Temps estimat de lectura" />
	<meta name="twitter:data1" content="1 minut" />
<script type="application/ld+json" class="yoast-schema-graph">{"@context":"https:\/\/schema.org","@graph":[{"@type":"WebPage","@id":"https:\/\/www.cpl.es\/producto\/la-iglesias-orientales-catolicas-identidad-y-patrimonio-9788491653103\/","url":"https:\/\/www.cpl.es\/producto\/la-iglesias-orientales-catolicas-identidad-y-patrimonio-9788491653103\/","name":"La Iglesias Orientales Católicas. Identidad y patrimonio - CPL","isPartOf":{"@id":"https:\/\/www.cpl.es\/#website"},"primaryImageOfPage":{"@id":"https:\/\/www.cpl.es\/producto\/la-iglesias-orientales-catolicas-identidad-y-patrimonio-9788491653103\/#primaryimage"},"image":{"@id":"https:\/\/www.cpl.es\/producto\/la-iglesias-orientales-catolicas-identidad-y-patrimonio-9788491653103\/#primaryimage"},"thumbnailUrl":"https:\/\/www.cpl.es\/wp-content\/uploads\/117053.jpg","datePublished":"2023-10-03T22:49:21+00:00","dateModified":"2023-12-05T12:33:52+00:00","breadcrumb":{"@id":"https:\/\/www.cpl.es\/producto\/la-iglesias-orientales-catolicas-identidad-y-patrimonio-9788491653103\/#breadcrumb"},"inLanguage":"ca","potentialAction":[{"@type":"ReadAction","target":["https:\/\/www.cpl.es\/producto\/la-iglesias-orientales-catolicas-identidad-y-patrimonio-9788491653103\/"]}]},{"@type":"ImageObject","inLanguage":"ca","@id":"https:\/\/www.cpl.es\/producto\/la-iglesias-orientales-catolicas-identidad-y-patrimonio-9788491653103\/#primaryimage","url":"https:\/\/www.cpl.es\/wp-content\/uploads\/117053.jpg","contentUrl":"https:\/\/www.cpl.es\/wp-content\/uploads\/117053.jpg","width":294,"height":427,"caption":"117053.jpg"},{"@type":"BreadcrumbList","@id":"https:\/\/www.cpl.es\/producto\/la-iglesias-orientales-catolicas-identidad-y-patrimonio-9788491653103\/#breadcrumb","itemListElement":[{"@type":"ListItem","position":1,"name":"Portada","item":"https:\/\/www.cpl.es\/ca\/"},{"@type":"ListItem","position":2,"name":"Catàleg","item":"https:\/\/www.cpl.es\/ca\/cataleg\/"},{"@type":"ListItem","position":3,"name":"La Iglesias Orientales Católicas. Identidad y patrimonio"}]},{"@type":"WebSite","@id":"https:\/\/www.cpl.es\/#website","url":"https:\/\/www.cpl.es\/","name":"CPL","description":"Centre de Pastoral Litúrgica de Barcelona","publisher":{"@id":"https:\/\/www.cpl.es\/#organization"},"alternateName":"Centre de Pastoral Litúrgica","potentialAction":[{"@type":"SearchAction","target":{"@type":"EntryPoint","urlTemplate":"https:\/\/www.cpl.es\/?s={search_term_string}"},"query-input":{"@type":"PropertyValueSpecification","valueRequired":true,"valueName":"search_term_string"}}],"inLanguage":"ca"},{"@type":"Organization","@id":"https:\/\/www.cpl.es\/#organization","name":"Centre de Pastoral Litúrgica","alternateName":"Centre de Pastoral Litúrgica de Barcelona","url":"https:\/\/www.cpl.es\/","logo":{"@type":"ImageObject","inLanguage":"ca","@id":"https:\/\/www.cpl.es\/#\/schema\/logo\/image\/","url":"https:\/\/www.cpl.es\/wp-content\/uploads\/logo-cpl.svg","contentUrl":"https:\/\/www.cpl.es\/wp-content\/uploads\/logo-cpl.svg","caption":"Centre de Pastoral Litúrgica"},"image":{"@id":"https:\/\/www.cpl.es\/#\/schema\/logo\/image\/"}}]}</script>
<!-- / Yoast SEO plugin. -->

La Iglesias Orientales Católicas. Identidad y patrimonio - CPL

Catàleg

Centre de Pastoral Litúrgica de Barcelona

Centre de Pastoral Litúrgica
