{"id":743,"date":"2023-10-04T00:49:02","date_gmt":"2023-10-03T22:49:02","guid":{"rendered":"https:\/\/nuevaweb.cpl.es\/producto\/codigo-de-derecho-canonico-9788491655060\/"},"modified":"2025-10-03T11:09:26","modified_gmt":"2025-10-03T09:09:26","slug":"codigo-de-derecho-canonico-9788491655060","status":"publish","type":"product","link":"https:\/\/www.cpl.es\/ca\/producto\/codigo-de-derecho-canonico-9788491655060\/","title":{"rendered":"C\u00f3digo de Derecho Can\u00f3nico"},"content":{"rendered":"<p> EDICION ACTUALIZADA EN AGOSTO DE 2023. Incluye las modificaciones del Motu proprio del 8 de agosto, con la que se modifican los c\u00e1nones 295-296 relativos a las prelaturas personales,  la nueva versi\u00f3n del Libro VI que entrar\u00e1 en vigor a partir del 8 de diciembre de 2021. El instrumento que es el C\u00f3digo es llanamente congruente con la naturaleza de la Iglesia cual es propuesta sobre todo por el magisterio del Concilio Vaticano II visto en su conjunto, y de modo particular por su doctrina eclesiol\u00f3gica. Es m\u00e1s, en cierto modo puede concebirse este nuevo C\u00f3digo como el gran esfuerzo por traducir al lenguaje canon\u00edstico esa misma doctrina, es decir, la eclesiolog\u00eda conciliar. Y aunque es imposible verter perfectamente en la lengua canon\u00edstica la imagen de la Iglesia descrita por la doctrina del Concilio, sin embargo el C\u00f3digo ha de ser referido siempre a esa misma imagen como al modelo principal cuyas l\u00edneas debe expresar \u00e9l en s\u00ed mismo, en lo posible, seg\u00fan su propia naturaleza. Constituci\u00f3n apost\u00f3lica Sacrae disciplinae leges<\/p>\n","protected":false},"excerpt":{"rendered":"<p>Documentos Vaticano<\/p>\n","protected":false},"featured_media":18636,"template":"","meta":{"_acf_changed":false,"inline_featured_image":false},"product_brand":[],"product_cat":[69,54,158],"product_tag":[],"class_list":{"0":"post-743","1":"product","2":"type-product","3":"status-publish","4":"has-post-thumbnail","6":"product_cat-cuadernos-phase-colleccions-catala","7":"product_cat-cuadernos-phase","8":"product_cat-documentacion-documentacion-por-temas","10":"first","11":"instock","12":"taxable","13":"shipping-taxable","14":"purchasable","15":"product-type-simple"},"acf":{"autor":"Documentos Vaticano","codart":"110232","ediciones":"9","encuadernacion":"R\u00fastica","fecha_de_publicacion":"10\/07\/2023","novedad":false,"paginas":"432","subtitulo":"Actualizado en junio de 2023","orden":"999","portada":false,"idioma":"spa","editorial":[{"ID":6736,"post_author":"2","post_date":"2023-10-06 08:35:24","post_date_gmt":"2023-10-06 06:35:24","post_content":"","post_title":"CPL","post_excerpt":"","post_status":"publish","comment_status":"closed","ping_status":"closed","post_password":"","post_name":"cpl","to_ping":"","pinged":"","post_modified":"2023-10-06 08:35:24","post_modified_gmt":"2023-10-06 06:35:24","post_content_filtered":"","post_parent":0,"guid":"https:\/\/nuevaweb.cpl.es\/editorial\/cpl\/","menu_order":0,"post_type":"editorial","post_mime_type":"","comment_count":"0","filter":"raw"}],"coleccion_num":"232"},"yoast_head":"<!-- This site is optimized with the Yoast SEO plugin v27.3 - https:\/\/yoast.com\/product\/yoast-seo-wordpress\/ -->\n<title>C\u00f3digo de Derecho Can\u00f3nico - CPL<\/title>\n<meta name=\"robots\" content=\"index, follow, max-snippet:-1, max-image-preview:large, max-video-preview:-1\" \/>\n<link rel=\"canonical\" href=\"https:\/\/www.cpl.es\/producto\/codigo-de-derecho-canonico-9788491655060\/\" \/>\n<meta property=\"og:locale\" content=\"ca_ES\" \/>\n<meta property=\"og:type\" content=\"article\" \/>\n<meta property=\"og:title\" content=\"C\u00f3digo de Derecho Can\u00f3nico - CPL\" \/>\n<meta property=\"og:description\" content=\"Documentos Vaticano\" \/>\n<meta property=\"og:url\" content=\"https:\/\/www.cpl.es\/producto\/codigo-de-derecho-canonico-9788491655060\/\" \/>\n<meta property=\"og:site_name\" content=\"CPL\" \/>\n<meta property=\"article:modified_time\" content=\"2025-10-03T09:09:26+00:00\" \/>\n<meta property=\"og:image\" content=\"https:\/\/www.cpl.es\/wp-content\/uploads\/9788491655060.jpg\" \/>\n\t<meta property=\"og:image:width\" content=\"199\" \/>\n\t<meta property=\"og:image:height\" content=\"300\" \/>\n\t<meta property=\"og:image:type\" content=\"image\/jpeg\" \/>\n<meta name=\"twitter:card\" content=\"summary_large_image\" \/>\n<meta name=\"twitter:label1\" content=\"Temps estimat de lectura\" \/>\n\t<meta name=\"twitter:data1\" content=\"1 minut\" \/>\n<script type=\"application\/ld+json\" class=\"yoast-schema-graph\">{\"@context\":\"https:\\\/\\\/schema.org\",\"@graph\":[{\"@type\":\"WebPage\",\"@id\":\"https:\\\/\\\/www.cpl.es\\\/producto\\\/codigo-de-derecho-canonico-9788491655060\\\/\",\"url\":\"https:\\\/\\\/www.cpl.es\\\/producto\\\/codigo-de-derecho-canonico-9788491655060\\\/\",\"name\":\"C\u00f3digo de Derecho Can\u00f3nico - CPL\",\"isPartOf\":{\"@id\":\"https:\\\/\\\/www.cpl.es\\\/#website\"},\"primaryImageOfPage\":{\"@id\":\"https:\\\/\\\/www.cpl.es\\\/producto\\\/codigo-de-derecho-canonico-9788491655060\\\/#primaryimage\"},\"image\":{\"@id\":\"https:\\\/\\\/www.cpl.es\\\/producto\\\/codigo-de-derecho-canonico-9788491655060\\\/#primaryimage\"},\"thumbnailUrl\":\"https:\\\/\\\/www.cpl.es\\\/wp-content\\\/uploads\\\/9788491655060.jpg\",\"datePublished\":\"2023-10-03T22:49:02+00:00\",\"dateModified\":\"2025-10-03T09:09:26+00:00\",\"breadcrumb\":{\"@id\":\"https:\\\/\\\/www.cpl.es\\\/producto\\\/codigo-de-derecho-canonico-9788491655060\\\/#breadcrumb\"},\"inLanguage\":\"ca\",\"potentialAction\":[{\"@type\":\"ReadAction\",\"target\":[\"https:\\\/\\\/www.cpl.es\\\/producto\\\/codigo-de-derecho-canonico-9788491655060\\\/\"]}]},{\"@type\":\"ImageObject\",\"inLanguage\":\"ca\",\"@id\":\"https:\\\/\\\/www.cpl.es\\\/producto\\\/codigo-de-derecho-canonico-9788491655060\\\/#primaryimage\",\"url\":\"https:\\\/\\\/www.cpl.es\\\/wp-content\\\/uploads\\\/9788491655060.jpg\",\"contentUrl\":\"https:\\\/\\\/www.cpl.es\\\/wp-content\\\/uploads\\\/9788491655060.jpg\",\"width\":199,\"height\":300,\"caption\":\"9788491655060.jpg\"},{\"@type\":\"BreadcrumbList\",\"@id\":\"https:\\\/\\\/www.cpl.es\\\/producto\\\/codigo-de-derecho-canonico-9788491655060\\\/#breadcrumb\",\"itemListElement\":[{\"@type\":\"ListItem\",\"position\":1,\"name\":\"Portada\",\"item\":\"https:\\\/\\\/www.cpl.es\\\/ca\\\/\"},{\"@type\":\"ListItem\",\"position\":2,\"name\":\"Cat\u00e0leg\",\"item\":\"https:\\\/\\\/www.cpl.es\\\/ca\\\/cataleg\\\/\"},{\"@type\":\"ListItem\",\"position\":3,\"name\":\"C\u00f3digo de Derecho Can\u00f3nico\"}]},{\"@type\":\"WebSite\",\"@id\":\"https:\\\/\\\/www.cpl.es\\\/#website\",\"url\":\"https:\\\/\\\/www.cpl.es\\\/\",\"name\":\"CPL\",\"description\":\"Centre de Pastoral Lit\u00fargica de Barcelona\",\"publisher\":{\"@id\":\"https:\\\/\\\/www.cpl.es\\\/#organization\"},\"alternateName\":\"Centre de Pastoral Lit\u00fargica\",\"potentialAction\":[{\"@type\":\"SearchAction\",\"target\":{\"@type\":\"EntryPoint\",\"urlTemplate\":\"https:\\\/\\\/www.cpl.es\\\/?s={search_term_string}\"},\"query-input\":{\"@type\":\"PropertyValueSpecification\",\"valueRequired\":true,\"valueName\":\"search_term_string\"}}],\"inLanguage\":\"ca\"},{\"@type\":\"Organization\",\"@id\":\"https:\\\/\\\/www.cpl.es\\\/#organization\",\"name\":\"Centre de Pastoral Lit\u00fargica\",\"alternateName\":\"Centre de Pastoral Lit\u00fargica de Barcelona\",\"url\":\"https:\\\/\\\/www.cpl.es\\\/\",\"logo\":{\"@type\":\"ImageObject\",\"inLanguage\":\"ca\",\"@id\":\"https:\\\/\\\/www.cpl.es\\\/#\\\/schema\\\/logo\\\/image\\\/\",\"url\":\"https:\\\/\\\/www.cpl.es\\\/wp-content\\\/uploads\\\/logo-cpl.svg\",\"contentUrl\":\"https:\\\/\\\/www.cpl.es\\\/wp-content\\\/uploads\\\/logo-cpl.svg\",\"caption\":\"Centre de Pastoral Lit\u00fargica\"},\"image\":{\"@id\":\"https:\\\/\\\/www.cpl.es\\\/#\\\/schema\\\/logo\\\/image\\\/\"}}]}<\/script>\n<!-- \/ Yoast SEO plugin. -->","yoast_head_json":{"title":"C\u00f3digo de Derecho Can\u00f3nico - CPL","robots":{"index":"index","follow":"follow","max-snippet":"max-snippet:-1","max-image-preview":"max-image-preview:large","max-video-preview":"max-video-preview:-1"},"canonical":"https:\/\/www.cpl.es\/producto\/codigo-de-derecho-canonico-9788491655060\/","og_locale":"ca_ES","og_type":"article","og_title":"C\u00f3digo de Derecho Can\u00f3nico - CPL","og_description":"Documentos Vaticano","og_url":"https:\/\/www.cpl.es\/producto\/codigo-de-derecho-canonico-9788491655060\/","og_site_name":"CPL","article_modified_time":"2025-10-03T09:09:26+00:00","og_image":[{"width":199,"height":300,"url":"https:\/\/www.cpl.es\/wp-content\/uploads\/9788491655060.jpg","type":"image\/jpeg"}],"twitter_card":"summary_large_image","twitter_misc":{"Temps estimat de lectura":"1 minut"},"schema":{"@context":"https:\/\/schema.org","@graph":[{"@type":"WebPage","@id":"https:\/\/www.cpl.es\/producto\/codigo-de-derecho-canonico-9788491655060\/","url":"https:\/\/www.cpl.es\/producto\/codigo-de-derecho-canonico-9788491655060\/","name":"C\u00f3digo de Derecho Can\u00f3nico - CPL","isPartOf":{"@id":"https:\/\/www.cpl.es\/#website"},"primaryImageOfPage":{"@id":"https:\/\/www.cpl.es\/producto\/codigo-de-derecho-canonico-9788491655060\/#primaryimage"},"image":{"@id":"https:\/\/www.cpl.es\/producto\/codigo-de-derecho-canonico-9788491655060\/#primaryimage"},"thumbnailUrl":"https:\/\/www.cpl.es\/wp-content\/uploads\/9788491655060.jpg","datePublished":"2023-10-03T22:49:02+00:00","dateModified":"2025-10-03T09:09:26+00:00","breadcrumb":{"@id":"https:\/\/www.cpl.es\/producto\/codigo-de-derecho-canonico-9788491655060\/#breadcrumb"},"inLanguage":"ca","potentialAction":[{"@type":"ReadAction","target":["https:\/\/www.cpl.es\/producto\/codigo-de-derecho-canonico-9788491655060\/"]}]},{"@type":"ImageObject","inLanguage":"ca","@id":"https:\/\/www.cpl.es\/producto\/codigo-de-derecho-canonico-9788491655060\/#primaryimage","url":"https:\/\/www.cpl.es\/wp-content\/uploads\/9788491655060.jpg","contentUrl":"https:\/\/www.cpl.es\/wp-content\/uploads\/9788491655060.jpg","width":199,"height":300,"caption":"9788491655060.jpg"},{"@type":"BreadcrumbList","@id":"https:\/\/www.cpl.es\/producto\/codigo-de-derecho-canonico-9788491655060\/#breadcrumb","itemListElement":[{"@type":"ListItem","position":1,"name":"Portada","item":"https:\/\/www.cpl.es\/ca\/"},{"@type":"ListItem","position":2,"name":"Cat\u00e0leg","item":"https:\/\/www.cpl.es\/ca\/cataleg\/"},{"@type":"ListItem","position":3,"name":"C\u00f3digo de Derecho Can\u00f3nico"}]},{"@type":"WebSite","@id":"https:\/\/www.cpl.es\/#website","url":"https:\/\/www.cpl.es\/","name":"CPL","description":"Centre de Pastoral Lit\u00fargica de Barcelona","publisher":{"@id":"https:\/\/www.cpl.es\/#organization"},"alternateName":"Centre de Pastoral Lit\u00fargica","potentialAction":[{"@type":"SearchAction","target":{"@type":"EntryPoint","urlTemplate":"https:\/\/www.cpl.es\/?s={search_term_string}"},"query-input":{"@type":"PropertyValueSpecification","valueRequired":true,"valueName":"search_term_string"}}],"inLanguage":"ca"},{"@type":"Organization","@id":"https:\/\/www.cpl.es\/#organization","name":"Centre de Pastoral Lit\u00fargica","alternateName":"Centre de Pastoral Lit\u00fargica de Barcelona","url":"https:\/\/www.cpl.es\/","logo":{"@type":"ImageObject","inLanguage":"ca","@id":"https:\/\/www.cpl.es\/#\/schema\/logo\/image\/","url":"https:\/\/www.cpl.es\/wp-content\/uploads\/logo-cpl.svg","contentUrl":"https:\/\/www.cpl.es\/wp-content\/uploads\/logo-cpl.svg","caption":"Centre de Pastoral Lit\u00fargica"},"image":{"@id":"https:\/\/www.cpl.es\/#\/schema\/logo\/image\/"}}]}},"_links":{"self":[{"href":"https:\/\/www.cpl.es\/ca\/wp-json\/wp\/v2\/product\/743","targetHints":{"allow":["GET"]}}],"collection":[{"href":"https:\/\/www.cpl.es\/ca\/wp-json\/wp\/v2\/product"}],"about":[{"href":"https:\/\/www.cpl.es\/ca\/wp-json\/wp\/v2\/types\/product"}],"wp:featuredmedia":[{"embeddable":true,"href":"https:\/\/www.cpl.es\/ca\/wp-json\/wp\/v2\/media\/18636"}],"wp:attachment":[{"href":"https:\/\/www.cpl.es\/ca\/wp-json\/wp\/v2\/media?parent=743"}],"wp:term":[{"taxonomy":"product_brand","embeddable":true,"href":"https:\/\/www.cpl.es\/ca\/wp-json\/wp\/v2\/product_brand?post=743"},{"taxonomy":"product_cat","embeddable":true,"href":"https:\/\/www.cpl.es\/ca\/wp-json\/wp\/v2\/product_cat?post=743"},{"taxonomy":"product_tag","embeddable":true,"href":"https:\/\/www.cpl.es\/ca\/wp-json\/wp\/v2\/product_tag?post=743"}],"curies":[{"name":"wp","href":"https:\/\/api.w.org\/{rel}","templated":true}]}}

Código de Derecho Canónico

<p> EDICION ACTUALIZADA EN AGOSTO DE 2023. Incluye las modificaciones del Motu proprio del 8 de agosto, con la que se modifican los cánones 295-296 relativos a las prelaturas personales,  la nueva versión del Libro VI que entrará en vigor a partir del 8 de diciembre de 2021. El instrumento que es el Código es llanamente congruente con la naturaleza de la Iglesia cual es propuesta sobre todo por el magisterio del Concilio Vaticano II visto en su conjunto, y de modo particular por su doctrina eclesiológica. Es más, en cierto modo puede concebirse este nuevo Código como el gran esfuerzo por traducir al lenguaje canonístico esa misma doctrina, es decir, la eclesiología conciliar. Y aunque es imposible verter perfectamente en la lengua canonística la imagen de la Iglesia descrita por la doctrina del Concilio, sin embargo el Código ha de ser referido siempre a esa misma imagen como al modelo principal cuyas líneas debe expresar él en sí mismo, en lo posible, según su propia naturaleza. Constitución apostólica Sacrae disciplinae leges</p>

Rústica

<!-- This site is optimized with the Yoast SEO plugin v27.3 - https://yoast.com/product/yoast-seo-wordpress/ -->
<title>Código de Derecho Canónico - CPL</title>
<meta name="robots" content="index, follow, max-snippet:-1, max-image-preview:large, max-video-preview:-1" />
<link rel="canonical" href="https://www.cpl.es/producto/codigo-de-derecho-canonico-9788491655060/" />
<meta property="og:locale" content="ca_ES" />
<meta property="og:type" content="article" />
<meta property="og:title" content="Código de Derecho Canónico - CPL" />
<meta property="og:description" content="Documentos Vaticano" />
<meta property="og:url" content="https://www.cpl.es/producto/codigo-de-derecho-canonico-9788491655060/" />
<meta property="og:site_name" content="CPL" />
<meta property="article:modified_time" content="2025-10-03T09:09:26+00:00" />
<meta property="og:image" content="https://www.cpl.es/wp-content/uploads/9788491655060.jpg" />
	<meta property="og:image:width" content="199" />
	<meta property="og:image:height" content="300" />
	<meta property="og:image:type" content="image/jpeg" />
<meta name="twitter:card" content="summary_large_image" />
<meta name="twitter:label1" content="Temps estimat de lectura" />
	<meta name="twitter:data1" content="1 minut" />
<script type="application/ld+json" class="yoast-schema-graph">{"@context":"https:\/\/schema.org","@graph":[{"@type":"WebPage","@id":"https:\/\/www.cpl.es\/producto\/codigo-de-derecho-canonico-9788491655060\/","url":"https:\/\/www.cpl.es\/producto\/codigo-de-derecho-canonico-9788491655060\/","name":"Código de Derecho Canónico - CPL","isPartOf":{"@id":"https:\/\/www.cpl.es\/#website"},"primaryImageOfPage":{"@id":"https:\/\/www.cpl.es\/producto\/codigo-de-derecho-canonico-9788491655060\/#primaryimage"},"image":{"@id":"https:\/\/www.cpl.es\/producto\/codigo-de-derecho-canonico-9788491655060\/#primaryimage"},"thumbnailUrl":"https:\/\/www.cpl.es\/wp-content\/uploads\/9788491655060.jpg","datePublished":"2023-10-03T22:49:02+00:00","dateModified":"2025-10-03T09:09:26+00:00","breadcrumb":{"@id":"https:\/\/www.cpl.es\/producto\/codigo-de-derecho-canonico-9788491655060\/#breadcrumb"},"inLanguage":"ca","potentialAction":[{"@type":"ReadAction","target":["https:\/\/www.cpl.es\/producto\/codigo-de-derecho-canonico-9788491655060\/"]}]},{"@type":"ImageObject","inLanguage":"ca","@id":"https:\/\/www.cpl.es\/producto\/codigo-de-derecho-canonico-9788491655060\/#primaryimage","url":"https:\/\/www.cpl.es\/wp-content\/uploads\/9788491655060.jpg","contentUrl":"https:\/\/www.cpl.es\/wp-content\/uploads\/9788491655060.jpg","width":199,"height":300,"caption":"9788491655060.jpg"},{"@type":"BreadcrumbList","@id":"https:\/\/www.cpl.es\/producto\/codigo-de-derecho-canonico-9788491655060\/#breadcrumb","itemListElement":[{"@type":"ListItem","position":1,"name":"Portada","item":"https:\/\/www.cpl.es\/ca\/"},{"@type":"ListItem","position":2,"name":"Catàleg","item":"https:\/\/www.cpl.es\/ca\/cataleg\/"},{"@type":"ListItem","position":3,"name":"Código de Derecho Canónico"}]},{"@type":"WebSite","@id":"https:\/\/www.cpl.es\/#website","url":"https:\/\/www.cpl.es\/","name":"CPL","description":"Centre de Pastoral Litúrgica de Barcelona","publisher":{"@id":"https:\/\/www.cpl.es\/#organization"},"alternateName":"Centre de Pastoral Litúrgica","potentialAction":[{"@type":"SearchAction","target":{"@type":"EntryPoint","urlTemplate":"https:\/\/www.cpl.es\/?s={search_term_string}"},"query-input":{"@type":"PropertyValueSpecification","valueRequired":true,"valueName":"search_term_string"}}],"inLanguage":"ca"},{"@type":"Organization","@id":"https:\/\/www.cpl.es\/#organization","name":"Centre de Pastoral Litúrgica","alternateName":"Centre de Pastoral Litúrgica de Barcelona","url":"https:\/\/www.cpl.es\/","logo":{"@type":"ImageObject","inLanguage":"ca","@id":"https:\/\/www.cpl.es\/#\/schema\/logo\/image\/","url":"https:\/\/www.cpl.es\/wp-content\/uploads\/logo-cpl.svg","contentUrl":"https:\/\/www.cpl.es\/wp-content\/uploads\/logo-cpl.svg","caption":"Centre de Pastoral Litúrgica"},"image":{"@id":"https:\/\/www.cpl.es\/#\/schema\/logo\/image\/"}}]}</script>
<!-- / Yoast SEO plugin. -->

Código de Derecho Canónico - CPL

Catàleg

Centre de Pastoral Litúrgica de Barcelona

Centre de Pastoral Litúrgica
