{"id":713,"date":"2023-10-04T00:48:04","date_gmt":"2023-10-03T22:48:04","guid":{"rendered":"https:\/\/nuevaweb.cpl.es\/producto\/el-tiempo-y-la-liturgia-9788491655145\/"},"modified":"2023-12-05T13:51:15","modified_gmt":"2023-12-05T12:51:15","slug":"el-tiempo-y-la-liturgia-9788491655145","status":"publish","type":"product","link":"https:\/\/www.cpl.es\/ca\/producto\/el-tiempo-y-la-liturgia-9788491655145\/","title":{"rendered":"El tiempo y la Liturgia"},"content":{"rendered":"<p>La relaci\u00f3n con el tiempo es sin duda una de las dimensiones m\u00e1s deterioradas de nuestras sociedades actuales. La sociedad actual est\u00e1 marcada por el ritmo acelerado y el consumo del tiempo. Por el reinado de las prisas y de las urgencias que padece el hombre debido a la huida del presente hacia un el progreso del futuro. La relaci\u00f3n &#8216;tiempo &#8211; hombre' es un factor muy estudiado en diversos campos: antropol\u00f3gico, filos\u00f3fico, religioso&#8230;Quiz\u00e1 sea un intento de comprender unos fen\u00f3menos que vivimos: \u00bfqu\u00e9 valor tiene el momento que estamos viviendo?<br \/>El cristiano intenta explorar la profundidad del tiempo, habit\u00e1ndolo. As\u00ed, al celebrar, de modo ininterrumpido, el Misterio de la Muerte y de la Resurrecci\u00f3n de Cristo, la liturgia establece una relaci\u00f3n entre el tiempo presente, el cual inserta la experiencia cristiana del tiempo en la perspectiva escatol\u00f3gica. Ya sea en la celebraci\u00f3n lit\u00fargica de la Lit\u00fargia de las Horas, el Domingo o el A\u00f1o Lit\u00fargico.<br \/>Jordi Font Plana, nacido en Sant Joan les Fonts (Girona) en 1958 y ordenado presb\u00edtero en 1986. Licenciado en teolog\u00eda en la especialidad de liturgia en el Instituto Superior de Liturgia de Barcelona. Doctor en Teolog\u00eda en la Facultad de Teolog\u00eda de Catalu\u00f1a. Curso de postgrado en el Institut Sup\u00e9rieur de Liturgie de l'Institut Catholique de Paris. Doctor en Sagrada Liturgia por el Pontifi cio Instituto Lit\u00fargico San Anselmo de Roma. P\u00e1rroco de Fontcoberta, Ollers, Viladam\u00ed y Vilavenut, de Vilamar\u00ed, de Centenys, Seriny\u00e0 y Usall; administrador parroquial de Sous y p\u00e1rroco del santuario de Nuestra Se\u00f1ora del Monte; rector del Seminario Diocesano de Gerona; vicario episcopal para las Vocaciones y secretario del Consejo Episcopal; can\u00f3nigo de la Catedral de Gerona; secretario del Secretariado de Pastoral Lit\u00fargica de Gerona; director de la Comisi\u00f3n del Diaconado Permanente; profesor no estable de liturgia en el Instituto Superior de Ciencias Religiosas de Gerona; profesor estable en la Facultad de Teolog\u00eda de Catalu\u00f1a y del Instituto de Liturgia ad instar Facultatis, del cual es vicepresidente. Es miembro de la Asociaci\u00f3n Espa\u00f1ola de Profesores de Liturgia y del Centre de Pastoral Lit\u00fargica de Barcelona.<\/p>\n<p><\/p>\n","protected":false},"excerpt":{"rendered":"<p>Font Plana, Jordi<\/p>\n","protected":false},"featured_media":714,"template":"","meta":{"_acf_changed":false,"inline_featured_image":false},"product_brand":[],"product_cat":[47,78,74,46,85,62],"product_tag":[],"class_list":{"0":"post-713","1":"product","2":"type-product","3":"status-publish","4":"has-post-thumbnail","6":"product_cat-ano-liturgico","7":"product_cat-any-liturgic","8":"product_cat-biblioteca-liturgica-colleccions-catala","9":"product_cat-biblioteca-liturgica","10":"product_cat-historia-de-la-liturgia-per-temes-catala","11":"product_cat-historia-de-la-liturgia","13":"first","14":"instock","15":"taxable","16":"shipping-taxable","17":"purchasable","18":"product-type-simple"},"acf":{"autor":"Font Plana, Jordi","codart":"111066","ediciones":"1","encuadernacion":"Carton\u00e9","fecha_de_publicacion":"24\/11\/2022","novedad":false,"paginas":"328","subtitulo":"Vivir el tiempo lit\u00fargicamente","orden":"999","portada":false,"idioma":"spa","editorial":[{"ID":6736,"post_author":"2","post_date":"2023-10-06 08:35:24","post_date_gmt":"2023-10-06 06:35:24","post_content":"","post_title":"CPL","post_excerpt":"","post_status":"publish","comment_status":"closed","ping_status":"closed","post_password":"","post_name":"cpl","to_ping":"","pinged":"","post_modified":"2023-10-06 08:35:24","post_modified_gmt":"2023-10-06 06:35:24","post_content_filtered":"","post_parent":0,"guid":"https:\/\/nuevaweb.cpl.es\/editorial\/cpl\/","menu_order":0,"post_type":"editorial","post_mime_type":"","comment_count":"0","filter":"raw"}]},"yoast_head":"<!-- This site is optimized with the Yoast SEO plugin v27.3 - https:\/\/yoast.com\/product\/yoast-seo-wordpress\/ -->\n<title>El tiempo y la Liturgia - CPL<\/title>\n<meta name=\"robots\" content=\"index, follow, max-snippet:-1, max-image-preview:large, max-video-preview:-1\" \/>\n<link rel=\"canonical\" href=\"https:\/\/www.cpl.es\/ca\/producto\/el-tiempo-y-la-liturgia-9788491655145\/\" \/>\n<meta property=\"og:locale\" content=\"ca_ES\" \/>\n<meta property=\"og:type\" content=\"article\" \/>\n<meta property=\"og:title\" content=\"El tiempo y la Liturgia - CPL\" \/>\n<meta property=\"og:description\" content=\"Font Plana, Jordi\" \/>\n<meta property=\"og:url\" content=\"https:\/\/www.cpl.es\/ca\/producto\/el-tiempo-y-la-liturgia-9788491655145\/\" \/>\n<meta property=\"og:site_name\" content=\"CPL\" \/>\n<meta property=\"article:modified_time\" content=\"2023-12-05T12:51:15+00:00\" \/>\n<meta property=\"og:image\" content=\"https:\/\/www.cpl.es\/wp-content\/uploads\/111066.jpg\" \/>\n\t<meta property=\"og:image:width\" content=\"280\" \/>\n\t<meta property=\"og:image:height\" content=\"443\" \/>\n\t<meta property=\"og:image:type\" content=\"image\/jpeg\" \/>\n<meta name=\"twitter:card\" content=\"summary_large_image\" \/>\n<meta name=\"twitter:label1\" content=\"Temps estimat de lectura\" \/>\n\t<meta name=\"twitter:data1\" content=\"2 minuts\" \/>\n<script type=\"application\/ld+json\" class=\"yoast-schema-graph\">{\"@context\":\"https:\\\/\\\/schema.org\",\"@graph\":[{\"@type\":\"WebPage\",\"@id\":\"https:\\\/\\\/www.cpl.es\\\/ca\\\/producto\\\/el-tiempo-y-la-liturgia-9788491655145\\\/\",\"url\":\"https:\\\/\\\/www.cpl.es\\\/ca\\\/producto\\\/el-tiempo-y-la-liturgia-9788491655145\\\/\",\"name\":\"El tiempo y la Liturgia - CPL\",\"isPartOf\":{\"@id\":\"https:\\\/\\\/www.cpl.es\\\/#website\"},\"primaryImageOfPage\":{\"@id\":\"https:\\\/\\\/www.cpl.es\\\/ca\\\/producto\\\/el-tiempo-y-la-liturgia-9788491655145\\\/#primaryimage\"},\"image\":{\"@id\":\"https:\\\/\\\/www.cpl.es\\\/ca\\\/producto\\\/el-tiempo-y-la-liturgia-9788491655145\\\/#primaryimage\"},\"thumbnailUrl\":\"https:\\\/\\\/www.cpl.es\\\/wp-content\\\/uploads\\\/111066.jpg\",\"datePublished\":\"2023-10-03T22:48:04+00:00\",\"dateModified\":\"2023-12-05T12:51:15+00:00\",\"breadcrumb\":{\"@id\":\"https:\\\/\\\/www.cpl.es\\\/ca\\\/producto\\\/el-tiempo-y-la-liturgia-9788491655145\\\/#breadcrumb\"},\"inLanguage\":\"ca\",\"potentialAction\":[{\"@type\":\"ReadAction\",\"target\":[\"https:\\\/\\\/www.cpl.es\\\/ca\\\/producto\\\/el-tiempo-y-la-liturgia-9788491655145\\\/\"]}]},{\"@type\":\"ImageObject\",\"inLanguage\":\"ca\",\"@id\":\"https:\\\/\\\/www.cpl.es\\\/ca\\\/producto\\\/el-tiempo-y-la-liturgia-9788491655145\\\/#primaryimage\",\"url\":\"https:\\\/\\\/www.cpl.es\\\/wp-content\\\/uploads\\\/111066.jpg\",\"contentUrl\":\"https:\\\/\\\/www.cpl.es\\\/wp-content\\\/uploads\\\/111066.jpg\",\"width\":280,\"height\":443,\"caption\":\"111066.jpg\"},{\"@type\":\"BreadcrumbList\",\"@id\":\"https:\\\/\\\/www.cpl.es\\\/ca\\\/producto\\\/el-tiempo-y-la-liturgia-9788491655145\\\/#breadcrumb\",\"itemListElement\":[{\"@type\":\"ListItem\",\"position\":1,\"name\":\"Portada\",\"item\":\"https:\\\/\\\/www.cpl.es\\\/ca\\\/\"},{\"@type\":\"ListItem\",\"position\":2,\"name\":\"Cat\u00e0leg\",\"item\":\"https:\\\/\\\/www.cpl.es\\\/ca\\\/cataleg\\\/\"},{\"@type\":\"ListItem\",\"position\":3,\"name\":\"El tiempo y la Liturgia\"}]},{\"@type\":\"WebSite\",\"@id\":\"https:\\\/\\\/www.cpl.es\\\/#website\",\"url\":\"https:\\\/\\\/www.cpl.es\\\/\",\"name\":\"CPL\",\"description\":\"Centre de Pastoral Lit\u00fargica de Barcelona\",\"publisher\":{\"@id\":\"https:\\\/\\\/www.cpl.es\\\/#organization\"},\"alternateName\":\"Centre de Pastoral Lit\u00fargica\",\"potentialAction\":[{\"@type\":\"SearchAction\",\"target\":{\"@type\":\"EntryPoint\",\"urlTemplate\":\"https:\\\/\\\/www.cpl.es\\\/?s={search_term_string}\"},\"query-input\":{\"@type\":\"PropertyValueSpecification\",\"valueRequired\":true,\"valueName\":\"search_term_string\"}}],\"inLanguage\":\"ca\"},{\"@type\":\"Organization\",\"@id\":\"https:\\\/\\\/www.cpl.es\\\/#organization\",\"name\":\"Centre de Pastoral Lit\u00fargica\",\"alternateName\":\"Centre de Pastoral Lit\u00fargica de Barcelona\",\"url\":\"https:\\\/\\\/www.cpl.es\\\/\",\"logo\":{\"@type\":\"ImageObject\",\"inLanguage\":\"ca\",\"@id\":\"https:\\\/\\\/www.cpl.es\\\/#\\\/schema\\\/logo\\\/image\\\/\",\"url\":\"https:\\\/\\\/www.cpl.es\\\/wp-content\\\/uploads\\\/logo-cpl.svg\",\"contentUrl\":\"https:\\\/\\\/www.cpl.es\\\/wp-content\\\/uploads\\\/logo-cpl.svg\",\"caption\":\"Centre de Pastoral Lit\u00fargica\"},\"image\":{\"@id\":\"https:\\\/\\\/www.cpl.es\\\/#\\\/schema\\\/logo\\\/image\\\/\"}}]}<\/script>\n<!-- \/ Yoast SEO plugin. -->","yoast_head_json":{"title":"El tiempo y la Liturgia - CPL","robots":{"index":"index","follow":"follow","max-snippet":"max-snippet:-1","max-image-preview":"max-image-preview:large","max-video-preview":"max-video-preview:-1"},"canonical":"https:\/\/www.cpl.es\/ca\/producto\/el-tiempo-y-la-liturgia-9788491655145\/","og_locale":"ca_ES","og_type":"article","og_title":"El tiempo y la Liturgia - CPL","og_description":"Font Plana, Jordi","og_url":"https:\/\/www.cpl.es\/ca\/producto\/el-tiempo-y-la-liturgia-9788491655145\/","og_site_name":"CPL","article_modified_time":"2023-12-05T12:51:15+00:00","og_image":[{"width":280,"height":443,"url":"https:\/\/www.cpl.es\/wp-content\/uploads\/111066.jpg","type":"image\/jpeg"}],"twitter_card":"summary_large_image","twitter_misc":{"Temps estimat de lectura":"2 minuts"},"schema":{"@context":"https:\/\/schema.org","@graph":[{"@type":"WebPage","@id":"https:\/\/www.cpl.es\/ca\/producto\/el-tiempo-y-la-liturgia-9788491655145\/","url":"https:\/\/www.cpl.es\/ca\/producto\/el-tiempo-y-la-liturgia-9788491655145\/","name":"El tiempo y la Liturgia - CPL","isPartOf":{"@id":"https:\/\/www.cpl.es\/#website"},"primaryImageOfPage":{"@id":"https:\/\/www.cpl.es\/ca\/producto\/el-tiempo-y-la-liturgia-9788491655145\/#primaryimage"},"image":{"@id":"https:\/\/www.cpl.es\/ca\/producto\/el-tiempo-y-la-liturgia-9788491655145\/#primaryimage"},"thumbnailUrl":"https:\/\/www.cpl.es\/wp-content\/uploads\/111066.jpg","datePublished":"2023-10-03T22:48:04+00:00","dateModified":"2023-12-05T12:51:15+00:00","breadcrumb":{"@id":"https:\/\/www.cpl.es\/ca\/producto\/el-tiempo-y-la-liturgia-9788491655145\/#breadcrumb"},"inLanguage":"ca","potentialAction":[{"@type":"ReadAction","target":["https:\/\/www.cpl.es\/ca\/producto\/el-tiempo-y-la-liturgia-9788491655145\/"]}]},{"@type":"ImageObject","inLanguage":"ca","@id":"https:\/\/www.cpl.es\/ca\/producto\/el-tiempo-y-la-liturgia-9788491655145\/#primaryimage","url":"https:\/\/www.cpl.es\/wp-content\/uploads\/111066.jpg","contentUrl":"https:\/\/www.cpl.es\/wp-content\/uploads\/111066.jpg","width":280,"height":443,"caption":"111066.jpg"},{"@type":"BreadcrumbList","@id":"https:\/\/www.cpl.es\/ca\/producto\/el-tiempo-y-la-liturgia-9788491655145\/#breadcrumb","itemListElement":[{"@type":"ListItem","position":1,"name":"Portada","item":"https:\/\/www.cpl.es\/ca\/"},{"@type":"ListItem","position":2,"name":"Cat\u00e0leg","item":"https:\/\/www.cpl.es\/ca\/cataleg\/"},{"@type":"ListItem","position":3,"name":"El tiempo y la Liturgia"}]},{"@type":"WebSite","@id":"https:\/\/www.cpl.es\/#website","url":"https:\/\/www.cpl.es\/","name":"CPL","description":"Centre de Pastoral Lit\u00fargica de Barcelona","publisher":{"@id":"https:\/\/www.cpl.es\/#organization"},"alternateName":"Centre de Pastoral Lit\u00fargica","potentialAction":[{"@type":"SearchAction","target":{"@type":"EntryPoint","urlTemplate":"https:\/\/www.cpl.es\/?s={search_term_string}"},"query-input":{"@type":"PropertyValueSpecification","valueRequired":true,"valueName":"search_term_string"}}],"inLanguage":"ca"},{"@type":"Organization","@id":"https:\/\/www.cpl.es\/#organization","name":"Centre de Pastoral Lit\u00fargica","alternateName":"Centre de Pastoral Lit\u00fargica de Barcelona","url":"https:\/\/www.cpl.es\/","logo":{"@type":"ImageObject","inLanguage":"ca","@id":"https:\/\/www.cpl.es\/#\/schema\/logo\/image\/","url":"https:\/\/www.cpl.es\/wp-content\/uploads\/logo-cpl.svg","contentUrl":"https:\/\/www.cpl.es\/wp-content\/uploads\/logo-cpl.svg","caption":"Centre de Pastoral Lit\u00fargica"},"image":{"@id":"https:\/\/www.cpl.es\/#\/schema\/logo\/image\/"}}]}},"_links":{"self":[{"href":"https:\/\/www.cpl.es\/ca\/wp-json\/wp\/v2\/product\/713","targetHints":{"allow":["GET"]}}],"collection":[{"href":"https:\/\/www.cpl.es\/ca\/wp-json\/wp\/v2\/product"}],"about":[{"href":"https:\/\/www.cpl.es\/ca\/wp-json\/wp\/v2\/types\/product"}],"wp:featuredmedia":[{"embeddable":true,"href":"https:\/\/www.cpl.es\/ca\/wp-json\/wp\/v2\/media\/714"}],"wp:attachment":[{"href":"https:\/\/www.cpl.es\/ca\/wp-json\/wp\/v2\/media?parent=713"}],"wp:term":[{"taxonomy":"product_brand","embeddable":true,"href":"https:\/\/www.cpl.es\/ca\/wp-json\/wp\/v2\/product_brand?post=713"},{"taxonomy":"product_cat","embeddable":true,"href":"https:\/\/www.cpl.es\/ca\/wp-json\/wp\/v2\/product_cat?post=713"},{"taxonomy":"product_tag","embeddable":true,"href":"https:\/\/www.cpl.es\/ca\/wp-json\/wp\/v2\/product_tag?post=713"}],"curies":[{"name":"wp","href":"https:\/\/api.w.org\/{rel}","templated":true}]}}

<p>La relación con el tiempo es sin duda una de las dimensiones más deterioradas de nuestras sociedades actuales. La sociedad actual está marcada por el ritmo acelerado y el consumo del tiempo. Por el reinado de las prisas y de las urgencias que padece el hombre debido a la huida del presente hacia un el progreso del futuro. La relación &#8216;tiempo &#8211; hombre' es un factor muy estudiado en diversos campos: antropológico, filosófico, religioso&#8230;Quizá sea un intento de comprender unos fenómenos que vivimos: ¿qué valor tiene el momento que estamos viviendo?<br />El cristiano intenta explorar la profundidad del tiempo, habitándolo. Así, al celebrar, de modo ininterrumpido, el Misterio de la Muerte y de la Resurrección de Cristo, la liturgia establece una relación entre el tiempo presente, el cual inserta la experiencia cristiana del tiempo en la perspectiva escatológica. Ya sea en la celebración litúrgica de la Litúrgia de las Horas, el Domingo o el Año Litúrgico.<br />Jordi Font Plana, nacido en Sant Joan les Fonts (Girona) en 1958 y ordenado presbítero en 1986. Licenciado en teología en la especialidad de liturgia en el Instituto Superior de Liturgia de Barcelona. Doctor en Teología en la Facultad de Teología de Cataluña. Curso de postgrado en el Institut Supérieur de Liturgie de l'Institut Catholique de Paris. Doctor en Sagrada Liturgia por el Pontifi cio Instituto Litúrgico San Anselmo de Roma. Párroco de Fontcoberta, Ollers, Viladamí y Vilavenut, de Vilamarí, de Centenys, Serinyà y Usall; administrador parroquial de Sous y párroco del santuario de Nuestra Señora del Monte; rector del Seminario Diocesano de Gerona; vicario episcopal para las Vocaciones y secretario del Consejo Episcopal; canónigo de la Catedral de Gerona; secretario del Secretariado de Pastoral Litúrgica de Gerona; director de la Comisión del Diaconado Permanente; profesor no estable de liturgia en el Instituto Superior de Ciencias Religiosas de Gerona; profesor estable en la Facultad de Teología de Cataluña y del Instituto de Liturgia ad instar Facultatis, del cual es vicepresidente. Es miembro de la Asociación Española de Profesores de Liturgia y del Centre de Pastoral Litúrgica de Barcelona.</p>
<p></p>

Cartoné

Vivir el tiempo litúrgicamente

<!-- This site is optimized with the Yoast SEO plugin v27.3 - https://yoast.com/product/yoast-seo-wordpress/ -->
<title>El tiempo y la Liturgia - CPL</title>
<meta name="robots" content="index, follow, max-snippet:-1, max-image-preview:large, max-video-preview:-1" />
<link rel="canonical" href="https://www.cpl.es/ca/producto/el-tiempo-y-la-liturgia-9788491655145/" />
<meta property="og:locale" content="ca_ES" />
<meta property="og:type" content="article" />
<meta property="og:title" content="El tiempo y la Liturgia - CPL" />
<meta property="og:description" content="Font Plana, Jordi" />
<meta property="og:url" content="https://www.cpl.es/ca/producto/el-tiempo-y-la-liturgia-9788491655145/" />
<meta property="og:site_name" content="CPL" />
<meta property="article:modified_time" content="2023-12-05T12:51:15+00:00" />
<meta property="og:image" content="https://www.cpl.es/wp-content/uploads/111066.jpg" />
	<meta property="og:image:width" content="280" />
	<meta property="og:image:height" content="443" />
	<meta property="og:image:type" content="image/jpeg" />
<meta name="twitter:card" content="summary_large_image" />
<meta name="twitter:label1" content="Temps estimat de lectura" />
	<meta name="twitter:data1" content="2 minuts" />
<script type="application/ld+json" class="yoast-schema-graph">{"@context":"https:\/\/schema.org","@graph":[{"@type":"WebPage","@id":"https:\/\/www.cpl.es\/ca\/producto\/el-tiempo-y-la-liturgia-9788491655145\/","url":"https:\/\/www.cpl.es\/ca\/producto\/el-tiempo-y-la-liturgia-9788491655145\/","name":"El tiempo y la Liturgia - CPL","isPartOf":{"@id":"https:\/\/www.cpl.es\/#website"},"primaryImageOfPage":{"@id":"https:\/\/www.cpl.es\/ca\/producto\/el-tiempo-y-la-liturgia-9788491655145\/#primaryimage"},"image":{"@id":"https:\/\/www.cpl.es\/ca\/producto\/el-tiempo-y-la-liturgia-9788491655145\/#primaryimage"},"thumbnailUrl":"https:\/\/www.cpl.es\/wp-content\/uploads\/111066.jpg","datePublished":"2023-10-03T22:48:04+00:00","dateModified":"2023-12-05T12:51:15+00:00","breadcrumb":{"@id":"https:\/\/www.cpl.es\/ca\/producto\/el-tiempo-y-la-liturgia-9788491655145\/#breadcrumb"},"inLanguage":"ca","potentialAction":[{"@type":"ReadAction","target":["https:\/\/www.cpl.es\/ca\/producto\/el-tiempo-y-la-liturgia-9788491655145\/"]}]},{"@type":"ImageObject","inLanguage":"ca","@id":"https:\/\/www.cpl.es\/ca\/producto\/el-tiempo-y-la-liturgia-9788491655145\/#primaryimage","url":"https:\/\/www.cpl.es\/wp-content\/uploads\/111066.jpg","contentUrl":"https:\/\/www.cpl.es\/wp-content\/uploads\/111066.jpg","width":280,"height":443,"caption":"111066.jpg"},{"@type":"BreadcrumbList","@id":"https:\/\/www.cpl.es\/ca\/producto\/el-tiempo-y-la-liturgia-9788491655145\/#breadcrumb","itemListElement":[{"@type":"ListItem","position":1,"name":"Portada","item":"https:\/\/www.cpl.es\/ca\/"},{"@type":"ListItem","position":2,"name":"Catàleg","item":"https:\/\/www.cpl.es\/ca\/cataleg\/"},{"@type":"ListItem","position":3,"name":"El tiempo y la Liturgia"}]},{"@type":"WebSite","@id":"https:\/\/www.cpl.es\/#website","url":"https:\/\/www.cpl.es\/","name":"CPL","description":"Centre de Pastoral Litúrgica de Barcelona","publisher":{"@id":"https:\/\/www.cpl.es\/#organization"},"alternateName":"Centre de Pastoral Litúrgica","potentialAction":[{"@type":"SearchAction","target":{"@type":"EntryPoint","urlTemplate":"https:\/\/www.cpl.es\/?s={search_term_string}"},"query-input":{"@type":"PropertyValueSpecification","valueRequired":true,"valueName":"search_term_string"}}],"inLanguage":"ca"},{"@type":"Organization","@id":"https:\/\/www.cpl.es\/#organization","name":"Centre de Pastoral Litúrgica","alternateName":"Centre de Pastoral Litúrgica de Barcelona","url":"https:\/\/www.cpl.es\/","logo":{"@type":"ImageObject","inLanguage":"ca","@id":"https:\/\/www.cpl.es\/#\/schema\/logo\/image\/","url":"https:\/\/www.cpl.es\/wp-content\/uploads\/logo-cpl.svg","contentUrl":"https:\/\/www.cpl.es\/wp-content\/uploads\/logo-cpl.svg","caption":"Centre de Pastoral Litúrgica"},"image":{"@id":"https:\/\/www.cpl.es\/#\/schema\/logo\/image\/"}}]}</script>
<!-- / Yoast SEO plugin. -->

Catàleg

Centre de Pastoral Litúrgica de Barcelona

Centre de Pastoral Litúrgica
