{"id":707,"date":"2023-10-04T00:47:52","date_gmt":"2023-10-03T22:47:52","guid":{"rendered":"https:\/\/nuevaweb.cpl.es\/producto\/deu-en-la-senzillesa-9788491655152\/"},"modified":"2023-10-04T00:47:56","modified_gmt":"2023-10-03T22:47:56","slug":"deu-en-la-senzillesa-9788491655152","status":"publish","type":"product","link":"https:\/\/www.cpl.es\/ca\/producto\/deu-en-la-senzillesa-9788491655152\/","title":{"rendered":"D\u00e9u en la senzillesa"},"content":{"rendered":"<p>David Masobro t\u00e9 una singular habilitat: la de fer apar\u00e8ixer davant dels nostres ulls tota una realitat que la major part de nosaltres acostumem passar per alt. El llibre de David, de reflexions brev\u00edssimes, \u00e9s profundament cristi\u00e0, per\u00f2, sobretot, \u00e9s profundament hum\u00e0. Qualsevol persona de qualsevol creen\u00e7a s\u2019hi pot identificar, perqu\u00e8 all\u00f2 que l\u2019autor ens aboca quan el llegim \u00e9s ben universal: la capacitat de captar la bellesa, d\u2019expressar la solidaritat, de viure la gratu\u00eftat i l\u2019amistat, d\u2019extasiar-se amb l\u2019admiraci\u00f3 per la dignitat dels qui ens envolten. \u00bfHi ha res de m\u00e9s hum\u00e0?<\/p>\n","protected":false},"excerpt":{"rendered":"<p>Masobro Garcia, David<\/p>\n","protected":false},"featured_media":708,"template":"","meta":{"_acf_changed":false,"inline_featured_image":false},"product_brand":[],"product_cat":[73,88],"product_tag":[],"class_list":{"0":"post-707","1":"product","2":"type-product","3":"status-publish","4":"has-post-thumbnail","6":"product_cat-emaus-colleccions-catala","7":"product_cat-espiritualitat","9":"first","10":"instock","11":"taxable","12":"shipping-taxable","13":"purchasable","14":"product-type-simple"},"acf":{"autor":"Masobro Garcia, David","codart":"208172","ediciones":"2","encuadernacion":"R\u00fastica","fecha_de_publicacion":"19\/12\/2022","novedad":true,"paginas":"208","subtitulo":"","orden":"90","portada":false,"idioma":"cat","editorial":[{"ID":6736,"post_author":"2","post_date":"2023-10-06 08:35:24","post_date_gmt":"2023-10-06 06:35:24","post_content":"","post_title":"CPL","post_excerpt":"","post_status":"publish","comment_status":"closed","ping_status":"closed","post_password":"","post_name":"cpl","to_ping":"","pinged":"","post_modified":"2023-10-06 08:35:24","post_modified_gmt":"2023-10-06 06:35:24","post_content_filtered":"","post_parent":0,"guid":"https:\/\/nuevaweb.cpl.es\/editorial\/cpl\/","menu_order":0,"post_type":"editorial","post_mime_type":"","comment_count":"0","filter":"raw"}]},"yoast_head":"<!-- This site is optimized with the Yoast SEO plugin v27.3 - https:\/\/yoast.com\/product\/yoast-seo-wordpress\/ -->\n<title>D\u00e9u en la senzillesa - CPL<\/title>\n<meta name=\"robots\" content=\"index, follow, max-snippet:-1, max-image-preview:large, max-video-preview:-1\" \/>\n<link rel=\"canonical\" href=\"https:\/\/www.cpl.es\/producto\/deu-en-la-senzillesa-9788491655152\/\" \/>\n<meta property=\"og:locale\" content=\"ca_ES\" \/>\n<meta property=\"og:type\" content=\"article\" \/>\n<meta property=\"og:title\" content=\"D\u00e9u en la senzillesa - CPL\" \/>\n<meta property=\"og:description\" content=\"Masobro Garcia, David\" \/>\n<meta property=\"og:url\" content=\"https:\/\/www.cpl.es\/producto\/deu-en-la-senzillesa-9788491655152\/\" \/>\n<meta property=\"og:site_name\" content=\"CPL\" \/>\n<meta property=\"article:modified_time\" content=\"2023-10-03T22:47:56+00:00\" \/>\n<meta property=\"og:image\" content=\"https:\/\/www.cpl.es\/wp-content\/uploads\/208172.jpg\" \/>\n\t<meta property=\"og:image:width\" content=\"280\" \/>\n\t<meta property=\"og:image:height\" content=\"443\" \/>\n\t<meta property=\"og:image:type\" content=\"image\/jpeg\" \/>\n<meta name=\"twitter:card\" content=\"summary_large_image\" \/>\n<meta name=\"twitter:label1\" content=\"Temps estimat de lectura\" \/>\n\t<meta name=\"twitter:data1\" content=\"1 minut\" \/>\n<script type=\"application\/ld+json\" class=\"yoast-schema-graph\">{\"@context\":\"https:\\\/\\\/schema.org\",\"@graph\":[{\"@type\":\"WebPage\",\"@id\":\"https:\\\/\\\/www.cpl.es\\\/producto\\\/deu-en-la-senzillesa-9788491655152\\\/\",\"url\":\"https:\\\/\\\/www.cpl.es\\\/producto\\\/deu-en-la-senzillesa-9788491655152\\\/\",\"name\":\"D\u00e9u en la senzillesa - CPL\",\"isPartOf\":{\"@id\":\"https:\\\/\\\/www.cpl.es\\\/#website\"},\"primaryImageOfPage\":{\"@id\":\"https:\\\/\\\/www.cpl.es\\\/producto\\\/deu-en-la-senzillesa-9788491655152\\\/#primaryimage\"},\"image\":{\"@id\":\"https:\\\/\\\/www.cpl.es\\\/producto\\\/deu-en-la-senzillesa-9788491655152\\\/#primaryimage\"},\"thumbnailUrl\":\"https:\\\/\\\/www.cpl.es\\\/wp-content\\\/uploads\\\/208172.jpg\",\"datePublished\":\"2023-10-03T22:47:52+00:00\",\"dateModified\":\"2023-10-03T22:47:56+00:00\",\"breadcrumb\":{\"@id\":\"https:\\\/\\\/www.cpl.es\\\/producto\\\/deu-en-la-senzillesa-9788491655152\\\/#breadcrumb\"},\"inLanguage\":\"ca\",\"potentialAction\":[{\"@type\":\"ReadAction\",\"target\":[\"https:\\\/\\\/www.cpl.es\\\/producto\\\/deu-en-la-senzillesa-9788491655152\\\/\"]}]},{\"@type\":\"ImageObject\",\"inLanguage\":\"ca\",\"@id\":\"https:\\\/\\\/www.cpl.es\\\/producto\\\/deu-en-la-senzillesa-9788491655152\\\/#primaryimage\",\"url\":\"https:\\\/\\\/www.cpl.es\\\/wp-content\\\/uploads\\\/208172.jpg\",\"contentUrl\":\"https:\\\/\\\/www.cpl.es\\\/wp-content\\\/uploads\\\/208172.jpg\",\"width\":280,\"height\":443,\"caption\":\"208172.jpg\"},{\"@type\":\"BreadcrumbList\",\"@id\":\"https:\\\/\\\/www.cpl.es\\\/producto\\\/deu-en-la-senzillesa-9788491655152\\\/#breadcrumb\",\"itemListElement\":[{\"@type\":\"ListItem\",\"position\":1,\"name\":\"Portada\",\"item\":\"https:\\\/\\\/www.cpl.es\\\/ca\\\/\"},{\"@type\":\"ListItem\",\"position\":2,\"name\":\"Cat\u00e0leg\",\"item\":\"https:\\\/\\\/www.cpl.es\\\/ca\\\/cataleg\\\/\"},{\"@type\":\"ListItem\",\"position\":3,\"name\":\"D\u00e9u en la senzillesa\"}]},{\"@type\":\"WebSite\",\"@id\":\"https:\\\/\\\/www.cpl.es\\\/#website\",\"url\":\"https:\\\/\\\/www.cpl.es\\\/\",\"name\":\"CPL\",\"description\":\"Centre de Pastoral Lit\u00fargica de Barcelona\",\"publisher\":{\"@id\":\"https:\\\/\\\/www.cpl.es\\\/#organization\"},\"alternateName\":\"Centre de Pastoral Lit\u00fargica\",\"potentialAction\":[{\"@type\":\"SearchAction\",\"target\":{\"@type\":\"EntryPoint\",\"urlTemplate\":\"https:\\\/\\\/www.cpl.es\\\/?s={search_term_string}\"},\"query-input\":{\"@type\":\"PropertyValueSpecification\",\"valueRequired\":true,\"valueName\":\"search_term_string\"}}],\"inLanguage\":\"ca\"},{\"@type\":\"Organization\",\"@id\":\"https:\\\/\\\/www.cpl.es\\\/#organization\",\"name\":\"Centre de Pastoral Lit\u00fargica\",\"alternateName\":\"Centre de Pastoral Lit\u00fargica de Barcelona\",\"url\":\"https:\\\/\\\/www.cpl.es\\\/\",\"logo\":{\"@type\":\"ImageObject\",\"inLanguage\":\"ca\",\"@id\":\"https:\\\/\\\/www.cpl.es\\\/#\\\/schema\\\/logo\\\/image\\\/\",\"url\":\"https:\\\/\\\/www.cpl.es\\\/wp-content\\\/uploads\\\/logo-cpl.svg\",\"contentUrl\":\"https:\\\/\\\/www.cpl.es\\\/wp-content\\\/uploads\\\/logo-cpl.svg\",\"caption\":\"Centre de Pastoral Lit\u00fargica\"},\"image\":{\"@id\":\"https:\\\/\\\/www.cpl.es\\\/#\\\/schema\\\/logo\\\/image\\\/\"}}]}<\/script>\n<!-- \/ Yoast SEO plugin. -->","yoast_head_json":{"title":"D\u00e9u en la senzillesa - CPL","robots":{"index":"index","follow":"follow","max-snippet":"max-snippet:-1","max-image-preview":"max-image-preview:large","max-video-preview":"max-video-preview:-1"},"canonical":"https:\/\/www.cpl.es\/producto\/deu-en-la-senzillesa-9788491655152\/","og_locale":"ca_ES","og_type":"article","og_title":"D\u00e9u en la senzillesa - CPL","og_description":"Masobro Garcia, David","og_url":"https:\/\/www.cpl.es\/producto\/deu-en-la-senzillesa-9788491655152\/","og_site_name":"CPL","article_modified_time":"2023-10-03T22:47:56+00:00","og_image":[{"width":280,"height":443,"url":"https:\/\/www.cpl.es\/wp-content\/uploads\/208172.jpg","type":"image\/jpeg"}],"twitter_card":"summary_large_image","twitter_misc":{"Temps estimat de lectura":"1 minut"},"schema":{"@context":"https:\/\/schema.org","@graph":[{"@type":"WebPage","@id":"https:\/\/www.cpl.es\/producto\/deu-en-la-senzillesa-9788491655152\/","url":"https:\/\/www.cpl.es\/producto\/deu-en-la-senzillesa-9788491655152\/","name":"D\u00e9u en la senzillesa - CPL","isPartOf":{"@id":"https:\/\/www.cpl.es\/#website"},"primaryImageOfPage":{"@id":"https:\/\/www.cpl.es\/producto\/deu-en-la-senzillesa-9788491655152\/#primaryimage"},"image":{"@id":"https:\/\/www.cpl.es\/producto\/deu-en-la-senzillesa-9788491655152\/#primaryimage"},"thumbnailUrl":"https:\/\/www.cpl.es\/wp-content\/uploads\/208172.jpg","datePublished":"2023-10-03T22:47:52+00:00","dateModified":"2023-10-03T22:47:56+00:00","breadcrumb":{"@id":"https:\/\/www.cpl.es\/producto\/deu-en-la-senzillesa-9788491655152\/#breadcrumb"},"inLanguage":"ca","potentialAction":[{"@type":"ReadAction","target":["https:\/\/www.cpl.es\/producto\/deu-en-la-senzillesa-9788491655152\/"]}]},{"@type":"ImageObject","inLanguage":"ca","@id":"https:\/\/www.cpl.es\/producto\/deu-en-la-senzillesa-9788491655152\/#primaryimage","url":"https:\/\/www.cpl.es\/wp-content\/uploads\/208172.jpg","contentUrl":"https:\/\/www.cpl.es\/wp-content\/uploads\/208172.jpg","width":280,"height":443,"caption":"208172.jpg"},{"@type":"BreadcrumbList","@id":"https:\/\/www.cpl.es\/producto\/deu-en-la-senzillesa-9788491655152\/#breadcrumb","itemListElement":[{"@type":"ListItem","position":1,"name":"Portada","item":"https:\/\/www.cpl.es\/ca\/"},{"@type":"ListItem","position":2,"name":"Cat\u00e0leg","item":"https:\/\/www.cpl.es\/ca\/cataleg\/"},{"@type":"ListItem","position":3,"name":"D\u00e9u en la senzillesa"}]},{"@type":"WebSite","@id":"https:\/\/www.cpl.es\/#website","url":"https:\/\/www.cpl.es\/","name":"CPL","description":"Centre de Pastoral Lit\u00fargica de Barcelona","publisher":{"@id":"https:\/\/www.cpl.es\/#organization"},"alternateName":"Centre de Pastoral Lit\u00fargica","potentialAction":[{"@type":"SearchAction","target":{"@type":"EntryPoint","urlTemplate":"https:\/\/www.cpl.es\/?s={search_term_string}"},"query-input":{"@type":"PropertyValueSpecification","valueRequired":true,"valueName":"search_term_string"}}],"inLanguage":"ca"},{"@type":"Organization","@id":"https:\/\/www.cpl.es\/#organization","name":"Centre de Pastoral Lit\u00fargica","alternateName":"Centre de Pastoral Lit\u00fargica de Barcelona","url":"https:\/\/www.cpl.es\/","logo":{"@type":"ImageObject","inLanguage":"ca","@id":"https:\/\/www.cpl.es\/#\/schema\/logo\/image\/","url":"https:\/\/www.cpl.es\/wp-content\/uploads\/logo-cpl.svg","contentUrl":"https:\/\/www.cpl.es\/wp-content\/uploads\/logo-cpl.svg","caption":"Centre de Pastoral Lit\u00fargica"},"image":{"@id":"https:\/\/www.cpl.es\/#\/schema\/logo\/image\/"}}]}},"_links":{"self":[{"href":"https:\/\/www.cpl.es\/ca\/wp-json\/wp\/v2\/product\/707","targetHints":{"allow":["GET"]}}],"collection":[{"href":"https:\/\/www.cpl.es\/ca\/wp-json\/wp\/v2\/product"}],"about":[{"href":"https:\/\/www.cpl.es\/ca\/wp-json\/wp\/v2\/types\/product"}],"wp:featuredmedia":[{"embeddable":true,"href":"https:\/\/www.cpl.es\/ca\/wp-json\/wp\/v2\/media\/708"}],"wp:attachment":[{"href":"https:\/\/www.cpl.es\/ca\/wp-json\/wp\/v2\/media?parent=707"}],"wp:term":[{"taxonomy":"product_brand","embeddable":true,"href":"https:\/\/www.cpl.es\/ca\/wp-json\/wp\/v2\/product_brand?post=707"},{"taxonomy":"product_cat","embeddable":true,"href":"https:\/\/www.cpl.es\/ca\/wp-json\/wp\/v2\/product_cat?post=707"},{"taxonomy":"product_tag","embeddable":true,"href":"https:\/\/www.cpl.es\/ca\/wp-json\/wp\/v2\/product_tag?post=707"}],"curies":[{"name":"wp","href":"https:\/\/api.w.org\/{rel}","templated":true}]}}

Déu en la senzillesa

<p>David Masobro té una singular habilitat: la de fer aparèixer davant dels nostres ulls tota una realitat que la major part de nosaltres acostumem passar per alt. El llibre de David, de reflexions brevíssimes, és profundament cristià, però, sobretot, és profundament humà. Qualsevol persona de qualsevol creença s’hi pot identificar, perquè allò que l’autor ens aboca quan el llegim és ben universal: la capacitat de captar la bellesa, d’expressar la solidaritat, de viure la gratuïtat i l’amistat, d’extasiar-se amb l’admiració per la dignitat dels qui ens envolten. ¿Hi ha res de més humà?</p>

Rústica

<!-- This site is optimized with the Yoast SEO plugin v27.3 - https://yoast.com/product/yoast-seo-wordpress/ -->
<title>Déu en la senzillesa - CPL</title>
<meta name="robots" content="index, follow, max-snippet:-1, max-image-preview:large, max-video-preview:-1" />
<link rel="canonical" href="https://www.cpl.es/producto/deu-en-la-senzillesa-9788491655152/" />
<meta property="og:locale" content="ca_ES" />
<meta property="og:type" content="article" />
<meta property="og:title" content="Déu en la senzillesa - CPL" />
<meta property="og:description" content="Masobro Garcia, David" />
<meta property="og:url" content="https://www.cpl.es/producto/deu-en-la-senzillesa-9788491655152/" />
<meta property="og:site_name" content="CPL" />
<meta property="article:modified_time" content="2023-10-03T22:47:56+00:00" />
<meta property="og:image" content="https://www.cpl.es/wp-content/uploads/208172.jpg" />
	<meta property="og:image:width" content="280" />
	<meta property="og:image:height" content="443" />
	<meta property="og:image:type" content="image/jpeg" />
<meta name="twitter:card" content="summary_large_image" />
<meta name="twitter:label1" content="Temps estimat de lectura" />
	<meta name="twitter:data1" content="1 minut" />
<script type="application/ld+json" class="yoast-schema-graph">{"@context":"https:\/\/schema.org","@graph":[{"@type":"WebPage","@id":"https:\/\/www.cpl.es\/producto\/deu-en-la-senzillesa-9788491655152\/","url":"https:\/\/www.cpl.es\/producto\/deu-en-la-senzillesa-9788491655152\/","name":"Déu en la senzillesa - CPL","isPartOf":{"@id":"https:\/\/www.cpl.es\/#website"},"primaryImageOfPage":{"@id":"https:\/\/www.cpl.es\/producto\/deu-en-la-senzillesa-9788491655152\/#primaryimage"},"image":{"@id":"https:\/\/www.cpl.es\/producto\/deu-en-la-senzillesa-9788491655152\/#primaryimage"},"thumbnailUrl":"https:\/\/www.cpl.es\/wp-content\/uploads\/208172.jpg","datePublished":"2023-10-03T22:47:52+00:00","dateModified":"2023-10-03T22:47:56+00:00","breadcrumb":{"@id":"https:\/\/www.cpl.es\/producto\/deu-en-la-senzillesa-9788491655152\/#breadcrumb"},"inLanguage":"ca","potentialAction":[{"@type":"ReadAction","target":["https:\/\/www.cpl.es\/producto\/deu-en-la-senzillesa-9788491655152\/"]}]},{"@type":"ImageObject","inLanguage":"ca","@id":"https:\/\/www.cpl.es\/producto\/deu-en-la-senzillesa-9788491655152\/#primaryimage","url":"https:\/\/www.cpl.es\/wp-content\/uploads\/208172.jpg","contentUrl":"https:\/\/www.cpl.es\/wp-content\/uploads\/208172.jpg","width":280,"height":443,"caption":"208172.jpg"},{"@type":"BreadcrumbList","@id":"https:\/\/www.cpl.es\/producto\/deu-en-la-senzillesa-9788491655152\/#breadcrumb","itemListElement":[{"@type":"ListItem","position":1,"name":"Portada","item":"https:\/\/www.cpl.es\/ca\/"},{"@type":"ListItem","position":2,"name":"Catàleg","item":"https:\/\/www.cpl.es\/ca\/cataleg\/"},{"@type":"ListItem","position":3,"name":"Déu en la senzillesa"}]},{"@type":"WebSite","@id":"https:\/\/www.cpl.es\/#website","url":"https:\/\/www.cpl.es\/","name":"CPL","description":"Centre de Pastoral Litúrgica de Barcelona","publisher":{"@id":"https:\/\/www.cpl.es\/#organization"},"alternateName":"Centre de Pastoral Litúrgica","potentialAction":[{"@type":"SearchAction","target":{"@type":"EntryPoint","urlTemplate":"https:\/\/www.cpl.es\/?s={search_term_string}"},"query-input":{"@type":"PropertyValueSpecification","valueRequired":true,"valueName":"search_term_string"}}],"inLanguage":"ca"},{"@type":"Organization","@id":"https:\/\/www.cpl.es\/#organization","name":"Centre de Pastoral Litúrgica","alternateName":"Centre de Pastoral Litúrgica de Barcelona","url":"https:\/\/www.cpl.es\/","logo":{"@type":"ImageObject","inLanguage":"ca","@id":"https:\/\/www.cpl.es\/#\/schema\/logo\/image\/","url":"https:\/\/www.cpl.es\/wp-content\/uploads\/logo-cpl.svg","contentUrl":"https:\/\/www.cpl.es\/wp-content\/uploads\/logo-cpl.svg","caption":"Centre de Pastoral Litúrgica"},"image":{"@id":"https:\/\/www.cpl.es\/#\/schema\/logo\/image\/"}}]}</script>
<!-- / Yoast SEO plugin. -->

Déu en la senzillesa - CPL

Catàleg

Centre de Pastoral Litúrgica de Barcelona

Centre de Pastoral Litúrgica
