{"id":695,"date":"2023-10-04T00:47:29","date_gmt":"2023-10-03T22:47:29","guid":{"rendered":"https:\/\/nuevaweb.cpl.es\/producto\/sant-josep-magisteri-i-catequesis-del-papa-francesc-9788491655251\/"},"modified":"2025-10-03T11:13:46","modified_gmt":"2025-10-03T09:13:46","slug":"sant-josep-magisteri-i-catequesis-del-papa-francesc-9788491655251","status":"publish","type":"product","link":"https:\/\/www.cpl.es\/ca\/producto\/sant-josep-magisteri-i-catequesis-del-papa-francesc-9788491655251\/","title":{"rendered":"Sant Josep. Magisteri i catequesis del papa Francesc"},"content":{"rendered":"<p> Per a ajudar-nos a aprofundir en la devoci\u00f3 a sant Josep, el papa Francesc ens ha ofert, del novembre de 2021 al febrer de 2022, una s\u00e8rie de catequesis que han anat dilucidant i conformant la seva preciosa Carta apost\u00f2lica Patris corde, \u00abamb cor de pare\u00bb. Aquestes catequesis les ha anat presentant en les Audi\u00e8ncies Generals dels dimecres al Vatic\u00e0. Ara les podem tenir totes recopilades en aquest llibre del Centre de Pastoral Lit\u00fargica.<\/p>\n","protected":false},"excerpt":{"rendered":"<p>Francesc, Papa<\/p>\n","protected":false},"featured_media":696,"template":"","meta":{"_acf_changed":false,"inline_featured_image":false},"product_brand":[],"product_cat":[67,83,88,86],"product_tag":[],"class_list":{"0":"post-695","1":"product","2":"type-product","3":"status-publish","4":"has-post-thumbnail","6":"product_cat-altres-publicacions","7":"product_cat-catequesi-liturgica","8":"product_cat-espiritualitat","9":"product_cat-pregaria","11":"first","12":"instock","13":"taxable","14":"shipping-taxable","15":"purchasable","16":"product-type-simple"},"acf":{"autor":"Francesc, Papa","codart":"213035","ediciones":"2","encuadernacion":"R\u00fastica","fecha_de_publicacion":"19\/12\/2022","novedad":false,"paginas":"104","subtitulo":"","orden":"999","portada":false,"idioma":"cat","editorial":[{"ID":6736,"post_author":"2","post_date":"2023-10-06 08:35:24","post_date_gmt":"2023-10-06 06:35:24","post_content":"","post_title":"CPL","post_excerpt":"","post_status":"publish","comment_status":"closed","ping_status":"closed","post_password":"","post_name":"cpl","to_ping":"","pinged":"","post_modified":"2023-10-06 08:35:24","post_modified_gmt":"2023-10-06 06:35:24","post_content_filtered":"","post_parent":0,"guid":"https:\/\/nuevaweb.cpl.es\/editorial\/cpl\/","menu_order":0,"post_type":"editorial","post_mime_type":"","comment_count":"0","filter":"raw"}],"coleccion_num":"35"},"yoast_head":"<!-- This site is optimized with the Yoast SEO plugin v27.3 - https:\/\/yoast.com\/product\/yoast-seo-wordpress\/ -->\n<title>Sant Josep. Magisteri i catequesis del papa Francesc - CPL<\/title>\n<meta name=\"robots\" content=\"index, follow, max-snippet:-1, max-image-preview:large, max-video-preview:-1\" \/>\n<link rel=\"canonical\" href=\"https:\/\/www.cpl.es\/producto\/sant-josep-magisteri-i-catequesis-del-papa-francesc-9788491655251\/\" \/>\n<meta property=\"og:locale\" content=\"ca_ES\" \/>\n<meta property=\"og:type\" content=\"article\" \/>\n<meta property=\"og:title\" content=\"Sant Josep. Magisteri i catequesis del papa Francesc - CPL\" \/>\n<meta property=\"og:description\" content=\"Francesc, Papa\" \/>\n<meta property=\"og:url\" content=\"https:\/\/www.cpl.es\/producto\/sant-josep-magisteri-i-catequesis-del-papa-francesc-9788491655251\/\" \/>\n<meta property=\"og:site_name\" content=\"CPL\" \/>\n<meta property=\"article:modified_time\" content=\"2025-10-03T09:13:46+00:00\" \/>\n<meta property=\"og:image\" content=\"https:\/\/www.cpl.es\/wp-content\/uploads\/213035.jpg\" \/>\n\t<meta property=\"og:image:width\" content=\"294\" \/>\n\t<meta property=\"og:image:height\" content=\"482\" \/>\n\t<meta property=\"og:image:type\" content=\"image\/jpeg\" \/>\n<meta name=\"twitter:card\" content=\"summary_large_image\" \/>\n<script type=\"application\/ld+json\" class=\"yoast-schema-graph\">{\"@context\":\"https:\\\/\\\/schema.org\",\"@graph\":[{\"@type\":\"WebPage\",\"@id\":\"https:\\\/\\\/www.cpl.es\\\/producto\\\/sant-josep-magisteri-i-catequesis-del-papa-francesc-9788491655251\\\/\",\"url\":\"https:\\\/\\\/www.cpl.es\\\/producto\\\/sant-josep-magisteri-i-catequesis-del-papa-francesc-9788491655251\\\/\",\"name\":\"Sant Josep. Magisteri i catequesis del papa Francesc - CPL\",\"isPartOf\":{\"@id\":\"https:\\\/\\\/www.cpl.es\\\/#website\"},\"primaryImageOfPage\":{\"@id\":\"https:\\\/\\\/www.cpl.es\\\/producto\\\/sant-josep-magisteri-i-catequesis-del-papa-francesc-9788491655251\\\/#primaryimage\"},\"image\":{\"@id\":\"https:\\\/\\\/www.cpl.es\\\/producto\\\/sant-josep-magisteri-i-catequesis-del-papa-francesc-9788491655251\\\/#primaryimage\"},\"thumbnailUrl\":\"https:\\\/\\\/www.cpl.es\\\/wp-content\\\/uploads\\\/213035.jpg\",\"datePublished\":\"2023-10-03T22:47:29+00:00\",\"dateModified\":\"2025-10-03T09:13:46+00:00\",\"breadcrumb\":{\"@id\":\"https:\\\/\\\/www.cpl.es\\\/producto\\\/sant-josep-magisteri-i-catequesis-del-papa-francesc-9788491655251\\\/#breadcrumb\"},\"inLanguage\":\"ca\",\"potentialAction\":[{\"@type\":\"ReadAction\",\"target\":[\"https:\\\/\\\/www.cpl.es\\\/producto\\\/sant-josep-magisteri-i-catequesis-del-papa-francesc-9788491655251\\\/\"]}]},{\"@type\":\"ImageObject\",\"inLanguage\":\"ca\",\"@id\":\"https:\\\/\\\/www.cpl.es\\\/producto\\\/sant-josep-magisteri-i-catequesis-del-papa-francesc-9788491655251\\\/#primaryimage\",\"url\":\"https:\\\/\\\/www.cpl.es\\\/wp-content\\\/uploads\\\/213035.jpg\",\"contentUrl\":\"https:\\\/\\\/www.cpl.es\\\/wp-content\\\/uploads\\\/213035.jpg\",\"width\":294,\"height\":482,\"caption\":\"213035.jpg\"},{\"@type\":\"BreadcrumbList\",\"@id\":\"https:\\\/\\\/www.cpl.es\\\/producto\\\/sant-josep-magisteri-i-catequesis-del-papa-francesc-9788491655251\\\/#breadcrumb\",\"itemListElement\":[{\"@type\":\"ListItem\",\"position\":1,\"name\":\"Portada\",\"item\":\"https:\\\/\\\/www.cpl.es\\\/ca\\\/\"},{\"@type\":\"ListItem\",\"position\":2,\"name\":\"Cat\u00e0leg\",\"item\":\"https:\\\/\\\/www.cpl.es\\\/ca\\\/cataleg\\\/\"},{\"@type\":\"ListItem\",\"position\":3,\"name\":\"Sant Josep. Magisteri i catequesis del papa Francesc\"}]},{\"@type\":\"WebSite\",\"@id\":\"https:\\\/\\\/www.cpl.es\\\/#website\",\"url\":\"https:\\\/\\\/www.cpl.es\\\/\",\"name\":\"CPL\",\"description\":\"Centre de Pastoral Lit\u00fargica de Barcelona\",\"publisher\":{\"@id\":\"https:\\\/\\\/www.cpl.es\\\/#organization\"},\"alternateName\":\"Centre de Pastoral Lit\u00fargica\",\"potentialAction\":[{\"@type\":\"SearchAction\",\"target\":{\"@type\":\"EntryPoint\",\"urlTemplate\":\"https:\\\/\\\/www.cpl.es\\\/?s={search_term_string}\"},\"query-input\":{\"@type\":\"PropertyValueSpecification\",\"valueRequired\":true,\"valueName\":\"search_term_string\"}}],\"inLanguage\":\"ca\"},{\"@type\":\"Organization\",\"@id\":\"https:\\\/\\\/www.cpl.es\\\/#organization\",\"name\":\"Centre de Pastoral Lit\u00fargica\",\"alternateName\":\"Centre de Pastoral Lit\u00fargica de Barcelona\",\"url\":\"https:\\\/\\\/www.cpl.es\\\/\",\"logo\":{\"@type\":\"ImageObject\",\"inLanguage\":\"ca\",\"@id\":\"https:\\\/\\\/www.cpl.es\\\/#\\\/schema\\\/logo\\\/image\\\/\",\"url\":\"https:\\\/\\\/www.cpl.es\\\/wp-content\\\/uploads\\\/logo-cpl.svg\",\"contentUrl\":\"https:\\\/\\\/www.cpl.es\\\/wp-content\\\/uploads\\\/logo-cpl.svg\",\"caption\":\"Centre de Pastoral Lit\u00fargica\"},\"image\":{\"@id\":\"https:\\\/\\\/www.cpl.es\\\/#\\\/schema\\\/logo\\\/image\\\/\"}}]}<\/script>\n<!-- \/ Yoast SEO plugin. -->","yoast_head_json":{"title":"Sant Josep. Magisteri i catequesis del papa Francesc - CPL","robots":{"index":"index","follow":"follow","max-snippet":"max-snippet:-1","max-image-preview":"max-image-preview:large","max-video-preview":"max-video-preview:-1"},"canonical":"https:\/\/www.cpl.es\/producto\/sant-josep-magisteri-i-catequesis-del-papa-francesc-9788491655251\/","og_locale":"ca_ES","og_type":"article","og_title":"Sant Josep. Magisteri i catequesis del papa Francesc - CPL","og_description":"Francesc, Papa","og_url":"https:\/\/www.cpl.es\/producto\/sant-josep-magisteri-i-catequesis-del-papa-francesc-9788491655251\/","og_site_name":"CPL","article_modified_time":"2025-10-03T09:13:46+00:00","og_image":[{"width":294,"height":482,"url":"https:\/\/www.cpl.es\/wp-content\/uploads\/213035.jpg","type":"image\/jpeg"}],"twitter_card":"summary_large_image","schema":{"@context":"https:\/\/schema.org","@graph":[{"@type":"WebPage","@id":"https:\/\/www.cpl.es\/producto\/sant-josep-magisteri-i-catequesis-del-papa-francesc-9788491655251\/","url":"https:\/\/www.cpl.es\/producto\/sant-josep-magisteri-i-catequesis-del-papa-francesc-9788491655251\/","name":"Sant Josep. Magisteri i catequesis del papa Francesc - CPL","isPartOf":{"@id":"https:\/\/www.cpl.es\/#website"},"primaryImageOfPage":{"@id":"https:\/\/www.cpl.es\/producto\/sant-josep-magisteri-i-catequesis-del-papa-francesc-9788491655251\/#primaryimage"},"image":{"@id":"https:\/\/www.cpl.es\/producto\/sant-josep-magisteri-i-catequesis-del-papa-francesc-9788491655251\/#primaryimage"},"thumbnailUrl":"https:\/\/www.cpl.es\/wp-content\/uploads\/213035.jpg","datePublished":"2023-10-03T22:47:29+00:00","dateModified":"2025-10-03T09:13:46+00:00","breadcrumb":{"@id":"https:\/\/www.cpl.es\/producto\/sant-josep-magisteri-i-catequesis-del-papa-francesc-9788491655251\/#breadcrumb"},"inLanguage":"ca","potentialAction":[{"@type":"ReadAction","target":["https:\/\/www.cpl.es\/producto\/sant-josep-magisteri-i-catequesis-del-papa-francesc-9788491655251\/"]}]},{"@type":"ImageObject","inLanguage":"ca","@id":"https:\/\/www.cpl.es\/producto\/sant-josep-magisteri-i-catequesis-del-papa-francesc-9788491655251\/#primaryimage","url":"https:\/\/www.cpl.es\/wp-content\/uploads\/213035.jpg","contentUrl":"https:\/\/www.cpl.es\/wp-content\/uploads\/213035.jpg","width":294,"height":482,"caption":"213035.jpg"},{"@type":"BreadcrumbList","@id":"https:\/\/www.cpl.es\/producto\/sant-josep-magisteri-i-catequesis-del-papa-francesc-9788491655251\/#breadcrumb","itemListElement":[{"@type":"ListItem","position":1,"name":"Portada","item":"https:\/\/www.cpl.es\/ca\/"},{"@type":"ListItem","position":2,"name":"Cat\u00e0leg","item":"https:\/\/www.cpl.es\/ca\/cataleg\/"},{"@type":"ListItem","position":3,"name":"Sant Josep. Magisteri i catequesis del papa Francesc"}]},{"@type":"WebSite","@id":"https:\/\/www.cpl.es\/#website","url":"https:\/\/www.cpl.es\/","name":"CPL","description":"Centre de Pastoral Lit\u00fargica de Barcelona","publisher":{"@id":"https:\/\/www.cpl.es\/#organization"},"alternateName":"Centre de Pastoral Lit\u00fargica","potentialAction":[{"@type":"SearchAction","target":{"@type":"EntryPoint","urlTemplate":"https:\/\/www.cpl.es\/?s={search_term_string}"},"query-input":{"@type":"PropertyValueSpecification","valueRequired":true,"valueName":"search_term_string"}}],"inLanguage":"ca"},{"@type":"Organization","@id":"https:\/\/www.cpl.es\/#organization","name":"Centre de Pastoral Lit\u00fargica","alternateName":"Centre de Pastoral Lit\u00fargica de Barcelona","url":"https:\/\/www.cpl.es\/","logo":{"@type":"ImageObject","inLanguage":"ca","@id":"https:\/\/www.cpl.es\/#\/schema\/logo\/image\/","url":"https:\/\/www.cpl.es\/wp-content\/uploads\/logo-cpl.svg","contentUrl":"https:\/\/www.cpl.es\/wp-content\/uploads\/logo-cpl.svg","caption":"Centre de Pastoral Lit\u00fargica"},"image":{"@id":"https:\/\/www.cpl.es\/#\/schema\/logo\/image\/"}}]}},"_links":{"self":[{"href":"https:\/\/www.cpl.es\/ca\/wp-json\/wp\/v2\/product\/695","targetHints":{"allow":["GET"]}}],"collection":[{"href":"https:\/\/www.cpl.es\/ca\/wp-json\/wp\/v2\/product"}],"about":[{"href":"https:\/\/www.cpl.es\/ca\/wp-json\/wp\/v2\/types\/product"}],"wp:featuredmedia":[{"embeddable":true,"href":"https:\/\/www.cpl.es\/ca\/wp-json\/wp\/v2\/media\/696"}],"wp:attachment":[{"href":"https:\/\/www.cpl.es\/ca\/wp-json\/wp\/v2\/media?parent=695"}],"wp:term":[{"taxonomy":"product_brand","embeddable":true,"href":"https:\/\/www.cpl.es\/ca\/wp-json\/wp\/v2\/product_brand?post=695"},{"taxonomy":"product_cat","embeddable":true,"href":"https:\/\/www.cpl.es\/ca\/wp-json\/wp\/v2\/product_cat?post=695"},{"taxonomy":"product_tag","embeddable":true,"href":"https:\/\/www.cpl.es\/ca\/wp-json\/wp\/v2\/product_tag?post=695"}],"curies":[{"name":"wp","href":"https:\/\/api.w.org\/{rel}","templated":true}]}}

<p> Per a ajudar-nos a aprofundir en la devoció a sant Josep, el papa Francesc ens ha ofert, del novembre de 2021 al febrer de 2022, una sèrie de catequesis que han anat dilucidant i conformant la seva preciosa Carta apostòlica Patris corde, «amb cor de pare». Aquestes catequesis les ha anat presentant en les Audiències Generals dels dimecres al Vaticà. Ara les podem tenir totes recopilades en aquest llibre del Centre de Pastoral Litúrgica.</p>

Rústica

<!-- This site is optimized with the Yoast SEO plugin v27.3 - https://yoast.com/product/yoast-seo-wordpress/ -->
<title>Sant Josep. Magisteri i catequesis del papa Francesc - CPL</title>
<meta name="robots" content="index, follow, max-snippet:-1, max-image-preview:large, max-video-preview:-1" />
<link rel="canonical" href="https://www.cpl.es/producto/sant-josep-magisteri-i-catequesis-del-papa-francesc-9788491655251/" />
<meta property="og:locale" content="ca_ES" />
<meta property="og:type" content="article" />
<meta property="og:title" content="Sant Josep. Magisteri i catequesis del papa Francesc - CPL" />
<meta property="og:description" content="Francesc, Papa" />
<meta property="og:url" content="https://www.cpl.es/producto/sant-josep-magisteri-i-catequesis-del-papa-francesc-9788491655251/" />
<meta property="og:site_name" content="CPL" />
<meta property="article:modified_time" content="2025-10-03T09:13:46+00:00" />
<meta property="og:image" content="https://www.cpl.es/wp-content/uploads/213035.jpg" />
	<meta property="og:image:width" content="294" />
	<meta property="og:image:height" content="482" />
	<meta property="og:image:type" content="image/jpeg" />
<meta name="twitter:card" content="summary_large_image" />
<script type="application/ld+json" class="yoast-schema-graph">{"@context":"https:\/\/schema.org","@graph":[{"@type":"WebPage","@id":"https:\/\/www.cpl.es\/producto\/sant-josep-magisteri-i-catequesis-del-papa-francesc-9788491655251\/","url":"https:\/\/www.cpl.es\/producto\/sant-josep-magisteri-i-catequesis-del-papa-francesc-9788491655251\/","name":"Sant Josep. Magisteri i catequesis del papa Francesc - CPL","isPartOf":{"@id":"https:\/\/www.cpl.es\/#website"},"primaryImageOfPage":{"@id":"https:\/\/www.cpl.es\/producto\/sant-josep-magisteri-i-catequesis-del-papa-francesc-9788491655251\/#primaryimage"},"image":{"@id":"https:\/\/www.cpl.es\/producto\/sant-josep-magisteri-i-catequesis-del-papa-francesc-9788491655251\/#primaryimage"},"thumbnailUrl":"https:\/\/www.cpl.es\/wp-content\/uploads\/213035.jpg","datePublished":"2023-10-03T22:47:29+00:00","dateModified":"2025-10-03T09:13:46+00:00","breadcrumb":{"@id":"https:\/\/www.cpl.es\/producto\/sant-josep-magisteri-i-catequesis-del-papa-francesc-9788491655251\/#breadcrumb"},"inLanguage":"ca","potentialAction":[{"@type":"ReadAction","target":["https:\/\/www.cpl.es\/producto\/sant-josep-magisteri-i-catequesis-del-papa-francesc-9788491655251\/"]}]},{"@type":"ImageObject","inLanguage":"ca","@id":"https:\/\/www.cpl.es\/producto\/sant-josep-magisteri-i-catequesis-del-papa-francesc-9788491655251\/#primaryimage","url":"https:\/\/www.cpl.es\/wp-content\/uploads\/213035.jpg","contentUrl":"https:\/\/www.cpl.es\/wp-content\/uploads\/213035.jpg","width":294,"height":482,"caption":"213035.jpg"},{"@type":"BreadcrumbList","@id":"https:\/\/www.cpl.es\/producto\/sant-josep-magisteri-i-catequesis-del-papa-francesc-9788491655251\/#breadcrumb","itemListElement":[{"@type":"ListItem","position":1,"name":"Portada","item":"https:\/\/www.cpl.es\/ca\/"},{"@type":"ListItem","position":2,"name":"Catàleg","item":"https:\/\/www.cpl.es\/ca\/cataleg\/"},{"@type":"ListItem","position":3,"name":"Sant Josep. Magisteri i catequesis del papa Francesc"}]},{"@type":"WebSite","@id":"https:\/\/www.cpl.es\/#website","url":"https:\/\/www.cpl.es\/","name":"CPL","description":"Centre de Pastoral Litúrgica de Barcelona","publisher":{"@id":"https:\/\/www.cpl.es\/#organization"},"alternateName":"Centre de Pastoral Litúrgica","potentialAction":[{"@type":"SearchAction","target":{"@type":"EntryPoint","urlTemplate":"https:\/\/www.cpl.es\/?s={search_term_string}"},"query-input":{"@type":"PropertyValueSpecification","valueRequired":true,"valueName":"search_term_string"}}],"inLanguage":"ca"},{"@type":"Organization","@id":"https:\/\/www.cpl.es\/#organization","name":"Centre de Pastoral Litúrgica","alternateName":"Centre de Pastoral Litúrgica de Barcelona","url":"https:\/\/www.cpl.es\/","logo":{"@type":"ImageObject","inLanguage":"ca","@id":"https:\/\/www.cpl.es\/#\/schema\/logo\/image\/","url":"https:\/\/www.cpl.es\/wp-content\/uploads\/logo-cpl.svg","contentUrl":"https:\/\/www.cpl.es\/wp-content\/uploads\/logo-cpl.svg","caption":"Centre de Pastoral Litúrgica"},"image":{"@id":"https:\/\/www.cpl.es\/#\/schema\/logo\/image\/"}}]}</script>
<!-- / Yoast SEO plugin. -->

Catàleg

Centre de Pastoral Litúrgica de Barcelona

Centre de Pastoral Litúrgica
