{"id":659,"date":"2023-10-04T00:46:21","date_gmt":"2023-10-03T22:46:21","guid":{"rendered":"https:\/\/nuevaweb.cpl.es\/producto\/el-discernimiento-catequesis-del-papa-francisco-9788491655466\/"},"modified":"2026-01-09T13:03:09","modified_gmt":"2026-01-09T12:03:09","slug":"el-discernimiento-catequesis-del-papa-francisco-9788491655466","status":"publish","type":"product","link":"https:\/\/www.cpl.es\/ca\/producto\/el-discernimiento-catequesis-del-papa-francisco-9788491655466\/","title":{"rendered":"El discernimiento. Catequesis del papa Francisco"},"content":{"rendered":"<p> El discernimiento se presenta como un ejercicio de inteligencia, habilidad y tambi\u00e9n de voluntad, para aprovechar el momento favorable: son condiciones para hacer una buena elecci\u00f3n. Discernir es un acto importante que nos ayuda a concretar un proyecto de vida, as\u00ed como nuestra relaci\u00f3n con Dios.  En el libro que ten\u00e9is en las manos encontrar\u00e9is las catequesis del papa Francisco sobre el discernimiento cristiano, pronunciadas en las audiencias generales de los mi\u00e9rcoles, desde el 31 de agosto de 2022 hasta el 4 de enero de 2023.<\/p>\n","protected":false},"excerpt":{"rendered":"<p>Francisco, Papa<\/p>\n","protected":false},"featured_media":15524,"template":"","meta":{"_acf_changed":false,"inline_featured_image":false},"product_brand":[],"product_cat":[83,60,158,65,88,63,86],"product_tag":[],"class_list":{"0":"post-659","1":"product","2":"type-product","3":"status-publish","4":"has-post-thumbnail","6":"product_cat-catequesi-liturgica","7":"product_cat-catequesis-liturgica","8":"product_cat-documentacion-documentacion-por-temas","9":"product_cat-espiritualidad","10":"product_cat-espiritualitat","11":"product_cat-oracion","12":"product_cat-pregaria","14":"first","15":"instock","16":"taxable","17":"shipping-taxable","18":"purchasable","19":"product-type-simple"},"acf":{"autor":"Francisco, Papa","codart":"113036","ediciones":"1","encuadernacion":"R\u00fastica","fecha_de_publicacion":"17\/02\/2023","novedad":true,"paginas":"84","subtitulo":"","orden":"90","portada":false,"idioma":"spa","editorial":[{"ID":6736,"post_author":"2","post_date":"2023-10-06 08:35:24","post_date_gmt":"2023-10-06 06:35:24","post_content":"","post_title":"CPL","post_excerpt":"","post_status":"publish","comment_status":"closed","ping_status":"closed","post_password":"","post_name":"cpl","to_ping":"","pinged":"","post_modified":"2023-10-06 08:35:24","post_modified_gmt":"2023-10-06 06:35:24","post_content_filtered":"","post_parent":0,"guid":"https:\/\/nuevaweb.cpl.es\/editorial\/cpl\/","menu_order":0,"post_type":"editorial","post_mime_type":"","comment_count":"0","filter":"raw"}],"coleccion_num":"36"},"yoast_head":"<!-- This site is optimized with the Yoast SEO plugin v27.3 - https:\/\/yoast.com\/product\/yoast-seo-wordpress\/ -->\n<title>El discernimiento. Catequesis del papa Francisco - CPL<\/title>\n<meta name=\"robots\" content=\"index, follow, max-snippet:-1, max-image-preview:large, max-video-preview:-1\" \/>\n<link rel=\"canonical\" href=\"https:\/\/www.cpl.es\/producto\/el-discernimiento-catequesis-del-papa-francisco-9788491655466\/\" \/>\n<meta property=\"og:locale\" content=\"ca_ES\" \/>\n<meta property=\"og:type\" content=\"article\" \/>\n<meta property=\"og:title\" content=\"El discernimiento. Catequesis del papa Francisco - CPL\" \/>\n<meta property=\"og:description\" content=\"Francisco, Papa\" \/>\n<meta property=\"og:url\" content=\"https:\/\/www.cpl.es\/producto\/el-discernimiento-catequesis-del-papa-francisco-9788491655466\/\" \/>\n<meta property=\"og:site_name\" content=\"CPL\" \/>\n<meta property=\"article:modified_time\" content=\"2026-01-09T12:03:09+00:00\" \/>\n<meta property=\"og:image\" content=\"https:\/\/www.cpl.es\/wp-content\/uploads\/9788491655466-2.jpg\" \/>\n\t<meta property=\"og:image:width\" content=\"280\" \/>\n\t<meta property=\"og:image:height\" content=\"443\" \/>\n\t<meta property=\"og:image:type\" content=\"image\/jpeg\" \/>\n<meta name=\"twitter:card\" content=\"summary_large_image\" \/>\n<script type=\"application\/ld+json\" class=\"yoast-schema-graph\">{\"@context\":\"https:\\\/\\\/schema.org\",\"@graph\":[{\"@type\":\"WebPage\",\"@id\":\"https:\\\/\\\/www.cpl.es\\\/producto\\\/el-discernimiento-catequesis-del-papa-francisco-9788491655466\\\/\",\"url\":\"https:\\\/\\\/www.cpl.es\\\/producto\\\/el-discernimiento-catequesis-del-papa-francisco-9788491655466\\\/\",\"name\":\"El discernimiento. Catequesis del papa Francisco - CPL\",\"isPartOf\":{\"@id\":\"https:\\\/\\\/www.cpl.es\\\/#website\"},\"primaryImageOfPage\":{\"@id\":\"https:\\\/\\\/www.cpl.es\\\/producto\\\/el-discernimiento-catequesis-del-papa-francisco-9788491655466\\\/#primaryimage\"},\"image\":{\"@id\":\"https:\\\/\\\/www.cpl.es\\\/producto\\\/el-discernimiento-catequesis-del-papa-francisco-9788491655466\\\/#primaryimage\"},\"thumbnailUrl\":\"https:\\\/\\\/www.cpl.es\\\/wp-content\\\/uploads\\\/9788491655466-2.jpg\",\"datePublished\":\"2023-10-03T22:46:21+00:00\",\"dateModified\":\"2026-01-09T12:03:09+00:00\",\"breadcrumb\":{\"@id\":\"https:\\\/\\\/www.cpl.es\\\/producto\\\/el-discernimiento-catequesis-del-papa-francisco-9788491655466\\\/#breadcrumb\"},\"inLanguage\":\"ca\",\"potentialAction\":[{\"@type\":\"ReadAction\",\"target\":[\"https:\\\/\\\/www.cpl.es\\\/producto\\\/el-discernimiento-catequesis-del-papa-francisco-9788491655466\\\/\"]}]},{\"@type\":\"ImageObject\",\"inLanguage\":\"ca\",\"@id\":\"https:\\\/\\\/www.cpl.es\\\/producto\\\/el-discernimiento-catequesis-del-papa-francisco-9788491655466\\\/#primaryimage\",\"url\":\"https:\\\/\\\/www.cpl.es\\\/wp-content\\\/uploads\\\/9788491655466-2.jpg\",\"contentUrl\":\"https:\\\/\\\/www.cpl.es\\\/wp-content\\\/uploads\\\/9788491655466-2.jpg\",\"width\":280,\"height\":443,\"caption\":\"9788491655466.jpg\"},{\"@type\":\"BreadcrumbList\",\"@id\":\"https:\\\/\\\/www.cpl.es\\\/producto\\\/el-discernimiento-catequesis-del-papa-francisco-9788491655466\\\/#breadcrumb\",\"itemListElement\":[{\"@type\":\"ListItem\",\"position\":1,\"name\":\"Portada\",\"item\":\"https:\\\/\\\/www.cpl.es\\\/ca\\\/\"},{\"@type\":\"ListItem\",\"position\":2,\"name\":\"Cat\u00e0leg\",\"item\":\"https:\\\/\\\/www.cpl.es\\\/ca\\\/cataleg\\\/\"},{\"@type\":\"ListItem\",\"position\":3,\"name\":\"El discernimiento. Catequesis del papa Francisco\"}]},{\"@type\":\"WebSite\",\"@id\":\"https:\\\/\\\/www.cpl.es\\\/#website\",\"url\":\"https:\\\/\\\/www.cpl.es\\\/\",\"name\":\"CPL\",\"description\":\"Centre de Pastoral Lit\u00fargica de Barcelona\",\"publisher\":{\"@id\":\"https:\\\/\\\/www.cpl.es\\\/#organization\"},\"alternateName\":\"Centre de Pastoral Lit\u00fargica\",\"potentialAction\":[{\"@type\":\"SearchAction\",\"target\":{\"@type\":\"EntryPoint\",\"urlTemplate\":\"https:\\\/\\\/www.cpl.es\\\/?s={search_term_string}\"},\"query-input\":{\"@type\":\"PropertyValueSpecification\",\"valueRequired\":true,\"valueName\":\"search_term_string\"}}],\"inLanguage\":\"ca\"},{\"@type\":\"Organization\",\"@id\":\"https:\\\/\\\/www.cpl.es\\\/#organization\",\"name\":\"Centre de Pastoral Lit\u00fargica\",\"alternateName\":\"Centre de Pastoral Lit\u00fargica de Barcelona\",\"url\":\"https:\\\/\\\/www.cpl.es\\\/\",\"logo\":{\"@type\":\"ImageObject\",\"inLanguage\":\"ca\",\"@id\":\"https:\\\/\\\/www.cpl.es\\\/#\\\/schema\\\/logo\\\/image\\\/\",\"url\":\"https:\\\/\\\/www.cpl.es\\\/wp-content\\\/uploads\\\/logo-cpl.svg\",\"contentUrl\":\"https:\\\/\\\/www.cpl.es\\\/wp-content\\\/uploads\\\/logo-cpl.svg\",\"caption\":\"Centre de Pastoral Lit\u00fargica\"},\"image\":{\"@id\":\"https:\\\/\\\/www.cpl.es\\\/#\\\/schema\\\/logo\\\/image\\\/\"}}]}<\/script>\n<!-- \/ Yoast SEO plugin. -->","yoast_head_json":{"title":"El discernimiento. Catequesis del papa Francisco - CPL","robots":{"index":"index","follow":"follow","max-snippet":"max-snippet:-1","max-image-preview":"max-image-preview:large","max-video-preview":"max-video-preview:-1"},"canonical":"https:\/\/www.cpl.es\/producto\/el-discernimiento-catequesis-del-papa-francisco-9788491655466\/","og_locale":"ca_ES","og_type":"article","og_title":"El discernimiento. Catequesis del papa Francisco - CPL","og_description":"Francisco, Papa","og_url":"https:\/\/www.cpl.es\/producto\/el-discernimiento-catequesis-del-papa-francisco-9788491655466\/","og_site_name":"CPL","article_modified_time":"2026-01-09T12:03:09+00:00","og_image":[{"width":280,"height":443,"url":"https:\/\/www.cpl.es\/wp-content\/uploads\/9788491655466-2.jpg","type":"image\/jpeg"}],"twitter_card":"summary_large_image","schema":{"@context":"https:\/\/schema.org","@graph":[{"@type":"WebPage","@id":"https:\/\/www.cpl.es\/producto\/el-discernimiento-catequesis-del-papa-francisco-9788491655466\/","url":"https:\/\/www.cpl.es\/producto\/el-discernimiento-catequesis-del-papa-francisco-9788491655466\/","name":"El discernimiento. Catequesis del papa Francisco - CPL","isPartOf":{"@id":"https:\/\/www.cpl.es\/#website"},"primaryImageOfPage":{"@id":"https:\/\/www.cpl.es\/producto\/el-discernimiento-catequesis-del-papa-francisco-9788491655466\/#primaryimage"},"image":{"@id":"https:\/\/www.cpl.es\/producto\/el-discernimiento-catequesis-del-papa-francisco-9788491655466\/#primaryimage"},"thumbnailUrl":"https:\/\/www.cpl.es\/wp-content\/uploads\/9788491655466-2.jpg","datePublished":"2023-10-03T22:46:21+00:00","dateModified":"2026-01-09T12:03:09+00:00","breadcrumb":{"@id":"https:\/\/www.cpl.es\/producto\/el-discernimiento-catequesis-del-papa-francisco-9788491655466\/#breadcrumb"},"inLanguage":"ca","potentialAction":[{"@type":"ReadAction","target":["https:\/\/www.cpl.es\/producto\/el-discernimiento-catequesis-del-papa-francisco-9788491655466\/"]}]},{"@type":"ImageObject","inLanguage":"ca","@id":"https:\/\/www.cpl.es\/producto\/el-discernimiento-catequesis-del-papa-francisco-9788491655466\/#primaryimage","url":"https:\/\/www.cpl.es\/wp-content\/uploads\/9788491655466-2.jpg","contentUrl":"https:\/\/www.cpl.es\/wp-content\/uploads\/9788491655466-2.jpg","width":280,"height":443,"caption":"9788491655466.jpg"},{"@type":"BreadcrumbList","@id":"https:\/\/www.cpl.es\/producto\/el-discernimiento-catequesis-del-papa-francisco-9788491655466\/#breadcrumb","itemListElement":[{"@type":"ListItem","position":1,"name":"Portada","item":"https:\/\/www.cpl.es\/ca\/"},{"@type":"ListItem","position":2,"name":"Cat\u00e0leg","item":"https:\/\/www.cpl.es\/ca\/cataleg\/"},{"@type":"ListItem","position":3,"name":"El discernimiento. Catequesis del papa Francisco"}]},{"@type":"WebSite","@id":"https:\/\/www.cpl.es\/#website","url":"https:\/\/www.cpl.es\/","name":"CPL","description":"Centre de Pastoral Lit\u00fargica de Barcelona","publisher":{"@id":"https:\/\/www.cpl.es\/#organization"},"alternateName":"Centre de Pastoral Lit\u00fargica","potentialAction":[{"@type":"SearchAction","target":{"@type":"EntryPoint","urlTemplate":"https:\/\/www.cpl.es\/?s={search_term_string}"},"query-input":{"@type":"PropertyValueSpecification","valueRequired":true,"valueName":"search_term_string"}}],"inLanguage":"ca"},{"@type":"Organization","@id":"https:\/\/www.cpl.es\/#organization","name":"Centre de Pastoral Lit\u00fargica","alternateName":"Centre de Pastoral Lit\u00fargica de Barcelona","url":"https:\/\/www.cpl.es\/","logo":{"@type":"ImageObject","inLanguage":"ca","@id":"https:\/\/www.cpl.es\/#\/schema\/logo\/image\/","url":"https:\/\/www.cpl.es\/wp-content\/uploads\/logo-cpl.svg","contentUrl":"https:\/\/www.cpl.es\/wp-content\/uploads\/logo-cpl.svg","caption":"Centre de Pastoral Lit\u00fargica"},"image":{"@id":"https:\/\/www.cpl.es\/#\/schema\/logo\/image\/"}}]}},"_links":{"self":[{"href":"https:\/\/www.cpl.es\/ca\/wp-json\/wp\/v2\/product\/659","targetHints":{"allow":["GET"]}}],"collection":[{"href":"https:\/\/www.cpl.es\/ca\/wp-json\/wp\/v2\/product"}],"about":[{"href":"https:\/\/www.cpl.es\/ca\/wp-json\/wp\/v2\/types\/product"}],"wp:featuredmedia":[{"embeddable":true,"href":"https:\/\/www.cpl.es\/ca\/wp-json\/wp\/v2\/media\/15524"}],"wp:attachment":[{"href":"https:\/\/www.cpl.es\/ca\/wp-json\/wp\/v2\/media?parent=659"}],"wp:term":[{"taxonomy":"product_brand","embeddable":true,"href":"https:\/\/www.cpl.es\/ca\/wp-json\/wp\/v2\/product_brand?post=659"},{"taxonomy":"product_cat","embeddable":true,"href":"https:\/\/www.cpl.es\/ca\/wp-json\/wp\/v2\/product_cat?post=659"},{"taxonomy":"product_tag","embeddable":true,"href":"https:\/\/www.cpl.es\/ca\/wp-json\/wp\/v2\/product_tag?post=659"}],"curies":[{"name":"wp","href":"https:\/\/api.w.org\/{rel}","templated":true}]}}

<p> El discernimiento se presenta como un ejercicio de inteligencia, habilidad y también de voluntad, para aprovechar el momento favorable: son condiciones para hacer una buena elección. Discernir es un acto importante que nos ayuda a concretar un proyecto de vida, así como nuestra relación con Dios.  En el libro que tenéis en las manos encontraréis las catequesis del papa Francisco sobre el discernimiento cristiano, pronunciadas en las audiencias generales de los miércoles, desde el 31 de agosto de 2022 hasta el 4 de enero de 2023.</p>

Rústica

<!-- This site is optimized with the Yoast SEO plugin v27.3 - https://yoast.com/product/yoast-seo-wordpress/ -->
<title>El discernimiento. Catequesis del papa Francisco - CPL</title>
<meta name="robots" content="index, follow, max-snippet:-1, max-image-preview:large, max-video-preview:-1" />
<link rel="canonical" href="https://www.cpl.es/producto/el-discernimiento-catequesis-del-papa-francisco-9788491655466/" />
<meta property="og:locale" content="ca_ES" />
<meta property="og:type" content="article" />
<meta property="og:title" content="El discernimiento. Catequesis del papa Francisco - CPL" />
<meta property="og:description" content="Francisco, Papa" />
<meta property="og:url" content="https://www.cpl.es/producto/el-discernimiento-catequesis-del-papa-francisco-9788491655466/" />
<meta property="og:site_name" content="CPL" />
<meta property="article:modified_time" content="2026-01-09T12:03:09+00:00" />
<meta property="og:image" content="https://www.cpl.es/wp-content/uploads/9788491655466-2.jpg" />
	<meta property="og:image:width" content="280" />
	<meta property="og:image:height" content="443" />
	<meta property="og:image:type" content="image/jpeg" />
<meta name="twitter:card" content="summary_large_image" />
<script type="application/ld+json" class="yoast-schema-graph">{"@context":"https:\/\/schema.org","@graph":[{"@type":"WebPage","@id":"https:\/\/www.cpl.es\/producto\/el-discernimiento-catequesis-del-papa-francisco-9788491655466\/","url":"https:\/\/www.cpl.es\/producto\/el-discernimiento-catequesis-del-papa-francisco-9788491655466\/","name":"El discernimiento. Catequesis del papa Francisco - CPL","isPartOf":{"@id":"https:\/\/www.cpl.es\/#website"},"primaryImageOfPage":{"@id":"https:\/\/www.cpl.es\/producto\/el-discernimiento-catequesis-del-papa-francisco-9788491655466\/#primaryimage"},"image":{"@id":"https:\/\/www.cpl.es\/producto\/el-discernimiento-catequesis-del-papa-francisco-9788491655466\/#primaryimage"},"thumbnailUrl":"https:\/\/www.cpl.es\/wp-content\/uploads\/9788491655466-2.jpg","datePublished":"2023-10-03T22:46:21+00:00","dateModified":"2026-01-09T12:03:09+00:00","breadcrumb":{"@id":"https:\/\/www.cpl.es\/producto\/el-discernimiento-catequesis-del-papa-francisco-9788491655466\/#breadcrumb"},"inLanguage":"ca","potentialAction":[{"@type":"ReadAction","target":["https:\/\/www.cpl.es\/producto\/el-discernimiento-catequesis-del-papa-francisco-9788491655466\/"]}]},{"@type":"ImageObject","inLanguage":"ca","@id":"https:\/\/www.cpl.es\/producto\/el-discernimiento-catequesis-del-papa-francisco-9788491655466\/#primaryimage","url":"https:\/\/www.cpl.es\/wp-content\/uploads\/9788491655466-2.jpg","contentUrl":"https:\/\/www.cpl.es\/wp-content\/uploads\/9788491655466-2.jpg","width":280,"height":443,"caption":"9788491655466.jpg"},{"@type":"BreadcrumbList","@id":"https:\/\/www.cpl.es\/producto\/el-discernimiento-catequesis-del-papa-francisco-9788491655466\/#breadcrumb","itemListElement":[{"@type":"ListItem","position":1,"name":"Portada","item":"https:\/\/www.cpl.es\/ca\/"},{"@type":"ListItem","position":2,"name":"Catàleg","item":"https:\/\/www.cpl.es\/ca\/cataleg\/"},{"@type":"ListItem","position":3,"name":"El discernimiento. Catequesis del papa Francisco"}]},{"@type":"WebSite","@id":"https:\/\/www.cpl.es\/#website","url":"https:\/\/www.cpl.es\/","name":"CPL","description":"Centre de Pastoral Litúrgica de Barcelona","publisher":{"@id":"https:\/\/www.cpl.es\/#organization"},"alternateName":"Centre de Pastoral Litúrgica","potentialAction":[{"@type":"SearchAction","target":{"@type":"EntryPoint","urlTemplate":"https:\/\/www.cpl.es\/?s={search_term_string}"},"query-input":{"@type":"PropertyValueSpecification","valueRequired":true,"valueName":"search_term_string"}}],"inLanguage":"ca"},{"@type":"Organization","@id":"https:\/\/www.cpl.es\/#organization","name":"Centre de Pastoral Litúrgica","alternateName":"Centre de Pastoral Litúrgica de Barcelona","url":"https:\/\/www.cpl.es\/","logo":{"@type":"ImageObject","inLanguage":"ca","@id":"https:\/\/www.cpl.es\/#\/schema\/logo\/image\/","url":"https:\/\/www.cpl.es\/wp-content\/uploads\/logo-cpl.svg","contentUrl":"https:\/\/www.cpl.es\/wp-content\/uploads\/logo-cpl.svg","caption":"Centre de Pastoral Litúrgica"},"image":{"@id":"https:\/\/www.cpl.es\/#\/schema\/logo\/image\/"}}]}</script>
<!-- / Yoast SEO plugin. -->

Catàleg

Centre de Pastoral Litúrgica de Barcelona

Centre de Pastoral Litúrgica
