{"id":647,"date":"2023-10-04T00:45:57","date_gmt":"2023-10-03T22:45:57","guid":{"rendered":"https:\/\/nuevaweb.cpl.es\/producto\/el-discernimiento-9788491655503\/"},"modified":"2026-02-12T16:56:55","modified_gmt":"2026-02-12T15:56:55","slug":"el-discernimiento-9788491655503","status":"publish","type":"product","link":"https:\/\/www.cpl.es\/ca\/producto\/el-discernimiento-9788491655503\/","title":{"rendered":"El discernimiento"},"content":{"rendered":"<p> El discernimiento es, en primer lugar, una manera de proceder en la vida siguiendo la voz del Esp\u00edritu; quiere decir centrarse en las ocasiones o los \u00e1mbitos en que experimentamos la duda, la incertidumbre, el esfuerzo por entender lo que hay que hacer, la direcci\u00f3n que tomar para dar el siguiente paso, tanto si se trata de las grandes decisiones de la vida como de las m\u00faltiples opciones que orientan nuestro estilo de vida. Las incertidumbres no afectan solo la vida personal, sino tambi\u00e9n la social, la eclesial y la pol\u00edtica: no faltan \u00e1mbitos controvertidos. Evangelii gaudium describe su proceso con tres verbos: reconocer, interpretar y elegir; vividos en un clima de profunda escucha interior, estos tres pasos perfilan un estilo tanto para cada uno como para los grupos, las comunidades, las instituciones. En los \u00faltimos a\u00f1os, el papa Francisco est\u00e1 invitando a crecer en este estilo arraigado en la Palabra de Dios y en toda la tradici\u00f3n cristiana, de los Padres de la Iglesia hasta el Concilio Vaticano II. El objetivo de este libro es proponer algunas ideas para dar a entender al lector, de manera org\u00e1nica \u2013no sistem\u00e1tica- que hay en juego diversas declinaciones de esta palabra clave del estilo y el magisterio del Papa. Al mismo tiempo, se destacan algunas articulaciones teol\u00f3gicas subyacentes a la pr\u00e1ctica del discernimiento, de la teolog\u00eda moral, a la eclesiolog\u00eda, a la teolog\u00eda fundamental.<\/p>\n","protected":false},"excerpt":{"rendered":"<p>Costa, Giacomo<\/p>\n","protected":false},"featured_media":648,"template":"","meta":{"_acf_changed":false,"inline_featured_image":false},"product_brand":[],"product_cat":[73,49],"product_tag":[],"class_list":{"0":"post-647","1":"product","2":"type-product","3":"status-publish","4":"has-post-thumbnail","6":"product_cat-emaus-colleccions-catala","7":"product_cat-emaus","9":"first","10":"instock","11":"taxable","12":"shipping-taxable","13":"purchasable","14":"product-type-simple"},"acf":{"autor":"Costa, Giacomo","codart":"108174","ediciones":"1","encuadernacion":"R\u00fastica","fecha_de_publicacion":"10\/03\/2023","novedad":false,"paginas":"88","subtitulo":"","orden":"20","portada":false,"idioma":"spa","editorial":[{"ID":6736,"post_author":"2","post_date":"2023-10-06 08:35:24","post_date_gmt":"2023-10-06 06:35:24","post_content":"","post_title":"CPL","post_excerpt":"","post_status":"publish","comment_status":"closed","ping_status":"closed","post_password":"","post_name":"cpl","to_ping":"","pinged":"","post_modified":"2023-10-06 08:35:24","post_modified_gmt":"2023-10-06 06:35:24","post_content_filtered":"","post_parent":0,"guid":"https:\/\/nuevaweb.cpl.es\/editorial\/cpl\/","menu_order":0,"post_type":"editorial","post_mime_type":"","comment_count":"0","filter":"raw"}],"coleccion_num":"174"},"yoast_head":"<!-- This site is optimized with the Yoast SEO plugin v27.3 - https:\/\/yoast.com\/product\/yoast-seo-wordpress\/ -->\n<title>El discernimiento - CPL<\/title>\n<meta name=\"robots\" content=\"index, follow, max-snippet:-1, max-image-preview:large, max-video-preview:-1\" \/>\n<link rel=\"canonical\" href=\"https:\/\/www.cpl.es\/producto\/el-discernimiento-9788491655503\/\" \/>\n<meta property=\"og:locale\" content=\"ca_ES\" \/>\n<meta property=\"og:type\" content=\"article\" \/>\n<meta property=\"og:title\" content=\"El discernimiento - CPL\" \/>\n<meta property=\"og:description\" content=\"Costa, Giacomo\" \/>\n<meta property=\"og:url\" content=\"https:\/\/www.cpl.es\/producto\/el-discernimiento-9788491655503\/\" \/>\n<meta property=\"og:site_name\" content=\"CPL\" \/>\n<meta property=\"article:modified_time\" content=\"2026-02-12T15:56:55+00:00\" \/>\n<meta property=\"og:image\" content=\"https:\/\/www.cpl.es\/wp-content\/uploads\/108174.jpg\" \/>\n\t<meta property=\"og:image:width\" content=\"280\" \/>\n\t<meta property=\"og:image:height\" content=\"443\" \/>\n\t<meta property=\"og:image:type\" content=\"image\/jpeg\" \/>\n<meta name=\"twitter:card\" content=\"summary_large_image\" \/>\n<meta name=\"twitter:label1\" content=\"Temps estimat de lectura\" \/>\n\t<meta name=\"twitter:data1\" content=\"1 minut\" \/>\n<script type=\"application\/ld+json\" class=\"yoast-schema-graph\">{\"@context\":\"https:\\\/\\\/schema.org\",\"@graph\":[{\"@type\":\"WebPage\",\"@id\":\"https:\\\/\\\/www.cpl.es\\\/producto\\\/el-discernimiento-9788491655503\\\/\",\"url\":\"https:\\\/\\\/www.cpl.es\\\/producto\\\/el-discernimiento-9788491655503\\\/\",\"name\":\"El discernimiento - CPL\",\"isPartOf\":{\"@id\":\"https:\\\/\\\/www.cpl.es\\\/#website\"},\"primaryImageOfPage\":{\"@id\":\"https:\\\/\\\/www.cpl.es\\\/producto\\\/el-discernimiento-9788491655503\\\/#primaryimage\"},\"image\":{\"@id\":\"https:\\\/\\\/www.cpl.es\\\/producto\\\/el-discernimiento-9788491655503\\\/#primaryimage\"},\"thumbnailUrl\":\"https:\\\/\\\/www.cpl.es\\\/wp-content\\\/uploads\\\/108174.jpg\",\"datePublished\":\"2023-10-03T22:45:57+00:00\",\"dateModified\":\"2026-02-12T15:56:55+00:00\",\"breadcrumb\":{\"@id\":\"https:\\\/\\\/www.cpl.es\\\/producto\\\/el-discernimiento-9788491655503\\\/#breadcrumb\"},\"inLanguage\":\"ca\",\"potentialAction\":[{\"@type\":\"ReadAction\",\"target\":[\"https:\\\/\\\/www.cpl.es\\\/producto\\\/el-discernimiento-9788491655503\\\/\"]}]},{\"@type\":\"ImageObject\",\"inLanguage\":\"ca\",\"@id\":\"https:\\\/\\\/www.cpl.es\\\/producto\\\/el-discernimiento-9788491655503\\\/#primaryimage\",\"url\":\"https:\\\/\\\/www.cpl.es\\\/wp-content\\\/uploads\\\/108174.jpg\",\"contentUrl\":\"https:\\\/\\\/www.cpl.es\\\/wp-content\\\/uploads\\\/108174.jpg\",\"width\":280,\"height\":443,\"caption\":\"108174.jpg\"},{\"@type\":\"BreadcrumbList\",\"@id\":\"https:\\\/\\\/www.cpl.es\\\/producto\\\/el-discernimiento-9788491655503\\\/#breadcrumb\",\"itemListElement\":[{\"@type\":\"ListItem\",\"position\":1,\"name\":\"Portada\",\"item\":\"https:\\\/\\\/www.cpl.es\\\/ca\\\/\"},{\"@type\":\"ListItem\",\"position\":2,\"name\":\"Cat\u00e0leg\",\"item\":\"https:\\\/\\\/www.cpl.es\\\/ca\\\/cataleg\\\/\"},{\"@type\":\"ListItem\",\"position\":3,\"name\":\"El discernimiento\"}]},{\"@type\":\"WebSite\",\"@id\":\"https:\\\/\\\/www.cpl.es\\\/#website\",\"url\":\"https:\\\/\\\/www.cpl.es\\\/\",\"name\":\"CPL\",\"description\":\"Centre de Pastoral Lit\u00fargica de Barcelona\",\"publisher\":{\"@id\":\"https:\\\/\\\/www.cpl.es\\\/#organization\"},\"alternateName\":\"Centre de Pastoral Lit\u00fargica\",\"potentialAction\":[{\"@type\":\"SearchAction\",\"target\":{\"@type\":\"EntryPoint\",\"urlTemplate\":\"https:\\\/\\\/www.cpl.es\\\/?s={search_term_string}\"},\"query-input\":{\"@type\":\"PropertyValueSpecification\",\"valueRequired\":true,\"valueName\":\"search_term_string\"}}],\"inLanguage\":\"ca\"},{\"@type\":\"Organization\",\"@id\":\"https:\\\/\\\/www.cpl.es\\\/#organization\",\"name\":\"Centre de Pastoral Lit\u00fargica\",\"alternateName\":\"Centre de Pastoral Lit\u00fargica de Barcelona\",\"url\":\"https:\\\/\\\/www.cpl.es\\\/\",\"logo\":{\"@type\":\"ImageObject\",\"inLanguage\":\"ca\",\"@id\":\"https:\\\/\\\/www.cpl.es\\\/#\\\/schema\\\/logo\\\/image\\\/\",\"url\":\"https:\\\/\\\/www.cpl.es\\\/wp-content\\\/uploads\\\/logo-cpl.svg\",\"contentUrl\":\"https:\\\/\\\/www.cpl.es\\\/wp-content\\\/uploads\\\/logo-cpl.svg\",\"caption\":\"Centre de Pastoral Lit\u00fargica\"},\"image\":{\"@id\":\"https:\\\/\\\/www.cpl.es\\\/#\\\/schema\\\/logo\\\/image\\\/\"}}]}<\/script>\n<!-- \/ Yoast SEO plugin. -->","yoast_head_json":{"title":"El discernimiento - CPL","robots":{"index":"index","follow":"follow","max-snippet":"max-snippet:-1","max-image-preview":"max-image-preview:large","max-video-preview":"max-video-preview:-1"},"canonical":"https:\/\/www.cpl.es\/producto\/el-discernimiento-9788491655503\/","og_locale":"ca_ES","og_type":"article","og_title":"El discernimiento - CPL","og_description":"Costa, Giacomo","og_url":"https:\/\/www.cpl.es\/producto\/el-discernimiento-9788491655503\/","og_site_name":"CPL","article_modified_time":"2026-02-12T15:56:55+00:00","og_image":[{"width":280,"height":443,"url":"https:\/\/www.cpl.es\/wp-content\/uploads\/108174.jpg","type":"image\/jpeg"}],"twitter_card":"summary_large_image","twitter_misc":{"Temps estimat de lectura":"1 minut"},"schema":{"@context":"https:\/\/schema.org","@graph":[{"@type":"WebPage","@id":"https:\/\/www.cpl.es\/producto\/el-discernimiento-9788491655503\/","url":"https:\/\/www.cpl.es\/producto\/el-discernimiento-9788491655503\/","name":"El discernimiento - CPL","isPartOf":{"@id":"https:\/\/www.cpl.es\/#website"},"primaryImageOfPage":{"@id":"https:\/\/www.cpl.es\/producto\/el-discernimiento-9788491655503\/#primaryimage"},"image":{"@id":"https:\/\/www.cpl.es\/producto\/el-discernimiento-9788491655503\/#primaryimage"},"thumbnailUrl":"https:\/\/www.cpl.es\/wp-content\/uploads\/108174.jpg","datePublished":"2023-10-03T22:45:57+00:00","dateModified":"2026-02-12T15:56:55+00:00","breadcrumb":{"@id":"https:\/\/www.cpl.es\/producto\/el-discernimiento-9788491655503\/#breadcrumb"},"inLanguage":"ca","potentialAction":[{"@type":"ReadAction","target":["https:\/\/www.cpl.es\/producto\/el-discernimiento-9788491655503\/"]}]},{"@type":"ImageObject","inLanguage":"ca","@id":"https:\/\/www.cpl.es\/producto\/el-discernimiento-9788491655503\/#primaryimage","url":"https:\/\/www.cpl.es\/wp-content\/uploads\/108174.jpg","contentUrl":"https:\/\/www.cpl.es\/wp-content\/uploads\/108174.jpg","width":280,"height":443,"caption":"108174.jpg"},{"@type":"BreadcrumbList","@id":"https:\/\/www.cpl.es\/producto\/el-discernimiento-9788491655503\/#breadcrumb","itemListElement":[{"@type":"ListItem","position":1,"name":"Portada","item":"https:\/\/www.cpl.es\/ca\/"},{"@type":"ListItem","position":2,"name":"Cat\u00e0leg","item":"https:\/\/www.cpl.es\/ca\/cataleg\/"},{"@type":"ListItem","position":3,"name":"El discernimiento"}]},{"@type":"WebSite","@id":"https:\/\/www.cpl.es\/#website","url":"https:\/\/www.cpl.es\/","name":"CPL","description":"Centre de Pastoral Lit\u00fargica de Barcelona","publisher":{"@id":"https:\/\/www.cpl.es\/#organization"},"alternateName":"Centre de Pastoral Lit\u00fargica","potentialAction":[{"@type":"SearchAction","target":{"@type":"EntryPoint","urlTemplate":"https:\/\/www.cpl.es\/?s={search_term_string}"},"query-input":{"@type":"PropertyValueSpecification","valueRequired":true,"valueName":"search_term_string"}}],"inLanguage":"ca"},{"@type":"Organization","@id":"https:\/\/www.cpl.es\/#organization","name":"Centre de Pastoral Lit\u00fargica","alternateName":"Centre de Pastoral Lit\u00fargica de Barcelona","url":"https:\/\/www.cpl.es\/","logo":{"@type":"ImageObject","inLanguage":"ca","@id":"https:\/\/www.cpl.es\/#\/schema\/logo\/image\/","url":"https:\/\/www.cpl.es\/wp-content\/uploads\/logo-cpl.svg","contentUrl":"https:\/\/www.cpl.es\/wp-content\/uploads\/logo-cpl.svg","caption":"Centre de Pastoral Lit\u00fargica"},"image":{"@id":"https:\/\/www.cpl.es\/#\/schema\/logo\/image\/"}}]}},"_links":{"self":[{"href":"https:\/\/www.cpl.es\/ca\/wp-json\/wp\/v2\/product\/647","targetHints":{"allow":["GET"]}}],"collection":[{"href":"https:\/\/www.cpl.es\/ca\/wp-json\/wp\/v2\/product"}],"about":[{"href":"https:\/\/www.cpl.es\/ca\/wp-json\/wp\/v2\/types\/product"}],"wp:featuredmedia":[{"embeddable":true,"href":"https:\/\/www.cpl.es\/ca\/wp-json\/wp\/v2\/media\/648"}],"wp:attachment":[{"href":"https:\/\/www.cpl.es\/ca\/wp-json\/wp\/v2\/media?parent=647"}],"wp:term":[{"taxonomy":"product_brand","embeddable":true,"href":"https:\/\/www.cpl.es\/ca\/wp-json\/wp\/v2\/product_brand?post=647"},{"taxonomy":"product_cat","embeddable":true,"href":"https:\/\/www.cpl.es\/ca\/wp-json\/wp\/v2\/product_cat?post=647"},{"taxonomy":"product_tag","embeddable":true,"href":"https:\/\/www.cpl.es\/ca\/wp-json\/wp\/v2\/product_tag?post=647"}],"curies":[{"name":"wp","href":"https:\/\/api.w.org\/{rel}","templated":true}]}}

<p> El discernimiento es, en primer lugar, una manera de proceder en la vida siguiendo la voz del Espíritu; quiere decir centrarse en las ocasiones o los ámbitos en que experimentamos la duda, la incertidumbre, el esfuerzo por entender lo que hay que hacer, la dirección que tomar para dar el siguiente paso, tanto si se trata de las grandes decisiones de la vida como de las múltiples opciones que orientan nuestro estilo de vida. Las incertidumbres no afectan solo la vida personal, sino también la social, la eclesial y la política: no faltan ámbitos controvertidos. Evangelii gaudium describe su proceso con tres verbos: reconocer, interpretar y elegir; vividos en un clima de profunda escucha interior, estos tres pasos perfilan un estilo tanto para cada uno como para los grupos, las comunidades, las instituciones. En los últimos años, el papa Francisco está invitando a crecer en este estilo arraigado en la Palabra de Dios y en toda la tradición cristiana, de los Padres de la Iglesia hasta el Concilio Vaticano II. El objetivo de este libro es proponer algunas ideas para dar a entender al lector, de manera orgánica –no sistemática- que hay en juego diversas declinaciones de esta palabra clave del estilo y el magisterio del Papa. Al mismo tiempo, se destacan algunas articulaciones teológicas subyacentes a la práctica del discernimiento, de la teología moral, a la eclesiología, a la teología fundamental.</p>

Rústica

<!-- This site is optimized with the Yoast SEO plugin v27.3 - https://yoast.com/product/yoast-seo-wordpress/ -->
<title>El discernimiento - CPL</title>
<meta name="robots" content="index, follow, max-snippet:-1, max-image-preview:large, max-video-preview:-1" />
<link rel="canonical" href="https://www.cpl.es/producto/el-discernimiento-9788491655503/" />
<meta property="og:locale" content="ca_ES" />
<meta property="og:type" content="article" />
<meta property="og:title" content="El discernimiento - CPL" />
<meta property="og:description" content="Costa, Giacomo" />
<meta property="og:url" content="https://www.cpl.es/producto/el-discernimiento-9788491655503/" />
<meta property="og:site_name" content="CPL" />
<meta property="article:modified_time" content="2026-02-12T15:56:55+00:00" />
<meta property="og:image" content="https://www.cpl.es/wp-content/uploads/108174.jpg" />
	<meta property="og:image:width" content="280" />
	<meta property="og:image:height" content="443" />
	<meta property="og:image:type" content="image/jpeg" />
<meta name="twitter:card" content="summary_large_image" />
<meta name="twitter:label1" content="Temps estimat de lectura" />
	<meta name="twitter:data1" content="1 minut" />
<script type="application/ld+json" class="yoast-schema-graph">{"@context":"https:\/\/schema.org","@graph":[{"@type":"WebPage","@id":"https:\/\/www.cpl.es\/producto\/el-discernimiento-9788491655503\/","url":"https:\/\/www.cpl.es\/producto\/el-discernimiento-9788491655503\/","name":"El discernimiento - CPL","isPartOf":{"@id":"https:\/\/www.cpl.es\/#website"},"primaryImageOfPage":{"@id":"https:\/\/www.cpl.es\/producto\/el-discernimiento-9788491655503\/#primaryimage"},"image":{"@id":"https:\/\/www.cpl.es\/producto\/el-discernimiento-9788491655503\/#primaryimage"},"thumbnailUrl":"https:\/\/www.cpl.es\/wp-content\/uploads\/108174.jpg","datePublished":"2023-10-03T22:45:57+00:00","dateModified":"2026-02-12T15:56:55+00:00","breadcrumb":{"@id":"https:\/\/www.cpl.es\/producto\/el-discernimiento-9788491655503\/#breadcrumb"},"inLanguage":"ca","potentialAction":[{"@type":"ReadAction","target":["https:\/\/www.cpl.es\/producto\/el-discernimiento-9788491655503\/"]}]},{"@type":"ImageObject","inLanguage":"ca","@id":"https:\/\/www.cpl.es\/producto\/el-discernimiento-9788491655503\/#primaryimage","url":"https:\/\/www.cpl.es\/wp-content\/uploads\/108174.jpg","contentUrl":"https:\/\/www.cpl.es\/wp-content\/uploads\/108174.jpg","width":280,"height":443,"caption":"108174.jpg"},{"@type":"BreadcrumbList","@id":"https:\/\/www.cpl.es\/producto\/el-discernimiento-9788491655503\/#breadcrumb","itemListElement":[{"@type":"ListItem","position":1,"name":"Portada","item":"https:\/\/www.cpl.es\/ca\/"},{"@type":"ListItem","position":2,"name":"Catàleg","item":"https:\/\/www.cpl.es\/ca\/cataleg\/"},{"@type":"ListItem","position":3,"name":"El discernimiento"}]},{"@type":"WebSite","@id":"https:\/\/www.cpl.es\/#website","url":"https:\/\/www.cpl.es\/","name":"CPL","description":"Centre de Pastoral Litúrgica de Barcelona","publisher":{"@id":"https:\/\/www.cpl.es\/#organization"},"alternateName":"Centre de Pastoral Litúrgica","potentialAction":[{"@type":"SearchAction","target":{"@type":"EntryPoint","urlTemplate":"https:\/\/www.cpl.es\/?s={search_term_string}"},"query-input":{"@type":"PropertyValueSpecification","valueRequired":true,"valueName":"search_term_string"}}],"inLanguage":"ca"},{"@type":"Organization","@id":"https:\/\/www.cpl.es\/#organization","name":"Centre de Pastoral Litúrgica","alternateName":"Centre de Pastoral Litúrgica de Barcelona","url":"https:\/\/www.cpl.es\/","logo":{"@type":"ImageObject","inLanguage":"ca","@id":"https:\/\/www.cpl.es\/#\/schema\/logo\/image\/","url":"https:\/\/www.cpl.es\/wp-content\/uploads\/logo-cpl.svg","contentUrl":"https:\/\/www.cpl.es\/wp-content\/uploads\/logo-cpl.svg","caption":"Centre de Pastoral Litúrgica"},"image":{"@id":"https:\/\/www.cpl.es\/#\/schema\/logo\/image\/"}}]}</script>
<!-- / Yoast SEO plugin. -->

Catàleg

Centre de Pastoral Litúrgica de Barcelona

Centre de Pastoral Litúrgica
