{"id":6390,"date":"2023-10-04T08:41:32","date_gmt":"2023-10-04T06:41:32","guid":{"rendered":"https:\/\/nuevaweb.cpl.es\/producto\/els-salms-un-dialeg-sincer-amb-deu-9788498055948\/"},"modified":"2023-10-04T08:41:35","modified_gmt":"2023-10-04T06:41:35","slug":"els-salms-un-dialeg-sincer-amb-deu-9788498055948","status":"publish","type":"product","link":"https:\/\/www.cpl.es\/ca\/producto\/els-salms-un-dialeg-sincer-amb-deu-9788498055948\/","title":{"rendered":"Els Salms. Un di\u00e0leg sincer amb D\u00e9u"},"content":{"rendered":"<p>Al llarg de la hist\u00f2ria, totes les dones i homes, infants, joves, adults i vells han cercat aix\u00f2 que el llibre dels Salms ens<br \/>promet des de la primera paraula. Val la pena que ens hi aturem, perqu\u00e8 \u00e9s l\u2019oferta m\u00e9s interessant del m\u00f3n: la<br \/>felicitat es troba en D\u00e9u, en el di\u00e0leg d\u2019amor amb ell, en l\u2019escolta atenta de la seva Paraula.<\/p>\n","protected":false},"excerpt":{"rendered":"<p>Associaci\u00f3 B\u00edblica de Catalunya; Centre de Pastoral Lit\u00fargica; Editorial Claret<\/p>\n","protected":false},"featured_media":6391,"template":"","meta":{"_acf_changed":false,"inline_featured_image":false},"product_brand":[],"product_cat":[67],"product_tag":[],"class_list":{"0":"post-6390","1":"product","2":"type-product","3":"status-publish","4":"has-post-thumbnail","6":"product_cat-altres-publicacions","8":"first","9":"instock","10":"taxable","11":"shipping-taxable","12":"purchasable","13":"product-type-simple"},"acf":{"autor":"Associaci\u00f3 B\u00edblica de Catalunya; Centre de Pastoral Lit\u00fargica; Editorial Claret","codart":"233002","ediciones":"1","encuadernacion":"R\u00fastica","fecha_de_publicacion":"31\/01\/2023","novedad":false,"paginas":"392","subtitulo":"","orden":"310","portada":false,"idioma":"cat","editorial":[{"ID":6736,"post_author":"2","post_date":"2023-10-06 08:35:24","post_date_gmt":"2023-10-06 06:35:24","post_content":"","post_title":"CPL","post_excerpt":"","post_status":"publish","comment_status":"closed","ping_status":"closed","post_password":"","post_name":"cpl","to_ping":"","pinged":"","post_modified":"2023-10-06 08:35:24","post_modified_gmt":"2023-10-06 06:35:24","post_content_filtered":"","post_parent":0,"guid":"https:\/\/nuevaweb.cpl.es\/editorial\/cpl\/","menu_order":0,"post_type":"editorial","post_mime_type":"","comment_count":"0","filter":"raw"}]},"yoast_head":"<!-- This site is optimized with the Yoast SEO plugin v27.3 - https:\/\/yoast.com\/product\/yoast-seo-wordpress\/ -->\n<title>Els Salms. Un di\u00e0leg sincer amb D\u00e9u - CPL<\/title>\n<meta name=\"robots\" content=\"index, follow, max-snippet:-1, max-image-preview:large, max-video-preview:-1\" \/>\n<link rel=\"canonical\" href=\"https:\/\/www.cpl.es\/ca\/producto\/els-salms-un-dialeg-sincer-amb-deu-9788498055948\/\" \/>\n<meta property=\"og:locale\" content=\"ca_ES\" \/>\n<meta property=\"og:type\" content=\"article\" \/>\n<meta property=\"og:title\" content=\"Els Salms. Un di\u00e0leg sincer amb D\u00e9u - CPL\" \/>\n<meta property=\"og:description\" content=\"Associaci\u00f3 B\u00edblica de Catalunya; Centre de Pastoral Lit\u00fargica; Editorial Claret\" \/>\n<meta property=\"og:url\" content=\"https:\/\/www.cpl.es\/ca\/producto\/els-salms-un-dialeg-sincer-amb-deu-9788498055948\/\" \/>\n<meta property=\"og:site_name\" content=\"CPL\" \/>\n<meta property=\"article:modified_time\" content=\"2023-10-04T06:41:35+00:00\" \/>\n<meta property=\"og:image\" content=\"https:\/\/www.cpl.es\/wp-content\/uploads\/portada-29.jpg\" \/>\n\t<meta property=\"og:image:width\" content=\"280\" \/>\n\t<meta property=\"og:image:height\" content=\"397\" \/>\n\t<meta property=\"og:image:type\" content=\"image\/jpeg\" \/>\n<meta name=\"twitter:card\" content=\"summary_large_image\" \/>\n<script type=\"application\/ld+json\" class=\"yoast-schema-graph\">{\"@context\":\"https:\\\/\\\/schema.org\",\"@graph\":[{\"@type\":\"WebPage\",\"@id\":\"https:\\\/\\\/www.cpl.es\\\/ca\\\/producto\\\/els-salms-un-dialeg-sincer-amb-deu-9788498055948\\\/\",\"url\":\"https:\\\/\\\/www.cpl.es\\\/ca\\\/producto\\\/els-salms-un-dialeg-sincer-amb-deu-9788498055948\\\/\",\"name\":\"Els Salms. Un di\u00e0leg sincer amb D\u00e9u - CPL\",\"isPartOf\":{\"@id\":\"https:\\\/\\\/www.cpl.es\\\/#website\"},\"primaryImageOfPage\":{\"@id\":\"https:\\\/\\\/www.cpl.es\\\/ca\\\/producto\\\/els-salms-un-dialeg-sincer-amb-deu-9788498055948\\\/#primaryimage\"},\"image\":{\"@id\":\"https:\\\/\\\/www.cpl.es\\\/ca\\\/producto\\\/els-salms-un-dialeg-sincer-amb-deu-9788498055948\\\/#primaryimage\"},\"thumbnailUrl\":\"https:\\\/\\\/www.cpl.es\\\/wp-content\\\/uploads\\\/portada-29.jpg\",\"datePublished\":\"2023-10-04T06:41:32+00:00\",\"dateModified\":\"2023-10-04T06:41:35+00:00\",\"breadcrumb\":{\"@id\":\"https:\\\/\\\/www.cpl.es\\\/ca\\\/producto\\\/els-salms-un-dialeg-sincer-amb-deu-9788498055948\\\/#breadcrumb\"},\"inLanguage\":\"ca\",\"potentialAction\":[{\"@type\":\"ReadAction\",\"target\":[\"https:\\\/\\\/www.cpl.es\\\/ca\\\/producto\\\/els-salms-un-dialeg-sincer-amb-deu-9788498055948\\\/\"]}]},{\"@type\":\"ImageObject\",\"inLanguage\":\"ca\",\"@id\":\"https:\\\/\\\/www.cpl.es\\\/ca\\\/producto\\\/els-salms-un-dialeg-sincer-amb-deu-9788498055948\\\/#primaryimage\",\"url\":\"https:\\\/\\\/www.cpl.es\\\/wp-content\\\/uploads\\\/portada-29.jpg\",\"contentUrl\":\"https:\\\/\\\/www.cpl.es\\\/wp-content\\\/uploads\\\/portada-29.jpg\",\"width\":280,\"height\":397,\"caption\":\"portada.jpg\"},{\"@type\":\"BreadcrumbList\",\"@id\":\"https:\\\/\\\/www.cpl.es\\\/ca\\\/producto\\\/els-salms-un-dialeg-sincer-amb-deu-9788498055948\\\/#breadcrumb\",\"itemListElement\":[{\"@type\":\"ListItem\",\"position\":1,\"name\":\"Portada\",\"item\":\"https:\\\/\\\/www.cpl.es\\\/ca\\\/\"},{\"@type\":\"ListItem\",\"position\":2,\"name\":\"Cat\u00e0leg\",\"item\":\"https:\\\/\\\/www.cpl.es\\\/ca\\\/cataleg\\\/\"},{\"@type\":\"ListItem\",\"position\":3,\"name\":\"Els Salms. Un di\u00e0leg sincer amb D\u00e9u\"}]},{\"@type\":\"WebSite\",\"@id\":\"https:\\\/\\\/www.cpl.es\\\/#website\",\"url\":\"https:\\\/\\\/www.cpl.es\\\/\",\"name\":\"CPL\",\"description\":\"Centre de Pastoral Lit\u00fargica de Barcelona\",\"publisher\":{\"@id\":\"https:\\\/\\\/www.cpl.es\\\/#organization\"},\"alternateName\":\"Centre de Pastoral Lit\u00fargica\",\"potentialAction\":[{\"@type\":\"SearchAction\",\"target\":{\"@type\":\"EntryPoint\",\"urlTemplate\":\"https:\\\/\\\/www.cpl.es\\\/?s={search_term_string}\"},\"query-input\":{\"@type\":\"PropertyValueSpecification\",\"valueRequired\":true,\"valueName\":\"search_term_string\"}}],\"inLanguage\":\"ca\"},{\"@type\":\"Organization\",\"@id\":\"https:\\\/\\\/www.cpl.es\\\/#organization\",\"name\":\"Centre de Pastoral Lit\u00fargica\",\"alternateName\":\"Centre de Pastoral Lit\u00fargica de Barcelona\",\"url\":\"https:\\\/\\\/www.cpl.es\\\/\",\"logo\":{\"@type\":\"ImageObject\",\"inLanguage\":\"ca\",\"@id\":\"https:\\\/\\\/www.cpl.es\\\/#\\\/schema\\\/logo\\\/image\\\/\",\"url\":\"https:\\\/\\\/www.cpl.es\\\/wp-content\\\/uploads\\\/logo-cpl.svg\",\"contentUrl\":\"https:\\\/\\\/www.cpl.es\\\/wp-content\\\/uploads\\\/logo-cpl.svg\",\"caption\":\"Centre de Pastoral Lit\u00fargica\"},\"image\":{\"@id\":\"https:\\\/\\\/www.cpl.es\\\/#\\\/schema\\\/logo\\\/image\\\/\"}}]}<\/script>\n<!-- \/ Yoast SEO plugin. -->","yoast_head_json":{"title":"Els Salms. Un di\u00e0leg sincer amb D\u00e9u - CPL","robots":{"index":"index","follow":"follow","max-snippet":"max-snippet:-1","max-image-preview":"max-image-preview:large","max-video-preview":"max-video-preview:-1"},"canonical":"https:\/\/www.cpl.es\/ca\/producto\/els-salms-un-dialeg-sincer-amb-deu-9788498055948\/","og_locale":"ca_ES","og_type":"article","og_title":"Els Salms. Un di\u00e0leg sincer amb D\u00e9u - CPL","og_description":"Associaci\u00f3 B\u00edblica de Catalunya; Centre de Pastoral Lit\u00fargica; Editorial Claret","og_url":"https:\/\/www.cpl.es\/ca\/producto\/els-salms-un-dialeg-sincer-amb-deu-9788498055948\/","og_site_name":"CPL","article_modified_time":"2023-10-04T06:41:35+00:00","og_image":[{"width":280,"height":397,"url":"https:\/\/www.cpl.es\/wp-content\/uploads\/portada-29.jpg","type":"image\/jpeg"}],"twitter_card":"summary_large_image","schema":{"@context":"https:\/\/schema.org","@graph":[{"@type":"WebPage","@id":"https:\/\/www.cpl.es\/ca\/producto\/els-salms-un-dialeg-sincer-amb-deu-9788498055948\/","url":"https:\/\/www.cpl.es\/ca\/producto\/els-salms-un-dialeg-sincer-amb-deu-9788498055948\/","name":"Els Salms. Un di\u00e0leg sincer amb D\u00e9u - CPL","isPartOf":{"@id":"https:\/\/www.cpl.es\/#website"},"primaryImageOfPage":{"@id":"https:\/\/www.cpl.es\/ca\/producto\/els-salms-un-dialeg-sincer-amb-deu-9788498055948\/#primaryimage"},"image":{"@id":"https:\/\/www.cpl.es\/ca\/producto\/els-salms-un-dialeg-sincer-amb-deu-9788498055948\/#primaryimage"},"thumbnailUrl":"https:\/\/www.cpl.es\/wp-content\/uploads\/portada-29.jpg","datePublished":"2023-10-04T06:41:32+00:00","dateModified":"2023-10-04T06:41:35+00:00","breadcrumb":{"@id":"https:\/\/www.cpl.es\/ca\/producto\/els-salms-un-dialeg-sincer-amb-deu-9788498055948\/#breadcrumb"},"inLanguage":"ca","potentialAction":[{"@type":"ReadAction","target":["https:\/\/www.cpl.es\/ca\/producto\/els-salms-un-dialeg-sincer-amb-deu-9788498055948\/"]}]},{"@type":"ImageObject","inLanguage":"ca","@id":"https:\/\/www.cpl.es\/ca\/producto\/els-salms-un-dialeg-sincer-amb-deu-9788498055948\/#primaryimage","url":"https:\/\/www.cpl.es\/wp-content\/uploads\/portada-29.jpg","contentUrl":"https:\/\/www.cpl.es\/wp-content\/uploads\/portada-29.jpg","width":280,"height":397,"caption":"portada.jpg"},{"@type":"BreadcrumbList","@id":"https:\/\/www.cpl.es\/ca\/producto\/els-salms-un-dialeg-sincer-amb-deu-9788498055948\/#breadcrumb","itemListElement":[{"@type":"ListItem","position":1,"name":"Portada","item":"https:\/\/www.cpl.es\/ca\/"},{"@type":"ListItem","position":2,"name":"Cat\u00e0leg","item":"https:\/\/www.cpl.es\/ca\/cataleg\/"},{"@type":"ListItem","position":3,"name":"Els Salms. Un di\u00e0leg sincer amb D\u00e9u"}]},{"@type":"WebSite","@id":"https:\/\/www.cpl.es\/#website","url":"https:\/\/www.cpl.es\/","name":"CPL","description":"Centre de Pastoral Lit\u00fargica de Barcelona","publisher":{"@id":"https:\/\/www.cpl.es\/#organization"},"alternateName":"Centre de Pastoral Lit\u00fargica","potentialAction":[{"@type":"SearchAction","target":{"@type":"EntryPoint","urlTemplate":"https:\/\/www.cpl.es\/?s={search_term_string}"},"query-input":{"@type":"PropertyValueSpecification","valueRequired":true,"valueName":"search_term_string"}}],"inLanguage":"ca"},{"@type":"Organization","@id":"https:\/\/www.cpl.es\/#organization","name":"Centre de Pastoral Lit\u00fargica","alternateName":"Centre de Pastoral Lit\u00fargica de Barcelona","url":"https:\/\/www.cpl.es\/","logo":{"@type":"ImageObject","inLanguage":"ca","@id":"https:\/\/www.cpl.es\/#\/schema\/logo\/image\/","url":"https:\/\/www.cpl.es\/wp-content\/uploads\/logo-cpl.svg","contentUrl":"https:\/\/www.cpl.es\/wp-content\/uploads\/logo-cpl.svg","caption":"Centre de Pastoral Lit\u00fargica"},"image":{"@id":"https:\/\/www.cpl.es\/#\/schema\/logo\/image\/"}}]}},"_links":{"self":[{"href":"https:\/\/www.cpl.es\/ca\/wp-json\/wp\/v2\/product\/6390","targetHints":{"allow":["GET"]}}],"collection":[{"href":"https:\/\/www.cpl.es\/ca\/wp-json\/wp\/v2\/product"}],"about":[{"href":"https:\/\/www.cpl.es\/ca\/wp-json\/wp\/v2\/types\/product"}],"wp:featuredmedia":[{"embeddable":true,"href":"https:\/\/www.cpl.es\/ca\/wp-json\/wp\/v2\/media\/6391"}],"wp:attachment":[{"href":"https:\/\/www.cpl.es\/ca\/wp-json\/wp\/v2\/media?parent=6390"}],"wp:term":[{"taxonomy":"product_brand","embeddable":true,"href":"https:\/\/www.cpl.es\/ca\/wp-json\/wp\/v2\/product_brand?post=6390"},{"taxonomy":"product_cat","embeddable":true,"href":"https:\/\/www.cpl.es\/ca\/wp-json\/wp\/v2\/product_cat?post=6390"},{"taxonomy":"product_tag","embeddable":true,"href":"https:\/\/www.cpl.es\/ca\/wp-json\/wp\/v2\/product_tag?post=6390"}],"curies":[{"name":"wp","href":"https:\/\/api.w.org\/{rel}","templated":true}]}}

Els Salms. Un diàleg sincer amb Déu

<p>Al llarg de la història, totes les dones i homes, infants, joves, adults i vells han cercat això que el llibre dels Salms ens<br />promet des de la primera paraula. Val la pena que ens hi aturem, perquè és l’oferta més interessant del món: la<br />felicitat es troba en Déu, en el diàleg d’amor amb ell, en l’escolta atenta de la seva Paraula.</p>

<p>Associació Bíblica de Catalunya; Centre de Pastoral Litúrgica; Editorial Claret</p>

Associació Bíblica de Catalunya; Centre de Pastoral Litúrgica; Editorial Claret

Rústica

<!-- This site is optimized with the Yoast SEO plugin v27.3 - https://yoast.com/product/yoast-seo-wordpress/ -->
<title>Els Salms. Un diàleg sincer amb Déu - CPL</title>
<meta name="robots" content="index, follow, max-snippet:-1, max-image-preview:large, max-video-preview:-1" />
<link rel="canonical" href="https://www.cpl.es/ca/producto/els-salms-un-dialeg-sincer-amb-deu-9788498055948/" />
<meta property="og:locale" content="ca_ES" />
<meta property="og:type" content="article" />
<meta property="og:title" content="Els Salms. Un diàleg sincer amb Déu - CPL" />
<meta property="og:description" content="Associació Bíblica de Catalunya; Centre de Pastoral Litúrgica; Editorial Claret" />
<meta property="og:url" content="https://www.cpl.es/ca/producto/els-salms-un-dialeg-sincer-amb-deu-9788498055948/" />
<meta property="og:site_name" content="CPL" />
<meta property="article:modified_time" content="2023-10-04T06:41:35+00:00" />
<meta property="og:image" content="https://www.cpl.es/wp-content/uploads/portada-29.jpg" />
	<meta property="og:image:width" content="280" />
	<meta property="og:image:height" content="397" />
	<meta property="og:image:type" content="image/jpeg" />
<meta name="twitter:card" content="summary_large_image" />
<script type="application/ld+json" class="yoast-schema-graph">{"@context":"https:\/\/schema.org","@graph":[{"@type":"WebPage","@id":"https:\/\/www.cpl.es\/ca\/producto\/els-salms-un-dialeg-sincer-amb-deu-9788498055948\/","url":"https:\/\/www.cpl.es\/ca\/producto\/els-salms-un-dialeg-sincer-amb-deu-9788498055948\/","name":"Els Salms. Un diàleg sincer amb Déu - CPL","isPartOf":{"@id":"https:\/\/www.cpl.es\/#website"},"primaryImageOfPage":{"@id":"https:\/\/www.cpl.es\/ca\/producto\/els-salms-un-dialeg-sincer-amb-deu-9788498055948\/#primaryimage"},"image":{"@id":"https:\/\/www.cpl.es\/ca\/producto\/els-salms-un-dialeg-sincer-amb-deu-9788498055948\/#primaryimage"},"thumbnailUrl":"https:\/\/www.cpl.es\/wp-content\/uploads\/portada-29.jpg","datePublished":"2023-10-04T06:41:32+00:00","dateModified":"2023-10-04T06:41:35+00:00","breadcrumb":{"@id":"https:\/\/www.cpl.es\/ca\/producto\/els-salms-un-dialeg-sincer-amb-deu-9788498055948\/#breadcrumb"},"inLanguage":"ca","potentialAction":[{"@type":"ReadAction","target":["https:\/\/www.cpl.es\/ca\/producto\/els-salms-un-dialeg-sincer-amb-deu-9788498055948\/"]}]},{"@type":"ImageObject","inLanguage":"ca","@id":"https:\/\/www.cpl.es\/ca\/producto\/els-salms-un-dialeg-sincer-amb-deu-9788498055948\/#primaryimage","url":"https:\/\/www.cpl.es\/wp-content\/uploads\/portada-29.jpg","contentUrl":"https:\/\/www.cpl.es\/wp-content\/uploads\/portada-29.jpg","width":280,"height":397,"caption":"portada.jpg"},{"@type":"BreadcrumbList","@id":"https:\/\/www.cpl.es\/ca\/producto\/els-salms-un-dialeg-sincer-amb-deu-9788498055948\/#breadcrumb","itemListElement":[{"@type":"ListItem","position":1,"name":"Portada","item":"https:\/\/www.cpl.es\/ca\/"},{"@type":"ListItem","position":2,"name":"Catàleg","item":"https:\/\/www.cpl.es\/ca\/cataleg\/"},{"@type":"ListItem","position":3,"name":"Els Salms. Un diàleg sincer amb Déu"}]},{"@type":"WebSite","@id":"https:\/\/www.cpl.es\/#website","url":"https:\/\/www.cpl.es\/","name":"CPL","description":"Centre de Pastoral Litúrgica de Barcelona","publisher":{"@id":"https:\/\/www.cpl.es\/#organization"},"alternateName":"Centre de Pastoral Litúrgica","potentialAction":[{"@type":"SearchAction","target":{"@type":"EntryPoint","urlTemplate":"https:\/\/www.cpl.es\/?s={search_term_string}"},"query-input":{"@type":"PropertyValueSpecification","valueRequired":true,"valueName":"search_term_string"}}],"inLanguage":"ca"},{"@type":"Organization","@id":"https:\/\/www.cpl.es\/#organization","name":"Centre de Pastoral Litúrgica","alternateName":"Centre de Pastoral Litúrgica de Barcelona","url":"https:\/\/www.cpl.es\/","logo":{"@type":"ImageObject","inLanguage":"ca","@id":"https:\/\/www.cpl.es\/#\/schema\/logo\/image\/","url":"https:\/\/www.cpl.es\/wp-content\/uploads\/logo-cpl.svg","contentUrl":"https:\/\/www.cpl.es\/wp-content\/uploads\/logo-cpl.svg","caption":"Centre de Pastoral Litúrgica"},"image":{"@id":"https:\/\/www.cpl.es\/#\/schema\/logo\/image\/"}}]}</script>
<!-- / Yoast SEO plugin. -->

Els Salms. Un diàleg sincer amb Déu - CPL

Catàleg

Centre de Pastoral Litúrgica de Barcelona

Centre de Pastoral Litúrgica
