{"id":6360,"date":"2023-10-04T08:40:43","date_gmt":"2023-10-04T06:40:43","guid":{"rendered":"https:\/\/nuevaweb.cpl.es\/producto\/la-palabra-que-salva-anunciar-el-misterio-pascual-9788491653141\/"},"modified":"2025-10-03T11:09:20","modified_gmt":"2025-10-03T09:09:20","slug":"la-palabra-que-salva-anunciar-el-misterio-pascual-9788491653141","status":"publish","type":"product","link":"https:\/\/www.cpl.es\/ca\/producto\/la-palabra-que-salva-anunciar-el-misterio-pascual-9788491653141\/","title":{"rendered":"La Palabra que salva. Anunciar el Misterio Pascual"},"content":{"rendered":"<p> El coraz\u00f3n de la Liturgia y de los sacramentos cristianos no es el rito sino la palabra de Dios: siempre es esta la palabra que en ellos acontece, pero siempre acontece bajo la forma ritual. En la introducci\u00f3n al Leccionario de la misa se nos dice claramente: &#8216;La Iglesia crece y se construye al escuchar la palabra de Dios y los prodigios que en muchas formas Dios realiz\u00f3 en la historia de la salvaci\u00f3n. Estos se hacen presentes de nuevo en los signos de la celebraci\u00f3n lit\u00fargica de un modo misterioso pero real. Dios, a su vez, se vale de la comunidad de los fieles, que celebra la Liturgia, para que se propague y sea conocida su palabra, y su nombre sea alabado por todas las naciones'. El papa Francisco nos habla en su Exhortaci\u00f3n Apost\u00f3lica Evangelii gaudium sobre el papel evangelizador que tiene la Homil\u00eda, especialmente en el contexto de la asamblea eucar\u00edstica: supera a toda catequesis por ser el momento m\u00e1s alto del di\u00e1logo entre Dios y su pueblo, antes de la comuni\u00f3n sacramental. La Homil\u00eda es un retomar ese di\u00e1logo que ya est\u00e1 entablado entre Dios y su pueblo, y debe darle fervor y sentido a la celebraci\u00f3n. Debe ser breve, de lo contrario afectar\u00eda a dos caracter\u00edsticas de la celebraci\u00f3n lit\u00fargica: la armon\u00eda entre sus partes y el ritmo. Esta ha sido mi intenci\u00f3n al elaborar cuidadosamente cada una de estas Homil\u00edas Lit\u00fargicas.  Tirso Vaquero Rojo nace en Langayo (Valladolid) en febrero de 1937. Cursa Humanidades en Alcal\u00e1 de Henares: Lat\u00edn, Griego, Hebreo, Franc\u00e9s. Estudia los cursos de Filosof\u00eda y de Sagrada Teolog\u00eda en el Seminario Conciliar de Madrid (1952-1959). Cursa 3 a\u00f1os en el Instituto de Pastoral Lit\u00fargica de Madrid, dependiente de la Universidad Pontificia de Salamanca (cursos 1966-67-68). Hace Licenciatura de Teolog\u00eda en la Universidad Pontificia de Comillas (a\u00f1os 1968-1969).<\/p>\n","protected":false},"excerpt":{"rendered":"<p>Vaquero Rojo, Tirso<\/p>\n","protected":false},"featured_media":19466,"template":"","meta":{"_acf_changed":false,"inline_featured_image":false},"product_brand":[],"product_cat":[103],"product_tag":[],"class_list":{"0":"post-6360","1":"product","2":"type-product","3":"status-publish","4":"has-post-thumbnail","6":"product_cat-culmen-et-fons-minor","8":"first","9":"instock","10":"taxable","11":"shipping-taxable","12":"purchasable","13":"product-type-simple"},"acf":{"autor":"Vaquero Rojo, Tirso","codart":"109211","ediciones":"1","encuadernacion":"R\u00fastica","fecha_de_publicacion":"23\/06\/2022","novedad":false,"paginas":"508","subtitulo":"","orden":"999","portada":false,"idioma":"spa","editorial":[{"ID":6736,"post_author":"2","post_date":"2023-10-06 08:35:24","post_date_gmt":"2023-10-06 06:35:24","post_content":"","post_title":"CPL","post_excerpt":"","post_status":"publish","comment_status":"closed","ping_status":"closed","post_password":"","post_name":"cpl","to_ping":"","pinged":"","post_modified":"2023-10-06 08:35:24","post_modified_gmt":"2023-10-06 06:35:24","post_content_filtered":"","post_parent":0,"guid":"https:\/\/nuevaweb.cpl.es\/editorial\/cpl\/","menu_order":0,"post_type":"editorial","post_mime_type":"","comment_count":"0","filter":"raw"}],"coleccion_num":"11"},"yoast_head":"<!-- This site is optimized with the Yoast SEO plugin v27.3 - https:\/\/yoast.com\/product\/yoast-seo-wordpress\/ -->\n<title>La Palabra que salva. Anunciar el Misterio Pascual - CPL<\/title>\n<meta name=\"robots\" content=\"index, follow, max-snippet:-1, max-image-preview:large, max-video-preview:-1\" \/>\n<link rel=\"canonical\" href=\"https:\/\/www.cpl.es\/producto\/la-palabra-que-salva-anunciar-el-misterio-pascual-9788491653141\/\" \/>\n<meta property=\"og:locale\" content=\"ca_ES\" \/>\n<meta property=\"og:type\" content=\"article\" \/>\n<meta property=\"og:title\" content=\"La Palabra que salva. Anunciar el Misterio Pascual - CPL\" \/>\n<meta property=\"og:description\" content=\"Vaquero Rojo, Tirso\" \/>\n<meta property=\"og:url\" content=\"https:\/\/www.cpl.es\/producto\/la-palabra-que-salva-anunciar-el-misterio-pascual-9788491653141\/\" \/>\n<meta property=\"og:site_name\" content=\"CPL\" \/>\n<meta property=\"article:modified_time\" content=\"2025-10-03T09:09:20+00:00\" \/>\n<meta property=\"og:image\" content=\"https:\/\/www.cpl.es\/wp-content\/uploads\/9788491653141-1.jpg\" \/>\n\t<meta property=\"og:image:width\" content=\"280\" \/>\n\t<meta property=\"og:image:height\" content=\"443\" \/>\n\t<meta property=\"og:image:type\" content=\"image\/jpeg\" \/>\n<meta name=\"twitter:card\" content=\"summary_large_image\" \/>\n<meta name=\"twitter:label1\" content=\"Temps estimat de lectura\" \/>\n\t<meta name=\"twitter:data1\" content=\"2 minuts\" \/>\n<script type=\"application\/ld+json\" class=\"yoast-schema-graph\">{\"@context\":\"https:\\\/\\\/schema.org\",\"@graph\":[{\"@type\":\"WebPage\",\"@id\":\"https:\\\/\\\/www.cpl.es\\\/producto\\\/la-palabra-que-salva-anunciar-el-misterio-pascual-9788491653141\\\/\",\"url\":\"https:\\\/\\\/www.cpl.es\\\/producto\\\/la-palabra-que-salva-anunciar-el-misterio-pascual-9788491653141\\\/\",\"name\":\"La Palabra que salva. Anunciar el Misterio Pascual - CPL\",\"isPartOf\":{\"@id\":\"https:\\\/\\\/www.cpl.es\\\/#website\"},\"primaryImageOfPage\":{\"@id\":\"https:\\\/\\\/www.cpl.es\\\/producto\\\/la-palabra-que-salva-anunciar-el-misterio-pascual-9788491653141\\\/#primaryimage\"},\"image\":{\"@id\":\"https:\\\/\\\/www.cpl.es\\\/producto\\\/la-palabra-que-salva-anunciar-el-misterio-pascual-9788491653141\\\/#primaryimage\"},\"thumbnailUrl\":\"https:\\\/\\\/www.cpl.es\\\/wp-content\\\/uploads\\\/9788491653141-1.jpg\",\"datePublished\":\"2023-10-04T06:40:43+00:00\",\"dateModified\":\"2025-10-03T09:09:20+00:00\",\"breadcrumb\":{\"@id\":\"https:\\\/\\\/www.cpl.es\\\/producto\\\/la-palabra-que-salva-anunciar-el-misterio-pascual-9788491653141\\\/#breadcrumb\"},\"inLanguage\":\"ca\",\"potentialAction\":[{\"@type\":\"ReadAction\",\"target\":[\"https:\\\/\\\/www.cpl.es\\\/producto\\\/la-palabra-que-salva-anunciar-el-misterio-pascual-9788491653141\\\/\"]}]},{\"@type\":\"ImageObject\",\"inLanguage\":\"ca\",\"@id\":\"https:\\\/\\\/www.cpl.es\\\/producto\\\/la-palabra-que-salva-anunciar-el-misterio-pascual-9788491653141\\\/#primaryimage\",\"url\":\"https:\\\/\\\/www.cpl.es\\\/wp-content\\\/uploads\\\/9788491653141-1.jpg\",\"contentUrl\":\"https:\\\/\\\/www.cpl.es\\\/wp-content\\\/uploads\\\/9788491653141-1.jpg\",\"width\":280,\"height\":443,\"caption\":\"9788491653141.jpg\"},{\"@type\":\"BreadcrumbList\",\"@id\":\"https:\\\/\\\/www.cpl.es\\\/producto\\\/la-palabra-que-salva-anunciar-el-misterio-pascual-9788491653141\\\/#breadcrumb\",\"itemListElement\":[{\"@type\":\"ListItem\",\"position\":1,\"name\":\"Portada\",\"item\":\"https:\\\/\\\/www.cpl.es\\\/ca\\\/\"},{\"@type\":\"ListItem\",\"position\":2,\"name\":\"Cat\u00e0leg\",\"item\":\"https:\\\/\\\/www.cpl.es\\\/ca\\\/cataleg\\\/\"},{\"@type\":\"ListItem\",\"position\":3,\"name\":\"La Palabra que salva. Anunciar el Misterio Pascual\"}]},{\"@type\":\"WebSite\",\"@id\":\"https:\\\/\\\/www.cpl.es\\\/#website\",\"url\":\"https:\\\/\\\/www.cpl.es\\\/\",\"name\":\"CPL\",\"description\":\"Centre de Pastoral Lit\u00fargica de Barcelona\",\"publisher\":{\"@id\":\"https:\\\/\\\/www.cpl.es\\\/#organization\"},\"alternateName\":\"Centre de Pastoral Lit\u00fargica\",\"potentialAction\":[{\"@type\":\"SearchAction\",\"target\":{\"@type\":\"EntryPoint\",\"urlTemplate\":\"https:\\\/\\\/www.cpl.es\\\/?s={search_term_string}\"},\"query-input\":{\"@type\":\"PropertyValueSpecification\",\"valueRequired\":true,\"valueName\":\"search_term_string\"}}],\"inLanguage\":\"ca\"},{\"@type\":\"Organization\",\"@id\":\"https:\\\/\\\/www.cpl.es\\\/#organization\",\"name\":\"Centre de Pastoral Lit\u00fargica\",\"alternateName\":\"Centre de Pastoral Lit\u00fargica de Barcelona\",\"url\":\"https:\\\/\\\/www.cpl.es\\\/\",\"logo\":{\"@type\":\"ImageObject\",\"inLanguage\":\"ca\",\"@id\":\"https:\\\/\\\/www.cpl.es\\\/#\\\/schema\\\/logo\\\/image\\\/\",\"url\":\"https:\\\/\\\/www.cpl.es\\\/wp-content\\\/uploads\\\/logo-cpl.svg\",\"contentUrl\":\"https:\\\/\\\/www.cpl.es\\\/wp-content\\\/uploads\\\/logo-cpl.svg\",\"caption\":\"Centre de Pastoral Lit\u00fargica\"},\"image\":{\"@id\":\"https:\\\/\\\/www.cpl.es\\\/#\\\/schema\\\/logo\\\/image\\\/\"}}]}<\/script>\n<!-- \/ Yoast SEO plugin. -->","yoast_head_json":{"title":"La Palabra que salva. Anunciar el Misterio Pascual - CPL","robots":{"index":"index","follow":"follow","max-snippet":"max-snippet:-1","max-image-preview":"max-image-preview:large","max-video-preview":"max-video-preview:-1"},"canonical":"https:\/\/www.cpl.es\/producto\/la-palabra-que-salva-anunciar-el-misterio-pascual-9788491653141\/","og_locale":"ca_ES","og_type":"article","og_title":"La Palabra que salva. Anunciar el Misterio Pascual - CPL","og_description":"Vaquero Rojo, Tirso","og_url":"https:\/\/www.cpl.es\/producto\/la-palabra-que-salva-anunciar-el-misterio-pascual-9788491653141\/","og_site_name":"CPL","article_modified_time":"2025-10-03T09:09:20+00:00","og_image":[{"width":280,"height":443,"url":"https:\/\/www.cpl.es\/wp-content\/uploads\/9788491653141-1.jpg","type":"image\/jpeg"}],"twitter_card":"summary_large_image","twitter_misc":{"Temps estimat de lectura":"2 minuts"},"schema":{"@context":"https:\/\/schema.org","@graph":[{"@type":"WebPage","@id":"https:\/\/www.cpl.es\/producto\/la-palabra-que-salva-anunciar-el-misterio-pascual-9788491653141\/","url":"https:\/\/www.cpl.es\/producto\/la-palabra-que-salva-anunciar-el-misterio-pascual-9788491653141\/","name":"La Palabra que salva. Anunciar el Misterio Pascual - CPL","isPartOf":{"@id":"https:\/\/www.cpl.es\/#website"},"primaryImageOfPage":{"@id":"https:\/\/www.cpl.es\/producto\/la-palabra-que-salva-anunciar-el-misterio-pascual-9788491653141\/#primaryimage"},"image":{"@id":"https:\/\/www.cpl.es\/producto\/la-palabra-que-salva-anunciar-el-misterio-pascual-9788491653141\/#primaryimage"},"thumbnailUrl":"https:\/\/www.cpl.es\/wp-content\/uploads\/9788491653141-1.jpg","datePublished":"2023-10-04T06:40:43+00:00","dateModified":"2025-10-03T09:09:20+00:00","breadcrumb":{"@id":"https:\/\/www.cpl.es\/producto\/la-palabra-que-salva-anunciar-el-misterio-pascual-9788491653141\/#breadcrumb"},"inLanguage":"ca","potentialAction":[{"@type":"ReadAction","target":["https:\/\/www.cpl.es\/producto\/la-palabra-que-salva-anunciar-el-misterio-pascual-9788491653141\/"]}]},{"@type":"ImageObject","inLanguage":"ca","@id":"https:\/\/www.cpl.es\/producto\/la-palabra-que-salva-anunciar-el-misterio-pascual-9788491653141\/#primaryimage","url":"https:\/\/www.cpl.es\/wp-content\/uploads\/9788491653141-1.jpg","contentUrl":"https:\/\/www.cpl.es\/wp-content\/uploads\/9788491653141-1.jpg","width":280,"height":443,"caption":"9788491653141.jpg"},{"@type":"BreadcrumbList","@id":"https:\/\/www.cpl.es\/producto\/la-palabra-que-salva-anunciar-el-misterio-pascual-9788491653141\/#breadcrumb","itemListElement":[{"@type":"ListItem","position":1,"name":"Portada","item":"https:\/\/www.cpl.es\/ca\/"},{"@type":"ListItem","position":2,"name":"Cat\u00e0leg","item":"https:\/\/www.cpl.es\/ca\/cataleg\/"},{"@type":"ListItem","position":3,"name":"La Palabra que salva. Anunciar el Misterio Pascual"}]},{"@type":"WebSite","@id":"https:\/\/www.cpl.es\/#website","url":"https:\/\/www.cpl.es\/","name":"CPL","description":"Centre de Pastoral Lit\u00fargica de Barcelona","publisher":{"@id":"https:\/\/www.cpl.es\/#organization"},"alternateName":"Centre de Pastoral Lit\u00fargica","potentialAction":[{"@type":"SearchAction","target":{"@type":"EntryPoint","urlTemplate":"https:\/\/www.cpl.es\/?s={search_term_string}"},"query-input":{"@type":"PropertyValueSpecification","valueRequired":true,"valueName":"search_term_string"}}],"inLanguage":"ca"},{"@type":"Organization","@id":"https:\/\/www.cpl.es\/#organization","name":"Centre de Pastoral Lit\u00fargica","alternateName":"Centre de Pastoral Lit\u00fargica de Barcelona","url":"https:\/\/www.cpl.es\/","logo":{"@type":"ImageObject","inLanguage":"ca","@id":"https:\/\/www.cpl.es\/#\/schema\/logo\/image\/","url":"https:\/\/www.cpl.es\/wp-content\/uploads\/logo-cpl.svg","contentUrl":"https:\/\/www.cpl.es\/wp-content\/uploads\/logo-cpl.svg","caption":"Centre de Pastoral Lit\u00fargica"},"image":{"@id":"https:\/\/www.cpl.es\/#\/schema\/logo\/image\/"}}]}},"_links":{"self":[{"href":"https:\/\/www.cpl.es\/ca\/wp-json\/wp\/v2\/product\/6360","targetHints":{"allow":["GET"]}}],"collection":[{"href":"https:\/\/www.cpl.es\/ca\/wp-json\/wp\/v2\/product"}],"about":[{"href":"https:\/\/www.cpl.es\/ca\/wp-json\/wp\/v2\/types\/product"}],"wp:featuredmedia":[{"embeddable":true,"href":"https:\/\/www.cpl.es\/ca\/wp-json\/wp\/v2\/media\/19466"}],"wp:attachment":[{"href":"https:\/\/www.cpl.es\/ca\/wp-json\/wp\/v2\/media?parent=6360"}],"wp:term":[{"taxonomy":"product_brand","embeddable":true,"href":"https:\/\/www.cpl.es\/ca\/wp-json\/wp\/v2\/product_brand?post=6360"},{"taxonomy":"product_cat","embeddable":true,"href":"https:\/\/www.cpl.es\/ca\/wp-json\/wp\/v2\/product_cat?post=6360"},{"taxonomy":"product_tag","embeddable":true,"href":"https:\/\/www.cpl.es\/ca\/wp-json\/wp\/v2\/product_tag?post=6360"}],"curies":[{"name":"wp","href":"https:\/\/api.w.org\/{rel}","templated":true}]}}

<p> El corazón de la Liturgia y de los sacramentos cristianos no es el rito sino la palabra de Dios: siempre es esta la palabra que en ellos acontece, pero siempre acontece bajo la forma ritual. En la introducción al Leccionario de la misa se nos dice claramente: &#8216;La Iglesia crece y se construye al escuchar la palabra de Dios y los prodigios que en muchas formas Dios realizó en la historia de la salvación. Estos se hacen presentes de nuevo en los signos de la celebración litúrgica de un modo misterioso pero real. Dios, a su vez, se vale de la comunidad de los fieles, que celebra la Liturgia, para que se propague y sea conocida su palabra, y su nombre sea alabado por todas las naciones'. El papa Francisco nos habla en su Exhortación Apostólica Evangelii gaudium sobre el papel evangelizador que tiene la Homilía, especialmente en el contexto de la asamblea eucarística: supera a toda catequesis por ser el momento más alto del diálogo entre Dios y su pueblo, antes de la comunión sacramental. La Homilía es un retomar ese diálogo que ya está entablado entre Dios y su pueblo, y debe darle fervor y sentido a la celebración. Debe ser breve, de lo contrario afectaría a dos características de la celebración litúrgica: la armonía entre sus partes y el ritmo. Esta ha sido mi intención al elaborar cuidadosamente cada una de estas Homilías Litúrgicas.  Tirso Vaquero Rojo nace en Langayo (Valladolid) en febrero de 1937. Cursa Humanidades en Alcalá de Henares: Latín, Griego, Hebreo, Francés. Estudia los cursos de Filosofía y de Sagrada Teología en el Seminario Conciliar de Madrid (1952-1959). Cursa 3 años en el Instituto de Pastoral Litúrgica de Madrid, dependiente de la Universidad Pontificia de Salamanca (cursos 1966-67-68). Hace Licenciatura de Teología en la Universidad Pontificia de Comillas (años 1968-1969).</p>

Rústica

<!-- This site is optimized with the Yoast SEO plugin v27.3 - https://yoast.com/product/yoast-seo-wordpress/ -->
<title>La Palabra que salva. Anunciar el Misterio Pascual - CPL</title>
<meta name="robots" content="index, follow, max-snippet:-1, max-image-preview:large, max-video-preview:-1" />
<link rel="canonical" href="https://www.cpl.es/producto/la-palabra-que-salva-anunciar-el-misterio-pascual-9788491653141/" />
<meta property="og:locale" content="ca_ES" />
<meta property="og:type" content="article" />
<meta property="og:title" content="La Palabra que salva. Anunciar el Misterio Pascual - CPL" />
<meta property="og:description" content="Vaquero Rojo, Tirso" />
<meta property="og:url" content="https://www.cpl.es/producto/la-palabra-que-salva-anunciar-el-misterio-pascual-9788491653141/" />
<meta property="og:site_name" content="CPL" />
<meta property="article:modified_time" content="2025-10-03T09:09:20+00:00" />
<meta property="og:image" content="https://www.cpl.es/wp-content/uploads/9788491653141-1.jpg" />
	<meta property="og:image:width" content="280" />
	<meta property="og:image:height" content="443" />
	<meta property="og:image:type" content="image/jpeg" />
<meta name="twitter:card" content="summary_large_image" />
<meta name="twitter:label1" content="Temps estimat de lectura" />
	<meta name="twitter:data1" content="2 minuts" />
<script type="application/ld+json" class="yoast-schema-graph">{"@context":"https:\/\/schema.org","@graph":[{"@type":"WebPage","@id":"https:\/\/www.cpl.es\/producto\/la-palabra-que-salva-anunciar-el-misterio-pascual-9788491653141\/","url":"https:\/\/www.cpl.es\/producto\/la-palabra-que-salva-anunciar-el-misterio-pascual-9788491653141\/","name":"La Palabra que salva. Anunciar el Misterio Pascual - CPL","isPartOf":{"@id":"https:\/\/www.cpl.es\/#website"},"primaryImageOfPage":{"@id":"https:\/\/www.cpl.es\/producto\/la-palabra-que-salva-anunciar-el-misterio-pascual-9788491653141\/#primaryimage"},"image":{"@id":"https:\/\/www.cpl.es\/producto\/la-palabra-que-salva-anunciar-el-misterio-pascual-9788491653141\/#primaryimage"},"thumbnailUrl":"https:\/\/www.cpl.es\/wp-content\/uploads\/9788491653141-1.jpg","datePublished":"2023-10-04T06:40:43+00:00","dateModified":"2025-10-03T09:09:20+00:00","breadcrumb":{"@id":"https:\/\/www.cpl.es\/producto\/la-palabra-que-salva-anunciar-el-misterio-pascual-9788491653141\/#breadcrumb"},"inLanguage":"ca","potentialAction":[{"@type":"ReadAction","target":["https:\/\/www.cpl.es\/producto\/la-palabra-que-salva-anunciar-el-misterio-pascual-9788491653141\/"]}]},{"@type":"ImageObject","inLanguage":"ca","@id":"https:\/\/www.cpl.es\/producto\/la-palabra-que-salva-anunciar-el-misterio-pascual-9788491653141\/#primaryimage","url":"https:\/\/www.cpl.es\/wp-content\/uploads\/9788491653141-1.jpg","contentUrl":"https:\/\/www.cpl.es\/wp-content\/uploads\/9788491653141-1.jpg","width":280,"height":443,"caption":"9788491653141.jpg"},{"@type":"BreadcrumbList","@id":"https:\/\/www.cpl.es\/producto\/la-palabra-que-salva-anunciar-el-misterio-pascual-9788491653141\/#breadcrumb","itemListElement":[{"@type":"ListItem","position":1,"name":"Portada","item":"https:\/\/www.cpl.es\/ca\/"},{"@type":"ListItem","position":2,"name":"Catàleg","item":"https:\/\/www.cpl.es\/ca\/cataleg\/"},{"@type":"ListItem","position":3,"name":"La Palabra que salva. Anunciar el Misterio Pascual"}]},{"@type":"WebSite","@id":"https:\/\/www.cpl.es\/#website","url":"https:\/\/www.cpl.es\/","name":"CPL","description":"Centre de Pastoral Litúrgica de Barcelona","publisher":{"@id":"https:\/\/www.cpl.es\/#organization"},"alternateName":"Centre de Pastoral Litúrgica","potentialAction":[{"@type":"SearchAction","target":{"@type":"EntryPoint","urlTemplate":"https:\/\/www.cpl.es\/?s={search_term_string}"},"query-input":{"@type":"PropertyValueSpecification","valueRequired":true,"valueName":"search_term_string"}}],"inLanguage":"ca"},{"@type":"Organization","@id":"https:\/\/www.cpl.es\/#organization","name":"Centre de Pastoral Litúrgica","alternateName":"Centre de Pastoral Litúrgica de Barcelona","url":"https:\/\/www.cpl.es\/","logo":{"@type":"ImageObject","inLanguage":"ca","@id":"https:\/\/www.cpl.es\/#\/schema\/logo\/image\/","url":"https:\/\/www.cpl.es\/wp-content\/uploads\/logo-cpl.svg","contentUrl":"https:\/\/www.cpl.es\/wp-content\/uploads\/logo-cpl.svg","caption":"Centre de Pastoral Litúrgica"},"image":{"@id":"https:\/\/www.cpl.es\/#\/schema\/logo\/image\/"}}]}</script>
<!-- / Yoast SEO plugin. -->

Catàleg

Centre de Pastoral Litúrgica de Barcelona

Centre de Pastoral Litúrgica
