{"id":629,"date":"2023-10-04T00:45:23","date_gmt":"2023-10-03T22:45:23","guid":{"rendered":"https:\/\/nuevaweb.cpl.es\/producto\/san-odon-obispo-de-urgell-9788491655541\/"},"modified":"2026-02-12T17:28:29","modified_gmt":"2026-02-12T16:28:29","slug":"san-odon-obispo-de-urgell-9788491655541","status":"publish","type":"product","link":"https:\/\/www.cpl.es\/ca\/producto\/san-odon-obispo-de-urgell-9788491655541\/","title":{"rendered":"San Od\u00f3n, obispo de Urgell"},"content":{"rendered":"<p> Od\u00f3n, hijo de Artau y Ll\u00facia, condes del Pallars, naci\u00f3 en la segunda mitad del siglo XI. En el a\u00f1o 1087 aparece como arcediano de Urgell. Y ya es obispo electo de Urgell el 9 de agosto de 1095. Gobern\u00f3 con gran celo la Iglesia de Urgell dentro de la l\u00ednea de la reforma gregoriana. Fue celoso de la tregua de Dios y favoreci\u00f3 la creaci\u00f3n de cofrad\u00edas y hermandades en las iglesias. Hizo una proclama a todos los fieles del obispado, para construir una catedral nueva, que es la actual. Socorri\u00f3 a los pobres y necesitados. Muri\u00f3 el 30 de junio de 1123. Fiesta: 7 de julio<\/p>\n","protected":false},"excerpt":{"rendered":"<p>Marqu\u00e8s Sala, Benigne<\/p>\n","protected":false},"featured_media":630,"template":"","meta":{"_acf_changed":false,"inline_featured_image":false},"product_brand":[],"product_cat":[53,70],"product_tag":[],"class_list":{"0":"post-629","1":"product","2":"type-product","3":"status-publish","4":"has-post-thumbnail","6":"product_cat-santos-y-santas","7":"product_cat-sants-i-santes","9":"first","10":"instock","11":"taxable","12":"shipping-taxable","13":"purchasable","14":"product-type-simple"},"acf":{"autor":"Marqu\u00e8s Sala, Benigne","codart":"112291","ediciones":"1","encuadernacion":"Grapado","fecha_de_publicacion":"15\/03\/2023","novedad":false,"paginas":"32","subtitulo":"","orden":"70","portada":false,"idioma":"spa","editorial":[{"ID":6736,"post_author":"2","post_date":"2023-10-06 08:35:24","post_date_gmt":"2023-10-06 06:35:24","post_content":"","post_title":"CPL","post_excerpt":"","post_status":"publish","comment_status":"closed","ping_status":"closed","post_password":"","post_name":"cpl","to_ping":"","pinged":"","post_modified":"2023-10-06 08:35:24","post_modified_gmt":"2023-10-06 06:35:24","post_content_filtered":"","post_parent":0,"guid":"https:\/\/nuevaweb.cpl.es\/editorial\/cpl\/","menu_order":0,"post_type":"editorial","post_mime_type":"","comment_count":"0","filter":"raw"}],"coleccion_num":"291"},"yoast_head":"<!-- This site is optimized with the Yoast SEO plugin v27.3 - https:\/\/yoast.com\/product\/yoast-seo-wordpress\/ -->\n<title>San Od\u00f3n, obispo de Urgell - CPL<\/title>\n<meta name=\"robots\" content=\"index, follow, max-snippet:-1, max-image-preview:large, max-video-preview:-1\" \/>\n<link rel=\"canonical\" href=\"https:\/\/www.cpl.es\/producto\/san-odon-obispo-de-urgell-9788491655541\/\" \/>\n<meta property=\"og:locale\" content=\"ca_ES\" \/>\n<meta property=\"og:type\" content=\"article\" \/>\n<meta property=\"og:title\" content=\"San Od\u00f3n, obispo de Urgell - CPL\" \/>\n<meta property=\"og:description\" content=\"Marqu\u00e8s Sala, Benigne\" \/>\n<meta property=\"og:url\" content=\"https:\/\/www.cpl.es\/producto\/san-odon-obispo-de-urgell-9788491655541\/\" \/>\n<meta property=\"og:site_name\" content=\"CPL\" \/>\n<meta property=\"article:modified_time\" content=\"2026-02-12T16:28:29+00:00\" \/>\n<meta property=\"og:image\" content=\"https:\/\/www.cpl.es\/wp-content\/uploads\/112291.jpg\" \/>\n\t<meta property=\"og:image:width\" content=\"280\" \/>\n\t<meta property=\"og:image:height\" content=\"443\" \/>\n\t<meta property=\"og:image:type\" content=\"image\/jpeg\" \/>\n<meta name=\"twitter:card\" content=\"summary_large_image\" \/>\n<meta name=\"twitter:label1\" content=\"Temps estimat de lectura\" \/>\n\t<meta name=\"twitter:data1\" content=\"1 minut\" \/>\n<script type=\"application\/ld+json\" class=\"yoast-schema-graph\">{\"@context\":\"https:\\\/\\\/schema.org\",\"@graph\":[{\"@type\":\"WebPage\",\"@id\":\"https:\\\/\\\/www.cpl.es\\\/producto\\\/san-odon-obispo-de-urgell-9788491655541\\\/\",\"url\":\"https:\\\/\\\/www.cpl.es\\\/producto\\\/san-odon-obispo-de-urgell-9788491655541\\\/\",\"name\":\"San Od\u00f3n, obispo de Urgell - CPL\",\"isPartOf\":{\"@id\":\"https:\\\/\\\/www.cpl.es\\\/#website\"},\"primaryImageOfPage\":{\"@id\":\"https:\\\/\\\/www.cpl.es\\\/producto\\\/san-odon-obispo-de-urgell-9788491655541\\\/#primaryimage\"},\"image\":{\"@id\":\"https:\\\/\\\/www.cpl.es\\\/producto\\\/san-odon-obispo-de-urgell-9788491655541\\\/#primaryimage\"},\"thumbnailUrl\":\"https:\\\/\\\/www.cpl.es\\\/wp-content\\\/uploads\\\/112291.jpg\",\"datePublished\":\"2023-10-03T22:45:23+00:00\",\"dateModified\":\"2026-02-12T16:28:29+00:00\",\"breadcrumb\":{\"@id\":\"https:\\\/\\\/www.cpl.es\\\/producto\\\/san-odon-obispo-de-urgell-9788491655541\\\/#breadcrumb\"},\"inLanguage\":\"ca\",\"potentialAction\":[{\"@type\":\"ReadAction\",\"target\":[\"https:\\\/\\\/www.cpl.es\\\/producto\\\/san-odon-obispo-de-urgell-9788491655541\\\/\"]}]},{\"@type\":\"ImageObject\",\"inLanguage\":\"ca\",\"@id\":\"https:\\\/\\\/www.cpl.es\\\/producto\\\/san-odon-obispo-de-urgell-9788491655541\\\/#primaryimage\",\"url\":\"https:\\\/\\\/www.cpl.es\\\/wp-content\\\/uploads\\\/112291.jpg\",\"contentUrl\":\"https:\\\/\\\/www.cpl.es\\\/wp-content\\\/uploads\\\/112291.jpg\",\"width\":280,\"height\":443,\"caption\":\"112291.jpg\"},{\"@type\":\"BreadcrumbList\",\"@id\":\"https:\\\/\\\/www.cpl.es\\\/producto\\\/san-odon-obispo-de-urgell-9788491655541\\\/#breadcrumb\",\"itemListElement\":[{\"@type\":\"ListItem\",\"position\":1,\"name\":\"Portada\",\"item\":\"https:\\\/\\\/www.cpl.es\\\/ca\\\/\"},{\"@type\":\"ListItem\",\"position\":2,\"name\":\"Cat\u00e0leg\",\"item\":\"https:\\\/\\\/www.cpl.es\\\/ca\\\/cataleg\\\/\"},{\"@type\":\"ListItem\",\"position\":3,\"name\":\"San Od\u00f3n, obispo de Urgell\"}]},{\"@type\":\"WebSite\",\"@id\":\"https:\\\/\\\/www.cpl.es\\\/#website\",\"url\":\"https:\\\/\\\/www.cpl.es\\\/\",\"name\":\"CPL\",\"description\":\"Centre de Pastoral Lit\u00fargica de Barcelona\",\"publisher\":{\"@id\":\"https:\\\/\\\/www.cpl.es\\\/#organization\"},\"alternateName\":\"Centre de Pastoral Lit\u00fargica\",\"potentialAction\":[{\"@type\":\"SearchAction\",\"target\":{\"@type\":\"EntryPoint\",\"urlTemplate\":\"https:\\\/\\\/www.cpl.es\\\/?s={search_term_string}\"},\"query-input\":{\"@type\":\"PropertyValueSpecification\",\"valueRequired\":true,\"valueName\":\"search_term_string\"}}],\"inLanguage\":\"ca\"},{\"@type\":\"Organization\",\"@id\":\"https:\\\/\\\/www.cpl.es\\\/#organization\",\"name\":\"Centre de Pastoral Lit\u00fargica\",\"alternateName\":\"Centre de Pastoral Lit\u00fargica de Barcelona\",\"url\":\"https:\\\/\\\/www.cpl.es\\\/\",\"logo\":{\"@type\":\"ImageObject\",\"inLanguage\":\"ca\",\"@id\":\"https:\\\/\\\/www.cpl.es\\\/#\\\/schema\\\/logo\\\/image\\\/\",\"url\":\"https:\\\/\\\/www.cpl.es\\\/wp-content\\\/uploads\\\/logo-cpl.svg\",\"contentUrl\":\"https:\\\/\\\/www.cpl.es\\\/wp-content\\\/uploads\\\/logo-cpl.svg\",\"caption\":\"Centre de Pastoral Lit\u00fargica\"},\"image\":{\"@id\":\"https:\\\/\\\/www.cpl.es\\\/#\\\/schema\\\/logo\\\/image\\\/\"}}]}<\/script>\n<!-- \/ Yoast SEO plugin. -->","yoast_head_json":{"title":"San Od\u00f3n, obispo de Urgell - CPL","robots":{"index":"index","follow":"follow","max-snippet":"max-snippet:-1","max-image-preview":"max-image-preview:large","max-video-preview":"max-video-preview:-1"},"canonical":"https:\/\/www.cpl.es\/producto\/san-odon-obispo-de-urgell-9788491655541\/","og_locale":"ca_ES","og_type":"article","og_title":"San Od\u00f3n, obispo de Urgell - CPL","og_description":"Marqu\u00e8s Sala, Benigne","og_url":"https:\/\/www.cpl.es\/producto\/san-odon-obispo-de-urgell-9788491655541\/","og_site_name":"CPL","article_modified_time":"2026-02-12T16:28:29+00:00","og_image":[{"width":280,"height":443,"url":"https:\/\/www.cpl.es\/wp-content\/uploads\/112291.jpg","type":"image\/jpeg"}],"twitter_card":"summary_large_image","twitter_misc":{"Temps estimat de lectura":"1 minut"},"schema":{"@context":"https:\/\/schema.org","@graph":[{"@type":"WebPage","@id":"https:\/\/www.cpl.es\/producto\/san-odon-obispo-de-urgell-9788491655541\/","url":"https:\/\/www.cpl.es\/producto\/san-odon-obispo-de-urgell-9788491655541\/","name":"San Od\u00f3n, obispo de Urgell - CPL","isPartOf":{"@id":"https:\/\/www.cpl.es\/#website"},"primaryImageOfPage":{"@id":"https:\/\/www.cpl.es\/producto\/san-odon-obispo-de-urgell-9788491655541\/#primaryimage"},"image":{"@id":"https:\/\/www.cpl.es\/producto\/san-odon-obispo-de-urgell-9788491655541\/#primaryimage"},"thumbnailUrl":"https:\/\/www.cpl.es\/wp-content\/uploads\/112291.jpg","datePublished":"2023-10-03T22:45:23+00:00","dateModified":"2026-02-12T16:28:29+00:00","breadcrumb":{"@id":"https:\/\/www.cpl.es\/producto\/san-odon-obispo-de-urgell-9788491655541\/#breadcrumb"},"inLanguage":"ca","potentialAction":[{"@type":"ReadAction","target":["https:\/\/www.cpl.es\/producto\/san-odon-obispo-de-urgell-9788491655541\/"]}]},{"@type":"ImageObject","inLanguage":"ca","@id":"https:\/\/www.cpl.es\/producto\/san-odon-obispo-de-urgell-9788491655541\/#primaryimage","url":"https:\/\/www.cpl.es\/wp-content\/uploads\/112291.jpg","contentUrl":"https:\/\/www.cpl.es\/wp-content\/uploads\/112291.jpg","width":280,"height":443,"caption":"112291.jpg"},{"@type":"BreadcrumbList","@id":"https:\/\/www.cpl.es\/producto\/san-odon-obispo-de-urgell-9788491655541\/#breadcrumb","itemListElement":[{"@type":"ListItem","position":1,"name":"Portada","item":"https:\/\/www.cpl.es\/ca\/"},{"@type":"ListItem","position":2,"name":"Cat\u00e0leg","item":"https:\/\/www.cpl.es\/ca\/cataleg\/"},{"@type":"ListItem","position":3,"name":"San Od\u00f3n, obispo de Urgell"}]},{"@type":"WebSite","@id":"https:\/\/www.cpl.es\/#website","url":"https:\/\/www.cpl.es\/","name":"CPL","description":"Centre de Pastoral Lit\u00fargica de Barcelona","publisher":{"@id":"https:\/\/www.cpl.es\/#organization"},"alternateName":"Centre de Pastoral Lit\u00fargica","potentialAction":[{"@type":"SearchAction","target":{"@type":"EntryPoint","urlTemplate":"https:\/\/www.cpl.es\/?s={search_term_string}"},"query-input":{"@type":"PropertyValueSpecification","valueRequired":true,"valueName":"search_term_string"}}],"inLanguage":"ca"},{"@type":"Organization","@id":"https:\/\/www.cpl.es\/#organization","name":"Centre de Pastoral Lit\u00fargica","alternateName":"Centre de Pastoral Lit\u00fargica de Barcelona","url":"https:\/\/www.cpl.es\/","logo":{"@type":"ImageObject","inLanguage":"ca","@id":"https:\/\/www.cpl.es\/#\/schema\/logo\/image\/","url":"https:\/\/www.cpl.es\/wp-content\/uploads\/logo-cpl.svg","contentUrl":"https:\/\/www.cpl.es\/wp-content\/uploads\/logo-cpl.svg","caption":"Centre de Pastoral Lit\u00fargica"},"image":{"@id":"https:\/\/www.cpl.es\/#\/schema\/logo\/image\/"}}]}},"_links":{"self":[{"href":"https:\/\/www.cpl.es\/ca\/wp-json\/wp\/v2\/product\/629","targetHints":{"allow":["GET"]}}],"collection":[{"href":"https:\/\/www.cpl.es\/ca\/wp-json\/wp\/v2\/product"}],"about":[{"href":"https:\/\/www.cpl.es\/ca\/wp-json\/wp\/v2\/types\/product"}],"wp:featuredmedia":[{"embeddable":true,"href":"https:\/\/www.cpl.es\/ca\/wp-json\/wp\/v2\/media\/630"}],"wp:attachment":[{"href":"https:\/\/www.cpl.es\/ca\/wp-json\/wp\/v2\/media?parent=629"}],"wp:term":[{"taxonomy":"product_brand","embeddable":true,"href":"https:\/\/www.cpl.es\/ca\/wp-json\/wp\/v2\/product_brand?post=629"},{"taxonomy":"product_cat","embeddable":true,"href":"https:\/\/www.cpl.es\/ca\/wp-json\/wp\/v2\/product_cat?post=629"},{"taxonomy":"product_tag","embeddable":true,"href":"https:\/\/www.cpl.es\/ca\/wp-json\/wp\/v2\/product_tag?post=629"}],"curies":[{"name":"wp","href":"https:\/\/api.w.org\/{rel}","templated":true}]}}

San Odón, obispo de Urgell

<p> Odón, hijo de Artau y Llúcia, condes del Pallars, nació en la segunda mitad del siglo XI. En el año 1087 aparece como arcediano de Urgell. Y ya es obispo electo de Urgell el 9 de agosto de 1095. Gobernó con gran celo la Iglesia de Urgell dentro de la línea de la reforma gregoriana. Fue celoso de la tregua de Dios y favoreció la creación de cofradías y hermandades en las iglesias. Hizo una proclama a todos los fieles del obispado, para construir una catedral nueva, que es la actual. Socorrió a los pobres y necesitados. Murió el 30 de junio de 1123. Fiesta: 7 de julio</p>

<p>Marquès Sala, Benigne</p>

Marquès Sala, Benigne

<!-- This site is optimized with the Yoast SEO plugin v27.3 - https://yoast.com/product/yoast-seo-wordpress/ -->
<title>San Odón, obispo de Urgell - CPL</title>
<meta name="robots" content="index, follow, max-snippet:-1, max-image-preview:large, max-video-preview:-1" />
<link rel="canonical" href="https://www.cpl.es/producto/san-odon-obispo-de-urgell-9788491655541/" />
<meta property="og:locale" content="ca_ES" />
<meta property="og:type" content="article" />
<meta property="og:title" content="San Odón, obispo de Urgell - CPL" />
<meta property="og:description" content="Marquès Sala, Benigne" />
<meta property="og:url" content="https://www.cpl.es/producto/san-odon-obispo-de-urgell-9788491655541/" />
<meta property="og:site_name" content="CPL" />
<meta property="article:modified_time" content="2026-02-12T16:28:29+00:00" />
<meta property="og:image" content="https://www.cpl.es/wp-content/uploads/112291.jpg" />
	<meta property="og:image:width" content="280" />
	<meta property="og:image:height" content="443" />
	<meta property="og:image:type" content="image/jpeg" />
<meta name="twitter:card" content="summary_large_image" />
<meta name="twitter:label1" content="Temps estimat de lectura" />
	<meta name="twitter:data1" content="1 minut" />
<script type="application/ld+json" class="yoast-schema-graph">{"@context":"https:\/\/schema.org","@graph":[{"@type":"WebPage","@id":"https:\/\/www.cpl.es\/producto\/san-odon-obispo-de-urgell-9788491655541\/","url":"https:\/\/www.cpl.es\/producto\/san-odon-obispo-de-urgell-9788491655541\/","name":"San Odón, obispo de Urgell - CPL","isPartOf":{"@id":"https:\/\/www.cpl.es\/#website"},"primaryImageOfPage":{"@id":"https:\/\/www.cpl.es\/producto\/san-odon-obispo-de-urgell-9788491655541\/#primaryimage"},"image":{"@id":"https:\/\/www.cpl.es\/producto\/san-odon-obispo-de-urgell-9788491655541\/#primaryimage"},"thumbnailUrl":"https:\/\/www.cpl.es\/wp-content\/uploads\/112291.jpg","datePublished":"2023-10-03T22:45:23+00:00","dateModified":"2026-02-12T16:28:29+00:00","breadcrumb":{"@id":"https:\/\/www.cpl.es\/producto\/san-odon-obispo-de-urgell-9788491655541\/#breadcrumb"},"inLanguage":"ca","potentialAction":[{"@type":"ReadAction","target":["https:\/\/www.cpl.es\/producto\/san-odon-obispo-de-urgell-9788491655541\/"]}]},{"@type":"ImageObject","inLanguage":"ca","@id":"https:\/\/www.cpl.es\/producto\/san-odon-obispo-de-urgell-9788491655541\/#primaryimage","url":"https:\/\/www.cpl.es\/wp-content\/uploads\/112291.jpg","contentUrl":"https:\/\/www.cpl.es\/wp-content\/uploads\/112291.jpg","width":280,"height":443,"caption":"112291.jpg"},{"@type":"BreadcrumbList","@id":"https:\/\/www.cpl.es\/producto\/san-odon-obispo-de-urgell-9788491655541\/#breadcrumb","itemListElement":[{"@type":"ListItem","position":1,"name":"Portada","item":"https:\/\/www.cpl.es\/ca\/"},{"@type":"ListItem","position":2,"name":"Catàleg","item":"https:\/\/www.cpl.es\/ca\/cataleg\/"},{"@type":"ListItem","position":3,"name":"San Odón, obispo de Urgell"}]},{"@type":"WebSite","@id":"https:\/\/www.cpl.es\/#website","url":"https:\/\/www.cpl.es\/","name":"CPL","description":"Centre de Pastoral Litúrgica de Barcelona","publisher":{"@id":"https:\/\/www.cpl.es\/#organization"},"alternateName":"Centre de Pastoral Litúrgica","potentialAction":[{"@type":"SearchAction","target":{"@type":"EntryPoint","urlTemplate":"https:\/\/www.cpl.es\/?s={search_term_string}"},"query-input":{"@type":"PropertyValueSpecification","valueRequired":true,"valueName":"search_term_string"}}],"inLanguage":"ca"},{"@type":"Organization","@id":"https:\/\/www.cpl.es\/#organization","name":"Centre de Pastoral Litúrgica","alternateName":"Centre de Pastoral Litúrgica de Barcelona","url":"https:\/\/www.cpl.es\/","logo":{"@type":"ImageObject","inLanguage":"ca","@id":"https:\/\/www.cpl.es\/#\/schema\/logo\/image\/","url":"https:\/\/www.cpl.es\/wp-content\/uploads\/logo-cpl.svg","contentUrl":"https:\/\/www.cpl.es\/wp-content\/uploads\/logo-cpl.svg","caption":"Centre de Pastoral Litúrgica"},"image":{"@id":"https:\/\/www.cpl.es\/#\/schema\/logo\/image\/"}}]}</script>
<!-- / Yoast SEO plugin. -->

San Odón, obispo de Urgell - CPL

Catàleg

Centre de Pastoral Litúrgica de Barcelona

Centre de Pastoral Litúrgica
