{"id":614,"date":"2023-10-04T00:44:54","date_gmt":"2023-10-03T22:44:54","guid":{"rendered":"https:\/\/nuevaweb.cpl.es\/producto\/diccionari-biblic-per-a-les-families-i-els-infants-9788491655428\/"},"modified":"2025-10-03T11:14:38","modified_gmt":"2025-10-03T09:14:38","slug":"diccionari-biblic-per-a-les-families-i-els-infants-9788491655428","status":"publish","type":"product","link":"https:\/\/www.cpl.es\/ca\/producto\/diccionari-biblic-per-a-les-families-i-els-infants-9788491655428\/","title":{"rendered":"Diccionari B\u00edblic, per a les fam\u00edlies i els infants"},"content":{"rendered":"<p> Transporta\u2019t a l\u2019\u00e8poca de la B\u00edblia i descobreix el m\u00f3n de les hist\u00f2ries b\u00edbliques. En aquest llibre s\u2019expliquen unes 1400 paraules de l\u2019Antic i del Nou Testament d\u2019una manera senzilla i entenedora. I s\u2019hi ofereixen moltes activitats, idees i reflexions al voltant de la B\u00edblia per ajudar-te a aprofundir els teus coneixements. El que volem amb aquest llibre \u00e9s el de donar-te les eines necess\u00e0ries per esbrinar i comprendre les grans hist\u00f2ries de la B\u00edblia. Tamb\u00e9 per animar-te a analitzar personalment aquestes hist\u00f2ries i compartir-les amb la gent del teu entorn. Hi trobar\u00e0s les veus d\u2019infants i adults que et descobreixen la import\u00e0ncia d\u2019aquests conceptes b\u00edblics en el m\u00f3n d\u2019avui.<\/p>\n","protected":false},"excerpt":{"rendered":"<p>Associaci\u00f3 B\u00edblica de Catalunya, Centre de Pastoral Lit\u00fargica<\/p>\n","protected":false},"featured_media":15520,"template":"","meta":{"_acf_changed":false,"inline_featured_image":false},"product_brand":[],"product_cat":[15],"product_tag":[],"class_list":{"0":"post-614","1":"product","2":"type-product","3":"status-publish","4":"has-post-thumbnail","6":"product_cat-sin-categorizar","8":"first","9":"instock","10":"taxable","11":"shipping-taxable","12":"purchasable","13":"product-type-simple"},"acf":{"autor":"Associaci\u00f3 B\u00edblica de Catalunya, Centre de Pastoral Lit\u00fargica","codart":"233014","ediciones":"1","encuadernacion":"R\u00fastica","fecha_de_publicacion":"12\/04\/2023","novedad":false,"paginas":"300","subtitulo":"","orden":"30","portada":false,"idioma":"cat","editorial":[{"ID":6736,"post_author":"2","post_date":"2023-10-06 08:35:24","post_date_gmt":"2023-10-06 06:35:24","post_content":"","post_title":"CPL","post_excerpt":"","post_status":"publish","comment_status":"closed","ping_status":"closed","post_password":"","post_name":"cpl","to_ping":"","pinged":"","post_modified":"2023-10-06 08:35:24","post_modified_gmt":"2023-10-06 06:35:24","post_content_filtered":"","post_parent":0,"guid":"https:\/\/nuevaweb.cpl.es\/editorial\/cpl\/","menu_order":0,"post_type":"editorial","post_mime_type":"","comment_count":"0","filter":"raw"}],"coleccion_num":"0"},"yoast_head":"<!-- This site is optimized with the Yoast SEO plugin v27.3 - https:\/\/yoast.com\/product\/yoast-seo-wordpress\/ -->\n<title>Diccionari B\u00edblic, per a les fam\u00edlies i els infants - CPL<\/title>\n<meta name=\"robots\" content=\"index, follow, max-snippet:-1, max-image-preview:large, max-video-preview:-1\" \/>\n<link rel=\"canonical\" href=\"https:\/\/www.cpl.es\/producto\/diccionari-biblic-per-a-les-families-i-els-infants-9788491655428\/\" \/>\n<meta property=\"og:locale\" content=\"ca_ES\" \/>\n<meta property=\"og:type\" content=\"article\" \/>\n<meta property=\"og:title\" content=\"Diccionari B\u00edblic, per a les fam\u00edlies i els infants - CPL\" \/>\n<meta property=\"og:description\" content=\"Associaci\u00f3 B\u00edblica de Catalunya, Centre de Pastoral Lit\u00fargica\" \/>\n<meta property=\"og:url\" content=\"https:\/\/www.cpl.es\/producto\/diccionari-biblic-per-a-les-families-i-els-infants-9788491655428\/\" \/>\n<meta property=\"og:site_name\" content=\"CPL\" \/>\n<meta property=\"article:modified_time\" content=\"2025-10-03T09:14:38+00:00\" \/>\n<meta property=\"og:image\" content=\"https:\/\/www.cpl.es\/wp-content\/uploads\/233014-1.jpg\" \/>\n\t<meta property=\"og:image:width\" content=\"280\" \/>\n\t<meta property=\"og:image:height\" content=\"443\" \/>\n\t<meta property=\"og:image:type\" content=\"image\/jpeg\" \/>\n<meta name=\"twitter:card\" content=\"summary_large_image\" \/>\n<meta name=\"twitter:label1\" content=\"Temps estimat de lectura\" \/>\n\t<meta name=\"twitter:data1\" content=\"1 minut\" \/>\n<script type=\"application\/ld+json\" class=\"yoast-schema-graph\">{\"@context\":\"https:\\\/\\\/schema.org\",\"@graph\":[{\"@type\":\"WebPage\",\"@id\":\"https:\\\/\\\/www.cpl.es\\\/producto\\\/diccionari-biblic-per-a-les-families-i-els-infants-9788491655428\\\/\",\"url\":\"https:\\\/\\\/www.cpl.es\\\/producto\\\/diccionari-biblic-per-a-les-families-i-els-infants-9788491655428\\\/\",\"name\":\"Diccionari B\u00edblic, per a les fam\u00edlies i els infants - CPL\",\"isPartOf\":{\"@id\":\"https:\\\/\\\/www.cpl.es\\\/#website\"},\"primaryImageOfPage\":{\"@id\":\"https:\\\/\\\/www.cpl.es\\\/producto\\\/diccionari-biblic-per-a-les-families-i-els-infants-9788491655428\\\/#primaryimage\"},\"image\":{\"@id\":\"https:\\\/\\\/www.cpl.es\\\/producto\\\/diccionari-biblic-per-a-les-families-i-els-infants-9788491655428\\\/#primaryimage\"},\"thumbnailUrl\":\"https:\\\/\\\/www.cpl.es\\\/wp-content\\\/uploads\\\/233014-1.jpg\",\"datePublished\":\"2023-10-03T22:44:54+00:00\",\"dateModified\":\"2025-10-03T09:14:38+00:00\",\"breadcrumb\":{\"@id\":\"https:\\\/\\\/www.cpl.es\\\/producto\\\/diccionari-biblic-per-a-les-families-i-els-infants-9788491655428\\\/#breadcrumb\"},\"inLanguage\":\"ca\",\"potentialAction\":[{\"@type\":\"ReadAction\",\"target\":[\"https:\\\/\\\/www.cpl.es\\\/producto\\\/diccionari-biblic-per-a-les-families-i-els-infants-9788491655428\\\/\"]}]},{\"@type\":\"ImageObject\",\"inLanguage\":\"ca\",\"@id\":\"https:\\\/\\\/www.cpl.es\\\/producto\\\/diccionari-biblic-per-a-les-families-i-els-infants-9788491655428\\\/#primaryimage\",\"url\":\"https:\\\/\\\/www.cpl.es\\\/wp-content\\\/uploads\\\/233014-1.jpg\",\"contentUrl\":\"https:\\\/\\\/www.cpl.es\\\/wp-content\\\/uploads\\\/233014-1.jpg\",\"width\":280,\"height\":443,\"caption\":\"233014.jpg\"},{\"@type\":\"BreadcrumbList\",\"@id\":\"https:\\\/\\\/www.cpl.es\\\/producto\\\/diccionari-biblic-per-a-les-families-i-els-infants-9788491655428\\\/#breadcrumb\",\"itemListElement\":[{\"@type\":\"ListItem\",\"position\":1,\"name\":\"Portada\",\"item\":\"https:\\\/\\\/www.cpl.es\\\/ca\\\/\"},{\"@type\":\"ListItem\",\"position\":2,\"name\":\"Cat\u00e0leg\",\"item\":\"https:\\\/\\\/www.cpl.es\\\/ca\\\/cataleg\\\/\"},{\"@type\":\"ListItem\",\"position\":3,\"name\":\"Diccionari B\u00edblic, per a les fam\u00edlies i els infants\"}]},{\"@type\":\"WebSite\",\"@id\":\"https:\\\/\\\/www.cpl.es\\\/#website\",\"url\":\"https:\\\/\\\/www.cpl.es\\\/\",\"name\":\"CPL\",\"description\":\"Centre de Pastoral Lit\u00fargica de Barcelona\",\"publisher\":{\"@id\":\"https:\\\/\\\/www.cpl.es\\\/#organization\"},\"alternateName\":\"Centre de Pastoral Lit\u00fargica\",\"potentialAction\":[{\"@type\":\"SearchAction\",\"target\":{\"@type\":\"EntryPoint\",\"urlTemplate\":\"https:\\\/\\\/www.cpl.es\\\/?s={search_term_string}\"},\"query-input\":{\"@type\":\"PropertyValueSpecification\",\"valueRequired\":true,\"valueName\":\"search_term_string\"}}],\"inLanguage\":\"ca\"},{\"@type\":\"Organization\",\"@id\":\"https:\\\/\\\/www.cpl.es\\\/#organization\",\"name\":\"Centre de Pastoral Lit\u00fargica\",\"alternateName\":\"Centre de Pastoral Lit\u00fargica de Barcelona\",\"url\":\"https:\\\/\\\/www.cpl.es\\\/\",\"logo\":{\"@type\":\"ImageObject\",\"inLanguage\":\"ca\",\"@id\":\"https:\\\/\\\/www.cpl.es\\\/#\\\/schema\\\/logo\\\/image\\\/\",\"url\":\"https:\\\/\\\/www.cpl.es\\\/wp-content\\\/uploads\\\/logo-cpl.svg\",\"contentUrl\":\"https:\\\/\\\/www.cpl.es\\\/wp-content\\\/uploads\\\/logo-cpl.svg\",\"caption\":\"Centre de Pastoral Lit\u00fargica\"},\"image\":{\"@id\":\"https:\\\/\\\/www.cpl.es\\\/#\\\/schema\\\/logo\\\/image\\\/\"}}]}<\/script>\n<!-- \/ Yoast SEO plugin. -->","yoast_head_json":{"title":"Diccionari B\u00edblic, per a les fam\u00edlies i els infants - CPL","robots":{"index":"index","follow":"follow","max-snippet":"max-snippet:-1","max-image-preview":"max-image-preview:large","max-video-preview":"max-video-preview:-1"},"canonical":"https:\/\/www.cpl.es\/producto\/diccionari-biblic-per-a-les-families-i-els-infants-9788491655428\/","og_locale":"ca_ES","og_type":"article","og_title":"Diccionari B\u00edblic, per a les fam\u00edlies i els infants - CPL","og_description":"Associaci\u00f3 B\u00edblica de Catalunya, Centre de Pastoral Lit\u00fargica","og_url":"https:\/\/www.cpl.es\/producto\/diccionari-biblic-per-a-les-families-i-els-infants-9788491655428\/","og_site_name":"CPL","article_modified_time":"2025-10-03T09:14:38+00:00","og_image":[{"width":280,"height":443,"url":"https:\/\/www.cpl.es\/wp-content\/uploads\/233014-1.jpg","type":"image\/jpeg"}],"twitter_card":"summary_large_image","twitter_misc":{"Temps estimat de lectura":"1 minut"},"schema":{"@context":"https:\/\/schema.org","@graph":[{"@type":"WebPage","@id":"https:\/\/www.cpl.es\/producto\/diccionari-biblic-per-a-les-families-i-els-infants-9788491655428\/","url":"https:\/\/www.cpl.es\/producto\/diccionari-biblic-per-a-les-families-i-els-infants-9788491655428\/","name":"Diccionari B\u00edblic, per a les fam\u00edlies i els infants - CPL","isPartOf":{"@id":"https:\/\/www.cpl.es\/#website"},"primaryImageOfPage":{"@id":"https:\/\/www.cpl.es\/producto\/diccionari-biblic-per-a-les-families-i-els-infants-9788491655428\/#primaryimage"},"image":{"@id":"https:\/\/www.cpl.es\/producto\/diccionari-biblic-per-a-les-families-i-els-infants-9788491655428\/#primaryimage"},"thumbnailUrl":"https:\/\/www.cpl.es\/wp-content\/uploads\/233014-1.jpg","datePublished":"2023-10-03T22:44:54+00:00","dateModified":"2025-10-03T09:14:38+00:00","breadcrumb":{"@id":"https:\/\/www.cpl.es\/producto\/diccionari-biblic-per-a-les-families-i-els-infants-9788491655428\/#breadcrumb"},"inLanguage":"ca","potentialAction":[{"@type":"ReadAction","target":["https:\/\/www.cpl.es\/producto\/diccionari-biblic-per-a-les-families-i-els-infants-9788491655428\/"]}]},{"@type":"ImageObject","inLanguage":"ca","@id":"https:\/\/www.cpl.es\/producto\/diccionari-biblic-per-a-les-families-i-els-infants-9788491655428\/#primaryimage","url":"https:\/\/www.cpl.es\/wp-content\/uploads\/233014-1.jpg","contentUrl":"https:\/\/www.cpl.es\/wp-content\/uploads\/233014-1.jpg","width":280,"height":443,"caption":"233014.jpg"},{"@type":"BreadcrumbList","@id":"https:\/\/www.cpl.es\/producto\/diccionari-biblic-per-a-les-families-i-els-infants-9788491655428\/#breadcrumb","itemListElement":[{"@type":"ListItem","position":1,"name":"Portada","item":"https:\/\/www.cpl.es\/ca\/"},{"@type":"ListItem","position":2,"name":"Cat\u00e0leg","item":"https:\/\/www.cpl.es\/ca\/cataleg\/"},{"@type":"ListItem","position":3,"name":"Diccionari B\u00edblic, per a les fam\u00edlies i els infants"}]},{"@type":"WebSite","@id":"https:\/\/www.cpl.es\/#website","url":"https:\/\/www.cpl.es\/","name":"CPL","description":"Centre de Pastoral Lit\u00fargica de Barcelona","publisher":{"@id":"https:\/\/www.cpl.es\/#organization"},"alternateName":"Centre de Pastoral Lit\u00fargica","potentialAction":[{"@type":"SearchAction","target":{"@type":"EntryPoint","urlTemplate":"https:\/\/www.cpl.es\/?s={search_term_string}"},"query-input":{"@type":"PropertyValueSpecification","valueRequired":true,"valueName":"search_term_string"}}],"inLanguage":"ca"},{"@type":"Organization","@id":"https:\/\/www.cpl.es\/#organization","name":"Centre de Pastoral Lit\u00fargica","alternateName":"Centre de Pastoral Lit\u00fargica de Barcelona","url":"https:\/\/www.cpl.es\/","logo":{"@type":"ImageObject","inLanguage":"ca","@id":"https:\/\/www.cpl.es\/#\/schema\/logo\/image\/","url":"https:\/\/www.cpl.es\/wp-content\/uploads\/logo-cpl.svg","contentUrl":"https:\/\/www.cpl.es\/wp-content\/uploads\/logo-cpl.svg","caption":"Centre de Pastoral Lit\u00fargica"},"image":{"@id":"https:\/\/www.cpl.es\/#\/schema\/logo\/image\/"}}]}},"_links":{"self":[{"href":"https:\/\/www.cpl.es\/ca\/wp-json\/wp\/v2\/product\/614","targetHints":{"allow":["GET"]}}],"collection":[{"href":"https:\/\/www.cpl.es\/ca\/wp-json\/wp\/v2\/product"}],"about":[{"href":"https:\/\/www.cpl.es\/ca\/wp-json\/wp\/v2\/types\/product"}],"wp:featuredmedia":[{"embeddable":true,"href":"https:\/\/www.cpl.es\/ca\/wp-json\/wp\/v2\/media\/15520"}],"wp:attachment":[{"href":"https:\/\/www.cpl.es\/ca\/wp-json\/wp\/v2\/media?parent=614"}],"wp:term":[{"taxonomy":"product_brand","embeddable":true,"href":"https:\/\/www.cpl.es\/ca\/wp-json\/wp\/v2\/product_brand?post=614"},{"taxonomy":"product_cat","embeddable":true,"href":"https:\/\/www.cpl.es\/ca\/wp-json\/wp\/v2\/product_cat?post=614"},{"taxonomy":"product_tag","embeddable":true,"href":"https:\/\/www.cpl.es\/ca\/wp-json\/wp\/v2\/product_tag?post=614"}],"curies":[{"name":"wp","href":"https:\/\/api.w.org\/{rel}","templated":true}]}}

Diccionari Bíblic, per a les famílies i els infants

<p> Transporta’t a l’època de la Bíblia i descobreix el món de les històries bíbliques. En aquest llibre s’expliquen unes 1400 paraules de l’Antic i del Nou Testament d’una manera senzilla i entenedora. I s’hi ofereixen moltes activitats, idees i reflexions al voltant de la Bíblia per ajudar-te a aprofundir els teus coneixements. El que volem amb aquest llibre és el de donar-te les eines necessàries per esbrinar i comprendre les grans històries de la Bíblia. També per animar-te a analitzar personalment aquestes històries i compartir-les amb la gent del teu entorn. Hi trobaràs les veus d’infants i adults que et descobreixen la importància d’aquests conceptes bíblics en el món d’avui.</p>

<p>Associació Bíblica de Catalunya, Centre de Pastoral Litúrgica</p>

Associació Bíblica de Catalunya, Centre de Pastoral Litúrgica

Rústica

<!-- This site is optimized with the Yoast SEO plugin v27.3 - https://yoast.com/product/yoast-seo-wordpress/ -->
<title>Diccionari Bíblic, per a les famílies i els infants - CPL</title>
<meta name="robots" content="index, follow, max-snippet:-1, max-image-preview:large, max-video-preview:-1" />
<link rel="canonical" href="https://www.cpl.es/producto/diccionari-biblic-per-a-les-families-i-els-infants-9788491655428/" />
<meta property="og:locale" content="ca_ES" />
<meta property="og:type" content="article" />
<meta property="og:title" content="Diccionari Bíblic, per a les famílies i els infants - CPL" />
<meta property="og:description" content="Associació Bíblica de Catalunya, Centre de Pastoral Litúrgica" />
<meta property="og:url" content="https://www.cpl.es/producto/diccionari-biblic-per-a-les-families-i-els-infants-9788491655428/" />
<meta property="og:site_name" content="CPL" />
<meta property="article:modified_time" content="2025-10-03T09:14:38+00:00" />
<meta property="og:image" content="https://www.cpl.es/wp-content/uploads/233014-1.jpg" />
	<meta property="og:image:width" content="280" />
	<meta property="og:image:height" content="443" />
	<meta property="og:image:type" content="image/jpeg" />
<meta name="twitter:card" content="summary_large_image" />
<meta name="twitter:label1" content="Temps estimat de lectura" />
	<meta name="twitter:data1" content="1 minut" />
<script type="application/ld+json" class="yoast-schema-graph">{"@context":"https:\/\/schema.org","@graph":[{"@type":"WebPage","@id":"https:\/\/www.cpl.es\/producto\/diccionari-biblic-per-a-les-families-i-els-infants-9788491655428\/","url":"https:\/\/www.cpl.es\/producto\/diccionari-biblic-per-a-les-families-i-els-infants-9788491655428\/","name":"Diccionari Bíblic, per a les famílies i els infants - CPL","isPartOf":{"@id":"https:\/\/www.cpl.es\/#website"},"primaryImageOfPage":{"@id":"https:\/\/www.cpl.es\/producto\/diccionari-biblic-per-a-les-families-i-els-infants-9788491655428\/#primaryimage"},"image":{"@id":"https:\/\/www.cpl.es\/producto\/diccionari-biblic-per-a-les-families-i-els-infants-9788491655428\/#primaryimage"},"thumbnailUrl":"https:\/\/www.cpl.es\/wp-content\/uploads\/233014-1.jpg","datePublished":"2023-10-03T22:44:54+00:00","dateModified":"2025-10-03T09:14:38+00:00","breadcrumb":{"@id":"https:\/\/www.cpl.es\/producto\/diccionari-biblic-per-a-les-families-i-els-infants-9788491655428\/#breadcrumb"},"inLanguage":"ca","potentialAction":[{"@type":"ReadAction","target":["https:\/\/www.cpl.es\/producto\/diccionari-biblic-per-a-les-families-i-els-infants-9788491655428\/"]}]},{"@type":"ImageObject","inLanguage":"ca","@id":"https:\/\/www.cpl.es\/producto\/diccionari-biblic-per-a-les-families-i-els-infants-9788491655428\/#primaryimage","url":"https:\/\/www.cpl.es\/wp-content\/uploads\/233014-1.jpg","contentUrl":"https:\/\/www.cpl.es\/wp-content\/uploads\/233014-1.jpg","width":280,"height":443,"caption":"233014.jpg"},{"@type":"BreadcrumbList","@id":"https:\/\/www.cpl.es\/producto\/diccionari-biblic-per-a-les-families-i-els-infants-9788491655428\/#breadcrumb","itemListElement":[{"@type":"ListItem","position":1,"name":"Portada","item":"https:\/\/www.cpl.es\/ca\/"},{"@type":"ListItem","position":2,"name":"Catàleg","item":"https:\/\/www.cpl.es\/ca\/cataleg\/"},{"@type":"ListItem","position":3,"name":"Diccionari Bíblic, per a les famílies i els infants"}]},{"@type":"WebSite","@id":"https:\/\/www.cpl.es\/#website","url":"https:\/\/www.cpl.es\/","name":"CPL","description":"Centre de Pastoral Litúrgica de Barcelona","publisher":{"@id":"https:\/\/www.cpl.es\/#organization"},"alternateName":"Centre de Pastoral Litúrgica","potentialAction":[{"@type":"SearchAction","target":{"@type":"EntryPoint","urlTemplate":"https:\/\/www.cpl.es\/?s={search_term_string}"},"query-input":{"@type":"PropertyValueSpecification","valueRequired":true,"valueName":"search_term_string"}}],"inLanguage":"ca"},{"@type":"Organization","@id":"https:\/\/www.cpl.es\/#organization","name":"Centre de Pastoral Litúrgica","alternateName":"Centre de Pastoral Litúrgica de Barcelona","url":"https:\/\/www.cpl.es\/","logo":{"@type":"ImageObject","inLanguage":"ca","@id":"https:\/\/www.cpl.es\/#\/schema\/logo\/image\/","url":"https:\/\/www.cpl.es\/wp-content\/uploads\/logo-cpl.svg","contentUrl":"https:\/\/www.cpl.es\/wp-content\/uploads\/logo-cpl.svg","caption":"Centre de Pastoral Litúrgica"},"image":{"@id":"https:\/\/www.cpl.es\/#\/schema\/logo\/image\/"}}]}</script>
<!-- / Yoast SEO plugin. -->

Diccionari Bíblic, per a les famílies i els infants - CPL

Catàleg

Centre de Pastoral Litúrgica de Barcelona

Centre de Pastoral Litúrgica
