{"id":593,"date":"2023-10-04T00:44:14","date_gmt":"2023-10-03T22:44:14","guid":{"rendered":"https:\/\/nuevaweb.cpl.es\/producto\/coses-noves-i-velles-mt-1352-9788491655695\/"},"modified":"2026-02-12T17:02:38","modified_gmt":"2026-02-12T16:02:38","slug":"coses-noves-i-velles-mt-1352-9788491655695","status":"publish","type":"product","link":"https:\/\/www.cpl.es\/ca\/producto\/coses-noves-i-velles-mt-1352-9788491655695\/","title":{"rendered":"Coses noves i velles (Mt 13,52)"},"content":{"rendered":"<p> Coses noves i coses velles s\u00f3n reflexions ben arran de terra, que ressegueixen la riquesa i el misteri del nostre viure i que l\u2019autor va desplegant amb un estil \u00e0gil, directe, proper, entenedor. Al llarg de les tres parts en qu\u00e8 ha agrupat les reflexions, Oriol Xirinachs comparteix amb tots els lectors el seu mestratge, la seva mirada compassiva a la realitat, capa\u00e7 de percebre el nostre dia a dia en tota la seva ambig\u00fcitat, fond\u00e0ria, dinamisme&#8230; i tamb\u00e9 amb tots els paranys en qu\u00e8 sovint ens emboliquem o les dreceres que ens menen a una major inhumanitat, a vegades,  sense adonar-nos-en. Aquestes p\u00e0gines s\u00f3n tot un exercici d\u2019il\u00b7luminar la vida des de l\u2019Evangeli, des de la Bona Nova de Jes\u00fas de Natzaret. Oriol Xirinachs (Barcelona, 1935) \u00e9s capell\u00e0 de la di\u00f2cesi de Barcelona i membre de l\u2019Associaci\u00f3 de Preveres del Prad\u00f3. Tot el seu ministeri com a capell\u00e0 l\u2019ha exercit en barris obrers i populars, alhora que ha estat membre actiu en organitzacions en el m\u00f3n de la marginaci\u00f3 i en tasques de pastoral social.<\/p>\n","protected":false},"excerpt":{"rendered":"<p>Xirinachs Benavent, Oriol<\/p>\n","protected":false},"featured_media":594,"template":"","meta":{"_acf_changed":false,"inline_featured_image":false},"product_brand":[],"product_cat":[15],"product_tag":[],"class_list":{"0":"post-593","1":"product","2":"type-product","3":"status-publish","4":"has-post-thumbnail","6":"product_cat-sin-categorizar","8":"first","9":"instock","10":"taxable","11":"shipping-taxable","12":"purchasable","13":"product-type-simple"},"acf":{"autor":"Xirinachs Benavent, Oriol","codart":"208176","ediciones":"1","encuadernacion":"R\u00fastica","fecha_de_publicacion":"14\/06\/2023","novedad":false,"paginas":"84","subtitulo":"L'Evangeli sempre \u00e9s viu i actual","orden":"999","portada":false,"idioma":"cat","editorial":[{"ID":6736,"post_author":"2","post_date":"2023-10-06 08:35:24","post_date_gmt":"2023-10-06 06:35:24","post_content":"","post_title":"CPL","post_excerpt":"","post_status":"publish","comment_status":"closed","ping_status":"closed","post_password":"","post_name":"cpl","to_ping":"","pinged":"","post_modified":"2023-10-06 08:35:24","post_modified_gmt":"2023-10-06 06:35:24","post_content_filtered":"","post_parent":0,"guid":"https:\/\/nuevaweb.cpl.es\/editorial\/cpl\/","menu_order":0,"post_type":"editorial","post_mime_type":"","comment_count":"0","filter":"raw"}],"coleccion_num":"176"},"yoast_head":"<!-- This site is optimized with the Yoast SEO plugin v27.3 - https:\/\/yoast.com\/product\/yoast-seo-wordpress\/ -->\n<title>Coses noves i velles (Mt 13,52) - CPL<\/title>\n<meta name=\"robots\" content=\"index, follow, max-snippet:-1, max-image-preview:large, max-video-preview:-1\" \/>\n<link rel=\"canonical\" href=\"https:\/\/www.cpl.es\/producto\/coses-noves-i-velles-mt-1352-9788491655695\/\" \/>\n<meta property=\"og:locale\" content=\"ca_ES\" \/>\n<meta property=\"og:type\" content=\"article\" \/>\n<meta property=\"og:title\" content=\"Coses noves i velles (Mt 13,52) - CPL\" \/>\n<meta property=\"og:description\" content=\"Xirinachs Benavent, Oriol\" \/>\n<meta property=\"og:url\" content=\"https:\/\/www.cpl.es\/producto\/coses-noves-i-velles-mt-1352-9788491655695\/\" \/>\n<meta property=\"og:site_name\" content=\"CPL\" \/>\n<meta property=\"article:modified_time\" content=\"2026-02-12T16:02:38+00:00\" \/>\n<meta property=\"og:image\" content=\"https:\/\/www.cpl.es\/wp-content\/uploads\/208176.jpg\" \/>\n\t<meta property=\"og:image:width\" content=\"280\" \/>\n\t<meta property=\"og:image:height\" content=\"443\" \/>\n\t<meta property=\"og:image:type\" content=\"image\/jpeg\" \/>\n<meta name=\"twitter:card\" content=\"summary_large_image\" \/>\n<meta name=\"twitter:label1\" content=\"Temps estimat de lectura\" \/>\n\t<meta name=\"twitter:data1\" content=\"1 minut\" \/>\n<script type=\"application\/ld+json\" class=\"yoast-schema-graph\">{\"@context\":\"https:\\\/\\\/schema.org\",\"@graph\":[{\"@type\":\"WebPage\",\"@id\":\"https:\\\/\\\/www.cpl.es\\\/producto\\\/coses-noves-i-velles-mt-1352-9788491655695\\\/\",\"url\":\"https:\\\/\\\/www.cpl.es\\\/producto\\\/coses-noves-i-velles-mt-1352-9788491655695\\\/\",\"name\":\"Coses noves i velles (Mt 13,52) - CPL\",\"isPartOf\":{\"@id\":\"https:\\\/\\\/www.cpl.es\\\/#website\"},\"primaryImageOfPage\":{\"@id\":\"https:\\\/\\\/www.cpl.es\\\/producto\\\/coses-noves-i-velles-mt-1352-9788491655695\\\/#primaryimage\"},\"image\":{\"@id\":\"https:\\\/\\\/www.cpl.es\\\/producto\\\/coses-noves-i-velles-mt-1352-9788491655695\\\/#primaryimage\"},\"thumbnailUrl\":\"https:\\\/\\\/www.cpl.es\\\/wp-content\\\/uploads\\\/208176.jpg\",\"datePublished\":\"2023-10-03T22:44:14+00:00\",\"dateModified\":\"2026-02-12T16:02:38+00:00\",\"breadcrumb\":{\"@id\":\"https:\\\/\\\/www.cpl.es\\\/producto\\\/coses-noves-i-velles-mt-1352-9788491655695\\\/#breadcrumb\"},\"inLanguage\":\"ca\",\"potentialAction\":[{\"@type\":\"ReadAction\",\"target\":[\"https:\\\/\\\/www.cpl.es\\\/producto\\\/coses-noves-i-velles-mt-1352-9788491655695\\\/\"]}]},{\"@type\":\"ImageObject\",\"inLanguage\":\"ca\",\"@id\":\"https:\\\/\\\/www.cpl.es\\\/producto\\\/coses-noves-i-velles-mt-1352-9788491655695\\\/#primaryimage\",\"url\":\"https:\\\/\\\/www.cpl.es\\\/wp-content\\\/uploads\\\/208176.jpg\",\"contentUrl\":\"https:\\\/\\\/www.cpl.es\\\/wp-content\\\/uploads\\\/208176.jpg\",\"width\":280,\"height\":443,\"caption\":\"208176.jpg\"},{\"@type\":\"BreadcrumbList\",\"@id\":\"https:\\\/\\\/www.cpl.es\\\/producto\\\/coses-noves-i-velles-mt-1352-9788491655695\\\/#breadcrumb\",\"itemListElement\":[{\"@type\":\"ListItem\",\"position\":1,\"name\":\"Portada\",\"item\":\"https:\\\/\\\/www.cpl.es\\\/ca\\\/\"},{\"@type\":\"ListItem\",\"position\":2,\"name\":\"Cat\u00e0leg\",\"item\":\"https:\\\/\\\/www.cpl.es\\\/ca\\\/cataleg\\\/\"},{\"@type\":\"ListItem\",\"position\":3,\"name\":\"Coses noves i velles (Mt 13,52)\"}]},{\"@type\":\"WebSite\",\"@id\":\"https:\\\/\\\/www.cpl.es\\\/#website\",\"url\":\"https:\\\/\\\/www.cpl.es\\\/\",\"name\":\"CPL\",\"description\":\"Centre de Pastoral Lit\u00fargica de Barcelona\",\"publisher\":{\"@id\":\"https:\\\/\\\/www.cpl.es\\\/#organization\"},\"alternateName\":\"Centre de Pastoral Lit\u00fargica\",\"potentialAction\":[{\"@type\":\"SearchAction\",\"target\":{\"@type\":\"EntryPoint\",\"urlTemplate\":\"https:\\\/\\\/www.cpl.es\\\/?s={search_term_string}\"},\"query-input\":{\"@type\":\"PropertyValueSpecification\",\"valueRequired\":true,\"valueName\":\"search_term_string\"}}],\"inLanguage\":\"ca\"},{\"@type\":\"Organization\",\"@id\":\"https:\\\/\\\/www.cpl.es\\\/#organization\",\"name\":\"Centre de Pastoral Lit\u00fargica\",\"alternateName\":\"Centre de Pastoral Lit\u00fargica de Barcelona\",\"url\":\"https:\\\/\\\/www.cpl.es\\\/\",\"logo\":{\"@type\":\"ImageObject\",\"inLanguage\":\"ca\",\"@id\":\"https:\\\/\\\/www.cpl.es\\\/#\\\/schema\\\/logo\\\/image\\\/\",\"url\":\"https:\\\/\\\/www.cpl.es\\\/wp-content\\\/uploads\\\/logo-cpl.svg\",\"contentUrl\":\"https:\\\/\\\/www.cpl.es\\\/wp-content\\\/uploads\\\/logo-cpl.svg\",\"caption\":\"Centre de Pastoral Lit\u00fargica\"},\"image\":{\"@id\":\"https:\\\/\\\/www.cpl.es\\\/#\\\/schema\\\/logo\\\/image\\\/\"}}]}<\/script>\n<!-- \/ Yoast SEO plugin. -->","yoast_head_json":{"title":"Coses noves i velles (Mt 13,52) - CPL","robots":{"index":"index","follow":"follow","max-snippet":"max-snippet:-1","max-image-preview":"max-image-preview:large","max-video-preview":"max-video-preview:-1"},"canonical":"https:\/\/www.cpl.es\/producto\/coses-noves-i-velles-mt-1352-9788491655695\/","og_locale":"ca_ES","og_type":"article","og_title":"Coses noves i velles (Mt 13,52) - CPL","og_description":"Xirinachs Benavent, Oriol","og_url":"https:\/\/www.cpl.es\/producto\/coses-noves-i-velles-mt-1352-9788491655695\/","og_site_name":"CPL","article_modified_time":"2026-02-12T16:02:38+00:00","og_image":[{"width":280,"height":443,"url":"https:\/\/www.cpl.es\/wp-content\/uploads\/208176.jpg","type":"image\/jpeg"}],"twitter_card":"summary_large_image","twitter_misc":{"Temps estimat de lectura":"1 minut"},"schema":{"@context":"https:\/\/schema.org","@graph":[{"@type":"WebPage","@id":"https:\/\/www.cpl.es\/producto\/coses-noves-i-velles-mt-1352-9788491655695\/","url":"https:\/\/www.cpl.es\/producto\/coses-noves-i-velles-mt-1352-9788491655695\/","name":"Coses noves i velles (Mt 13,52) - CPL","isPartOf":{"@id":"https:\/\/www.cpl.es\/#website"},"primaryImageOfPage":{"@id":"https:\/\/www.cpl.es\/producto\/coses-noves-i-velles-mt-1352-9788491655695\/#primaryimage"},"image":{"@id":"https:\/\/www.cpl.es\/producto\/coses-noves-i-velles-mt-1352-9788491655695\/#primaryimage"},"thumbnailUrl":"https:\/\/www.cpl.es\/wp-content\/uploads\/208176.jpg","datePublished":"2023-10-03T22:44:14+00:00","dateModified":"2026-02-12T16:02:38+00:00","breadcrumb":{"@id":"https:\/\/www.cpl.es\/producto\/coses-noves-i-velles-mt-1352-9788491655695\/#breadcrumb"},"inLanguage":"ca","potentialAction":[{"@type":"ReadAction","target":["https:\/\/www.cpl.es\/producto\/coses-noves-i-velles-mt-1352-9788491655695\/"]}]},{"@type":"ImageObject","inLanguage":"ca","@id":"https:\/\/www.cpl.es\/producto\/coses-noves-i-velles-mt-1352-9788491655695\/#primaryimage","url":"https:\/\/www.cpl.es\/wp-content\/uploads\/208176.jpg","contentUrl":"https:\/\/www.cpl.es\/wp-content\/uploads\/208176.jpg","width":280,"height":443,"caption":"208176.jpg"},{"@type":"BreadcrumbList","@id":"https:\/\/www.cpl.es\/producto\/coses-noves-i-velles-mt-1352-9788491655695\/#breadcrumb","itemListElement":[{"@type":"ListItem","position":1,"name":"Portada","item":"https:\/\/www.cpl.es\/ca\/"},{"@type":"ListItem","position":2,"name":"Cat\u00e0leg","item":"https:\/\/www.cpl.es\/ca\/cataleg\/"},{"@type":"ListItem","position":3,"name":"Coses noves i velles (Mt 13,52)"}]},{"@type":"WebSite","@id":"https:\/\/www.cpl.es\/#website","url":"https:\/\/www.cpl.es\/","name":"CPL","description":"Centre de Pastoral Lit\u00fargica de Barcelona","publisher":{"@id":"https:\/\/www.cpl.es\/#organization"},"alternateName":"Centre de Pastoral Lit\u00fargica","potentialAction":[{"@type":"SearchAction","target":{"@type":"EntryPoint","urlTemplate":"https:\/\/www.cpl.es\/?s={search_term_string}"},"query-input":{"@type":"PropertyValueSpecification","valueRequired":true,"valueName":"search_term_string"}}],"inLanguage":"ca"},{"@type":"Organization","@id":"https:\/\/www.cpl.es\/#organization","name":"Centre de Pastoral Lit\u00fargica","alternateName":"Centre de Pastoral Lit\u00fargica de Barcelona","url":"https:\/\/www.cpl.es\/","logo":{"@type":"ImageObject","inLanguage":"ca","@id":"https:\/\/www.cpl.es\/#\/schema\/logo\/image\/","url":"https:\/\/www.cpl.es\/wp-content\/uploads\/logo-cpl.svg","contentUrl":"https:\/\/www.cpl.es\/wp-content\/uploads\/logo-cpl.svg","caption":"Centre de Pastoral Lit\u00fargica"},"image":{"@id":"https:\/\/www.cpl.es\/#\/schema\/logo\/image\/"}}]}},"_links":{"self":[{"href":"https:\/\/www.cpl.es\/ca\/wp-json\/wp\/v2\/product\/593","targetHints":{"allow":["GET"]}}],"collection":[{"href":"https:\/\/www.cpl.es\/ca\/wp-json\/wp\/v2\/product"}],"about":[{"href":"https:\/\/www.cpl.es\/ca\/wp-json\/wp\/v2\/types\/product"}],"wp:featuredmedia":[{"embeddable":true,"href":"https:\/\/www.cpl.es\/ca\/wp-json\/wp\/v2\/media\/594"}],"wp:attachment":[{"href":"https:\/\/www.cpl.es\/ca\/wp-json\/wp\/v2\/media?parent=593"}],"wp:term":[{"taxonomy":"product_brand","embeddable":true,"href":"https:\/\/www.cpl.es\/ca\/wp-json\/wp\/v2\/product_brand?post=593"},{"taxonomy":"product_cat","embeddable":true,"href":"https:\/\/www.cpl.es\/ca\/wp-json\/wp\/v2\/product_cat?post=593"},{"taxonomy":"product_tag","embeddable":true,"href":"https:\/\/www.cpl.es\/ca\/wp-json\/wp\/v2\/product_tag?post=593"}],"curies":[{"name":"wp","href":"https:\/\/api.w.org\/{rel}","templated":true}]}}

<p> Coses noves i coses velles són reflexions ben arran de terra, que ressegueixen la riquesa i el misteri del nostre viure i que l’autor va desplegant amb un estil àgil, directe, proper, entenedor. Al llarg de les tres parts en què ha agrupat les reflexions, Oriol Xirinachs comparteix amb tots els lectors el seu mestratge, la seva mirada compassiva a la realitat, capaç de percebre el nostre dia a dia en tota la seva ambigüitat, fondària, dinamisme&#8230; i també amb tots els paranys en què sovint ens emboliquem o les dreceres que ens menen a una major inhumanitat, a vegades,  sense adonar-nos-en. Aquestes pàgines són tot un exercici d’il·luminar la vida des de l’Evangeli, des de la Bona Nova de Jesús de Natzaret. Oriol Xirinachs (Barcelona, 1935) és capellà de la diòcesi de Barcelona i membre de l’Associació de Preveres del Pradó. Tot el seu ministeri com a capellà l’ha exercit en barris obrers i populars, alhora que ha estat membre actiu en organitzacions en el món de la marginació i en tasques de pastoral social.</p>

Rústica

L'Evangeli sempre és viu i actual

<!-- This site is optimized with the Yoast SEO plugin v27.3 - https://yoast.com/product/yoast-seo-wordpress/ -->
<title>Coses noves i velles (Mt 13,52) - CPL</title>
<meta name="robots" content="index, follow, max-snippet:-1, max-image-preview:large, max-video-preview:-1" />
<link rel="canonical" href="https://www.cpl.es/producto/coses-noves-i-velles-mt-1352-9788491655695/" />
<meta property="og:locale" content="ca_ES" />
<meta property="og:type" content="article" />
<meta property="og:title" content="Coses noves i velles (Mt 13,52) - CPL" />
<meta property="og:description" content="Xirinachs Benavent, Oriol" />
<meta property="og:url" content="https://www.cpl.es/producto/coses-noves-i-velles-mt-1352-9788491655695/" />
<meta property="og:site_name" content="CPL" />
<meta property="article:modified_time" content="2026-02-12T16:02:38+00:00" />
<meta property="og:image" content="https://www.cpl.es/wp-content/uploads/208176.jpg" />
	<meta property="og:image:width" content="280" />
	<meta property="og:image:height" content="443" />
	<meta property="og:image:type" content="image/jpeg" />
<meta name="twitter:card" content="summary_large_image" />
<meta name="twitter:label1" content="Temps estimat de lectura" />
	<meta name="twitter:data1" content="1 minut" />
<script type="application/ld+json" class="yoast-schema-graph">{"@context":"https:\/\/schema.org","@graph":[{"@type":"WebPage","@id":"https:\/\/www.cpl.es\/producto\/coses-noves-i-velles-mt-1352-9788491655695\/","url":"https:\/\/www.cpl.es\/producto\/coses-noves-i-velles-mt-1352-9788491655695\/","name":"Coses noves i velles (Mt 13,52) - CPL","isPartOf":{"@id":"https:\/\/www.cpl.es\/#website"},"primaryImageOfPage":{"@id":"https:\/\/www.cpl.es\/producto\/coses-noves-i-velles-mt-1352-9788491655695\/#primaryimage"},"image":{"@id":"https:\/\/www.cpl.es\/producto\/coses-noves-i-velles-mt-1352-9788491655695\/#primaryimage"},"thumbnailUrl":"https:\/\/www.cpl.es\/wp-content\/uploads\/208176.jpg","datePublished":"2023-10-03T22:44:14+00:00","dateModified":"2026-02-12T16:02:38+00:00","breadcrumb":{"@id":"https:\/\/www.cpl.es\/producto\/coses-noves-i-velles-mt-1352-9788491655695\/#breadcrumb"},"inLanguage":"ca","potentialAction":[{"@type":"ReadAction","target":["https:\/\/www.cpl.es\/producto\/coses-noves-i-velles-mt-1352-9788491655695\/"]}]},{"@type":"ImageObject","inLanguage":"ca","@id":"https:\/\/www.cpl.es\/producto\/coses-noves-i-velles-mt-1352-9788491655695\/#primaryimage","url":"https:\/\/www.cpl.es\/wp-content\/uploads\/208176.jpg","contentUrl":"https:\/\/www.cpl.es\/wp-content\/uploads\/208176.jpg","width":280,"height":443,"caption":"208176.jpg"},{"@type":"BreadcrumbList","@id":"https:\/\/www.cpl.es\/producto\/coses-noves-i-velles-mt-1352-9788491655695\/#breadcrumb","itemListElement":[{"@type":"ListItem","position":1,"name":"Portada","item":"https:\/\/www.cpl.es\/ca\/"},{"@type":"ListItem","position":2,"name":"Catàleg","item":"https:\/\/www.cpl.es\/ca\/cataleg\/"},{"@type":"ListItem","position":3,"name":"Coses noves i velles (Mt 13,52)"}]},{"@type":"WebSite","@id":"https:\/\/www.cpl.es\/#website","url":"https:\/\/www.cpl.es\/","name":"CPL","description":"Centre de Pastoral Litúrgica de Barcelona","publisher":{"@id":"https:\/\/www.cpl.es\/#organization"},"alternateName":"Centre de Pastoral Litúrgica","potentialAction":[{"@type":"SearchAction","target":{"@type":"EntryPoint","urlTemplate":"https:\/\/www.cpl.es\/?s={search_term_string}"},"query-input":{"@type":"PropertyValueSpecification","valueRequired":true,"valueName":"search_term_string"}}],"inLanguage":"ca"},{"@type":"Organization","@id":"https:\/\/www.cpl.es\/#organization","name":"Centre de Pastoral Litúrgica","alternateName":"Centre de Pastoral Litúrgica de Barcelona","url":"https:\/\/www.cpl.es\/","logo":{"@type":"ImageObject","inLanguage":"ca","@id":"https:\/\/www.cpl.es\/#\/schema\/logo\/image\/","url":"https:\/\/www.cpl.es\/wp-content\/uploads\/logo-cpl.svg","contentUrl":"https:\/\/www.cpl.es\/wp-content\/uploads\/logo-cpl.svg","caption":"Centre de Pastoral Litúrgica"},"image":{"@id":"https:\/\/www.cpl.es\/#\/schema\/logo\/image\/"}}]}</script>
<!-- / Yoast SEO plugin. -->

Catàleg

Centre de Pastoral Litúrgica de Barcelona

Centre de Pastoral Litúrgica
