{"id":572,"date":"2023-10-04T00:43:35","date_gmt":"2023-10-03T22:43:35","guid":{"rendered":"https:\/\/nuevaweb.cpl.es\/producto\/la-esencia-del-rito-romano-9788491655794\/"},"modified":"2025-10-03T11:09:17","modified_gmt":"2025-10-03T09:09:17","slug":"la-esencia-del-rito-romano-9788491655794","status":"publish","type":"product","link":"https:\/\/www.cpl.es\/ca\/producto\/la-esencia-del-rito-romano-9788491655794\/","title":{"rendered":"La esencia del rito romano"},"content":{"rendered":"<p> Para comprender la identidad de un rito debemos levantar el vuelo. Para un bautizado, el rito es, a la vez, ra\u00edz que lo afianza en una tierra fecunda y alas con las que podr\u00e1 volar hacia el encuentro de los acontecimientos redentores; es tambi\u00e9n la ocasi\u00f3n que se le brinda de vivir la conversi\u00f3n del tiempo cronol\u00f3gico en aut\u00e9ntico kair\u00f3s, tiempo teol\u00f3gico, el eco de lo eterno en nuestro tiempo, donde Dios se\u00f1orea y se mueve con libertad de Redentor y Esp\u00edritu santificador. El Vaticano II invit\u00f3 a conservar lo substancial del Rito romano en el marco de las leg\u00edtimas adaptaciones. Parece una afirmaci\u00f3n sensata, pero en realidad conlleva no pocos problemas. Hablar de substancia en cuanto a una familia lit\u00fargica, en este caso la romana, nos empuja a una disecci\u00f3n casi imposible, ya que el t\u00e9rmino en cuesti\u00f3n pertenece al \u00e1mbito de lo filos\u00f3fico y, en cambio, el rito es algo muy concreto, hist\u00f3rico y fenom\u00e9nico. \u00bfConseguiremos encontrar lo que el Concilio nos encarg\u00f3 conservar?<\/p>\n","protected":false},"excerpt":{"rendered":"<p>Asociaci\u00f3n Espa\u00f1ola de Profesores de Liturgia<\/p>\n","protected":false},"featured_media":573,"template":"","meta":{"_acf_changed":false,"inline_featured_image":false},"product_brand":[],"product_cat":[93],"product_tag":[],"class_list":{"0":"post-572","1":"product","2":"type-product","3":"status-publish","4":"has-post-thumbnail","6":"product_cat-culmen-et-fons","8":"first","9":"instock","10":"taxable","11":"shipping-taxable","12":"purchasable","13":"product-type-simple"},"acf":{"autor":"Asociaci\u00f3n Espa\u00f1ola de Profesores de Liturgia","codart":"109024","ediciones":"1","encuadernacion":"R\u00fastica","fecha_de_publicacion":"27\/06\/2023","novedad":false,"paginas":"180","subtitulo":"XLVI Jornadas de la Asociaci\u00f3n Espa\u00f1ola de profesores de Liturgia","orden":"999","portada":false,"idioma":"spa","editorial":[{"ID":6736,"post_author":"2","post_date":"2023-10-06 08:35:24","post_date_gmt":"2023-10-06 06:35:24","post_content":"","post_title":"CPL","post_excerpt":"","post_status":"publish","comment_status":"closed","ping_status":"closed","post_password":"","post_name":"cpl","to_ping":"","pinged":"","post_modified":"2023-10-06 08:35:24","post_modified_gmt":"2023-10-06 06:35:24","post_content_filtered":"","post_parent":0,"guid":"https:\/\/nuevaweb.cpl.es\/editorial\/cpl\/","menu_order":0,"post_type":"editorial","post_mime_type":"","comment_count":"0","filter":"raw"}],"coleccion_num":"24"},"yoast_head":"<!-- This site is optimized with the Yoast SEO plugin v27.3 - https:\/\/yoast.com\/product\/yoast-seo-wordpress\/ -->\n<title>La esencia del rito romano - CPL<\/title>\n<meta name=\"robots\" content=\"index, follow, max-snippet:-1, max-image-preview:large, max-video-preview:-1\" \/>\n<link rel=\"canonical\" href=\"https:\/\/www.cpl.es\/producto\/la-esencia-del-rito-romano-9788491655794\/\" \/>\n<meta property=\"og:locale\" content=\"ca_ES\" \/>\n<meta property=\"og:type\" content=\"article\" \/>\n<meta property=\"og:title\" content=\"La esencia del rito romano - CPL\" \/>\n<meta property=\"og:description\" content=\"Asociaci\u00f3n Espa\u00f1ola de Profesores de Liturgia\" \/>\n<meta property=\"og:url\" content=\"https:\/\/www.cpl.es\/producto\/la-esencia-del-rito-romano-9788491655794\/\" \/>\n<meta property=\"og:site_name\" content=\"CPL\" \/>\n<meta property=\"article:modified_time\" content=\"2025-10-03T09:09:17+00:00\" \/>\n<meta property=\"og:image\" content=\"https:\/\/www.cpl.es\/wp-content\/uploads\/109024.jpg\" \/>\n\t<meta property=\"og:image:width\" content=\"280\" \/>\n\t<meta property=\"og:image:height\" content=\"443\" \/>\n\t<meta property=\"og:image:type\" content=\"image\/jpeg\" \/>\n<meta name=\"twitter:card\" content=\"summary_large_image\" \/>\n<meta name=\"twitter:label1\" content=\"Temps estimat de lectura\" \/>\n\t<meta name=\"twitter:data1\" content=\"1 minut\" \/>\n<script type=\"application\/ld+json\" class=\"yoast-schema-graph\">{\"@context\":\"https:\\\/\\\/schema.org\",\"@graph\":[{\"@type\":\"WebPage\",\"@id\":\"https:\\\/\\\/www.cpl.es\\\/producto\\\/la-esencia-del-rito-romano-9788491655794\\\/\",\"url\":\"https:\\\/\\\/www.cpl.es\\\/producto\\\/la-esencia-del-rito-romano-9788491655794\\\/\",\"name\":\"La esencia del rito romano - CPL\",\"isPartOf\":{\"@id\":\"https:\\\/\\\/www.cpl.es\\\/#website\"},\"primaryImageOfPage\":{\"@id\":\"https:\\\/\\\/www.cpl.es\\\/producto\\\/la-esencia-del-rito-romano-9788491655794\\\/#primaryimage\"},\"image\":{\"@id\":\"https:\\\/\\\/www.cpl.es\\\/producto\\\/la-esencia-del-rito-romano-9788491655794\\\/#primaryimage\"},\"thumbnailUrl\":\"https:\\\/\\\/www.cpl.es\\\/wp-content\\\/uploads\\\/109024.jpg\",\"datePublished\":\"2023-10-03T22:43:35+00:00\",\"dateModified\":\"2025-10-03T09:09:17+00:00\",\"breadcrumb\":{\"@id\":\"https:\\\/\\\/www.cpl.es\\\/producto\\\/la-esencia-del-rito-romano-9788491655794\\\/#breadcrumb\"},\"inLanguage\":\"ca\",\"potentialAction\":[{\"@type\":\"ReadAction\",\"target\":[\"https:\\\/\\\/www.cpl.es\\\/producto\\\/la-esencia-del-rito-romano-9788491655794\\\/\"]}]},{\"@type\":\"ImageObject\",\"inLanguage\":\"ca\",\"@id\":\"https:\\\/\\\/www.cpl.es\\\/producto\\\/la-esencia-del-rito-romano-9788491655794\\\/#primaryimage\",\"url\":\"https:\\\/\\\/www.cpl.es\\\/wp-content\\\/uploads\\\/109024.jpg\",\"contentUrl\":\"https:\\\/\\\/www.cpl.es\\\/wp-content\\\/uploads\\\/109024.jpg\",\"width\":280,\"height\":443,\"caption\":\"109024.jpg\"},{\"@type\":\"BreadcrumbList\",\"@id\":\"https:\\\/\\\/www.cpl.es\\\/producto\\\/la-esencia-del-rito-romano-9788491655794\\\/#breadcrumb\",\"itemListElement\":[{\"@type\":\"ListItem\",\"position\":1,\"name\":\"Portada\",\"item\":\"https:\\\/\\\/www.cpl.es\\\/ca\\\/\"},{\"@type\":\"ListItem\",\"position\":2,\"name\":\"Cat\u00e0leg\",\"item\":\"https:\\\/\\\/www.cpl.es\\\/ca\\\/cataleg\\\/\"},{\"@type\":\"ListItem\",\"position\":3,\"name\":\"La esencia del rito romano\"}]},{\"@type\":\"WebSite\",\"@id\":\"https:\\\/\\\/www.cpl.es\\\/#website\",\"url\":\"https:\\\/\\\/www.cpl.es\\\/\",\"name\":\"CPL\",\"description\":\"Centre de Pastoral Lit\u00fargica de Barcelona\",\"publisher\":{\"@id\":\"https:\\\/\\\/www.cpl.es\\\/#organization\"},\"alternateName\":\"Centre de Pastoral Lit\u00fargica\",\"potentialAction\":[{\"@type\":\"SearchAction\",\"target\":{\"@type\":\"EntryPoint\",\"urlTemplate\":\"https:\\\/\\\/www.cpl.es\\\/?s={search_term_string}\"},\"query-input\":{\"@type\":\"PropertyValueSpecification\",\"valueRequired\":true,\"valueName\":\"search_term_string\"}}],\"inLanguage\":\"ca\"},{\"@type\":\"Organization\",\"@id\":\"https:\\\/\\\/www.cpl.es\\\/#organization\",\"name\":\"Centre de Pastoral Lit\u00fargica\",\"alternateName\":\"Centre de Pastoral Lit\u00fargica de Barcelona\",\"url\":\"https:\\\/\\\/www.cpl.es\\\/\",\"logo\":{\"@type\":\"ImageObject\",\"inLanguage\":\"ca\",\"@id\":\"https:\\\/\\\/www.cpl.es\\\/#\\\/schema\\\/logo\\\/image\\\/\",\"url\":\"https:\\\/\\\/www.cpl.es\\\/wp-content\\\/uploads\\\/logo-cpl.svg\",\"contentUrl\":\"https:\\\/\\\/www.cpl.es\\\/wp-content\\\/uploads\\\/logo-cpl.svg\",\"caption\":\"Centre de Pastoral Lit\u00fargica\"},\"image\":{\"@id\":\"https:\\\/\\\/www.cpl.es\\\/#\\\/schema\\\/logo\\\/image\\\/\"}}]}<\/script>\n<!-- \/ Yoast SEO plugin. -->","yoast_head_json":{"title":"La esencia del rito romano - CPL","robots":{"index":"index","follow":"follow","max-snippet":"max-snippet:-1","max-image-preview":"max-image-preview:large","max-video-preview":"max-video-preview:-1"},"canonical":"https:\/\/www.cpl.es\/producto\/la-esencia-del-rito-romano-9788491655794\/","og_locale":"ca_ES","og_type":"article","og_title":"La esencia del rito romano - CPL","og_description":"Asociaci\u00f3n Espa\u00f1ola de Profesores de Liturgia","og_url":"https:\/\/www.cpl.es\/producto\/la-esencia-del-rito-romano-9788491655794\/","og_site_name":"CPL","article_modified_time":"2025-10-03T09:09:17+00:00","og_image":[{"width":280,"height":443,"url":"https:\/\/www.cpl.es\/wp-content\/uploads\/109024.jpg","type":"image\/jpeg"}],"twitter_card":"summary_large_image","twitter_misc":{"Temps estimat de lectura":"1 minut"},"schema":{"@context":"https:\/\/schema.org","@graph":[{"@type":"WebPage","@id":"https:\/\/www.cpl.es\/producto\/la-esencia-del-rito-romano-9788491655794\/","url":"https:\/\/www.cpl.es\/producto\/la-esencia-del-rito-romano-9788491655794\/","name":"La esencia del rito romano - CPL","isPartOf":{"@id":"https:\/\/www.cpl.es\/#website"},"primaryImageOfPage":{"@id":"https:\/\/www.cpl.es\/producto\/la-esencia-del-rito-romano-9788491655794\/#primaryimage"},"image":{"@id":"https:\/\/www.cpl.es\/producto\/la-esencia-del-rito-romano-9788491655794\/#primaryimage"},"thumbnailUrl":"https:\/\/www.cpl.es\/wp-content\/uploads\/109024.jpg","datePublished":"2023-10-03T22:43:35+00:00","dateModified":"2025-10-03T09:09:17+00:00","breadcrumb":{"@id":"https:\/\/www.cpl.es\/producto\/la-esencia-del-rito-romano-9788491655794\/#breadcrumb"},"inLanguage":"ca","potentialAction":[{"@type":"ReadAction","target":["https:\/\/www.cpl.es\/producto\/la-esencia-del-rito-romano-9788491655794\/"]}]},{"@type":"ImageObject","inLanguage":"ca","@id":"https:\/\/www.cpl.es\/producto\/la-esencia-del-rito-romano-9788491655794\/#primaryimage","url":"https:\/\/www.cpl.es\/wp-content\/uploads\/109024.jpg","contentUrl":"https:\/\/www.cpl.es\/wp-content\/uploads\/109024.jpg","width":280,"height":443,"caption":"109024.jpg"},{"@type":"BreadcrumbList","@id":"https:\/\/www.cpl.es\/producto\/la-esencia-del-rito-romano-9788491655794\/#breadcrumb","itemListElement":[{"@type":"ListItem","position":1,"name":"Portada","item":"https:\/\/www.cpl.es\/ca\/"},{"@type":"ListItem","position":2,"name":"Cat\u00e0leg","item":"https:\/\/www.cpl.es\/ca\/cataleg\/"},{"@type":"ListItem","position":3,"name":"La esencia del rito romano"}]},{"@type":"WebSite","@id":"https:\/\/www.cpl.es\/#website","url":"https:\/\/www.cpl.es\/","name":"CPL","description":"Centre de Pastoral Lit\u00fargica de Barcelona","publisher":{"@id":"https:\/\/www.cpl.es\/#organization"},"alternateName":"Centre de Pastoral Lit\u00fargica","potentialAction":[{"@type":"SearchAction","target":{"@type":"EntryPoint","urlTemplate":"https:\/\/www.cpl.es\/?s={search_term_string}"},"query-input":{"@type":"PropertyValueSpecification","valueRequired":true,"valueName":"search_term_string"}}],"inLanguage":"ca"},{"@type":"Organization","@id":"https:\/\/www.cpl.es\/#organization","name":"Centre de Pastoral Lit\u00fargica","alternateName":"Centre de Pastoral Lit\u00fargica de Barcelona","url":"https:\/\/www.cpl.es\/","logo":{"@type":"ImageObject","inLanguage":"ca","@id":"https:\/\/www.cpl.es\/#\/schema\/logo\/image\/","url":"https:\/\/www.cpl.es\/wp-content\/uploads\/logo-cpl.svg","contentUrl":"https:\/\/www.cpl.es\/wp-content\/uploads\/logo-cpl.svg","caption":"Centre de Pastoral Lit\u00fargica"},"image":{"@id":"https:\/\/www.cpl.es\/#\/schema\/logo\/image\/"}}]}},"_links":{"self":[{"href":"https:\/\/www.cpl.es\/ca\/wp-json\/wp\/v2\/product\/572","targetHints":{"allow":["GET"]}}],"collection":[{"href":"https:\/\/www.cpl.es\/ca\/wp-json\/wp\/v2\/product"}],"about":[{"href":"https:\/\/www.cpl.es\/ca\/wp-json\/wp\/v2\/types\/product"}],"wp:featuredmedia":[{"embeddable":true,"href":"https:\/\/www.cpl.es\/ca\/wp-json\/wp\/v2\/media\/573"}],"wp:attachment":[{"href":"https:\/\/www.cpl.es\/ca\/wp-json\/wp\/v2\/media?parent=572"}],"wp:term":[{"taxonomy":"product_brand","embeddable":true,"href":"https:\/\/www.cpl.es\/ca\/wp-json\/wp\/v2\/product_brand?post=572"},{"taxonomy":"product_cat","embeddable":true,"href":"https:\/\/www.cpl.es\/ca\/wp-json\/wp\/v2\/product_cat?post=572"},{"taxonomy":"product_tag","embeddable":true,"href":"https:\/\/www.cpl.es\/ca\/wp-json\/wp\/v2\/product_tag?post=572"}],"curies":[{"name":"wp","href":"https:\/\/api.w.org\/{rel}","templated":true}]}}

<p> Para comprender la identidad de un rito debemos levantar el vuelo. Para un bautizado, el rito es, a la vez, raíz que lo afianza en una tierra fecunda y alas con las que podrá volar hacia el encuentro de los acontecimientos redentores; es también la ocasión que se le brinda de vivir la conversión del tiempo cronológico en auténtico kairós, tiempo teológico, el eco de lo eterno en nuestro tiempo, donde Dios señorea y se mueve con libertad de Redentor y Espíritu santificador. El Vaticano II invitó a conservar lo substancial del Rito romano en el marco de las legítimas adaptaciones. Parece una afirmación sensata, pero en realidad conlleva no pocos problemas. Hablar de substancia en cuanto a una familia litúrgica, en este caso la romana, nos empuja a una disección casi imposible, ya que el término en cuestión pertenece al ámbito de lo filosófico y, en cambio, el rito es algo muy concreto, histórico y fenoménico. ¿Conseguiremos encontrar lo que el Concilio nos encargó conservar?</p>

<p>Asociación Española de Profesores de Liturgia</p>

Asociación Española de Profesores de Liturgia

Rústica

XLVI Jornadas de la Asociación Española de profesores de Liturgia

<!-- This site is optimized with the Yoast SEO plugin v27.3 - https://yoast.com/product/yoast-seo-wordpress/ -->
<title>La esencia del rito romano - CPL</title>
<meta name="robots" content="index, follow, max-snippet:-1, max-image-preview:large, max-video-preview:-1" />
<link rel="canonical" href="https://www.cpl.es/producto/la-esencia-del-rito-romano-9788491655794/" />
<meta property="og:locale" content="ca_ES" />
<meta property="og:type" content="article" />
<meta property="og:title" content="La esencia del rito romano - CPL" />
<meta property="og:description" content="Asociación Española de Profesores de Liturgia" />
<meta property="og:url" content="https://www.cpl.es/producto/la-esencia-del-rito-romano-9788491655794/" />
<meta property="og:site_name" content="CPL" />
<meta property="article:modified_time" content="2025-10-03T09:09:17+00:00" />
<meta property="og:image" content="https://www.cpl.es/wp-content/uploads/109024.jpg" />
	<meta property="og:image:width" content="280" />
	<meta property="og:image:height" content="443" />
	<meta property="og:image:type" content="image/jpeg" />
<meta name="twitter:card" content="summary_large_image" />
<meta name="twitter:label1" content="Temps estimat de lectura" />
	<meta name="twitter:data1" content="1 minut" />
<script type="application/ld+json" class="yoast-schema-graph">{"@context":"https:\/\/schema.org","@graph":[{"@type":"WebPage","@id":"https:\/\/www.cpl.es\/producto\/la-esencia-del-rito-romano-9788491655794\/","url":"https:\/\/www.cpl.es\/producto\/la-esencia-del-rito-romano-9788491655794\/","name":"La esencia del rito romano - CPL","isPartOf":{"@id":"https:\/\/www.cpl.es\/#website"},"primaryImageOfPage":{"@id":"https:\/\/www.cpl.es\/producto\/la-esencia-del-rito-romano-9788491655794\/#primaryimage"},"image":{"@id":"https:\/\/www.cpl.es\/producto\/la-esencia-del-rito-romano-9788491655794\/#primaryimage"},"thumbnailUrl":"https:\/\/www.cpl.es\/wp-content\/uploads\/109024.jpg","datePublished":"2023-10-03T22:43:35+00:00","dateModified":"2025-10-03T09:09:17+00:00","breadcrumb":{"@id":"https:\/\/www.cpl.es\/producto\/la-esencia-del-rito-romano-9788491655794\/#breadcrumb"},"inLanguage":"ca","potentialAction":[{"@type":"ReadAction","target":["https:\/\/www.cpl.es\/producto\/la-esencia-del-rito-romano-9788491655794\/"]}]},{"@type":"ImageObject","inLanguage":"ca","@id":"https:\/\/www.cpl.es\/producto\/la-esencia-del-rito-romano-9788491655794\/#primaryimage","url":"https:\/\/www.cpl.es\/wp-content\/uploads\/109024.jpg","contentUrl":"https:\/\/www.cpl.es\/wp-content\/uploads\/109024.jpg","width":280,"height":443,"caption":"109024.jpg"},{"@type":"BreadcrumbList","@id":"https:\/\/www.cpl.es\/producto\/la-esencia-del-rito-romano-9788491655794\/#breadcrumb","itemListElement":[{"@type":"ListItem","position":1,"name":"Portada","item":"https:\/\/www.cpl.es\/ca\/"},{"@type":"ListItem","position":2,"name":"Catàleg","item":"https:\/\/www.cpl.es\/ca\/cataleg\/"},{"@type":"ListItem","position":3,"name":"La esencia del rito romano"}]},{"@type":"WebSite","@id":"https:\/\/www.cpl.es\/#website","url":"https:\/\/www.cpl.es\/","name":"CPL","description":"Centre de Pastoral Litúrgica de Barcelona","publisher":{"@id":"https:\/\/www.cpl.es\/#organization"},"alternateName":"Centre de Pastoral Litúrgica","potentialAction":[{"@type":"SearchAction","target":{"@type":"EntryPoint","urlTemplate":"https:\/\/www.cpl.es\/?s={search_term_string}"},"query-input":{"@type":"PropertyValueSpecification","valueRequired":true,"valueName":"search_term_string"}}],"inLanguage":"ca"},{"@type":"Organization","@id":"https:\/\/www.cpl.es\/#organization","name":"Centre de Pastoral Litúrgica","alternateName":"Centre de Pastoral Litúrgica de Barcelona","url":"https:\/\/www.cpl.es\/","logo":{"@type":"ImageObject","inLanguage":"ca","@id":"https:\/\/www.cpl.es\/#\/schema\/logo\/image\/","url":"https:\/\/www.cpl.es\/wp-content\/uploads\/logo-cpl.svg","contentUrl":"https:\/\/www.cpl.es\/wp-content\/uploads\/logo-cpl.svg","caption":"Centre de Pastoral Litúrgica"},"image":{"@id":"https:\/\/www.cpl.es\/#\/schema\/logo\/image\/"}}]}</script>
<!-- / Yoast SEO plugin. -->

Catàleg

Centre de Pastoral Litúrgica de Barcelona

Centre de Pastoral Litúrgica
