{"id":566,"date":"2023-10-04T00:43:24","date_gmt":"2023-10-03T22:43:24","guid":{"rendered":"https:\/\/nuevaweb.cpl.es\/producto\/el-ministeri-diaconal-en-lesglesia-9788491655701\/"},"modified":"2025-10-03T11:12:45","modified_gmt":"2025-10-03T09:12:45","slug":"el-ministeri-diaconal-en-lesglesia-9788491655701","status":"publish","type":"product","link":"https:\/\/www.cpl.es\/ca\/producto\/el-ministeri-diaconal-en-lesglesia-9788491655701\/","title":{"rendered":"El ministeri diaconal en l&#8217;Esgl\u00e9sia"},"content":{"rendered":"<p> El diaconat, tercer grau en la jerarquia del ministeri ordenat, \u00e9s for\u00e7a desconegut en les comunitats cristianes i, encara m\u00e9s, en el m\u00f3n secular. Per aix\u00f2, hem cregut necessari fer una publicaci\u00f3 divulgativa en relaci\u00f3 a aquest do de D\u00e9u a l\u2019Esgl\u00e9sia. \u00c9s el llibret que teniu a les mans, escrit per Montserrat Mart\u00ednez Deschamps, esposa d\u2019un diaca de Barcelona i llicenciada en Teologia des de fa 41 anys. De forma concisa i f\u00e0cil, l\u2019autora desenvolupa els trets m\u00e9s fonamentals i caracter\u00edstics del diaconat. Cont\u00e9 el Document de la CTI sobre el diaconat com a sagrament i com a grau permanent de l\u2019Orde, i explicita el do rebut en l\u2019ordenaci\u00f3. Esperem que us sigui \u00fatil. Qui estigui interessat a ser ordenat diaca, que s\u2019adreci a la Comissi\u00f3 Diocesana del Diaconat o al Bisbe de la di\u00f2cesi. Montserrat Mart\u00ednez Deschamps (Barcelona, 1947) \u00e9s casada i t\u00e9 quatre fills i vuit n\u00e9ts. \u00c9s llicenciada en Filologia Cl\u00e0ssica, Filologia Anglesa, Ci\u00e8ncies Religioses i Teologia Sistem\u00e0tica. Professionalment ha exercit de professora, ara jubilada, en el Col\u00b7legi \u00abCasp\u00bb dels Jesu\u00eftes de Barcelona, on tamb\u00e9 va ser consili\u00e0ria d\u2019alumnes d\u2019educaci\u00f3 secund\u00e0ria des de l\u2019any 2001. Ha estat directora del Servei de Catequesi de la Fundaci\u00f3 can\u00f2nica moss\u00e8n Manuel Bonet, de Barcelona, des del 2005 fins al 2018. \u00c9s membre de la junta directiva del Centre Internacional del Diaconat des de l\u2019any 2013.<\/p>\n","protected":false},"excerpt":{"rendered":"<p>Mart\u00ednez Deschamps, Montserrat<\/p>\n","protected":false},"featured_media":567,"template":"","meta":{"_acf_changed":false,"inline_featured_image":false},"product_brand":[],"product_cat":[15],"product_tag":[],"class_list":{"0":"post-566","1":"product","2":"type-product","3":"status-publish","4":"has-post-thumbnail","6":"product_cat-sin-categorizar","8":"first","9":"instock","10":"taxable","11":"shipping-taxable","12":"purchasable","13":"product-type-simple"},"acf":{"autor":"Mart\u00ednez Deschamps, Montserrat","codart":"208177","ediciones":"1","encuadernacion":"R\u00fastica","fecha_de_publicacion":"05\/07\/2023","novedad":false,"paginas":"232","subtitulo":"","orden":"999","portada":false,"idioma":"cat","editorial":[{"ID":6736,"post_author":"2","post_date":"2023-10-06 08:35:24","post_date_gmt":"2023-10-06 06:35:24","post_content":"","post_title":"CPL","post_excerpt":"","post_status":"publish","comment_status":"closed","ping_status":"closed","post_password":"","post_name":"cpl","to_ping":"","pinged":"","post_modified":"2023-10-06 08:35:24","post_modified_gmt":"2023-10-06 06:35:24","post_content_filtered":"","post_parent":0,"guid":"https:\/\/nuevaweb.cpl.es\/editorial\/cpl\/","menu_order":0,"post_type":"editorial","post_mime_type":"","comment_count":"0","filter":"raw"}],"coleccion_num":"177"},"yoast_head":"<!-- This site is optimized with the Yoast SEO plugin v27.3 - https:\/\/yoast.com\/product\/yoast-seo-wordpress\/ -->\n<title>El ministeri diaconal en l&#039;Esgl\u00e9sia - CPL<\/title>\n<meta name=\"robots\" content=\"index, follow, max-snippet:-1, max-image-preview:large, max-video-preview:-1\" \/>\n<link rel=\"canonical\" href=\"https:\/\/www.cpl.es\/producto\/el-ministeri-diaconal-en-lesglesia-9788491655701\/\" \/>\n<meta property=\"og:locale\" content=\"ca_ES\" \/>\n<meta property=\"og:type\" content=\"article\" \/>\n<meta property=\"og:title\" content=\"El ministeri diaconal en l&#039;Esgl\u00e9sia - CPL\" \/>\n<meta property=\"og:description\" content=\"Mart\u00ednez Deschamps, Montserrat\" \/>\n<meta property=\"og:url\" content=\"https:\/\/www.cpl.es\/producto\/el-ministeri-diaconal-en-lesglesia-9788491655701\/\" \/>\n<meta property=\"og:site_name\" content=\"CPL\" \/>\n<meta property=\"article:modified_time\" content=\"2025-10-03T09:12:45+00:00\" \/>\n<meta property=\"og:image\" content=\"https:\/\/www.cpl.es\/wp-content\/uploads\/208177.jpg\" \/>\n\t<meta property=\"og:image:width\" content=\"280\" \/>\n\t<meta property=\"og:image:height\" content=\"443\" \/>\n\t<meta property=\"og:image:type\" content=\"image\/jpeg\" \/>\n<meta name=\"twitter:card\" content=\"summary_large_image\" \/>\n<meta name=\"twitter:label1\" content=\"Temps estimat de lectura\" \/>\n\t<meta name=\"twitter:data1\" content=\"1 minut\" \/>\n<script type=\"application\/ld+json\" class=\"yoast-schema-graph\">{\"@context\":\"https:\\\/\\\/schema.org\",\"@graph\":[{\"@type\":\"WebPage\",\"@id\":\"https:\\\/\\\/www.cpl.es\\\/producto\\\/el-ministeri-diaconal-en-lesglesia-9788491655701\\\/\",\"url\":\"https:\\\/\\\/www.cpl.es\\\/producto\\\/el-ministeri-diaconal-en-lesglesia-9788491655701\\\/\",\"name\":\"El ministeri diaconal en l'Esgl\u00e9sia - CPL\",\"isPartOf\":{\"@id\":\"https:\\\/\\\/www.cpl.es\\\/#website\"},\"primaryImageOfPage\":{\"@id\":\"https:\\\/\\\/www.cpl.es\\\/producto\\\/el-ministeri-diaconal-en-lesglesia-9788491655701\\\/#primaryimage\"},\"image\":{\"@id\":\"https:\\\/\\\/www.cpl.es\\\/producto\\\/el-ministeri-diaconal-en-lesglesia-9788491655701\\\/#primaryimage\"},\"thumbnailUrl\":\"https:\\\/\\\/www.cpl.es\\\/wp-content\\\/uploads\\\/208177.jpg\",\"datePublished\":\"2023-10-03T22:43:24+00:00\",\"dateModified\":\"2025-10-03T09:12:45+00:00\",\"breadcrumb\":{\"@id\":\"https:\\\/\\\/www.cpl.es\\\/producto\\\/el-ministeri-diaconal-en-lesglesia-9788491655701\\\/#breadcrumb\"},\"inLanguage\":\"ca\",\"potentialAction\":[{\"@type\":\"ReadAction\",\"target\":[\"https:\\\/\\\/www.cpl.es\\\/producto\\\/el-ministeri-diaconal-en-lesglesia-9788491655701\\\/\"]}]},{\"@type\":\"ImageObject\",\"inLanguage\":\"ca\",\"@id\":\"https:\\\/\\\/www.cpl.es\\\/producto\\\/el-ministeri-diaconal-en-lesglesia-9788491655701\\\/#primaryimage\",\"url\":\"https:\\\/\\\/www.cpl.es\\\/wp-content\\\/uploads\\\/208177.jpg\",\"contentUrl\":\"https:\\\/\\\/www.cpl.es\\\/wp-content\\\/uploads\\\/208177.jpg\",\"width\":280,\"height\":443,\"caption\":\"208177.jpg\"},{\"@type\":\"BreadcrumbList\",\"@id\":\"https:\\\/\\\/www.cpl.es\\\/producto\\\/el-ministeri-diaconal-en-lesglesia-9788491655701\\\/#breadcrumb\",\"itemListElement\":[{\"@type\":\"ListItem\",\"position\":1,\"name\":\"Portada\",\"item\":\"https:\\\/\\\/www.cpl.es\\\/ca\\\/\"},{\"@type\":\"ListItem\",\"position\":2,\"name\":\"Cat\u00e0leg\",\"item\":\"https:\\\/\\\/www.cpl.es\\\/ca\\\/cataleg\\\/\"},{\"@type\":\"ListItem\",\"position\":3,\"name\":\"El ministeri diaconal en l&#8217;Esgl\u00e9sia\"}]},{\"@type\":\"WebSite\",\"@id\":\"https:\\\/\\\/www.cpl.es\\\/#website\",\"url\":\"https:\\\/\\\/www.cpl.es\\\/\",\"name\":\"CPL\",\"description\":\"Centre de Pastoral Lit\u00fargica de Barcelona\",\"publisher\":{\"@id\":\"https:\\\/\\\/www.cpl.es\\\/#organization\"},\"alternateName\":\"Centre de Pastoral Lit\u00fargica\",\"potentialAction\":[{\"@type\":\"SearchAction\",\"target\":{\"@type\":\"EntryPoint\",\"urlTemplate\":\"https:\\\/\\\/www.cpl.es\\\/?s={search_term_string}\"},\"query-input\":{\"@type\":\"PropertyValueSpecification\",\"valueRequired\":true,\"valueName\":\"search_term_string\"}}],\"inLanguage\":\"ca\"},{\"@type\":\"Organization\",\"@id\":\"https:\\\/\\\/www.cpl.es\\\/#organization\",\"name\":\"Centre de Pastoral Lit\u00fargica\",\"alternateName\":\"Centre de Pastoral Lit\u00fargica de Barcelona\",\"url\":\"https:\\\/\\\/www.cpl.es\\\/\",\"logo\":{\"@type\":\"ImageObject\",\"inLanguage\":\"ca\",\"@id\":\"https:\\\/\\\/www.cpl.es\\\/#\\\/schema\\\/logo\\\/image\\\/\",\"url\":\"https:\\\/\\\/www.cpl.es\\\/wp-content\\\/uploads\\\/logo-cpl.svg\",\"contentUrl\":\"https:\\\/\\\/www.cpl.es\\\/wp-content\\\/uploads\\\/logo-cpl.svg\",\"caption\":\"Centre de Pastoral Lit\u00fargica\"},\"image\":{\"@id\":\"https:\\\/\\\/www.cpl.es\\\/#\\\/schema\\\/logo\\\/image\\\/\"}}]}<\/script>\n<!-- \/ Yoast SEO plugin. -->","yoast_head_json":{"title":"El ministeri diaconal en l'Esgl\u00e9sia - CPL","robots":{"index":"index","follow":"follow","max-snippet":"max-snippet:-1","max-image-preview":"max-image-preview:large","max-video-preview":"max-video-preview:-1"},"canonical":"https:\/\/www.cpl.es\/producto\/el-ministeri-diaconal-en-lesglesia-9788491655701\/","og_locale":"ca_ES","og_type":"article","og_title":"El ministeri diaconal en l'Esgl\u00e9sia - CPL","og_description":"Mart\u00ednez Deschamps, Montserrat","og_url":"https:\/\/www.cpl.es\/producto\/el-ministeri-diaconal-en-lesglesia-9788491655701\/","og_site_name":"CPL","article_modified_time":"2025-10-03T09:12:45+00:00","og_image":[{"width":280,"height":443,"url":"https:\/\/www.cpl.es\/wp-content\/uploads\/208177.jpg","type":"image\/jpeg"}],"twitter_card":"summary_large_image","twitter_misc":{"Temps estimat de lectura":"1 minut"},"schema":{"@context":"https:\/\/schema.org","@graph":[{"@type":"WebPage","@id":"https:\/\/www.cpl.es\/producto\/el-ministeri-diaconal-en-lesglesia-9788491655701\/","url":"https:\/\/www.cpl.es\/producto\/el-ministeri-diaconal-en-lesglesia-9788491655701\/","name":"El ministeri diaconal en l'Esgl\u00e9sia - CPL","isPartOf":{"@id":"https:\/\/www.cpl.es\/#website"},"primaryImageOfPage":{"@id":"https:\/\/www.cpl.es\/producto\/el-ministeri-diaconal-en-lesglesia-9788491655701\/#primaryimage"},"image":{"@id":"https:\/\/www.cpl.es\/producto\/el-ministeri-diaconal-en-lesglesia-9788491655701\/#primaryimage"},"thumbnailUrl":"https:\/\/www.cpl.es\/wp-content\/uploads\/208177.jpg","datePublished":"2023-10-03T22:43:24+00:00","dateModified":"2025-10-03T09:12:45+00:00","breadcrumb":{"@id":"https:\/\/www.cpl.es\/producto\/el-ministeri-diaconal-en-lesglesia-9788491655701\/#breadcrumb"},"inLanguage":"ca","potentialAction":[{"@type":"ReadAction","target":["https:\/\/www.cpl.es\/producto\/el-ministeri-diaconal-en-lesglesia-9788491655701\/"]}]},{"@type":"ImageObject","inLanguage":"ca","@id":"https:\/\/www.cpl.es\/producto\/el-ministeri-diaconal-en-lesglesia-9788491655701\/#primaryimage","url":"https:\/\/www.cpl.es\/wp-content\/uploads\/208177.jpg","contentUrl":"https:\/\/www.cpl.es\/wp-content\/uploads\/208177.jpg","width":280,"height":443,"caption":"208177.jpg"},{"@type":"BreadcrumbList","@id":"https:\/\/www.cpl.es\/producto\/el-ministeri-diaconal-en-lesglesia-9788491655701\/#breadcrumb","itemListElement":[{"@type":"ListItem","position":1,"name":"Portada","item":"https:\/\/www.cpl.es\/ca\/"},{"@type":"ListItem","position":2,"name":"Cat\u00e0leg","item":"https:\/\/www.cpl.es\/ca\/cataleg\/"},{"@type":"ListItem","position":3,"name":"El ministeri diaconal en l&#8217;Esgl\u00e9sia"}]},{"@type":"WebSite","@id":"https:\/\/www.cpl.es\/#website","url":"https:\/\/www.cpl.es\/","name":"CPL","description":"Centre de Pastoral Lit\u00fargica de Barcelona","publisher":{"@id":"https:\/\/www.cpl.es\/#organization"},"alternateName":"Centre de Pastoral Lit\u00fargica","potentialAction":[{"@type":"SearchAction","target":{"@type":"EntryPoint","urlTemplate":"https:\/\/www.cpl.es\/?s={search_term_string}"},"query-input":{"@type":"PropertyValueSpecification","valueRequired":true,"valueName":"search_term_string"}}],"inLanguage":"ca"},{"@type":"Organization","@id":"https:\/\/www.cpl.es\/#organization","name":"Centre de Pastoral Lit\u00fargica","alternateName":"Centre de Pastoral Lit\u00fargica de Barcelona","url":"https:\/\/www.cpl.es\/","logo":{"@type":"ImageObject","inLanguage":"ca","@id":"https:\/\/www.cpl.es\/#\/schema\/logo\/image\/","url":"https:\/\/www.cpl.es\/wp-content\/uploads\/logo-cpl.svg","contentUrl":"https:\/\/www.cpl.es\/wp-content\/uploads\/logo-cpl.svg","caption":"Centre de Pastoral Lit\u00fargica"},"image":{"@id":"https:\/\/www.cpl.es\/#\/schema\/logo\/image\/"}}]}},"_links":{"self":[{"href":"https:\/\/www.cpl.es\/ca\/wp-json\/wp\/v2\/product\/566","targetHints":{"allow":["GET"]}}],"collection":[{"href":"https:\/\/www.cpl.es\/ca\/wp-json\/wp\/v2\/product"}],"about":[{"href":"https:\/\/www.cpl.es\/ca\/wp-json\/wp\/v2\/types\/product"}],"wp:featuredmedia":[{"embeddable":true,"href":"https:\/\/www.cpl.es\/ca\/wp-json\/wp\/v2\/media\/567"}],"wp:attachment":[{"href":"https:\/\/www.cpl.es\/ca\/wp-json\/wp\/v2\/media?parent=566"}],"wp:term":[{"taxonomy":"product_brand","embeddable":true,"href":"https:\/\/www.cpl.es\/ca\/wp-json\/wp\/v2\/product_brand?post=566"},{"taxonomy":"product_cat","embeddable":true,"href":"https:\/\/www.cpl.es\/ca\/wp-json\/wp\/v2\/product_cat?post=566"},{"taxonomy":"product_tag","embeddable":true,"href":"https:\/\/www.cpl.es\/ca\/wp-json\/wp\/v2\/product_tag?post=566"}],"curies":[{"name":"wp","href":"https:\/\/api.w.org\/{rel}","templated":true}]}}

El ministeri diaconal en l&#8217;Església

<p> El diaconat, tercer grau en la jerarquia del ministeri ordenat, és força desconegut en les comunitats cristianes i, encara més, en el món secular. Per això, hem cregut necessari fer una publicació divulgativa en relació a aquest do de Déu a l’Església. És el llibret que teniu a les mans, escrit per Montserrat Martínez Deschamps, esposa d’un diaca de Barcelona i llicenciada en Teologia des de fa 41 anys. De forma concisa i fàcil, l’autora desenvolupa els trets més fonamentals i característics del diaconat. Conté el Document de la CTI sobre el diaconat com a sagrament i com a grau permanent de l’Orde, i explicita el do rebut en l’ordenació. Esperem que us sigui útil. Qui estigui interessat a ser ordenat diaca, que s’adreci a la Comissió Diocesana del Diaconat o al Bisbe de la diòcesi. Montserrat Martínez Deschamps (Barcelona, 1947) és casada i té quatre fills i vuit néts. És llicenciada en Filologia Clàssica, Filologia Anglesa, Ciències Religioses i Teologia Sistemàtica. Professionalment ha exercit de professora, ara jubilada, en el Col·legi «Casp» dels Jesuïtes de Barcelona, on també va ser consiliària d’alumnes d’educació secundària des de l’any 2001. Ha estat directora del Servei de Catequesi de la Fundació canònica mossèn Manuel Bonet, de Barcelona, des del 2005 fins al 2018. És membre de la junta directiva del Centre Internacional del Diaconat des de l’any 2013.</p>

<p>Martínez Deschamps, Montserrat</p>

Martínez Deschamps, Montserrat

Rústica

<!-- This site is optimized with the Yoast SEO plugin v27.3 - https://yoast.com/product/yoast-seo-wordpress/ -->
<title>El ministeri diaconal en l&#039;Església - CPL</title>
<meta name="robots" content="index, follow, max-snippet:-1, max-image-preview:large, max-video-preview:-1" />
<link rel="canonical" href="https://www.cpl.es/producto/el-ministeri-diaconal-en-lesglesia-9788491655701/" />
<meta property="og:locale" content="ca_ES" />
<meta property="og:type" content="article" />
<meta property="og:title" content="El ministeri diaconal en l&#039;Església - CPL" />
<meta property="og:description" content="Martínez Deschamps, Montserrat" />
<meta property="og:url" content="https://www.cpl.es/producto/el-ministeri-diaconal-en-lesglesia-9788491655701/" />
<meta property="og:site_name" content="CPL" />
<meta property="article:modified_time" content="2025-10-03T09:12:45+00:00" />
<meta property="og:image" content="https://www.cpl.es/wp-content/uploads/208177.jpg" />
	<meta property="og:image:width" content="280" />
	<meta property="og:image:height" content="443" />
	<meta property="og:image:type" content="image/jpeg" />
<meta name="twitter:card" content="summary_large_image" />
<meta name="twitter:label1" content="Temps estimat de lectura" />
	<meta name="twitter:data1" content="1 minut" />
<script type="application/ld+json" class="yoast-schema-graph">{"@context":"https:\/\/schema.org","@graph":[{"@type":"WebPage","@id":"https:\/\/www.cpl.es\/producto\/el-ministeri-diaconal-en-lesglesia-9788491655701\/","url":"https:\/\/www.cpl.es\/producto\/el-ministeri-diaconal-en-lesglesia-9788491655701\/","name":"El ministeri diaconal en l'Església - CPL","isPartOf":{"@id":"https:\/\/www.cpl.es\/#website"},"primaryImageOfPage":{"@id":"https:\/\/www.cpl.es\/producto\/el-ministeri-diaconal-en-lesglesia-9788491655701\/#primaryimage"},"image":{"@id":"https:\/\/www.cpl.es\/producto\/el-ministeri-diaconal-en-lesglesia-9788491655701\/#primaryimage"},"thumbnailUrl":"https:\/\/www.cpl.es\/wp-content\/uploads\/208177.jpg","datePublished":"2023-10-03T22:43:24+00:00","dateModified":"2025-10-03T09:12:45+00:00","breadcrumb":{"@id":"https:\/\/www.cpl.es\/producto\/el-ministeri-diaconal-en-lesglesia-9788491655701\/#breadcrumb"},"inLanguage":"ca","potentialAction":[{"@type":"ReadAction","target":["https:\/\/www.cpl.es\/producto\/el-ministeri-diaconal-en-lesglesia-9788491655701\/"]}]},{"@type":"ImageObject","inLanguage":"ca","@id":"https:\/\/www.cpl.es\/producto\/el-ministeri-diaconal-en-lesglesia-9788491655701\/#primaryimage","url":"https:\/\/www.cpl.es\/wp-content\/uploads\/208177.jpg","contentUrl":"https:\/\/www.cpl.es\/wp-content\/uploads\/208177.jpg","width":280,"height":443,"caption":"208177.jpg"},{"@type":"BreadcrumbList","@id":"https:\/\/www.cpl.es\/producto\/el-ministeri-diaconal-en-lesglesia-9788491655701\/#breadcrumb","itemListElement":[{"@type":"ListItem","position":1,"name":"Portada","item":"https:\/\/www.cpl.es\/ca\/"},{"@type":"ListItem","position":2,"name":"Catàleg","item":"https:\/\/www.cpl.es\/ca\/cataleg\/"},{"@type":"ListItem","position":3,"name":"El ministeri diaconal en l&#8217;Església"}]},{"@type":"WebSite","@id":"https:\/\/www.cpl.es\/#website","url":"https:\/\/www.cpl.es\/","name":"CPL","description":"Centre de Pastoral Litúrgica de Barcelona","publisher":{"@id":"https:\/\/www.cpl.es\/#organization"},"alternateName":"Centre de Pastoral Litúrgica","potentialAction":[{"@type":"SearchAction","target":{"@type":"EntryPoint","urlTemplate":"https:\/\/www.cpl.es\/?s={search_term_string}"},"query-input":{"@type":"PropertyValueSpecification","valueRequired":true,"valueName":"search_term_string"}}],"inLanguage":"ca"},{"@type":"Organization","@id":"https:\/\/www.cpl.es\/#organization","name":"Centre de Pastoral Litúrgica","alternateName":"Centre de Pastoral Litúrgica de Barcelona","url":"https:\/\/www.cpl.es\/","logo":{"@type":"ImageObject","inLanguage":"ca","@id":"https:\/\/www.cpl.es\/#\/schema\/logo\/image\/","url":"https:\/\/www.cpl.es\/wp-content\/uploads\/logo-cpl.svg","contentUrl":"https:\/\/www.cpl.es\/wp-content\/uploads\/logo-cpl.svg","caption":"Centre de Pastoral Litúrgica"},"image":{"@id":"https:\/\/www.cpl.es\/#\/schema\/logo\/image\/"}}]}</script>
<!-- / Yoast SEO plugin. -->

El ministeri diaconal en l'Església - CPL

Catàleg

Centre de Pastoral Litúrgica de Barcelona

Centre de Pastoral Litúrgica
