{"id":515,"date":"2023-10-04T00:41:48","date_gmt":"2023-10-03T22:41:48","guid":{"rendered":"https:\/\/nuevaweb.cpl.es\/producto\/participacion-de-los-laicos-en-los-sacramentos-9788491655947\/"},"modified":"2026-02-12T16:47:09","modified_gmt":"2026-02-12T15:47:09","slug":"participacion-de-los-laicos-en-los-sacramentos-9788491655947","status":"publish","type":"product","link":"https:\/\/www.cpl.es\/ca\/producto\/participacion-de-los-laicos-en-los-sacramentos-9788491655947\/","title":{"rendered":"Participaci\u00f3n de los laicos en los sacramentos"},"content":{"rendered":"<p> Resumen: El mundo en el que se configur\u00f3 y para el que se prepar\u00f3 la Iglesia a cumplir su misi\u00f3n desde siempre, incluso despu\u00e9s de su renovaci\u00f3n del Vaticano II, se ha derrumbado, o en gran parte est\u00e1 desapareciendo. Se trata de verdaderas transformaciones estructurales, tanto en el \u00e1mbito civil como el eclesial. En este sentido, quedan no pocas cuestiones pendientes, a las que la Iglesia, con su sinodalidad, desea dar respuesta. El objetivo en este trabajo es recordar las posibilidades de participaci\u00f3n de los laicos en el ministerio presbiteral que ofrece la Iglesia hoy, y sugerir con humildad algunas propuestas de futuro. Palabras clave: apostolado, catecumenado, catequesis, corresponsabilidad, ministerios laicales, ministerio sacerdotal, misi\u00f3n, participaci\u00f3n, pastoral, sacramentales, sacramentos. Abstract: The world in which the Church was configured and prepared to carry out her mission from time to time, even after her renewal of Vatican II, has collapsed, or is largely disappearing. These are true structural transformations in both the civil and ecclesiastical spheres. Thereby, there are many outstanding questions to which the Church, with its synodality, wishes to respond. The aim in this work is to recall the possibilities of participation of the laity in the priestly ministry offered by the Church today, and to humbly suggest some proposals for the future. Keywords: apostolate, catechesis, catechumenate, co-responsibility, mission, lay ministries, priestly ministry, participation, pastoral, sacramentals, sacraments.<\/p>\n","protected":false},"excerpt":{"rendered":"<p>Borobio Garc\u00eda, Dionisio<\/p>\n","protected":false},"featured_media":19280,"template":"","meta":{"_acf_changed":false,"inline_featured_image":false},"product_brand":[],"product_cat":[54,69],"product_tag":[],"class_list":{"0":"post-515","1":"product","2":"type-product","3":"status-publish","4":"has-post-thumbnail","6":"product_cat-cuadernos-phase","7":"product_cat-cuadernos-phase-colleccions-catala","9":"first","10":"instock","11":"taxable","12":"shipping-taxable","13":"purchasable","14":"product-type-simple"},"acf":{"autor":"Borobio Garc\u00eda, Dionisio","codart":"110276","ediciones":"1","encuadernacion":"R\u00fastica","fecha_de_publicacion":"21\/09\/2023","novedad":false,"paginas":"116","subtitulo":"","orden":"999","portada":false,"idioma":"spa","editorial":[{"ID":6736,"post_author":"2","post_date":"2023-10-06 08:35:24","post_date_gmt":"2023-10-06 06:35:24","post_content":"","post_title":"CPL","post_excerpt":"","post_status":"publish","comment_status":"closed","ping_status":"closed","post_password":"","post_name":"cpl","to_ping":"","pinged":"","post_modified":"2023-10-06 08:35:24","post_modified_gmt":"2023-10-06 06:35:24","post_content_filtered":"","post_parent":0,"guid":"https:\/\/nuevaweb.cpl.es\/editorial\/cpl\/","menu_order":0,"post_type":"editorial","post_mime_type":"","comment_count":"0","filter":"raw"}],"coleccion_num":"276"},"yoast_head":"<!-- This site is optimized with the Yoast SEO plugin v27.3 - https:\/\/yoast.com\/product\/yoast-seo-wordpress\/ -->\n<title>Participaci\u00f3n de los laicos en los sacramentos - CPL<\/title>\n<meta name=\"robots\" content=\"index, follow, max-snippet:-1, max-image-preview:large, max-video-preview:-1\" \/>\n<link rel=\"canonical\" href=\"https:\/\/www.cpl.es\/producto\/participacion-de-los-laicos-en-los-sacramentos-9788491655947\/\" \/>\n<meta property=\"og:locale\" content=\"ca_ES\" \/>\n<meta property=\"og:type\" content=\"article\" \/>\n<meta property=\"og:title\" content=\"Participaci\u00f3n de los laicos en los sacramentos - CPL\" \/>\n<meta property=\"og:description\" content=\"Borobio Garc\u00eda, Dionisio\" \/>\n<meta property=\"og:url\" content=\"https:\/\/www.cpl.es\/producto\/participacion-de-los-laicos-en-los-sacramentos-9788491655947\/\" \/>\n<meta property=\"og:site_name\" content=\"CPL\" \/>\n<meta property=\"article:modified_time\" content=\"2026-02-12T15:47:09+00:00\" \/>\n<meta property=\"og:image\" content=\"https:\/\/www.cpl.es\/wp-content\/uploads\/9788491655947.jpg\" \/>\n\t<meta property=\"og:image:width\" content=\"294\" \/>\n\t<meta property=\"og:image:height\" content=\"443\" \/>\n\t<meta property=\"og:image:type\" content=\"image\/jpeg\" \/>\n<meta name=\"twitter:card\" content=\"summary_large_image\" \/>\n<meta name=\"twitter:label1\" content=\"Temps estimat de lectura\" \/>\n\t<meta name=\"twitter:data1\" content=\"1 minut\" \/>\n<script type=\"application\/ld+json\" class=\"yoast-schema-graph\">{\"@context\":\"https:\\\/\\\/schema.org\",\"@graph\":[{\"@type\":\"WebPage\",\"@id\":\"https:\\\/\\\/www.cpl.es\\\/producto\\\/participacion-de-los-laicos-en-los-sacramentos-9788491655947\\\/\",\"url\":\"https:\\\/\\\/www.cpl.es\\\/producto\\\/participacion-de-los-laicos-en-los-sacramentos-9788491655947\\\/\",\"name\":\"Participaci\u00f3n de los laicos en los sacramentos - CPL\",\"isPartOf\":{\"@id\":\"https:\\\/\\\/www.cpl.es\\\/#website\"},\"primaryImageOfPage\":{\"@id\":\"https:\\\/\\\/www.cpl.es\\\/producto\\\/participacion-de-los-laicos-en-los-sacramentos-9788491655947\\\/#primaryimage\"},\"image\":{\"@id\":\"https:\\\/\\\/www.cpl.es\\\/producto\\\/participacion-de-los-laicos-en-los-sacramentos-9788491655947\\\/#primaryimage\"},\"thumbnailUrl\":\"https:\\\/\\\/www.cpl.es\\\/wp-content\\\/uploads\\\/9788491655947.jpg\",\"datePublished\":\"2023-10-03T22:41:48+00:00\",\"dateModified\":\"2026-02-12T15:47:09+00:00\",\"breadcrumb\":{\"@id\":\"https:\\\/\\\/www.cpl.es\\\/producto\\\/participacion-de-los-laicos-en-los-sacramentos-9788491655947\\\/#breadcrumb\"},\"inLanguage\":\"ca\",\"potentialAction\":[{\"@type\":\"ReadAction\",\"target\":[\"https:\\\/\\\/www.cpl.es\\\/producto\\\/participacion-de-los-laicos-en-los-sacramentos-9788491655947\\\/\"]}]},{\"@type\":\"ImageObject\",\"inLanguage\":\"ca\",\"@id\":\"https:\\\/\\\/www.cpl.es\\\/producto\\\/participacion-de-los-laicos-en-los-sacramentos-9788491655947\\\/#primaryimage\",\"url\":\"https:\\\/\\\/www.cpl.es\\\/wp-content\\\/uploads\\\/9788491655947.jpg\",\"contentUrl\":\"https:\\\/\\\/www.cpl.es\\\/wp-content\\\/uploads\\\/9788491655947.jpg\",\"width\":294,\"height\":443,\"caption\":\"9788491655947.jpg\"},{\"@type\":\"BreadcrumbList\",\"@id\":\"https:\\\/\\\/www.cpl.es\\\/producto\\\/participacion-de-los-laicos-en-los-sacramentos-9788491655947\\\/#breadcrumb\",\"itemListElement\":[{\"@type\":\"ListItem\",\"position\":1,\"name\":\"Portada\",\"item\":\"https:\\\/\\\/www.cpl.es\\\/ca\\\/\"},{\"@type\":\"ListItem\",\"position\":2,\"name\":\"Cat\u00e0leg\",\"item\":\"https:\\\/\\\/www.cpl.es\\\/ca\\\/cataleg\\\/\"},{\"@type\":\"ListItem\",\"position\":3,\"name\":\"Participaci\u00f3n de los laicos en los sacramentos\"}]},{\"@type\":\"WebSite\",\"@id\":\"https:\\\/\\\/www.cpl.es\\\/#website\",\"url\":\"https:\\\/\\\/www.cpl.es\\\/\",\"name\":\"CPL\",\"description\":\"Centre de Pastoral Lit\u00fargica de Barcelona\",\"publisher\":{\"@id\":\"https:\\\/\\\/www.cpl.es\\\/#organization\"},\"alternateName\":\"Centre de Pastoral Lit\u00fargica\",\"potentialAction\":[{\"@type\":\"SearchAction\",\"target\":{\"@type\":\"EntryPoint\",\"urlTemplate\":\"https:\\\/\\\/www.cpl.es\\\/?s={search_term_string}\"},\"query-input\":{\"@type\":\"PropertyValueSpecification\",\"valueRequired\":true,\"valueName\":\"search_term_string\"}}],\"inLanguage\":\"ca\"},{\"@type\":\"Organization\",\"@id\":\"https:\\\/\\\/www.cpl.es\\\/#organization\",\"name\":\"Centre de Pastoral Lit\u00fargica\",\"alternateName\":\"Centre de Pastoral Lit\u00fargica de Barcelona\",\"url\":\"https:\\\/\\\/www.cpl.es\\\/\",\"logo\":{\"@type\":\"ImageObject\",\"inLanguage\":\"ca\",\"@id\":\"https:\\\/\\\/www.cpl.es\\\/#\\\/schema\\\/logo\\\/image\\\/\",\"url\":\"https:\\\/\\\/www.cpl.es\\\/wp-content\\\/uploads\\\/logo-cpl.svg\",\"contentUrl\":\"https:\\\/\\\/www.cpl.es\\\/wp-content\\\/uploads\\\/logo-cpl.svg\",\"caption\":\"Centre de Pastoral Lit\u00fargica\"},\"image\":{\"@id\":\"https:\\\/\\\/www.cpl.es\\\/#\\\/schema\\\/logo\\\/image\\\/\"}}]}<\/script>\n<!-- \/ Yoast SEO plugin. -->","yoast_head_json":{"title":"Participaci\u00f3n de los laicos en los sacramentos - CPL","robots":{"index":"index","follow":"follow","max-snippet":"max-snippet:-1","max-image-preview":"max-image-preview:large","max-video-preview":"max-video-preview:-1"},"canonical":"https:\/\/www.cpl.es\/producto\/participacion-de-los-laicos-en-los-sacramentos-9788491655947\/","og_locale":"ca_ES","og_type":"article","og_title":"Participaci\u00f3n de los laicos en los sacramentos - CPL","og_description":"Borobio Garc\u00eda, Dionisio","og_url":"https:\/\/www.cpl.es\/producto\/participacion-de-los-laicos-en-los-sacramentos-9788491655947\/","og_site_name":"CPL","article_modified_time":"2026-02-12T15:47:09+00:00","og_image":[{"width":294,"height":443,"url":"https:\/\/www.cpl.es\/wp-content\/uploads\/9788491655947.jpg","type":"image\/jpeg"}],"twitter_card":"summary_large_image","twitter_misc":{"Temps estimat de lectura":"1 minut"},"schema":{"@context":"https:\/\/schema.org","@graph":[{"@type":"WebPage","@id":"https:\/\/www.cpl.es\/producto\/participacion-de-los-laicos-en-los-sacramentos-9788491655947\/","url":"https:\/\/www.cpl.es\/producto\/participacion-de-los-laicos-en-los-sacramentos-9788491655947\/","name":"Participaci\u00f3n de los laicos en los sacramentos - CPL","isPartOf":{"@id":"https:\/\/www.cpl.es\/#website"},"primaryImageOfPage":{"@id":"https:\/\/www.cpl.es\/producto\/participacion-de-los-laicos-en-los-sacramentos-9788491655947\/#primaryimage"},"image":{"@id":"https:\/\/www.cpl.es\/producto\/participacion-de-los-laicos-en-los-sacramentos-9788491655947\/#primaryimage"},"thumbnailUrl":"https:\/\/www.cpl.es\/wp-content\/uploads\/9788491655947.jpg","datePublished":"2023-10-03T22:41:48+00:00","dateModified":"2026-02-12T15:47:09+00:00","breadcrumb":{"@id":"https:\/\/www.cpl.es\/producto\/participacion-de-los-laicos-en-los-sacramentos-9788491655947\/#breadcrumb"},"inLanguage":"ca","potentialAction":[{"@type":"ReadAction","target":["https:\/\/www.cpl.es\/producto\/participacion-de-los-laicos-en-los-sacramentos-9788491655947\/"]}]},{"@type":"ImageObject","inLanguage":"ca","@id":"https:\/\/www.cpl.es\/producto\/participacion-de-los-laicos-en-los-sacramentos-9788491655947\/#primaryimage","url":"https:\/\/www.cpl.es\/wp-content\/uploads\/9788491655947.jpg","contentUrl":"https:\/\/www.cpl.es\/wp-content\/uploads\/9788491655947.jpg","width":294,"height":443,"caption":"9788491655947.jpg"},{"@type":"BreadcrumbList","@id":"https:\/\/www.cpl.es\/producto\/participacion-de-los-laicos-en-los-sacramentos-9788491655947\/#breadcrumb","itemListElement":[{"@type":"ListItem","position":1,"name":"Portada","item":"https:\/\/www.cpl.es\/ca\/"},{"@type":"ListItem","position":2,"name":"Cat\u00e0leg","item":"https:\/\/www.cpl.es\/ca\/cataleg\/"},{"@type":"ListItem","position":3,"name":"Participaci\u00f3n de los laicos en los sacramentos"}]},{"@type":"WebSite","@id":"https:\/\/www.cpl.es\/#website","url":"https:\/\/www.cpl.es\/","name":"CPL","description":"Centre de Pastoral Lit\u00fargica de Barcelona","publisher":{"@id":"https:\/\/www.cpl.es\/#organization"},"alternateName":"Centre de Pastoral Lit\u00fargica","potentialAction":[{"@type":"SearchAction","target":{"@type":"EntryPoint","urlTemplate":"https:\/\/www.cpl.es\/?s={search_term_string}"},"query-input":{"@type":"PropertyValueSpecification","valueRequired":true,"valueName":"search_term_string"}}],"inLanguage":"ca"},{"@type":"Organization","@id":"https:\/\/www.cpl.es\/#organization","name":"Centre de Pastoral Lit\u00fargica","alternateName":"Centre de Pastoral Lit\u00fargica de Barcelona","url":"https:\/\/www.cpl.es\/","logo":{"@type":"ImageObject","inLanguage":"ca","@id":"https:\/\/www.cpl.es\/#\/schema\/logo\/image\/","url":"https:\/\/www.cpl.es\/wp-content\/uploads\/logo-cpl.svg","contentUrl":"https:\/\/www.cpl.es\/wp-content\/uploads\/logo-cpl.svg","caption":"Centre de Pastoral Lit\u00fargica"},"image":{"@id":"https:\/\/www.cpl.es\/#\/schema\/logo\/image\/"}}]}},"_links":{"self":[{"href":"https:\/\/www.cpl.es\/ca\/wp-json\/wp\/v2\/product\/515","targetHints":{"allow":["GET"]}}],"collection":[{"href":"https:\/\/www.cpl.es\/ca\/wp-json\/wp\/v2\/product"}],"about":[{"href":"https:\/\/www.cpl.es\/ca\/wp-json\/wp\/v2\/types\/product"}],"wp:featuredmedia":[{"embeddable":true,"href":"https:\/\/www.cpl.es\/ca\/wp-json\/wp\/v2\/media\/19280"}],"wp:attachment":[{"href":"https:\/\/www.cpl.es\/ca\/wp-json\/wp\/v2\/media?parent=515"}],"wp:term":[{"taxonomy":"product_brand","embeddable":true,"href":"https:\/\/www.cpl.es\/ca\/wp-json\/wp\/v2\/product_brand?post=515"},{"taxonomy":"product_cat","embeddable":true,"href":"https:\/\/www.cpl.es\/ca\/wp-json\/wp\/v2\/product_cat?post=515"},{"taxonomy":"product_tag","embeddable":true,"href":"https:\/\/www.cpl.es\/ca\/wp-json\/wp\/v2\/product_tag?post=515"}],"curies":[{"name":"wp","href":"https:\/\/api.w.org\/{rel}","templated":true}]}}

Participación de los laicos en los sacramentos

<p> Resumen: El mundo en el que se configuró y para el que se preparó la Iglesia a cumplir su misión desde siempre, incluso después de su renovación del Vaticano II, se ha derrumbado, o en gran parte está desapareciendo. Se trata de verdaderas transformaciones estructurales, tanto en el ámbito civil como el eclesial. En este sentido, quedan no pocas cuestiones pendientes, a las que la Iglesia, con su sinodalidad, desea dar respuesta. El objetivo en este trabajo es recordar las posibilidades de participación de los laicos en el ministerio presbiteral que ofrece la Iglesia hoy, y sugerir con humildad algunas propuestas de futuro. Palabras clave: apostolado, catecumenado, catequesis, corresponsabilidad, ministerios laicales, ministerio sacerdotal, misión, participación, pastoral, sacramentales, sacramentos. Abstract: The world in which the Church was configured and prepared to carry out her mission from time to time, even after her renewal of Vatican II, has collapsed, or is largely disappearing. These are true structural transformations in both the civil and ecclesiastical spheres. Thereby, there are many outstanding questions to which the Church, with its synodality, wishes to respond. The aim in this work is to recall the possibilities of participation of the laity in the priestly ministry offered by the Church today, and to humbly suggest some proposals for the future. Keywords: apostolate, catechesis, catechumenate, co-responsibility, mission, lay ministries, priestly ministry, participation, pastoral, sacramentals, sacraments.</p>

<p>Borobio García, Dionisio</p>

Borobio García, Dionisio

Rústica

<!-- This site is optimized with the Yoast SEO plugin v27.3 - https://yoast.com/product/yoast-seo-wordpress/ -->
<title>Participación de los laicos en los sacramentos - CPL</title>
<meta name="robots" content="index, follow, max-snippet:-1, max-image-preview:large, max-video-preview:-1" />
<link rel="canonical" href="https://www.cpl.es/producto/participacion-de-los-laicos-en-los-sacramentos-9788491655947/" />
<meta property="og:locale" content="ca_ES" />
<meta property="og:type" content="article" />
<meta property="og:title" content="Participación de los laicos en los sacramentos - CPL" />
<meta property="og:description" content="Borobio García, Dionisio" />
<meta property="og:url" content="https://www.cpl.es/producto/participacion-de-los-laicos-en-los-sacramentos-9788491655947/" />
<meta property="og:site_name" content="CPL" />
<meta property="article:modified_time" content="2026-02-12T15:47:09+00:00" />
<meta property="og:image" content="https://www.cpl.es/wp-content/uploads/9788491655947.jpg" />
	<meta property="og:image:width" content="294" />
	<meta property="og:image:height" content="443" />
	<meta property="og:image:type" content="image/jpeg" />
<meta name="twitter:card" content="summary_large_image" />
<meta name="twitter:label1" content="Temps estimat de lectura" />
	<meta name="twitter:data1" content="1 minut" />
<script type="application/ld+json" class="yoast-schema-graph">{"@context":"https:\/\/schema.org","@graph":[{"@type":"WebPage","@id":"https:\/\/www.cpl.es\/producto\/participacion-de-los-laicos-en-los-sacramentos-9788491655947\/","url":"https:\/\/www.cpl.es\/producto\/participacion-de-los-laicos-en-los-sacramentos-9788491655947\/","name":"Participación de los laicos en los sacramentos - CPL","isPartOf":{"@id":"https:\/\/www.cpl.es\/#website"},"primaryImageOfPage":{"@id":"https:\/\/www.cpl.es\/producto\/participacion-de-los-laicos-en-los-sacramentos-9788491655947\/#primaryimage"},"image":{"@id":"https:\/\/www.cpl.es\/producto\/participacion-de-los-laicos-en-los-sacramentos-9788491655947\/#primaryimage"},"thumbnailUrl":"https:\/\/www.cpl.es\/wp-content\/uploads\/9788491655947.jpg","datePublished":"2023-10-03T22:41:48+00:00","dateModified":"2026-02-12T15:47:09+00:00","breadcrumb":{"@id":"https:\/\/www.cpl.es\/producto\/participacion-de-los-laicos-en-los-sacramentos-9788491655947\/#breadcrumb"},"inLanguage":"ca","potentialAction":[{"@type":"ReadAction","target":["https:\/\/www.cpl.es\/producto\/participacion-de-los-laicos-en-los-sacramentos-9788491655947\/"]}]},{"@type":"ImageObject","inLanguage":"ca","@id":"https:\/\/www.cpl.es\/producto\/participacion-de-los-laicos-en-los-sacramentos-9788491655947\/#primaryimage","url":"https:\/\/www.cpl.es\/wp-content\/uploads\/9788491655947.jpg","contentUrl":"https:\/\/www.cpl.es\/wp-content\/uploads\/9788491655947.jpg","width":294,"height":443,"caption":"9788491655947.jpg"},{"@type":"BreadcrumbList","@id":"https:\/\/www.cpl.es\/producto\/participacion-de-los-laicos-en-los-sacramentos-9788491655947\/#breadcrumb","itemListElement":[{"@type":"ListItem","position":1,"name":"Portada","item":"https:\/\/www.cpl.es\/ca\/"},{"@type":"ListItem","position":2,"name":"Catàleg","item":"https:\/\/www.cpl.es\/ca\/cataleg\/"},{"@type":"ListItem","position":3,"name":"Participación de los laicos en los sacramentos"}]},{"@type":"WebSite","@id":"https:\/\/www.cpl.es\/#website","url":"https:\/\/www.cpl.es\/","name":"CPL","description":"Centre de Pastoral Litúrgica de Barcelona","publisher":{"@id":"https:\/\/www.cpl.es\/#organization"},"alternateName":"Centre de Pastoral Litúrgica","potentialAction":[{"@type":"SearchAction","target":{"@type":"EntryPoint","urlTemplate":"https:\/\/www.cpl.es\/?s={search_term_string}"},"query-input":{"@type":"PropertyValueSpecification","valueRequired":true,"valueName":"search_term_string"}}],"inLanguage":"ca"},{"@type":"Organization","@id":"https:\/\/www.cpl.es\/#organization","name":"Centre de Pastoral Litúrgica","alternateName":"Centre de Pastoral Litúrgica de Barcelona","url":"https:\/\/www.cpl.es\/","logo":{"@type":"ImageObject","inLanguage":"ca","@id":"https:\/\/www.cpl.es\/#\/schema\/logo\/image\/","url":"https:\/\/www.cpl.es\/wp-content\/uploads\/logo-cpl.svg","contentUrl":"https:\/\/www.cpl.es\/wp-content\/uploads\/logo-cpl.svg","caption":"Centre de Pastoral Litúrgica"},"image":{"@id":"https:\/\/www.cpl.es\/#\/schema\/logo\/image\/"}}]}</script>
<!-- / Yoast SEO plugin. -->

Participación de los laicos en los sacramentos - CPL

Catàleg

Centre de Pastoral Litúrgica de Barcelona

Centre de Pastoral Litúrgica
