{"id":509,"date":"2023-10-04T00:41:37","date_gmt":"2023-10-03T22:41:37","guid":{"rendered":"https:\/\/nuevaweb.cpl.es\/producto\/rutilio-grande-un-profeta-junto-a-su-pueblo-9788491655954\/"},"modified":"2025-10-03T11:10:44","modified_gmt":"2025-10-03T09:10:44","slug":"rutilio-grande-un-profeta-con-su-pueblo-9788491655954","status":"publish","type":"product","link":"https:\/\/www.cpl.es\/ca\/producto\/rutilio-grande-un-profeta-con-su-pueblo-9788491655954\/","title":{"rendered":"Rutilio Grande. Un profeta con su pueblo"},"content":{"rendered":"<p> Rutilio fue un jesuita salvadore\u00f1o, un profeta en su pueblo tiempo y contexto, que fiel a la Buena Noticia del Evangelio anunci\u00f3 como Jes\u00fas la liberaci\u00f3n a la gente m\u00e1s sencilla, los campesinos salvadore\u00f1os que viv\u00edan una situaci\u00f3n de opresi\u00f3n muy fuerte, en el inicio de una guerra civil. En el camino, acerc\u00f3 las nuevas ense\u00f1anzas de la Iglesia y las populariz\u00f3, construyendo comunidad, como una Iglesia cercana a los m\u00e1s desvalidos, denunciando las injusticias, formando a agentes pastorales y sent\u00e1ndose todos juntos a la mesa. Rutilio Grande Garc\u00eda naci\u00f3 en El Paisnal el 5 de julio de 1928 y fue asesinado en Aguilares el 12 de marzo de 1977, a la edad de 48 a\u00f1os. Fue beatificado el 22 de enero de 2022. Fiesta: 22 de enero<\/p>\n","protected":false},"excerpt":{"rendered":"<p>Ares Mateos, Alberto<\/p>\n","protected":false},"featured_media":19296,"template":"","meta":{"_acf_changed":false,"inline_featured_image":false},"product_brand":[],"product_cat":[53,70],"product_tag":[],"class_list":{"0":"post-509","1":"product","2":"type-product","3":"status-publish","4":"has-post-thumbnail","6":"product_cat-santos-y-santas","7":"product_cat-sants-i-santes","9":"first","10":"instock","11":"taxable","12":"shipping-taxable","13":"purchasable","14":"product-type-simple"},"acf":{"autor":"Ares Mateos, Alberto","codart":"112295","ediciones":"1","encuadernacion":"Grapado","fecha_de_publicacion":"26\/09\/2023","novedad":false,"paginas":"36","subtitulo":"","orden":"999","portada":false,"idioma":"spa","editorial":[{"ID":6736,"post_author":"2","post_date":"2023-10-06 08:35:24","post_date_gmt":"2023-10-06 06:35:24","post_content":"","post_title":"CPL","post_excerpt":"","post_status":"publish","comment_status":"closed","ping_status":"closed","post_password":"","post_name":"cpl","to_ping":"","pinged":"","post_modified":"2023-10-06 08:35:24","post_modified_gmt":"2023-10-06 06:35:24","post_content_filtered":"","post_parent":0,"guid":"https:\/\/nuevaweb.cpl.es\/editorial\/cpl\/","menu_order":0,"post_type":"editorial","post_mime_type":"","comment_count":"0","filter":"raw"}],"autores-libros":"","traductores-libros":"","ilustradores-libros":"","coleccion":"","coleccion_num":"295","formato":"","ficha":"","muestra":"","presentacion":"","booktrailer":"","Venta_ebook_1_url":"","Venta_ebook_1_tienda":"","Venta_ebook_1_precio":"","Venta_ebook_2_url":"","Venta_ebook_2_tienda":"","Venta_ebook_2_precio":"","Venta_ebook_3_url":"","Venta_ebook_3_tienda":"","Venta_ebook_3_precio":"","Venta_ebook_4_url":"","Venta_ebook_4_tienda":"","Venta_ebook_4_precio":"","Venta_ebook_5_url":"","Venta_ebook_5_tienda":"","Venta_ebook_5_precio":"","Venta_ebook_6_url":"","Venta_ebook_6_tienda":"","Venta_ebook_6_precio":"","recomendamos":"","mas_vendido":""},"yoast_head":"<!-- This site is optimized with the Yoast SEO plugin v27.3 - https:\/\/yoast.com\/product\/yoast-seo-wordpress\/ -->\n<title>Rutilio Grande. Un profeta con su pueblo - CPL<\/title>\n<meta name=\"robots\" content=\"index, follow, max-snippet:-1, max-image-preview:large, max-video-preview:-1\" \/>\n<link rel=\"canonical\" href=\"https:\/\/www.cpl.es\/producto\/rutilio-grande-un-profeta-con-su-pueblo-9788491655954\/\" \/>\n<meta property=\"og:locale\" content=\"ca_ES\" \/>\n<meta property=\"og:type\" content=\"article\" \/>\n<meta property=\"og:title\" content=\"Rutilio Grande. Un profeta con su pueblo - CPL\" \/>\n<meta property=\"og:description\" content=\"Ares Mateos, Alberto\" \/>\n<meta property=\"og:url\" content=\"https:\/\/www.cpl.es\/producto\/rutilio-grande-un-profeta-con-su-pueblo-9788491655954\/\" \/>\n<meta property=\"og:site_name\" content=\"CPL\" \/>\n<meta property=\"article:modified_time\" content=\"2025-10-03T09:10:44+00:00\" \/>\n<meta property=\"og:image\" content=\"https:\/\/www.cpl.es\/wp-content\/uploads\/9788491655954-4.jpg\" \/>\n\t<meta property=\"og:image:width\" content=\"280\" \/>\n\t<meta property=\"og:image:height\" content=\"443\" \/>\n\t<meta property=\"og:image:type\" content=\"image\/jpeg\" \/>\n<meta name=\"twitter:card\" content=\"summary_large_image\" \/>\n<meta name=\"twitter:label1\" content=\"Temps estimat de lectura\" \/>\n\t<meta name=\"twitter:data1\" content=\"1 minut\" \/>\n<script type=\"application\/ld+json\" class=\"yoast-schema-graph\">{\"@context\":\"https:\\\/\\\/schema.org\",\"@graph\":[{\"@type\":\"WebPage\",\"@id\":\"https:\\\/\\\/www.cpl.es\\\/producto\\\/rutilio-grande-un-profeta-con-su-pueblo-9788491655954\\\/\",\"url\":\"https:\\\/\\\/www.cpl.es\\\/producto\\\/rutilio-grande-un-profeta-con-su-pueblo-9788491655954\\\/\",\"name\":\"Rutilio Grande. Un profeta con su pueblo - CPL\",\"isPartOf\":{\"@id\":\"https:\\\/\\\/www.cpl.es\\\/#website\"},\"primaryImageOfPage\":{\"@id\":\"https:\\\/\\\/www.cpl.es\\\/producto\\\/rutilio-grande-un-profeta-con-su-pueblo-9788491655954\\\/#primaryimage\"},\"image\":{\"@id\":\"https:\\\/\\\/www.cpl.es\\\/producto\\\/rutilio-grande-un-profeta-con-su-pueblo-9788491655954\\\/#primaryimage\"},\"thumbnailUrl\":\"https:\\\/\\\/www.cpl.es\\\/wp-content\\\/uploads\\\/9788491655954-4.jpg\",\"datePublished\":\"2023-10-03T22:41:37+00:00\",\"dateModified\":\"2025-10-03T09:10:44+00:00\",\"breadcrumb\":{\"@id\":\"https:\\\/\\\/www.cpl.es\\\/producto\\\/rutilio-grande-un-profeta-con-su-pueblo-9788491655954\\\/#breadcrumb\"},\"inLanguage\":\"ca\",\"potentialAction\":[{\"@type\":\"ReadAction\",\"target\":[\"https:\\\/\\\/www.cpl.es\\\/producto\\\/rutilio-grande-un-profeta-con-su-pueblo-9788491655954\\\/\"]}]},{\"@type\":\"ImageObject\",\"inLanguage\":\"ca\",\"@id\":\"https:\\\/\\\/www.cpl.es\\\/producto\\\/rutilio-grande-un-profeta-con-su-pueblo-9788491655954\\\/#primaryimage\",\"url\":\"https:\\\/\\\/www.cpl.es\\\/wp-content\\\/uploads\\\/9788491655954-4.jpg\",\"contentUrl\":\"https:\\\/\\\/www.cpl.es\\\/wp-content\\\/uploads\\\/9788491655954-4.jpg\",\"width\":280,\"height\":443,\"caption\":\"9788491655954.jpg\"},{\"@type\":\"BreadcrumbList\",\"@id\":\"https:\\\/\\\/www.cpl.es\\\/producto\\\/rutilio-grande-un-profeta-con-su-pueblo-9788491655954\\\/#breadcrumb\",\"itemListElement\":[{\"@type\":\"ListItem\",\"position\":1,\"name\":\"Portada\",\"item\":\"https:\\\/\\\/www.cpl.es\\\/ca\\\/\"},{\"@type\":\"ListItem\",\"position\":2,\"name\":\"Cat\u00e0leg\",\"item\":\"https:\\\/\\\/www.cpl.es\\\/ca\\\/cataleg\\\/\"},{\"@type\":\"ListItem\",\"position\":3,\"name\":\"Rutilio Grande. Un profeta con su pueblo\"}]},{\"@type\":\"WebSite\",\"@id\":\"https:\\\/\\\/www.cpl.es\\\/#website\",\"url\":\"https:\\\/\\\/www.cpl.es\\\/\",\"name\":\"CPL\",\"description\":\"Centre de Pastoral Lit\u00fargica de Barcelona\",\"publisher\":{\"@id\":\"https:\\\/\\\/www.cpl.es\\\/#organization\"},\"alternateName\":\"Centre de Pastoral Lit\u00fargica\",\"potentialAction\":[{\"@type\":\"SearchAction\",\"target\":{\"@type\":\"EntryPoint\",\"urlTemplate\":\"https:\\\/\\\/www.cpl.es\\\/?s={search_term_string}\"},\"query-input\":{\"@type\":\"PropertyValueSpecification\",\"valueRequired\":true,\"valueName\":\"search_term_string\"}}],\"inLanguage\":\"ca\"},{\"@type\":\"Organization\",\"@id\":\"https:\\\/\\\/www.cpl.es\\\/#organization\",\"name\":\"Centre de Pastoral Lit\u00fargica\",\"alternateName\":\"Centre de Pastoral Lit\u00fargica de Barcelona\",\"url\":\"https:\\\/\\\/www.cpl.es\\\/\",\"logo\":{\"@type\":\"ImageObject\",\"inLanguage\":\"ca\",\"@id\":\"https:\\\/\\\/www.cpl.es\\\/#\\\/schema\\\/logo\\\/image\\\/\",\"url\":\"https:\\\/\\\/www.cpl.es\\\/wp-content\\\/uploads\\\/logo-cpl.svg\",\"contentUrl\":\"https:\\\/\\\/www.cpl.es\\\/wp-content\\\/uploads\\\/logo-cpl.svg\",\"caption\":\"Centre de Pastoral Lit\u00fargica\"},\"image\":{\"@id\":\"https:\\\/\\\/www.cpl.es\\\/#\\\/schema\\\/logo\\\/image\\\/\"}}]}<\/script>\n<!-- \/ Yoast SEO plugin. -->","yoast_head_json":{"title":"Rutilio Grande. Un profeta con su pueblo - CPL","robots":{"index":"index","follow":"follow","max-snippet":"max-snippet:-1","max-image-preview":"max-image-preview:large","max-video-preview":"max-video-preview:-1"},"canonical":"https:\/\/www.cpl.es\/producto\/rutilio-grande-un-profeta-con-su-pueblo-9788491655954\/","og_locale":"ca_ES","og_type":"article","og_title":"Rutilio Grande. Un profeta con su pueblo - CPL","og_description":"Ares Mateos, Alberto","og_url":"https:\/\/www.cpl.es\/producto\/rutilio-grande-un-profeta-con-su-pueblo-9788491655954\/","og_site_name":"CPL","article_modified_time":"2025-10-03T09:10:44+00:00","og_image":[{"width":280,"height":443,"url":"https:\/\/www.cpl.es\/wp-content\/uploads\/9788491655954-4.jpg","type":"image\/jpeg"}],"twitter_card":"summary_large_image","twitter_misc":{"Temps estimat de lectura":"1 minut"},"schema":{"@context":"https:\/\/schema.org","@graph":[{"@type":"WebPage","@id":"https:\/\/www.cpl.es\/producto\/rutilio-grande-un-profeta-con-su-pueblo-9788491655954\/","url":"https:\/\/www.cpl.es\/producto\/rutilio-grande-un-profeta-con-su-pueblo-9788491655954\/","name":"Rutilio Grande. Un profeta con su pueblo - CPL","isPartOf":{"@id":"https:\/\/www.cpl.es\/#website"},"primaryImageOfPage":{"@id":"https:\/\/www.cpl.es\/producto\/rutilio-grande-un-profeta-con-su-pueblo-9788491655954\/#primaryimage"},"image":{"@id":"https:\/\/www.cpl.es\/producto\/rutilio-grande-un-profeta-con-su-pueblo-9788491655954\/#primaryimage"},"thumbnailUrl":"https:\/\/www.cpl.es\/wp-content\/uploads\/9788491655954-4.jpg","datePublished":"2023-10-03T22:41:37+00:00","dateModified":"2025-10-03T09:10:44+00:00","breadcrumb":{"@id":"https:\/\/www.cpl.es\/producto\/rutilio-grande-un-profeta-con-su-pueblo-9788491655954\/#breadcrumb"},"inLanguage":"ca","potentialAction":[{"@type":"ReadAction","target":["https:\/\/www.cpl.es\/producto\/rutilio-grande-un-profeta-con-su-pueblo-9788491655954\/"]}]},{"@type":"ImageObject","inLanguage":"ca","@id":"https:\/\/www.cpl.es\/producto\/rutilio-grande-un-profeta-con-su-pueblo-9788491655954\/#primaryimage","url":"https:\/\/www.cpl.es\/wp-content\/uploads\/9788491655954-4.jpg","contentUrl":"https:\/\/www.cpl.es\/wp-content\/uploads\/9788491655954-4.jpg","width":280,"height":443,"caption":"9788491655954.jpg"},{"@type":"BreadcrumbList","@id":"https:\/\/www.cpl.es\/producto\/rutilio-grande-un-profeta-con-su-pueblo-9788491655954\/#breadcrumb","itemListElement":[{"@type":"ListItem","position":1,"name":"Portada","item":"https:\/\/www.cpl.es\/ca\/"},{"@type":"ListItem","position":2,"name":"Cat\u00e0leg","item":"https:\/\/www.cpl.es\/ca\/cataleg\/"},{"@type":"ListItem","position":3,"name":"Rutilio Grande. Un profeta con su pueblo"}]},{"@type":"WebSite","@id":"https:\/\/www.cpl.es\/#website","url":"https:\/\/www.cpl.es\/","name":"CPL","description":"Centre de Pastoral Lit\u00fargica de Barcelona","publisher":{"@id":"https:\/\/www.cpl.es\/#organization"},"alternateName":"Centre de Pastoral Lit\u00fargica","potentialAction":[{"@type":"SearchAction","target":{"@type":"EntryPoint","urlTemplate":"https:\/\/www.cpl.es\/?s={search_term_string}"},"query-input":{"@type":"PropertyValueSpecification","valueRequired":true,"valueName":"search_term_string"}}],"inLanguage":"ca"},{"@type":"Organization","@id":"https:\/\/www.cpl.es\/#organization","name":"Centre de Pastoral Lit\u00fargica","alternateName":"Centre de Pastoral Lit\u00fargica de Barcelona","url":"https:\/\/www.cpl.es\/","logo":{"@type":"ImageObject","inLanguage":"ca","@id":"https:\/\/www.cpl.es\/#\/schema\/logo\/image\/","url":"https:\/\/www.cpl.es\/wp-content\/uploads\/logo-cpl.svg","contentUrl":"https:\/\/www.cpl.es\/wp-content\/uploads\/logo-cpl.svg","caption":"Centre de Pastoral Lit\u00fargica"},"image":{"@id":"https:\/\/www.cpl.es\/#\/schema\/logo\/image\/"}}]}},"_links":{"self":[{"href":"https:\/\/www.cpl.es\/ca\/wp-json\/wp\/v2\/product\/509","targetHints":{"allow":["GET"]}}],"collection":[{"href":"https:\/\/www.cpl.es\/ca\/wp-json\/wp\/v2\/product"}],"about":[{"href":"https:\/\/www.cpl.es\/ca\/wp-json\/wp\/v2\/types\/product"}],"wp:featuredmedia":[{"embeddable":true,"href":"https:\/\/www.cpl.es\/ca\/wp-json\/wp\/v2\/media\/19296"}],"wp:attachment":[{"href":"https:\/\/www.cpl.es\/ca\/wp-json\/wp\/v2\/media?parent=509"}],"wp:term":[{"taxonomy":"product_brand","embeddable":true,"href":"https:\/\/www.cpl.es\/ca\/wp-json\/wp\/v2\/product_brand?post=509"},{"taxonomy":"product_cat","embeddable":true,"href":"https:\/\/www.cpl.es\/ca\/wp-json\/wp\/v2\/product_cat?post=509"},{"taxonomy":"product_tag","embeddable":true,"href":"https:\/\/www.cpl.es\/ca\/wp-json\/wp\/v2\/product_tag?post=509"}],"curies":[{"name":"wp","href":"https:\/\/api.w.org\/{rel}","templated":true}]}}

<p> Rutilio fue un jesuita salvadoreño, un profeta en su pueblo tiempo y contexto, que fiel a la Buena Noticia del Evangelio anunció como Jesús la liberación a la gente más sencilla, los campesinos salvadoreños que vivían una situación de opresión muy fuerte, en el inicio de una guerra civil. En el camino, acercó las nuevas enseñanzas de la Iglesia y las popularizó, construyendo comunidad, como una Iglesia cercana a los más desvalidos, denunciando las injusticias, formando a agentes pastorales y sentándose todos juntos a la mesa. Rutilio Grande García nació en El Paisnal el 5 de julio de 1928 y fue asesinado en Aguilares el 12 de marzo de 1977, a la edad de 48 años. Fue beatificado el 22 de enero de 2022. Fiesta: 22 de enero</p>

<!-- This site is optimized with the Yoast SEO plugin v27.3 - https://yoast.com/product/yoast-seo-wordpress/ -->
<title>Rutilio Grande. Un profeta con su pueblo - CPL</title>
<meta name="robots" content="index, follow, max-snippet:-1, max-image-preview:large, max-video-preview:-1" />
<link rel="canonical" href="https://www.cpl.es/producto/rutilio-grande-un-profeta-con-su-pueblo-9788491655954/" />
<meta property="og:locale" content="ca_ES" />
<meta property="og:type" content="article" />
<meta property="og:title" content="Rutilio Grande. Un profeta con su pueblo - CPL" />
<meta property="og:description" content="Ares Mateos, Alberto" />
<meta property="og:url" content="https://www.cpl.es/producto/rutilio-grande-un-profeta-con-su-pueblo-9788491655954/" />
<meta property="og:site_name" content="CPL" />
<meta property="article:modified_time" content="2025-10-03T09:10:44+00:00" />
<meta property="og:image" content="https://www.cpl.es/wp-content/uploads/9788491655954-4.jpg" />
	<meta property="og:image:width" content="280" />
	<meta property="og:image:height" content="443" />
	<meta property="og:image:type" content="image/jpeg" />
<meta name="twitter:card" content="summary_large_image" />
<meta name="twitter:label1" content="Temps estimat de lectura" />
	<meta name="twitter:data1" content="1 minut" />
<script type="application/ld+json" class="yoast-schema-graph">{"@context":"https:\/\/schema.org","@graph":[{"@type":"WebPage","@id":"https:\/\/www.cpl.es\/producto\/rutilio-grande-un-profeta-con-su-pueblo-9788491655954\/","url":"https:\/\/www.cpl.es\/producto\/rutilio-grande-un-profeta-con-su-pueblo-9788491655954\/","name":"Rutilio Grande. Un profeta con su pueblo - CPL","isPartOf":{"@id":"https:\/\/www.cpl.es\/#website"},"primaryImageOfPage":{"@id":"https:\/\/www.cpl.es\/producto\/rutilio-grande-un-profeta-con-su-pueblo-9788491655954\/#primaryimage"},"image":{"@id":"https:\/\/www.cpl.es\/producto\/rutilio-grande-un-profeta-con-su-pueblo-9788491655954\/#primaryimage"},"thumbnailUrl":"https:\/\/www.cpl.es\/wp-content\/uploads\/9788491655954-4.jpg","datePublished":"2023-10-03T22:41:37+00:00","dateModified":"2025-10-03T09:10:44+00:00","breadcrumb":{"@id":"https:\/\/www.cpl.es\/producto\/rutilio-grande-un-profeta-con-su-pueblo-9788491655954\/#breadcrumb"},"inLanguage":"ca","potentialAction":[{"@type":"ReadAction","target":["https:\/\/www.cpl.es\/producto\/rutilio-grande-un-profeta-con-su-pueblo-9788491655954\/"]}]},{"@type":"ImageObject","inLanguage":"ca","@id":"https:\/\/www.cpl.es\/producto\/rutilio-grande-un-profeta-con-su-pueblo-9788491655954\/#primaryimage","url":"https:\/\/www.cpl.es\/wp-content\/uploads\/9788491655954-4.jpg","contentUrl":"https:\/\/www.cpl.es\/wp-content\/uploads\/9788491655954-4.jpg","width":280,"height":443,"caption":"9788491655954.jpg"},{"@type":"BreadcrumbList","@id":"https:\/\/www.cpl.es\/producto\/rutilio-grande-un-profeta-con-su-pueblo-9788491655954\/#breadcrumb","itemListElement":[{"@type":"ListItem","position":1,"name":"Portada","item":"https:\/\/www.cpl.es\/ca\/"},{"@type":"ListItem","position":2,"name":"Catàleg","item":"https:\/\/www.cpl.es\/ca\/cataleg\/"},{"@type":"ListItem","position":3,"name":"Rutilio Grande. Un profeta con su pueblo"}]},{"@type":"WebSite","@id":"https:\/\/www.cpl.es\/#website","url":"https:\/\/www.cpl.es\/","name":"CPL","description":"Centre de Pastoral Litúrgica de Barcelona","publisher":{"@id":"https:\/\/www.cpl.es\/#organization"},"alternateName":"Centre de Pastoral Litúrgica","potentialAction":[{"@type":"SearchAction","target":{"@type":"EntryPoint","urlTemplate":"https:\/\/www.cpl.es\/?s={search_term_string}"},"query-input":{"@type":"PropertyValueSpecification","valueRequired":true,"valueName":"search_term_string"}}],"inLanguage":"ca"},{"@type":"Organization","@id":"https:\/\/www.cpl.es\/#organization","name":"Centre de Pastoral Litúrgica","alternateName":"Centre de Pastoral Litúrgica de Barcelona","url":"https:\/\/www.cpl.es\/","logo":{"@type":"ImageObject","inLanguage":"ca","@id":"https:\/\/www.cpl.es\/#\/schema\/logo\/image\/","url":"https:\/\/www.cpl.es\/wp-content\/uploads\/logo-cpl.svg","contentUrl":"https:\/\/www.cpl.es\/wp-content\/uploads\/logo-cpl.svg","caption":"Centre de Pastoral Litúrgica"},"image":{"@id":"https:\/\/www.cpl.es\/#\/schema\/logo\/image\/"}}]}</script>
<!-- / Yoast SEO plugin. -->

Catàleg

Centre de Pastoral Litúrgica de Barcelona

Centre de Pastoral Litúrgica
