{"id":506,"date":"2023-10-04T00:41:31","date_gmt":"2023-10-03T22:41:31","guid":{"rendered":"https:\/\/nuevaweb.cpl.es\/producto\/los-sacramentos-dimension-simbolica-de-la-existencia-9788491655930\/"},"modified":"2026-02-12T16:47:06","modified_gmt":"2026-02-12T15:47:06","slug":"los-sacramentos-dimension-simbolica-de-la-existencia-9788491656081","status":"publish","type":"product","link":"https:\/\/www.cpl.es\/ca\/producto\/los-sacramentos-dimension-simbolica-de-la-existencia-9788491656081\/","title":{"rendered":"Los sacramentos. Dimensi\u00f3n simb\u00f3lica de la existencia"},"content":{"rendered":"<p> El autor nos presenta un ensayo de car\u00e1cter divulgativo. Es un texto adecuado para ser consultado tanto por catequistas como por personas que quieran profundizar en su fe, una herramienta muy \u00faltil para que el lector pueda reflexionar y progresar en materia de los sacramentos. <br \/> Ant\u00f3n-Ram\u00f3n Sastre Papiol, licenciado en Teolog\u00eda por la Pontificia Universidad Gregoriana de Roma (1969) y en derecho por la Universidad de Barcelona (1982). Ha sido profesor de Teolog\u00eda sacramental y liturgia en el Instituto de Teolog\u00eda de Barcelona de la Facultad de Teolog\u00eda (1974-1978). Fue consejero de la revista Phase (1973-1978), donde public\u00f3 diversos art\u00edculos sobre liturgia y sacramentos, as\u00ed como rese\u00f1as de libros. Elegido miembro del Centre de Pastoral Lit\u00fargica en 1977. Ha sido abogado en ejercicio (1983-2021).<\/p>\n","protected":false},"excerpt":{"rendered":"<p>Sastre Papiol, Ant\u00f3n-Ram\u00f3n<\/p>\n","protected":false},"featured_media":19278,"template":"","meta":{"_acf_changed":false,"inline_featured_image":false},"product_brand":[],"product_cat":[54,69],"product_tag":[],"class_list":{"0":"post-506","1":"product","2":"type-product","3":"status-publish","4":"has-post-thumbnail","6":"product_cat-cuadernos-phase","7":"product_cat-cuadernos-phase-colleccions-catala","9":"first","10":"instock","11":"taxable","12":"shipping-taxable","13":"purchasable","14":"product-type-simple"},"acf":{"autor":"Sastre Papiol, Ant\u00f3n-Ram\u00f3n","codart":"110275","ediciones":"2","encuadernacion":"R\u00fastica","fecha_de_publicacion":"31\/01\/2024","novedad":false,"paginas":"124","subtitulo":"","orden":"999","portada":false,"idioma":"spa","editorial":[{"ID":6736,"post_author":"2","post_date":"2023-10-06 08:35:24","post_date_gmt":"2023-10-06 06:35:24","post_content":"","post_title":"CPL","post_excerpt":"","post_status":"publish","comment_status":"closed","ping_status":"closed","post_password":"","post_name":"cpl","to_ping":"","pinged":"","post_modified":"2023-10-06 08:35:24","post_modified_gmt":"2023-10-06 06:35:24","post_content_filtered":"","post_parent":0,"guid":"https:\/\/nuevaweb.cpl.es\/editorial\/cpl\/","menu_order":0,"post_type":"editorial","post_mime_type":"","comment_count":"0","filter":"raw"}],"coleccion_num":"275"},"yoast_head":"<!-- This site is optimized with the Yoast SEO plugin v27.3 - https:\/\/yoast.com\/product\/yoast-seo-wordpress\/ -->\n<title>Los sacramentos. Dimensi\u00f3n simb\u00f3lica de la existencia - CPL<\/title>\n<meta name=\"robots\" content=\"index, follow, max-snippet:-1, max-image-preview:large, max-video-preview:-1\" \/>\n<link rel=\"canonical\" href=\"https:\/\/www.cpl.es\/producto\/los-sacramentos-dimension-simbolica-de-la-existencia-9788491656081\/\" \/>\n<meta property=\"og:locale\" content=\"ca_ES\" \/>\n<meta property=\"og:type\" content=\"article\" \/>\n<meta property=\"og:title\" content=\"Los sacramentos. Dimensi\u00f3n simb\u00f3lica de la existencia - CPL\" \/>\n<meta property=\"og:description\" content=\"Sastre Papiol, Ant\u00f3n-Ram\u00f3n\" \/>\n<meta property=\"og:url\" content=\"https:\/\/www.cpl.es\/producto\/los-sacramentos-dimension-simbolica-de-la-existencia-9788491656081\/\" \/>\n<meta property=\"og:site_name\" content=\"CPL\" \/>\n<meta property=\"article:modified_time\" content=\"2026-02-12T15:47:06+00:00\" \/>\n<meta property=\"og:image\" content=\"https:\/\/www.cpl.es\/wp-content\/uploads\/110275-4.jpg\" \/>\n\t<meta property=\"og:image:width\" content=\"294\" \/>\n\t<meta property=\"og:image:height\" content=\"443\" \/>\n\t<meta property=\"og:image:type\" content=\"image\/jpeg\" \/>\n<meta name=\"twitter:card\" content=\"summary_large_image\" \/>\n<meta name=\"twitter:label1\" content=\"Temps estimat de lectura\" \/>\n\t<meta name=\"twitter:data1\" content=\"1 minut\" \/>\n<script type=\"application\/ld+json\" class=\"yoast-schema-graph\">{\"@context\":\"https:\\\/\\\/schema.org\",\"@graph\":[{\"@type\":\"WebPage\",\"@id\":\"https:\\\/\\\/www.cpl.es\\\/producto\\\/los-sacramentos-dimension-simbolica-de-la-existencia-9788491656081\\\/\",\"url\":\"https:\\\/\\\/www.cpl.es\\\/producto\\\/los-sacramentos-dimension-simbolica-de-la-existencia-9788491656081\\\/\",\"name\":\"Los sacramentos. Dimensi\u00f3n simb\u00f3lica de la existencia - CPL\",\"isPartOf\":{\"@id\":\"https:\\\/\\\/www.cpl.es\\\/#website\"},\"primaryImageOfPage\":{\"@id\":\"https:\\\/\\\/www.cpl.es\\\/producto\\\/los-sacramentos-dimension-simbolica-de-la-existencia-9788491656081\\\/#primaryimage\"},\"image\":{\"@id\":\"https:\\\/\\\/www.cpl.es\\\/producto\\\/los-sacramentos-dimension-simbolica-de-la-existencia-9788491656081\\\/#primaryimage\"},\"thumbnailUrl\":\"https:\\\/\\\/www.cpl.es\\\/wp-content\\\/uploads\\\/110275-4.jpg\",\"datePublished\":\"2023-10-03T22:41:31+00:00\",\"dateModified\":\"2026-02-12T15:47:06+00:00\",\"breadcrumb\":{\"@id\":\"https:\\\/\\\/www.cpl.es\\\/producto\\\/los-sacramentos-dimension-simbolica-de-la-existencia-9788491656081\\\/#breadcrumb\"},\"inLanguage\":\"ca\",\"potentialAction\":[{\"@type\":\"ReadAction\",\"target\":[\"https:\\\/\\\/www.cpl.es\\\/producto\\\/los-sacramentos-dimension-simbolica-de-la-existencia-9788491656081\\\/\"]}]},{\"@type\":\"ImageObject\",\"inLanguage\":\"ca\",\"@id\":\"https:\\\/\\\/www.cpl.es\\\/producto\\\/los-sacramentos-dimension-simbolica-de-la-existencia-9788491656081\\\/#primaryimage\",\"url\":\"https:\\\/\\\/www.cpl.es\\\/wp-content\\\/uploads\\\/110275-4.jpg\",\"contentUrl\":\"https:\\\/\\\/www.cpl.es\\\/wp-content\\\/uploads\\\/110275-4.jpg\",\"width\":294,\"height\":443,\"caption\":\"110275.jpg\"},{\"@type\":\"BreadcrumbList\",\"@id\":\"https:\\\/\\\/www.cpl.es\\\/producto\\\/los-sacramentos-dimension-simbolica-de-la-existencia-9788491656081\\\/#breadcrumb\",\"itemListElement\":[{\"@type\":\"ListItem\",\"position\":1,\"name\":\"Portada\",\"item\":\"https:\\\/\\\/www.cpl.es\\\/ca\\\/\"},{\"@type\":\"ListItem\",\"position\":2,\"name\":\"Cat\u00e0leg\",\"item\":\"https:\\\/\\\/www.cpl.es\\\/ca\\\/cataleg\\\/\"},{\"@type\":\"ListItem\",\"position\":3,\"name\":\"Los sacramentos. Dimensi\u00f3n simb\u00f3lica de la existencia\"}]},{\"@type\":\"WebSite\",\"@id\":\"https:\\\/\\\/www.cpl.es\\\/#website\",\"url\":\"https:\\\/\\\/www.cpl.es\\\/\",\"name\":\"CPL\",\"description\":\"Centre de Pastoral Lit\u00fargica de Barcelona\",\"publisher\":{\"@id\":\"https:\\\/\\\/www.cpl.es\\\/#organization\"},\"alternateName\":\"Centre de Pastoral Lit\u00fargica\",\"potentialAction\":[{\"@type\":\"SearchAction\",\"target\":{\"@type\":\"EntryPoint\",\"urlTemplate\":\"https:\\\/\\\/www.cpl.es\\\/?s={search_term_string}\"},\"query-input\":{\"@type\":\"PropertyValueSpecification\",\"valueRequired\":true,\"valueName\":\"search_term_string\"}}],\"inLanguage\":\"ca\"},{\"@type\":\"Organization\",\"@id\":\"https:\\\/\\\/www.cpl.es\\\/#organization\",\"name\":\"Centre de Pastoral Lit\u00fargica\",\"alternateName\":\"Centre de Pastoral Lit\u00fargica de Barcelona\",\"url\":\"https:\\\/\\\/www.cpl.es\\\/\",\"logo\":{\"@type\":\"ImageObject\",\"inLanguage\":\"ca\",\"@id\":\"https:\\\/\\\/www.cpl.es\\\/#\\\/schema\\\/logo\\\/image\\\/\",\"url\":\"https:\\\/\\\/www.cpl.es\\\/wp-content\\\/uploads\\\/logo-cpl.svg\",\"contentUrl\":\"https:\\\/\\\/www.cpl.es\\\/wp-content\\\/uploads\\\/logo-cpl.svg\",\"caption\":\"Centre de Pastoral Lit\u00fargica\"},\"image\":{\"@id\":\"https:\\\/\\\/www.cpl.es\\\/#\\\/schema\\\/logo\\\/image\\\/\"}}]}<\/script>\n<!-- \/ Yoast SEO plugin. -->","yoast_head_json":{"title":"Los sacramentos. Dimensi\u00f3n simb\u00f3lica de la existencia - CPL","robots":{"index":"index","follow":"follow","max-snippet":"max-snippet:-1","max-image-preview":"max-image-preview:large","max-video-preview":"max-video-preview:-1"},"canonical":"https:\/\/www.cpl.es\/producto\/los-sacramentos-dimension-simbolica-de-la-existencia-9788491656081\/","og_locale":"ca_ES","og_type":"article","og_title":"Los sacramentos. Dimensi\u00f3n simb\u00f3lica de la existencia - CPL","og_description":"Sastre Papiol, Ant\u00f3n-Ram\u00f3n","og_url":"https:\/\/www.cpl.es\/producto\/los-sacramentos-dimension-simbolica-de-la-existencia-9788491656081\/","og_site_name":"CPL","article_modified_time":"2026-02-12T15:47:06+00:00","og_image":[{"width":294,"height":443,"url":"https:\/\/www.cpl.es\/wp-content\/uploads\/110275-4.jpg","type":"image\/jpeg"}],"twitter_card":"summary_large_image","twitter_misc":{"Temps estimat de lectura":"1 minut"},"schema":{"@context":"https:\/\/schema.org","@graph":[{"@type":"WebPage","@id":"https:\/\/www.cpl.es\/producto\/los-sacramentos-dimension-simbolica-de-la-existencia-9788491656081\/","url":"https:\/\/www.cpl.es\/producto\/los-sacramentos-dimension-simbolica-de-la-existencia-9788491656081\/","name":"Los sacramentos. Dimensi\u00f3n simb\u00f3lica de la existencia - CPL","isPartOf":{"@id":"https:\/\/www.cpl.es\/#website"},"primaryImageOfPage":{"@id":"https:\/\/www.cpl.es\/producto\/los-sacramentos-dimension-simbolica-de-la-existencia-9788491656081\/#primaryimage"},"image":{"@id":"https:\/\/www.cpl.es\/producto\/los-sacramentos-dimension-simbolica-de-la-existencia-9788491656081\/#primaryimage"},"thumbnailUrl":"https:\/\/www.cpl.es\/wp-content\/uploads\/110275-4.jpg","datePublished":"2023-10-03T22:41:31+00:00","dateModified":"2026-02-12T15:47:06+00:00","breadcrumb":{"@id":"https:\/\/www.cpl.es\/producto\/los-sacramentos-dimension-simbolica-de-la-existencia-9788491656081\/#breadcrumb"},"inLanguage":"ca","potentialAction":[{"@type":"ReadAction","target":["https:\/\/www.cpl.es\/producto\/los-sacramentos-dimension-simbolica-de-la-existencia-9788491656081\/"]}]},{"@type":"ImageObject","inLanguage":"ca","@id":"https:\/\/www.cpl.es\/producto\/los-sacramentos-dimension-simbolica-de-la-existencia-9788491656081\/#primaryimage","url":"https:\/\/www.cpl.es\/wp-content\/uploads\/110275-4.jpg","contentUrl":"https:\/\/www.cpl.es\/wp-content\/uploads\/110275-4.jpg","width":294,"height":443,"caption":"110275.jpg"},{"@type":"BreadcrumbList","@id":"https:\/\/www.cpl.es\/producto\/los-sacramentos-dimension-simbolica-de-la-existencia-9788491656081\/#breadcrumb","itemListElement":[{"@type":"ListItem","position":1,"name":"Portada","item":"https:\/\/www.cpl.es\/ca\/"},{"@type":"ListItem","position":2,"name":"Cat\u00e0leg","item":"https:\/\/www.cpl.es\/ca\/cataleg\/"},{"@type":"ListItem","position":3,"name":"Los sacramentos. Dimensi\u00f3n simb\u00f3lica de la existencia"}]},{"@type":"WebSite","@id":"https:\/\/www.cpl.es\/#website","url":"https:\/\/www.cpl.es\/","name":"CPL","description":"Centre de Pastoral Lit\u00fargica de Barcelona","publisher":{"@id":"https:\/\/www.cpl.es\/#organization"},"alternateName":"Centre de Pastoral Lit\u00fargica","potentialAction":[{"@type":"SearchAction","target":{"@type":"EntryPoint","urlTemplate":"https:\/\/www.cpl.es\/?s={search_term_string}"},"query-input":{"@type":"PropertyValueSpecification","valueRequired":true,"valueName":"search_term_string"}}],"inLanguage":"ca"},{"@type":"Organization","@id":"https:\/\/www.cpl.es\/#organization","name":"Centre de Pastoral Lit\u00fargica","alternateName":"Centre de Pastoral Lit\u00fargica de Barcelona","url":"https:\/\/www.cpl.es\/","logo":{"@type":"ImageObject","inLanguage":"ca","@id":"https:\/\/www.cpl.es\/#\/schema\/logo\/image\/","url":"https:\/\/www.cpl.es\/wp-content\/uploads\/logo-cpl.svg","contentUrl":"https:\/\/www.cpl.es\/wp-content\/uploads\/logo-cpl.svg","caption":"Centre de Pastoral Lit\u00fargica"},"image":{"@id":"https:\/\/www.cpl.es\/#\/schema\/logo\/image\/"}}]}},"_links":{"self":[{"href":"https:\/\/www.cpl.es\/ca\/wp-json\/wp\/v2\/product\/506","targetHints":{"allow":["GET"]}}],"collection":[{"href":"https:\/\/www.cpl.es\/ca\/wp-json\/wp\/v2\/product"}],"about":[{"href":"https:\/\/www.cpl.es\/ca\/wp-json\/wp\/v2\/types\/product"}],"wp:featuredmedia":[{"embeddable":true,"href":"https:\/\/www.cpl.es\/ca\/wp-json\/wp\/v2\/media\/19278"}],"wp:attachment":[{"href":"https:\/\/www.cpl.es\/ca\/wp-json\/wp\/v2\/media?parent=506"}],"wp:term":[{"taxonomy":"product_brand","embeddable":true,"href":"https:\/\/www.cpl.es\/ca\/wp-json\/wp\/v2\/product_brand?post=506"},{"taxonomy":"product_cat","embeddable":true,"href":"https:\/\/www.cpl.es\/ca\/wp-json\/wp\/v2\/product_cat?post=506"},{"taxonomy":"product_tag","embeddable":true,"href":"https:\/\/www.cpl.es\/ca\/wp-json\/wp\/v2\/product_tag?post=506"}],"curies":[{"name":"wp","href":"https:\/\/api.w.org\/{rel}","templated":true}]}}

Los sacramentos. Dimensión simbólica de la existencia

<p> El autor nos presenta un ensayo de carácter divulgativo. Es un texto adecuado para ser consultado tanto por catequistas como por personas que quieran profundizar en su fe, una herramienta muy últil para que el lector pueda reflexionar y progresar en materia de los sacramentos. <br /> Antón-Ramón Sastre Papiol, licenciado en Teología por la Pontificia Universidad Gregoriana de Roma (1969) y en derecho por la Universidad de Barcelona (1982). Ha sido profesor de Teología sacramental y liturgia en el Instituto de Teología de Barcelona de la Facultad de Teología (1974-1978). Fue consejero de la revista Phase (1973-1978), donde publicó diversos artículos sobre liturgia y sacramentos, así como reseñas de libros. Elegido miembro del Centre de Pastoral Litúrgica en 1977. Ha sido abogado en ejercicio (1983-2021).</p>

<p>Sastre Papiol, Antón-Ramón</p>

Sastre Papiol, Antón-Ramón

Rústica

<!-- This site is optimized with the Yoast SEO plugin v27.3 - https://yoast.com/product/yoast-seo-wordpress/ -->
<title>Los sacramentos. Dimensión simbólica de la existencia - CPL</title>
<meta name="robots" content="index, follow, max-snippet:-1, max-image-preview:large, max-video-preview:-1" />
<link rel="canonical" href="https://www.cpl.es/producto/los-sacramentos-dimension-simbolica-de-la-existencia-9788491656081/" />
<meta property="og:locale" content="ca_ES" />
<meta property="og:type" content="article" />
<meta property="og:title" content="Los sacramentos. Dimensión simbólica de la existencia - CPL" />
<meta property="og:description" content="Sastre Papiol, Antón-Ramón" />
<meta property="og:url" content="https://www.cpl.es/producto/los-sacramentos-dimension-simbolica-de-la-existencia-9788491656081/" />
<meta property="og:site_name" content="CPL" />
<meta property="article:modified_time" content="2026-02-12T15:47:06+00:00" />
<meta property="og:image" content="https://www.cpl.es/wp-content/uploads/110275-4.jpg" />
	<meta property="og:image:width" content="294" />
	<meta property="og:image:height" content="443" />
	<meta property="og:image:type" content="image/jpeg" />
<meta name="twitter:card" content="summary_large_image" />
<meta name="twitter:label1" content="Temps estimat de lectura" />
	<meta name="twitter:data1" content="1 minut" />
<script type="application/ld+json" class="yoast-schema-graph">{"@context":"https:\/\/schema.org","@graph":[{"@type":"WebPage","@id":"https:\/\/www.cpl.es\/producto\/los-sacramentos-dimension-simbolica-de-la-existencia-9788491656081\/","url":"https:\/\/www.cpl.es\/producto\/los-sacramentos-dimension-simbolica-de-la-existencia-9788491656081\/","name":"Los sacramentos. Dimensión simbólica de la existencia - CPL","isPartOf":{"@id":"https:\/\/www.cpl.es\/#website"},"primaryImageOfPage":{"@id":"https:\/\/www.cpl.es\/producto\/los-sacramentos-dimension-simbolica-de-la-existencia-9788491656081\/#primaryimage"},"image":{"@id":"https:\/\/www.cpl.es\/producto\/los-sacramentos-dimension-simbolica-de-la-existencia-9788491656081\/#primaryimage"},"thumbnailUrl":"https:\/\/www.cpl.es\/wp-content\/uploads\/110275-4.jpg","datePublished":"2023-10-03T22:41:31+00:00","dateModified":"2026-02-12T15:47:06+00:00","breadcrumb":{"@id":"https:\/\/www.cpl.es\/producto\/los-sacramentos-dimension-simbolica-de-la-existencia-9788491656081\/#breadcrumb"},"inLanguage":"ca","potentialAction":[{"@type":"ReadAction","target":["https:\/\/www.cpl.es\/producto\/los-sacramentos-dimension-simbolica-de-la-existencia-9788491656081\/"]}]},{"@type":"ImageObject","inLanguage":"ca","@id":"https:\/\/www.cpl.es\/producto\/los-sacramentos-dimension-simbolica-de-la-existencia-9788491656081\/#primaryimage","url":"https:\/\/www.cpl.es\/wp-content\/uploads\/110275-4.jpg","contentUrl":"https:\/\/www.cpl.es\/wp-content\/uploads\/110275-4.jpg","width":294,"height":443,"caption":"110275.jpg"},{"@type":"BreadcrumbList","@id":"https:\/\/www.cpl.es\/producto\/los-sacramentos-dimension-simbolica-de-la-existencia-9788491656081\/#breadcrumb","itemListElement":[{"@type":"ListItem","position":1,"name":"Portada","item":"https:\/\/www.cpl.es\/ca\/"},{"@type":"ListItem","position":2,"name":"Catàleg","item":"https:\/\/www.cpl.es\/ca\/cataleg\/"},{"@type":"ListItem","position":3,"name":"Los sacramentos. Dimensión simbólica de la existencia"}]},{"@type":"WebSite","@id":"https:\/\/www.cpl.es\/#website","url":"https:\/\/www.cpl.es\/","name":"CPL","description":"Centre de Pastoral Litúrgica de Barcelona","publisher":{"@id":"https:\/\/www.cpl.es\/#organization"},"alternateName":"Centre de Pastoral Litúrgica","potentialAction":[{"@type":"SearchAction","target":{"@type":"EntryPoint","urlTemplate":"https:\/\/www.cpl.es\/?s={search_term_string}"},"query-input":{"@type":"PropertyValueSpecification","valueRequired":true,"valueName":"search_term_string"}}],"inLanguage":"ca"},{"@type":"Organization","@id":"https:\/\/www.cpl.es\/#organization","name":"Centre de Pastoral Litúrgica","alternateName":"Centre de Pastoral Litúrgica de Barcelona","url":"https:\/\/www.cpl.es\/","logo":{"@type":"ImageObject","inLanguage":"ca","@id":"https:\/\/www.cpl.es\/#\/schema\/logo\/image\/","url":"https:\/\/www.cpl.es\/wp-content\/uploads\/logo-cpl.svg","contentUrl":"https:\/\/www.cpl.es\/wp-content\/uploads\/logo-cpl.svg","caption":"Centre de Pastoral Litúrgica"},"image":{"@id":"https:\/\/www.cpl.es\/#\/schema\/logo\/image\/"}}]}</script>
<!-- / Yoast SEO plugin. -->

Los sacramentos. Dimensión simbólica de la existencia - CPL

Catàleg

Centre de Pastoral Litúrgica de Barcelona

Centre de Pastoral Litúrgica
