{"id":4981,"date":"2023-10-04T02:51:20","date_gmt":"2023-10-04T00:51:20","guid":{"rendered":"https:\/\/nuevaweb.cpl.es\/producto\/propio-de-la-orden-de-predicadores-el-9788474677096\/"},"modified":"2023-12-05T13:45:37","modified_gmt":"2023-12-05T12:45:37","slug":"propio-de-la-orden-de-predicadores-el-9788474677096","status":"publish","type":"product","link":"https:\/\/www.cpl.es\/ca\/producto\/propio-de-la-orden-de-predicadores-el-9788474677096\/","title":{"rendered":"Propio de la Orden de Predicadores, El"},"content":{"rendered":"<p>Santo Tom\u00e1s de Aquino, santa Catalina de Siena, santo Domingo de Guzm\u00e1n, la Virgen del Rosario, san Mart\u00edn de Porres y san Alberto Magno, son solemnidades y fiestas esperadas por las comunidades dominicanas. Este fasc\u00edculo pone en sus manos todos los textos de la Liturgia de las Horas propios de estos d\u00edas. Armonizados por la mano conocida de domingo Cols, organista de la Catedral de Barcelona y habitual colaborador del CPL, con su estilo musical, suficientemente conocido. Un buen servicio a la Orden de Predicadores.<\/p>\n","protected":false},"excerpt":{"rendered":"<p>Cols i Puig, Dom\u00e8nec<\/p>\n","protected":false},"featured_media":4982,"template":"","meta":{"_acf_changed":false,"inline_featured_image":false},"product_brand":[],"product_cat":[58,81,147,125,55,68],"product_tag":[],"class_list":{"0":"post-4981","1":"product","2":"type-product","3":"status-publish","4":"has-post-thumbnail","6":"product_cat-liturgia-de-las-horas","7":"product_cat-liturgia-de-les-hores","8":"product_cat-musica-i-celebracio","9":"product_cat-musica-y-celebracion","10":"product_cat-publicaciones-musicales","11":"product_cat-publicacions-musicals","13":"first","14":"instock","15":"taxable","16":"shipping-taxable","17":"purchasable","18":"product-type-simple"},"acf":{"autor":"Cols i Puig, Dom\u00e8nec","codart":"103036","ediciones":"1","encuadernacion":"R\u00fastica","fecha_de_publicacion":"01\/03\/2002","novedad":false,"paginas":"236","subtitulo":"Celebraci\u00f3n cantada de la Liturgia de las Horas","orden":"999","portada":false,"idioma":"spa","editorial":[{"ID":6736,"post_author":"2","post_date":"2023-10-06 08:35:24","post_date_gmt":"2023-10-06 06:35:24","post_content":"","post_title":"CPL","post_excerpt":"","post_status":"publish","comment_status":"closed","ping_status":"closed","post_password":"","post_name":"cpl","to_ping":"","pinged":"","post_modified":"2023-10-06 08:35:24","post_modified_gmt":"2023-10-06 06:35:24","post_content_filtered":"","post_parent":0,"guid":"https:\/\/nuevaweb.cpl.es\/editorial\/cpl\/","menu_order":0,"post_type":"editorial","post_mime_type":"","comment_count":"0","filter":"raw"}]},"yoast_head":"<!-- This site is optimized with the Yoast SEO plugin v27.3 - https:\/\/yoast.com\/product\/yoast-seo-wordpress\/ -->\n<title>Propio de la Orden de Predicadores, El - CPL<\/title>\n<meta name=\"robots\" content=\"index, follow, max-snippet:-1, max-image-preview:large, max-video-preview:-1\" \/>\n<link rel=\"canonical\" href=\"https:\/\/www.cpl.es\/ca\/producto\/propio-de-la-orden-de-predicadores-el-9788474677096\/\" \/>\n<meta property=\"og:locale\" content=\"ca_ES\" \/>\n<meta property=\"og:type\" content=\"article\" \/>\n<meta property=\"og:title\" content=\"Propio de la Orden de Predicadores, El - CPL\" \/>\n<meta property=\"og:description\" content=\"Cols i Puig, Dom\u00e8nec\" \/>\n<meta property=\"og:url\" content=\"https:\/\/www.cpl.es\/ca\/producto\/propio-de-la-orden-de-predicadores-el-9788474677096\/\" \/>\n<meta property=\"og:site_name\" content=\"CPL\" \/>\n<meta property=\"article:modified_time\" content=\"2023-12-05T12:45:37+00:00\" \/>\n<meta property=\"og:image\" content=\"https:\/\/www.cpl.es\/wp-content\/uploads\/103036.jpg\" \/>\n\t<meta property=\"og:image:width\" content=\"280\" \/>\n\t<meta property=\"og:image:height\" content=\"394\" \/>\n\t<meta property=\"og:image:type\" content=\"image\/jpeg\" \/>\n<meta name=\"twitter:card\" content=\"summary_large_image\" \/>\n<script type=\"application\/ld+json\" class=\"yoast-schema-graph\">{\"@context\":\"https:\\\/\\\/schema.org\",\"@graph\":[{\"@type\":\"WebPage\",\"@id\":\"https:\\\/\\\/www.cpl.es\\\/ca\\\/producto\\\/propio-de-la-orden-de-predicadores-el-9788474677096\\\/\",\"url\":\"https:\\\/\\\/www.cpl.es\\\/ca\\\/producto\\\/propio-de-la-orden-de-predicadores-el-9788474677096\\\/\",\"name\":\"Propio de la Orden de Predicadores, El - CPL\",\"isPartOf\":{\"@id\":\"https:\\\/\\\/www.cpl.es\\\/#website\"},\"primaryImageOfPage\":{\"@id\":\"https:\\\/\\\/www.cpl.es\\\/ca\\\/producto\\\/propio-de-la-orden-de-predicadores-el-9788474677096\\\/#primaryimage\"},\"image\":{\"@id\":\"https:\\\/\\\/www.cpl.es\\\/ca\\\/producto\\\/propio-de-la-orden-de-predicadores-el-9788474677096\\\/#primaryimage\"},\"thumbnailUrl\":\"https:\\\/\\\/www.cpl.es\\\/wp-content\\\/uploads\\\/103036.jpg\",\"datePublished\":\"2023-10-04T00:51:20+00:00\",\"dateModified\":\"2023-12-05T12:45:37+00:00\",\"breadcrumb\":{\"@id\":\"https:\\\/\\\/www.cpl.es\\\/ca\\\/producto\\\/propio-de-la-orden-de-predicadores-el-9788474677096\\\/#breadcrumb\"},\"inLanguage\":\"ca\",\"potentialAction\":[{\"@type\":\"ReadAction\",\"target\":[\"https:\\\/\\\/www.cpl.es\\\/ca\\\/producto\\\/propio-de-la-orden-de-predicadores-el-9788474677096\\\/\"]}]},{\"@type\":\"ImageObject\",\"inLanguage\":\"ca\",\"@id\":\"https:\\\/\\\/www.cpl.es\\\/ca\\\/producto\\\/propio-de-la-orden-de-predicadores-el-9788474677096\\\/#primaryimage\",\"url\":\"https:\\\/\\\/www.cpl.es\\\/wp-content\\\/uploads\\\/103036.jpg\",\"contentUrl\":\"https:\\\/\\\/www.cpl.es\\\/wp-content\\\/uploads\\\/103036.jpg\",\"width\":280,\"height\":394,\"caption\":\"103036.jpg\"},{\"@type\":\"BreadcrumbList\",\"@id\":\"https:\\\/\\\/www.cpl.es\\\/ca\\\/producto\\\/propio-de-la-orden-de-predicadores-el-9788474677096\\\/#breadcrumb\",\"itemListElement\":[{\"@type\":\"ListItem\",\"position\":1,\"name\":\"Portada\",\"item\":\"https:\\\/\\\/www.cpl.es\\\/ca\\\/\"},{\"@type\":\"ListItem\",\"position\":2,\"name\":\"Cat\u00e0leg\",\"item\":\"https:\\\/\\\/www.cpl.es\\\/ca\\\/cataleg\\\/\"},{\"@type\":\"ListItem\",\"position\":3,\"name\":\"Propio de la Orden de Predicadores, El\"}]},{\"@type\":\"WebSite\",\"@id\":\"https:\\\/\\\/www.cpl.es\\\/#website\",\"url\":\"https:\\\/\\\/www.cpl.es\\\/\",\"name\":\"CPL\",\"description\":\"Centre de Pastoral Lit\u00fargica de Barcelona\",\"publisher\":{\"@id\":\"https:\\\/\\\/www.cpl.es\\\/#organization\"},\"alternateName\":\"Centre de Pastoral Lit\u00fargica\",\"potentialAction\":[{\"@type\":\"SearchAction\",\"target\":{\"@type\":\"EntryPoint\",\"urlTemplate\":\"https:\\\/\\\/www.cpl.es\\\/?s={search_term_string}\"},\"query-input\":{\"@type\":\"PropertyValueSpecification\",\"valueRequired\":true,\"valueName\":\"search_term_string\"}}],\"inLanguage\":\"ca\"},{\"@type\":\"Organization\",\"@id\":\"https:\\\/\\\/www.cpl.es\\\/#organization\",\"name\":\"Centre de Pastoral Lit\u00fargica\",\"alternateName\":\"Centre de Pastoral Lit\u00fargica de Barcelona\",\"url\":\"https:\\\/\\\/www.cpl.es\\\/\",\"logo\":{\"@type\":\"ImageObject\",\"inLanguage\":\"ca\",\"@id\":\"https:\\\/\\\/www.cpl.es\\\/#\\\/schema\\\/logo\\\/image\\\/\",\"url\":\"https:\\\/\\\/www.cpl.es\\\/wp-content\\\/uploads\\\/logo-cpl.svg\",\"contentUrl\":\"https:\\\/\\\/www.cpl.es\\\/wp-content\\\/uploads\\\/logo-cpl.svg\",\"caption\":\"Centre de Pastoral Lit\u00fargica\"},\"image\":{\"@id\":\"https:\\\/\\\/www.cpl.es\\\/#\\\/schema\\\/logo\\\/image\\\/\"}}]}<\/script>\n<!-- \/ Yoast SEO plugin. -->","yoast_head_json":{"title":"Propio de la Orden de Predicadores, El - CPL","robots":{"index":"index","follow":"follow","max-snippet":"max-snippet:-1","max-image-preview":"max-image-preview:large","max-video-preview":"max-video-preview:-1"},"canonical":"https:\/\/www.cpl.es\/ca\/producto\/propio-de-la-orden-de-predicadores-el-9788474677096\/","og_locale":"ca_ES","og_type":"article","og_title":"Propio de la Orden de Predicadores, El - CPL","og_description":"Cols i Puig, Dom\u00e8nec","og_url":"https:\/\/www.cpl.es\/ca\/producto\/propio-de-la-orden-de-predicadores-el-9788474677096\/","og_site_name":"CPL","article_modified_time":"2023-12-05T12:45:37+00:00","og_image":[{"width":280,"height":394,"url":"https:\/\/www.cpl.es\/wp-content\/uploads\/103036.jpg","type":"image\/jpeg"}],"twitter_card":"summary_large_image","schema":{"@context":"https:\/\/schema.org","@graph":[{"@type":"WebPage","@id":"https:\/\/www.cpl.es\/ca\/producto\/propio-de-la-orden-de-predicadores-el-9788474677096\/","url":"https:\/\/www.cpl.es\/ca\/producto\/propio-de-la-orden-de-predicadores-el-9788474677096\/","name":"Propio de la Orden de Predicadores, El - CPL","isPartOf":{"@id":"https:\/\/www.cpl.es\/#website"},"primaryImageOfPage":{"@id":"https:\/\/www.cpl.es\/ca\/producto\/propio-de-la-orden-de-predicadores-el-9788474677096\/#primaryimage"},"image":{"@id":"https:\/\/www.cpl.es\/ca\/producto\/propio-de-la-orden-de-predicadores-el-9788474677096\/#primaryimage"},"thumbnailUrl":"https:\/\/www.cpl.es\/wp-content\/uploads\/103036.jpg","datePublished":"2023-10-04T00:51:20+00:00","dateModified":"2023-12-05T12:45:37+00:00","breadcrumb":{"@id":"https:\/\/www.cpl.es\/ca\/producto\/propio-de-la-orden-de-predicadores-el-9788474677096\/#breadcrumb"},"inLanguage":"ca","potentialAction":[{"@type":"ReadAction","target":["https:\/\/www.cpl.es\/ca\/producto\/propio-de-la-orden-de-predicadores-el-9788474677096\/"]}]},{"@type":"ImageObject","inLanguage":"ca","@id":"https:\/\/www.cpl.es\/ca\/producto\/propio-de-la-orden-de-predicadores-el-9788474677096\/#primaryimage","url":"https:\/\/www.cpl.es\/wp-content\/uploads\/103036.jpg","contentUrl":"https:\/\/www.cpl.es\/wp-content\/uploads\/103036.jpg","width":280,"height":394,"caption":"103036.jpg"},{"@type":"BreadcrumbList","@id":"https:\/\/www.cpl.es\/ca\/producto\/propio-de-la-orden-de-predicadores-el-9788474677096\/#breadcrumb","itemListElement":[{"@type":"ListItem","position":1,"name":"Portada","item":"https:\/\/www.cpl.es\/ca\/"},{"@type":"ListItem","position":2,"name":"Cat\u00e0leg","item":"https:\/\/www.cpl.es\/ca\/cataleg\/"},{"@type":"ListItem","position":3,"name":"Propio de la Orden de Predicadores, El"}]},{"@type":"WebSite","@id":"https:\/\/www.cpl.es\/#website","url":"https:\/\/www.cpl.es\/","name":"CPL","description":"Centre de Pastoral Lit\u00fargica de Barcelona","publisher":{"@id":"https:\/\/www.cpl.es\/#organization"},"alternateName":"Centre de Pastoral Lit\u00fargica","potentialAction":[{"@type":"SearchAction","target":{"@type":"EntryPoint","urlTemplate":"https:\/\/www.cpl.es\/?s={search_term_string}"},"query-input":{"@type":"PropertyValueSpecification","valueRequired":true,"valueName":"search_term_string"}}],"inLanguage":"ca"},{"@type":"Organization","@id":"https:\/\/www.cpl.es\/#organization","name":"Centre de Pastoral Lit\u00fargica","alternateName":"Centre de Pastoral Lit\u00fargica de Barcelona","url":"https:\/\/www.cpl.es\/","logo":{"@type":"ImageObject","inLanguage":"ca","@id":"https:\/\/www.cpl.es\/#\/schema\/logo\/image\/","url":"https:\/\/www.cpl.es\/wp-content\/uploads\/logo-cpl.svg","contentUrl":"https:\/\/www.cpl.es\/wp-content\/uploads\/logo-cpl.svg","caption":"Centre de Pastoral Lit\u00fargica"},"image":{"@id":"https:\/\/www.cpl.es\/#\/schema\/logo\/image\/"}}]}},"_links":{"self":[{"href":"https:\/\/www.cpl.es\/ca\/wp-json\/wp\/v2\/product\/4981","targetHints":{"allow":["GET"]}}],"collection":[{"href":"https:\/\/www.cpl.es\/ca\/wp-json\/wp\/v2\/product"}],"about":[{"href":"https:\/\/www.cpl.es\/ca\/wp-json\/wp\/v2\/types\/product"}],"wp:featuredmedia":[{"embeddable":true,"href":"https:\/\/www.cpl.es\/ca\/wp-json\/wp\/v2\/media\/4982"}],"wp:attachment":[{"href":"https:\/\/www.cpl.es\/ca\/wp-json\/wp\/v2\/media?parent=4981"}],"wp:term":[{"taxonomy":"product_brand","embeddable":true,"href":"https:\/\/www.cpl.es\/ca\/wp-json\/wp\/v2\/product_brand?post=4981"},{"taxonomy":"product_cat","embeddable":true,"href":"https:\/\/www.cpl.es\/ca\/wp-json\/wp\/v2\/product_cat?post=4981"},{"taxonomy":"product_tag","embeddable":true,"href":"https:\/\/www.cpl.es\/ca\/wp-json\/wp\/v2\/product_tag?post=4981"}],"curies":[{"name":"wp","href":"https:\/\/api.w.org\/{rel}","templated":true}]}}

<p>Santo Tomás de Aquino, santa Catalina de Siena, santo Domingo de Guzmán, la Virgen del Rosario, san Martín de Porres y san Alberto Magno, son solemnidades y fiestas esperadas por las comunidades dominicanas. Este fascículo pone en sus manos todos los textos de la Liturgia de las Horas propios de estos días. Armonizados por la mano conocida de domingo Cols, organista de la Catedral de Barcelona y habitual colaborador del CPL, con su estilo musical, suficientemente conocido. Un buen servicio a la Orden de Predicadores.</p>

<p>Cols i Puig, Domènec</p>

Cols i Puig, Domènec

Rústica

Celebración cantada de la Liturgia de las Horas

<!-- This site is optimized with the Yoast SEO plugin v27.3 - https://yoast.com/product/yoast-seo-wordpress/ -->
<title>Propio de la Orden de Predicadores, El - CPL</title>
<meta name="robots" content="index, follow, max-snippet:-1, max-image-preview:large, max-video-preview:-1" />
<link rel="canonical" href="https://www.cpl.es/ca/producto/propio-de-la-orden-de-predicadores-el-9788474677096/" />
<meta property="og:locale" content="ca_ES" />
<meta property="og:type" content="article" />
<meta property="og:title" content="Propio de la Orden de Predicadores, El - CPL" />
<meta property="og:description" content="Cols i Puig, Domènec" />
<meta property="og:url" content="https://www.cpl.es/ca/producto/propio-de-la-orden-de-predicadores-el-9788474677096/" />
<meta property="og:site_name" content="CPL" />
<meta property="article:modified_time" content="2023-12-05T12:45:37+00:00" />
<meta property="og:image" content="https://www.cpl.es/wp-content/uploads/103036.jpg" />
	<meta property="og:image:width" content="280" />
	<meta property="og:image:height" content="394" />
	<meta property="og:image:type" content="image/jpeg" />
<meta name="twitter:card" content="summary_large_image" />
<script type="application/ld+json" class="yoast-schema-graph">{"@context":"https:\/\/schema.org","@graph":[{"@type":"WebPage","@id":"https:\/\/www.cpl.es\/ca\/producto\/propio-de-la-orden-de-predicadores-el-9788474677096\/","url":"https:\/\/www.cpl.es\/ca\/producto\/propio-de-la-orden-de-predicadores-el-9788474677096\/","name":"Propio de la Orden de Predicadores, El - CPL","isPartOf":{"@id":"https:\/\/www.cpl.es\/#website"},"primaryImageOfPage":{"@id":"https:\/\/www.cpl.es\/ca\/producto\/propio-de-la-orden-de-predicadores-el-9788474677096\/#primaryimage"},"image":{"@id":"https:\/\/www.cpl.es\/ca\/producto\/propio-de-la-orden-de-predicadores-el-9788474677096\/#primaryimage"},"thumbnailUrl":"https:\/\/www.cpl.es\/wp-content\/uploads\/103036.jpg","datePublished":"2023-10-04T00:51:20+00:00","dateModified":"2023-12-05T12:45:37+00:00","breadcrumb":{"@id":"https:\/\/www.cpl.es\/ca\/producto\/propio-de-la-orden-de-predicadores-el-9788474677096\/#breadcrumb"},"inLanguage":"ca","potentialAction":[{"@type":"ReadAction","target":["https:\/\/www.cpl.es\/ca\/producto\/propio-de-la-orden-de-predicadores-el-9788474677096\/"]}]},{"@type":"ImageObject","inLanguage":"ca","@id":"https:\/\/www.cpl.es\/ca\/producto\/propio-de-la-orden-de-predicadores-el-9788474677096\/#primaryimage","url":"https:\/\/www.cpl.es\/wp-content\/uploads\/103036.jpg","contentUrl":"https:\/\/www.cpl.es\/wp-content\/uploads\/103036.jpg","width":280,"height":394,"caption":"103036.jpg"},{"@type":"BreadcrumbList","@id":"https:\/\/www.cpl.es\/ca\/producto\/propio-de-la-orden-de-predicadores-el-9788474677096\/#breadcrumb","itemListElement":[{"@type":"ListItem","position":1,"name":"Portada","item":"https:\/\/www.cpl.es\/ca\/"},{"@type":"ListItem","position":2,"name":"Catàleg","item":"https:\/\/www.cpl.es\/ca\/cataleg\/"},{"@type":"ListItem","position":3,"name":"Propio de la Orden de Predicadores, El"}]},{"@type":"WebSite","@id":"https:\/\/www.cpl.es\/#website","url":"https:\/\/www.cpl.es\/","name":"CPL","description":"Centre de Pastoral Litúrgica de Barcelona","publisher":{"@id":"https:\/\/www.cpl.es\/#organization"},"alternateName":"Centre de Pastoral Litúrgica","potentialAction":[{"@type":"SearchAction","target":{"@type":"EntryPoint","urlTemplate":"https:\/\/www.cpl.es\/?s={search_term_string}"},"query-input":{"@type":"PropertyValueSpecification","valueRequired":true,"valueName":"search_term_string"}}],"inLanguage":"ca"},{"@type":"Organization","@id":"https:\/\/www.cpl.es\/#organization","name":"Centre de Pastoral Litúrgica","alternateName":"Centre de Pastoral Litúrgica de Barcelona","url":"https:\/\/www.cpl.es\/","logo":{"@type":"ImageObject","inLanguage":"ca","@id":"https:\/\/www.cpl.es\/#\/schema\/logo\/image\/","url":"https:\/\/www.cpl.es\/wp-content\/uploads\/logo-cpl.svg","contentUrl":"https:\/\/www.cpl.es\/wp-content\/uploads\/logo-cpl.svg","caption":"Centre de Pastoral Litúrgica"},"image":{"@id":"https:\/\/www.cpl.es\/#\/schema\/logo\/image\/"}}]}</script>
<!-- / Yoast SEO plugin. -->

Catàleg

Centre de Pastoral Litúrgica de Barcelona

Centre de Pastoral Litúrgica
