{"id":496,"date":"2023-10-01T20:17:26","date_gmt":"2023-10-01T18:17:26","guid":{"rendered":"https:\/\/nuevaweb.cpl.es\/producto\/el-ministerio-diaconal-en-la-iglesia-9788491655671\/"},"modified":"2026-02-12T16:57:04","modified_gmt":"2026-02-12T15:57:04","slug":"el-ministerio-diaconal-en-la-iglesia-9788491655671","status":"publish","type":"product","link":"https:\/\/www.cpl.es\/ca\/producto\/el-ministerio-diaconal-en-la-iglesia-9788491655671\/","title":{"rendered":"El ministerio diaconal en la Iglesia"},"content":{"rendered":"<p> El diaconado, tercer grado en la jerarqu\u00eda del ministerio ordenado, es un gran desconocido en las comunidades cristianas, y a\u00fan m\u00e1s en el mundo secular. Por ello, hemos cre\u00eddo necesario hacer una publicaci\u00f3n divulgativa en relaci\u00f3n con este don de Dios en la Iglesia. Es el librito que ten\u00e9is en las manos, escrito por Montserrat Mart\u00ednez Deschamps, licenciada en teolog\u00eda y esposa de un di\u00e1cono de Barcelona, hace 41 a\u00f1os. De forma concisa y f\u00e1cil, la autora desarrolla los rasgos m\u00e1s fundamentales y caracter\u00edsticos del diaconado. Contiene el Documento de la CTI sobre el diaconado como sacramento y como grado permanente del Orden, explicitando el don recibido en la ordenaci\u00f3n. Esperamos que sea \u00fatil. El que est\u00e9 interesado en ser ordenado di\u00e1cono, puede dirigirse a la Comisi\u00f3n Diocesana del Diaconado o al obispo de la di\u00f3cesis Montserrat Mart\u00ednez Deschamps (Barcelona, 1947) est\u00e1 casada y tiene cuatro hijos y ocho nietos. Es licenciada en Filolog\u00eda Cl\u00e1sica, Filolog\u00eda Inglesa, Ciencias Religiosas y Teolog\u00eda Sistem\u00e1tica. Profesionalmente ha ejercido de profesora en el Colegio \u00abCaspe\u00bb, de los Jesuitas de Barcelona, donde tambi\u00e9n fue consiliaria de alumnos de educaci\u00f3n secundaria desde 2001. Ha sido directora del servicio de catequesis de la Fundaci\u00f3n can\u00f3nica moss\u00e8n Manuel Bonet, de Barcelona, desde 2005 hasta 2018. Es miembro de la junta directiva del Centro Internacional del Diaconado desde 2013.<\/p>\n","protected":false},"excerpt":{"rendered":"<p>Mart\u00ednez Deschamps, Montserrat<\/p>\n","protected":false},"featured_media":19684,"template":"","meta":{"_acf_changed":false,"inline_featured_image":false},"product_brand":[],"product_cat":[49,73],"product_tag":[],"class_list":{"0":"post-496","1":"product","2":"type-product","3":"status-publish","4":"has-post-thumbnail","6":"product_cat-emaus","7":"product_cat-emaus-colleccions-catala","9":"first","10":"instock","11":"taxable","12":"shipping-taxable","13":"purchasable","14":"product-type-simple"},"acf":{"autor":"Mart\u00ednez Deschamps, Montserrat","codart":"108177","ediciones":"1","encuadernacion":"R\u00fastica","fecha_de_publicacion":"30\/06\/2023","novedad":false,"paginas":"232","subtitulo":"","orden":"999","portada":false,"idioma":"spa","editorial":[{"ID":6736,"post_author":"2","post_date":"2023-10-06 08:35:24","post_date_gmt":"2023-10-06 06:35:24","post_content":"","post_title":"CPL","post_excerpt":"","post_status":"publish","comment_status":"closed","ping_status":"closed","post_password":"","post_name":"cpl","to_ping":"","pinged":"","post_modified":"2023-10-06 08:35:24","post_modified_gmt":"2023-10-06 06:35:24","post_content_filtered":"","post_parent":0,"guid":"https:\/\/nuevaweb.cpl.es\/editorial\/cpl\/","menu_order":0,"post_type":"editorial","post_mime_type":"","comment_count":"0","filter":"raw"}],"coleccion_num":"177"},"yoast_head":"<!-- This site is optimized with the Yoast SEO plugin v27.3 - https:\/\/yoast.com\/product\/yoast-seo-wordpress\/ -->\n<title>El ministerio diaconal en la Iglesia - CPL<\/title>\n<meta name=\"robots\" content=\"index, follow, max-snippet:-1, max-image-preview:large, max-video-preview:-1\" \/>\n<link rel=\"canonical\" href=\"https:\/\/www.cpl.es\/producto\/el-ministerio-diaconal-en-la-iglesia-9788491655671\/\" \/>\n<meta property=\"og:locale\" content=\"ca_ES\" \/>\n<meta property=\"og:type\" content=\"article\" \/>\n<meta property=\"og:title\" content=\"El ministerio diaconal en la Iglesia - CPL\" \/>\n<meta property=\"og:description\" content=\"Mart\u00ednez Deschamps, Montserrat\" \/>\n<meta property=\"og:url\" content=\"https:\/\/www.cpl.es\/producto\/el-ministerio-diaconal-en-la-iglesia-9788491655671\/\" \/>\n<meta property=\"og:site_name\" content=\"CPL\" \/>\n<meta property=\"article:modified_time\" content=\"2026-02-12T15:57:04+00:00\" \/>\n<meta property=\"og:image\" content=\"https:\/\/www.cpl.es\/wp-content\/uploads\/108177-1.jpg\" \/>\n\t<meta property=\"og:image:width\" content=\"280\" \/>\n\t<meta property=\"og:image:height\" content=\"443\" \/>\n\t<meta property=\"og:image:type\" content=\"image\/jpeg\" \/>\n<meta name=\"twitter:card\" content=\"summary_large_image\" \/>\n<meta name=\"twitter:label1\" content=\"Temps estimat de lectura\" \/>\n\t<meta name=\"twitter:data1\" content=\"1 minut\" \/>\n<script type=\"application\/ld+json\" class=\"yoast-schema-graph\">{\"@context\":\"https:\\\/\\\/schema.org\",\"@graph\":[{\"@type\":\"WebPage\",\"@id\":\"https:\\\/\\\/www.cpl.es\\\/producto\\\/el-ministerio-diaconal-en-la-iglesia-9788491655671\\\/\",\"url\":\"https:\\\/\\\/www.cpl.es\\\/producto\\\/el-ministerio-diaconal-en-la-iglesia-9788491655671\\\/\",\"name\":\"El ministerio diaconal en la Iglesia - CPL\",\"isPartOf\":{\"@id\":\"https:\\\/\\\/www.cpl.es\\\/#website\"},\"primaryImageOfPage\":{\"@id\":\"https:\\\/\\\/www.cpl.es\\\/producto\\\/el-ministerio-diaconal-en-la-iglesia-9788491655671\\\/#primaryimage\"},\"image\":{\"@id\":\"https:\\\/\\\/www.cpl.es\\\/producto\\\/el-ministerio-diaconal-en-la-iglesia-9788491655671\\\/#primaryimage\"},\"thumbnailUrl\":\"https:\\\/\\\/www.cpl.es\\\/wp-content\\\/uploads\\\/108177-1.jpg\",\"datePublished\":\"2023-10-01T18:17:26+00:00\",\"dateModified\":\"2026-02-12T15:57:04+00:00\",\"breadcrumb\":{\"@id\":\"https:\\\/\\\/www.cpl.es\\\/producto\\\/el-ministerio-diaconal-en-la-iglesia-9788491655671\\\/#breadcrumb\"},\"inLanguage\":\"ca\",\"potentialAction\":[{\"@type\":\"ReadAction\",\"target\":[\"https:\\\/\\\/www.cpl.es\\\/producto\\\/el-ministerio-diaconal-en-la-iglesia-9788491655671\\\/\"]}]},{\"@type\":\"ImageObject\",\"inLanguage\":\"ca\",\"@id\":\"https:\\\/\\\/www.cpl.es\\\/producto\\\/el-ministerio-diaconal-en-la-iglesia-9788491655671\\\/#primaryimage\",\"url\":\"https:\\\/\\\/www.cpl.es\\\/wp-content\\\/uploads\\\/108177-1.jpg\",\"contentUrl\":\"https:\\\/\\\/www.cpl.es\\\/wp-content\\\/uploads\\\/108177-1.jpg\",\"width\":280,\"height\":443,\"caption\":\"108177.jpg\"},{\"@type\":\"BreadcrumbList\",\"@id\":\"https:\\\/\\\/www.cpl.es\\\/producto\\\/el-ministerio-diaconal-en-la-iglesia-9788491655671\\\/#breadcrumb\",\"itemListElement\":[{\"@type\":\"ListItem\",\"position\":1,\"name\":\"Portada\",\"item\":\"https:\\\/\\\/www.cpl.es\\\/ca\\\/\"},{\"@type\":\"ListItem\",\"position\":2,\"name\":\"Cat\u00e0leg\",\"item\":\"https:\\\/\\\/www.cpl.es\\\/ca\\\/cataleg\\\/\"},{\"@type\":\"ListItem\",\"position\":3,\"name\":\"El ministerio diaconal en la Iglesia\"}]},{\"@type\":\"WebSite\",\"@id\":\"https:\\\/\\\/www.cpl.es\\\/#website\",\"url\":\"https:\\\/\\\/www.cpl.es\\\/\",\"name\":\"CPL\",\"description\":\"Centre de Pastoral Lit\u00fargica de Barcelona\",\"publisher\":{\"@id\":\"https:\\\/\\\/www.cpl.es\\\/#organization\"},\"alternateName\":\"Centre de Pastoral Lit\u00fargica\",\"potentialAction\":[{\"@type\":\"SearchAction\",\"target\":{\"@type\":\"EntryPoint\",\"urlTemplate\":\"https:\\\/\\\/www.cpl.es\\\/?s={search_term_string}\"},\"query-input\":{\"@type\":\"PropertyValueSpecification\",\"valueRequired\":true,\"valueName\":\"search_term_string\"}}],\"inLanguage\":\"ca\"},{\"@type\":\"Organization\",\"@id\":\"https:\\\/\\\/www.cpl.es\\\/#organization\",\"name\":\"Centre de Pastoral Lit\u00fargica\",\"alternateName\":\"Centre de Pastoral Lit\u00fargica de Barcelona\",\"url\":\"https:\\\/\\\/www.cpl.es\\\/\",\"logo\":{\"@type\":\"ImageObject\",\"inLanguage\":\"ca\",\"@id\":\"https:\\\/\\\/www.cpl.es\\\/#\\\/schema\\\/logo\\\/image\\\/\",\"url\":\"https:\\\/\\\/www.cpl.es\\\/wp-content\\\/uploads\\\/logo-cpl.svg\",\"contentUrl\":\"https:\\\/\\\/www.cpl.es\\\/wp-content\\\/uploads\\\/logo-cpl.svg\",\"caption\":\"Centre de Pastoral Lit\u00fargica\"},\"image\":{\"@id\":\"https:\\\/\\\/www.cpl.es\\\/#\\\/schema\\\/logo\\\/image\\\/\"}}]}<\/script>\n<!-- \/ Yoast SEO plugin. -->","yoast_head_json":{"title":"El ministerio diaconal en la Iglesia - CPL","robots":{"index":"index","follow":"follow","max-snippet":"max-snippet:-1","max-image-preview":"max-image-preview:large","max-video-preview":"max-video-preview:-1"},"canonical":"https:\/\/www.cpl.es\/producto\/el-ministerio-diaconal-en-la-iglesia-9788491655671\/","og_locale":"ca_ES","og_type":"article","og_title":"El ministerio diaconal en la Iglesia - CPL","og_description":"Mart\u00ednez Deschamps, Montserrat","og_url":"https:\/\/www.cpl.es\/producto\/el-ministerio-diaconal-en-la-iglesia-9788491655671\/","og_site_name":"CPL","article_modified_time":"2026-02-12T15:57:04+00:00","og_image":[{"width":280,"height":443,"url":"https:\/\/www.cpl.es\/wp-content\/uploads\/108177-1.jpg","type":"image\/jpeg"}],"twitter_card":"summary_large_image","twitter_misc":{"Temps estimat de lectura":"1 minut"},"schema":{"@context":"https:\/\/schema.org","@graph":[{"@type":"WebPage","@id":"https:\/\/www.cpl.es\/producto\/el-ministerio-diaconal-en-la-iglesia-9788491655671\/","url":"https:\/\/www.cpl.es\/producto\/el-ministerio-diaconal-en-la-iglesia-9788491655671\/","name":"El ministerio diaconal en la Iglesia - CPL","isPartOf":{"@id":"https:\/\/www.cpl.es\/#website"},"primaryImageOfPage":{"@id":"https:\/\/www.cpl.es\/producto\/el-ministerio-diaconal-en-la-iglesia-9788491655671\/#primaryimage"},"image":{"@id":"https:\/\/www.cpl.es\/producto\/el-ministerio-diaconal-en-la-iglesia-9788491655671\/#primaryimage"},"thumbnailUrl":"https:\/\/www.cpl.es\/wp-content\/uploads\/108177-1.jpg","datePublished":"2023-10-01T18:17:26+00:00","dateModified":"2026-02-12T15:57:04+00:00","breadcrumb":{"@id":"https:\/\/www.cpl.es\/producto\/el-ministerio-diaconal-en-la-iglesia-9788491655671\/#breadcrumb"},"inLanguage":"ca","potentialAction":[{"@type":"ReadAction","target":["https:\/\/www.cpl.es\/producto\/el-ministerio-diaconal-en-la-iglesia-9788491655671\/"]}]},{"@type":"ImageObject","inLanguage":"ca","@id":"https:\/\/www.cpl.es\/producto\/el-ministerio-diaconal-en-la-iglesia-9788491655671\/#primaryimage","url":"https:\/\/www.cpl.es\/wp-content\/uploads\/108177-1.jpg","contentUrl":"https:\/\/www.cpl.es\/wp-content\/uploads\/108177-1.jpg","width":280,"height":443,"caption":"108177.jpg"},{"@type":"BreadcrumbList","@id":"https:\/\/www.cpl.es\/producto\/el-ministerio-diaconal-en-la-iglesia-9788491655671\/#breadcrumb","itemListElement":[{"@type":"ListItem","position":1,"name":"Portada","item":"https:\/\/www.cpl.es\/ca\/"},{"@type":"ListItem","position":2,"name":"Cat\u00e0leg","item":"https:\/\/www.cpl.es\/ca\/cataleg\/"},{"@type":"ListItem","position":3,"name":"El ministerio diaconal en la Iglesia"}]},{"@type":"WebSite","@id":"https:\/\/www.cpl.es\/#website","url":"https:\/\/www.cpl.es\/","name":"CPL","description":"Centre de Pastoral Lit\u00fargica de Barcelona","publisher":{"@id":"https:\/\/www.cpl.es\/#organization"},"alternateName":"Centre de Pastoral Lit\u00fargica","potentialAction":[{"@type":"SearchAction","target":{"@type":"EntryPoint","urlTemplate":"https:\/\/www.cpl.es\/?s={search_term_string}"},"query-input":{"@type":"PropertyValueSpecification","valueRequired":true,"valueName":"search_term_string"}}],"inLanguage":"ca"},{"@type":"Organization","@id":"https:\/\/www.cpl.es\/#organization","name":"Centre de Pastoral Lit\u00fargica","alternateName":"Centre de Pastoral Lit\u00fargica de Barcelona","url":"https:\/\/www.cpl.es\/","logo":{"@type":"ImageObject","inLanguage":"ca","@id":"https:\/\/www.cpl.es\/#\/schema\/logo\/image\/","url":"https:\/\/www.cpl.es\/wp-content\/uploads\/logo-cpl.svg","contentUrl":"https:\/\/www.cpl.es\/wp-content\/uploads\/logo-cpl.svg","caption":"Centre de Pastoral Lit\u00fargica"},"image":{"@id":"https:\/\/www.cpl.es\/#\/schema\/logo\/image\/"}}]}},"_links":{"self":[{"href":"https:\/\/www.cpl.es\/ca\/wp-json\/wp\/v2\/product\/496","targetHints":{"allow":["GET"]}}],"collection":[{"href":"https:\/\/www.cpl.es\/ca\/wp-json\/wp\/v2\/product"}],"about":[{"href":"https:\/\/www.cpl.es\/ca\/wp-json\/wp\/v2\/types\/product"}],"wp:featuredmedia":[{"embeddable":true,"href":"https:\/\/www.cpl.es\/ca\/wp-json\/wp\/v2\/media\/19684"}],"wp:attachment":[{"href":"https:\/\/www.cpl.es\/ca\/wp-json\/wp\/v2\/media?parent=496"}],"wp:term":[{"taxonomy":"product_brand","embeddable":true,"href":"https:\/\/www.cpl.es\/ca\/wp-json\/wp\/v2\/product_brand?post=496"},{"taxonomy":"product_cat","embeddable":true,"href":"https:\/\/www.cpl.es\/ca\/wp-json\/wp\/v2\/product_cat?post=496"},{"taxonomy":"product_tag","embeddable":true,"href":"https:\/\/www.cpl.es\/ca\/wp-json\/wp\/v2\/product_tag?post=496"}],"curies":[{"name":"wp","href":"https:\/\/api.w.org\/{rel}","templated":true}]}}

<p> El diaconado, tercer grado en la jerarquía del ministerio ordenado, es un gran desconocido en las comunidades cristianas, y aún más en el mundo secular. Por ello, hemos creído necesario hacer una publicación divulgativa en relación con este don de Dios en la Iglesia. Es el librito que tenéis en las manos, escrito por Montserrat Martínez Deschamps, licenciada en teología y esposa de un diácono de Barcelona, hace 41 años. De forma concisa y fácil, la autora desarrolla los rasgos más fundamentales y característicos del diaconado. Contiene el Documento de la CTI sobre el diaconado como sacramento y como grado permanente del Orden, explicitando el don recibido en la ordenación. Esperamos que sea útil. El que esté interesado en ser ordenado diácono, puede dirigirse a la Comisión Diocesana del Diaconado o al obispo de la diócesis Montserrat Martínez Deschamps (Barcelona, 1947) está casada y tiene cuatro hijos y ocho nietos. Es licenciada en Filología Clásica, Filología Inglesa, Ciencias Religiosas y Teología Sistemática. Profesionalmente ha ejercido de profesora en el Colegio «Caspe», de los Jesuitas de Barcelona, donde también fue consiliaria de alumnos de educación secundaria desde 2001. Ha sido directora del servicio de catequesis de la Fundación canónica mossèn Manuel Bonet, de Barcelona, desde 2005 hasta 2018. Es miembro de la junta directiva del Centro Internacional del Diaconado desde 2013.</p>

<p>Martínez Deschamps, Montserrat</p>

Martínez Deschamps, Montserrat

Rústica

<!-- This site is optimized with the Yoast SEO plugin v27.3 - https://yoast.com/product/yoast-seo-wordpress/ -->
<title>El ministerio diaconal en la Iglesia - CPL</title>
<meta name="robots" content="index, follow, max-snippet:-1, max-image-preview:large, max-video-preview:-1" />
<link rel="canonical" href="https://www.cpl.es/producto/el-ministerio-diaconal-en-la-iglesia-9788491655671/" />
<meta property="og:locale" content="ca_ES" />
<meta property="og:type" content="article" />
<meta property="og:title" content="El ministerio diaconal en la Iglesia - CPL" />
<meta property="og:description" content="Martínez Deschamps, Montserrat" />
<meta property="og:url" content="https://www.cpl.es/producto/el-ministerio-diaconal-en-la-iglesia-9788491655671/" />
<meta property="og:site_name" content="CPL" />
<meta property="article:modified_time" content="2026-02-12T15:57:04+00:00" />
<meta property="og:image" content="https://www.cpl.es/wp-content/uploads/108177-1.jpg" />
	<meta property="og:image:width" content="280" />
	<meta property="og:image:height" content="443" />
	<meta property="og:image:type" content="image/jpeg" />
<meta name="twitter:card" content="summary_large_image" />
<meta name="twitter:label1" content="Temps estimat de lectura" />
	<meta name="twitter:data1" content="1 minut" />
<script type="application/ld+json" class="yoast-schema-graph">{"@context":"https:\/\/schema.org","@graph":[{"@type":"WebPage","@id":"https:\/\/www.cpl.es\/producto\/el-ministerio-diaconal-en-la-iglesia-9788491655671\/","url":"https:\/\/www.cpl.es\/producto\/el-ministerio-diaconal-en-la-iglesia-9788491655671\/","name":"El ministerio diaconal en la Iglesia - CPL","isPartOf":{"@id":"https:\/\/www.cpl.es\/#website"},"primaryImageOfPage":{"@id":"https:\/\/www.cpl.es\/producto\/el-ministerio-diaconal-en-la-iglesia-9788491655671\/#primaryimage"},"image":{"@id":"https:\/\/www.cpl.es\/producto\/el-ministerio-diaconal-en-la-iglesia-9788491655671\/#primaryimage"},"thumbnailUrl":"https:\/\/www.cpl.es\/wp-content\/uploads\/108177-1.jpg","datePublished":"2023-10-01T18:17:26+00:00","dateModified":"2026-02-12T15:57:04+00:00","breadcrumb":{"@id":"https:\/\/www.cpl.es\/producto\/el-ministerio-diaconal-en-la-iglesia-9788491655671\/#breadcrumb"},"inLanguage":"ca","potentialAction":[{"@type":"ReadAction","target":["https:\/\/www.cpl.es\/producto\/el-ministerio-diaconal-en-la-iglesia-9788491655671\/"]}]},{"@type":"ImageObject","inLanguage":"ca","@id":"https:\/\/www.cpl.es\/producto\/el-ministerio-diaconal-en-la-iglesia-9788491655671\/#primaryimage","url":"https:\/\/www.cpl.es\/wp-content\/uploads\/108177-1.jpg","contentUrl":"https:\/\/www.cpl.es\/wp-content\/uploads\/108177-1.jpg","width":280,"height":443,"caption":"108177.jpg"},{"@type":"BreadcrumbList","@id":"https:\/\/www.cpl.es\/producto\/el-ministerio-diaconal-en-la-iglesia-9788491655671\/#breadcrumb","itemListElement":[{"@type":"ListItem","position":1,"name":"Portada","item":"https:\/\/www.cpl.es\/ca\/"},{"@type":"ListItem","position":2,"name":"Catàleg","item":"https:\/\/www.cpl.es\/ca\/cataleg\/"},{"@type":"ListItem","position":3,"name":"El ministerio diaconal en la Iglesia"}]},{"@type":"WebSite","@id":"https:\/\/www.cpl.es\/#website","url":"https:\/\/www.cpl.es\/","name":"CPL","description":"Centre de Pastoral Litúrgica de Barcelona","publisher":{"@id":"https:\/\/www.cpl.es\/#organization"},"alternateName":"Centre de Pastoral Litúrgica","potentialAction":[{"@type":"SearchAction","target":{"@type":"EntryPoint","urlTemplate":"https:\/\/www.cpl.es\/?s={search_term_string}"},"query-input":{"@type":"PropertyValueSpecification","valueRequired":true,"valueName":"search_term_string"}}],"inLanguage":"ca"},{"@type":"Organization","@id":"https:\/\/www.cpl.es\/#organization","name":"Centre de Pastoral Litúrgica","alternateName":"Centre de Pastoral Litúrgica de Barcelona","url":"https:\/\/www.cpl.es\/","logo":{"@type":"ImageObject","inLanguage":"ca","@id":"https:\/\/www.cpl.es\/#\/schema\/logo\/image\/","url":"https:\/\/www.cpl.es\/wp-content\/uploads\/logo-cpl.svg","contentUrl":"https:\/\/www.cpl.es\/wp-content\/uploads\/logo-cpl.svg","caption":"Centre de Pastoral Litúrgica"},"image":{"@id":"https:\/\/www.cpl.es\/#\/schema\/logo\/image\/"}}]}</script>
<!-- / Yoast SEO plugin. -->

Catàleg

Centre de Pastoral Litúrgica de Barcelona

Centre de Pastoral Litúrgica
