{"id":4032,"date":"2023-10-04T02:27:45","date_gmt":"2023-10-04T00:27:45","guid":{"rendered":"https:\/\/nuevaweb.cpl.es\/producto\/que-dijo-el-concilio-vaticano-ii-sobre-liturgia-9788498051452\/"},"modified":"2023-12-05T13:55:22","modified_gmt":"2023-12-05T12:55:22","slug":"que-dijo-el-concilio-vaticano-ii-sobre-liturgia-9788498051452","status":"publish","type":"product","link":"https:\/\/www.cpl.es\/ca\/producto\/que-dijo-el-concilio-vaticano-ii-sobre-liturgia-9788498051452\/","title":{"rendered":"Qu\u00e9 dijo el Concilio Vaticano II sobre Liturgia"},"content":{"rendered":"<p>Han pasado m\u00e1s de cuarenta a\u00f1os del Concilio Vaticano II (y se empieza a estudiar como acontecimiento hist\u00f3rico). En este cuaderno el monje Bernab\u00e9 Dalmau nos explica el contenido de la Constituci\u00f3n conciliar sobre Liturgia y nos anima a su lectura y estudio.<\/p>\n","protected":false},"excerpt":{"rendered":"<p>Dalmau Ribalta, Bernab\u00e9<\/p>\n","protected":false},"featured_media":4033,"template":"","meta":{"_acf_changed":false,"inline_featured_image":false},"product_brand":[],"product_cat":[85,62,71,52,84,61],"product_tag":[],"class_list":{"0":"post-4032","1":"product","2":"type-product","3":"status-publish","4":"has-post-thumbnail","6":"product_cat-historia-de-la-liturgia-per-temes-catala","7":"product_cat-historia-de-la-liturgia","8":"product_cat-liturgia-basica-colleccions-catala","9":"product_cat-liturgia-basica","10":"product_cat-liturgia-i-teologia","11":"product_cat-liturgia-y-teologia","13":"first","14":"instock","15":"taxable","16":"shipping-taxable","17":"purchasable","18":"product-type-simple"},"acf":{"autor":"Dalmau Ribalta, Bernab\u00e9","codart":"116033","ediciones":"1","encuadernacion":"R\u00fastica","fecha_de_publicacion":"29\/09\/2006","novedad":false,"paginas":"24","subtitulo":"","orden":"999","portada":false,"idioma":"spa","editorial":[{"ID":6736,"post_author":"2","post_date":"2023-10-06 08:35:24","post_date_gmt":"2023-10-06 06:35:24","post_content":"","post_title":"CPL","post_excerpt":"","post_status":"publish","comment_status":"closed","ping_status":"closed","post_password":"","post_name":"cpl","to_ping":"","pinged":"","post_modified":"2023-10-06 08:35:24","post_modified_gmt":"2023-10-06 06:35:24","post_content_filtered":"","post_parent":0,"guid":"https:\/\/nuevaweb.cpl.es\/editorial\/cpl\/","menu_order":0,"post_type":"editorial","post_mime_type":"","comment_count":"0","filter":"raw"}]},"yoast_head":"<!-- This site is optimized with the Yoast SEO plugin v27.3 - https:\/\/yoast.com\/product\/yoast-seo-wordpress\/ -->\n<title>Qu\u00e9 dijo el Concilio Vaticano II sobre Liturgia - CPL<\/title>\n<meta name=\"robots\" content=\"index, follow, max-snippet:-1, max-image-preview:large, max-video-preview:-1\" \/>\n<link rel=\"canonical\" href=\"https:\/\/www.cpl.es\/producto\/que-dijo-el-concilio-vaticano-ii-sobre-liturgia-9788498051452\/\" \/>\n<meta property=\"og:locale\" content=\"ca_ES\" \/>\n<meta property=\"og:type\" content=\"article\" \/>\n<meta property=\"og:title\" content=\"Qu\u00e9 dijo el Concilio Vaticano II sobre Liturgia - CPL\" \/>\n<meta property=\"og:description\" content=\"Dalmau Ribalta, Bernab\u00e9\" \/>\n<meta property=\"og:url\" content=\"https:\/\/www.cpl.es\/producto\/que-dijo-el-concilio-vaticano-ii-sobre-liturgia-9788498051452\/\" \/>\n<meta property=\"og:site_name\" content=\"CPL\" \/>\n<meta property=\"article:modified_time\" content=\"2023-12-05T12:55:22+00:00\" \/>\n<meta property=\"og:image\" content=\"https:\/\/www.cpl.es\/wp-content\/uploads\/116033.jpg\" \/>\n\t<meta property=\"og:image:width\" content=\"404\" \/>\n\t<meta property=\"og:image:height\" content=\"419\" \/>\n\t<meta property=\"og:image:type\" content=\"image\/jpeg\" \/>\n<meta name=\"twitter:card\" content=\"summary_large_image\" \/>\n<script type=\"application\/ld+json\" class=\"yoast-schema-graph\">{\"@context\":\"https:\\\/\\\/schema.org\",\"@graph\":[{\"@type\":\"WebPage\",\"@id\":\"https:\\\/\\\/www.cpl.es\\\/producto\\\/que-dijo-el-concilio-vaticano-ii-sobre-liturgia-9788498051452\\\/\",\"url\":\"https:\\\/\\\/www.cpl.es\\\/producto\\\/que-dijo-el-concilio-vaticano-ii-sobre-liturgia-9788498051452\\\/\",\"name\":\"Qu\u00e9 dijo el Concilio Vaticano II sobre Liturgia - CPL\",\"isPartOf\":{\"@id\":\"https:\\\/\\\/www.cpl.es\\\/#website\"},\"primaryImageOfPage\":{\"@id\":\"https:\\\/\\\/www.cpl.es\\\/producto\\\/que-dijo-el-concilio-vaticano-ii-sobre-liturgia-9788498051452\\\/#primaryimage\"},\"image\":{\"@id\":\"https:\\\/\\\/www.cpl.es\\\/producto\\\/que-dijo-el-concilio-vaticano-ii-sobre-liturgia-9788498051452\\\/#primaryimage\"},\"thumbnailUrl\":\"https:\\\/\\\/www.cpl.es\\\/wp-content\\\/uploads\\\/116033.jpg\",\"datePublished\":\"2023-10-04T00:27:45+00:00\",\"dateModified\":\"2023-12-05T12:55:22+00:00\",\"breadcrumb\":{\"@id\":\"https:\\\/\\\/www.cpl.es\\\/producto\\\/que-dijo-el-concilio-vaticano-ii-sobre-liturgia-9788498051452\\\/#breadcrumb\"},\"inLanguage\":\"ca\",\"potentialAction\":[{\"@type\":\"ReadAction\",\"target\":[\"https:\\\/\\\/www.cpl.es\\\/producto\\\/que-dijo-el-concilio-vaticano-ii-sobre-liturgia-9788498051452\\\/\"]}]},{\"@type\":\"ImageObject\",\"inLanguage\":\"ca\",\"@id\":\"https:\\\/\\\/www.cpl.es\\\/producto\\\/que-dijo-el-concilio-vaticano-ii-sobre-liturgia-9788498051452\\\/#primaryimage\",\"url\":\"https:\\\/\\\/www.cpl.es\\\/wp-content\\\/uploads\\\/116033.jpg\",\"contentUrl\":\"https:\\\/\\\/www.cpl.es\\\/wp-content\\\/uploads\\\/116033.jpg\",\"width\":404,\"height\":419,\"caption\":\"116033.jpg\"},{\"@type\":\"BreadcrumbList\",\"@id\":\"https:\\\/\\\/www.cpl.es\\\/producto\\\/que-dijo-el-concilio-vaticano-ii-sobre-liturgia-9788498051452\\\/#breadcrumb\",\"itemListElement\":[{\"@type\":\"ListItem\",\"position\":1,\"name\":\"Portada\",\"item\":\"https:\\\/\\\/www.cpl.es\\\/ca\\\/\"},{\"@type\":\"ListItem\",\"position\":2,\"name\":\"Cat\u00e0leg\",\"item\":\"https:\\\/\\\/www.cpl.es\\\/ca\\\/cataleg\\\/\"},{\"@type\":\"ListItem\",\"position\":3,\"name\":\"Qu\u00e9 dijo el Concilio Vaticano II sobre Liturgia\"}]},{\"@type\":\"WebSite\",\"@id\":\"https:\\\/\\\/www.cpl.es\\\/#website\",\"url\":\"https:\\\/\\\/www.cpl.es\\\/\",\"name\":\"CPL\",\"description\":\"Centre de Pastoral Lit\u00fargica de Barcelona\",\"publisher\":{\"@id\":\"https:\\\/\\\/www.cpl.es\\\/#organization\"},\"alternateName\":\"Centre de Pastoral Lit\u00fargica\",\"potentialAction\":[{\"@type\":\"SearchAction\",\"target\":{\"@type\":\"EntryPoint\",\"urlTemplate\":\"https:\\\/\\\/www.cpl.es\\\/?s={search_term_string}\"},\"query-input\":{\"@type\":\"PropertyValueSpecification\",\"valueRequired\":true,\"valueName\":\"search_term_string\"}}],\"inLanguage\":\"ca\"},{\"@type\":\"Organization\",\"@id\":\"https:\\\/\\\/www.cpl.es\\\/#organization\",\"name\":\"Centre de Pastoral Lit\u00fargica\",\"alternateName\":\"Centre de Pastoral Lit\u00fargica de Barcelona\",\"url\":\"https:\\\/\\\/www.cpl.es\\\/\",\"logo\":{\"@type\":\"ImageObject\",\"inLanguage\":\"ca\",\"@id\":\"https:\\\/\\\/www.cpl.es\\\/#\\\/schema\\\/logo\\\/image\\\/\",\"url\":\"https:\\\/\\\/www.cpl.es\\\/wp-content\\\/uploads\\\/logo-cpl.svg\",\"contentUrl\":\"https:\\\/\\\/www.cpl.es\\\/wp-content\\\/uploads\\\/logo-cpl.svg\",\"caption\":\"Centre de Pastoral Lit\u00fargica\"},\"image\":{\"@id\":\"https:\\\/\\\/www.cpl.es\\\/#\\\/schema\\\/logo\\\/image\\\/\"}}]}<\/script>\n<!-- \/ Yoast SEO plugin. -->","yoast_head_json":{"title":"Qu\u00e9 dijo el Concilio Vaticano II sobre Liturgia - CPL","robots":{"index":"index","follow":"follow","max-snippet":"max-snippet:-1","max-image-preview":"max-image-preview:large","max-video-preview":"max-video-preview:-1"},"canonical":"https:\/\/www.cpl.es\/producto\/que-dijo-el-concilio-vaticano-ii-sobre-liturgia-9788498051452\/","og_locale":"ca_ES","og_type":"article","og_title":"Qu\u00e9 dijo el Concilio Vaticano II sobre Liturgia - CPL","og_description":"Dalmau Ribalta, Bernab\u00e9","og_url":"https:\/\/www.cpl.es\/producto\/que-dijo-el-concilio-vaticano-ii-sobre-liturgia-9788498051452\/","og_site_name":"CPL","article_modified_time":"2023-12-05T12:55:22+00:00","og_image":[{"width":404,"height":419,"url":"https:\/\/www.cpl.es\/wp-content\/uploads\/116033.jpg","type":"image\/jpeg"}],"twitter_card":"summary_large_image","schema":{"@context":"https:\/\/schema.org","@graph":[{"@type":"WebPage","@id":"https:\/\/www.cpl.es\/producto\/que-dijo-el-concilio-vaticano-ii-sobre-liturgia-9788498051452\/","url":"https:\/\/www.cpl.es\/producto\/que-dijo-el-concilio-vaticano-ii-sobre-liturgia-9788498051452\/","name":"Qu\u00e9 dijo el Concilio Vaticano II sobre Liturgia - CPL","isPartOf":{"@id":"https:\/\/www.cpl.es\/#website"},"primaryImageOfPage":{"@id":"https:\/\/www.cpl.es\/producto\/que-dijo-el-concilio-vaticano-ii-sobre-liturgia-9788498051452\/#primaryimage"},"image":{"@id":"https:\/\/www.cpl.es\/producto\/que-dijo-el-concilio-vaticano-ii-sobre-liturgia-9788498051452\/#primaryimage"},"thumbnailUrl":"https:\/\/www.cpl.es\/wp-content\/uploads\/116033.jpg","datePublished":"2023-10-04T00:27:45+00:00","dateModified":"2023-12-05T12:55:22+00:00","breadcrumb":{"@id":"https:\/\/www.cpl.es\/producto\/que-dijo-el-concilio-vaticano-ii-sobre-liturgia-9788498051452\/#breadcrumb"},"inLanguage":"ca","potentialAction":[{"@type":"ReadAction","target":["https:\/\/www.cpl.es\/producto\/que-dijo-el-concilio-vaticano-ii-sobre-liturgia-9788498051452\/"]}]},{"@type":"ImageObject","inLanguage":"ca","@id":"https:\/\/www.cpl.es\/producto\/que-dijo-el-concilio-vaticano-ii-sobre-liturgia-9788498051452\/#primaryimage","url":"https:\/\/www.cpl.es\/wp-content\/uploads\/116033.jpg","contentUrl":"https:\/\/www.cpl.es\/wp-content\/uploads\/116033.jpg","width":404,"height":419,"caption":"116033.jpg"},{"@type":"BreadcrumbList","@id":"https:\/\/www.cpl.es\/producto\/que-dijo-el-concilio-vaticano-ii-sobre-liturgia-9788498051452\/#breadcrumb","itemListElement":[{"@type":"ListItem","position":1,"name":"Portada","item":"https:\/\/www.cpl.es\/ca\/"},{"@type":"ListItem","position":2,"name":"Cat\u00e0leg","item":"https:\/\/www.cpl.es\/ca\/cataleg\/"},{"@type":"ListItem","position":3,"name":"Qu\u00e9 dijo el Concilio Vaticano II sobre Liturgia"}]},{"@type":"WebSite","@id":"https:\/\/www.cpl.es\/#website","url":"https:\/\/www.cpl.es\/","name":"CPL","description":"Centre de Pastoral Lit\u00fargica de Barcelona","publisher":{"@id":"https:\/\/www.cpl.es\/#organization"},"alternateName":"Centre de Pastoral Lit\u00fargica","potentialAction":[{"@type":"SearchAction","target":{"@type":"EntryPoint","urlTemplate":"https:\/\/www.cpl.es\/?s={search_term_string}"},"query-input":{"@type":"PropertyValueSpecification","valueRequired":true,"valueName":"search_term_string"}}],"inLanguage":"ca"},{"@type":"Organization","@id":"https:\/\/www.cpl.es\/#organization","name":"Centre de Pastoral Lit\u00fargica","alternateName":"Centre de Pastoral Lit\u00fargica de Barcelona","url":"https:\/\/www.cpl.es\/","logo":{"@type":"ImageObject","inLanguage":"ca","@id":"https:\/\/www.cpl.es\/#\/schema\/logo\/image\/","url":"https:\/\/www.cpl.es\/wp-content\/uploads\/logo-cpl.svg","contentUrl":"https:\/\/www.cpl.es\/wp-content\/uploads\/logo-cpl.svg","caption":"Centre de Pastoral Lit\u00fargica"},"image":{"@id":"https:\/\/www.cpl.es\/#\/schema\/logo\/image\/"}}]}},"_links":{"self":[{"href":"https:\/\/www.cpl.es\/ca\/wp-json\/wp\/v2\/product\/4032","targetHints":{"allow":["GET"]}}],"collection":[{"href":"https:\/\/www.cpl.es\/ca\/wp-json\/wp\/v2\/product"}],"about":[{"href":"https:\/\/www.cpl.es\/ca\/wp-json\/wp\/v2\/types\/product"}],"wp:featuredmedia":[{"embeddable":true,"href":"https:\/\/www.cpl.es\/ca\/wp-json\/wp\/v2\/media\/4033"}],"wp:attachment":[{"href":"https:\/\/www.cpl.es\/ca\/wp-json\/wp\/v2\/media?parent=4032"}],"wp:term":[{"taxonomy":"product_brand","embeddable":true,"href":"https:\/\/www.cpl.es\/ca\/wp-json\/wp\/v2\/product_brand?post=4032"},{"taxonomy":"product_cat","embeddable":true,"href":"https:\/\/www.cpl.es\/ca\/wp-json\/wp\/v2\/product_cat?post=4032"},{"taxonomy":"product_tag","embeddable":true,"href":"https:\/\/www.cpl.es\/ca\/wp-json\/wp\/v2\/product_tag?post=4032"}],"curies":[{"name":"wp","href":"https:\/\/api.w.org\/{rel}","templated":true}]}}

Qué dijo el Concilio Vaticano II sobre Liturgia

<p>Han pasado más de cuarenta años del Concilio Vaticano II (y se empieza a estudiar como acontecimiento histórico). En este cuaderno el monje Bernabé Dalmau nos explica el contenido de la Constitución conciliar sobre Liturgia y nos anima a su lectura y estudio.</p>

<p>Dalmau Ribalta, Bernabé</p>

Dalmau Ribalta, Bernabé

Rústica

<!-- This site is optimized with the Yoast SEO plugin v27.3 - https://yoast.com/product/yoast-seo-wordpress/ -->
<title>Qué dijo el Concilio Vaticano II sobre Liturgia - CPL</title>
<meta name="robots" content="index, follow, max-snippet:-1, max-image-preview:large, max-video-preview:-1" />
<link rel="canonical" href="https://www.cpl.es/producto/que-dijo-el-concilio-vaticano-ii-sobre-liturgia-9788498051452/" />
<meta property="og:locale" content="ca_ES" />
<meta property="og:type" content="article" />
<meta property="og:title" content="Qué dijo el Concilio Vaticano II sobre Liturgia - CPL" />
<meta property="og:description" content="Dalmau Ribalta, Bernabé" />
<meta property="og:url" content="https://www.cpl.es/producto/que-dijo-el-concilio-vaticano-ii-sobre-liturgia-9788498051452/" />
<meta property="og:site_name" content="CPL" />
<meta property="article:modified_time" content="2023-12-05T12:55:22+00:00" />
<meta property="og:image" content="https://www.cpl.es/wp-content/uploads/116033.jpg" />
	<meta property="og:image:width" content="404" />
	<meta property="og:image:height" content="419" />
	<meta property="og:image:type" content="image/jpeg" />
<meta name="twitter:card" content="summary_large_image" />
<script type="application/ld+json" class="yoast-schema-graph">{"@context":"https:\/\/schema.org","@graph":[{"@type":"WebPage","@id":"https:\/\/www.cpl.es\/producto\/que-dijo-el-concilio-vaticano-ii-sobre-liturgia-9788498051452\/","url":"https:\/\/www.cpl.es\/producto\/que-dijo-el-concilio-vaticano-ii-sobre-liturgia-9788498051452\/","name":"Qué dijo el Concilio Vaticano II sobre Liturgia - CPL","isPartOf":{"@id":"https:\/\/www.cpl.es\/#website"},"primaryImageOfPage":{"@id":"https:\/\/www.cpl.es\/producto\/que-dijo-el-concilio-vaticano-ii-sobre-liturgia-9788498051452\/#primaryimage"},"image":{"@id":"https:\/\/www.cpl.es\/producto\/que-dijo-el-concilio-vaticano-ii-sobre-liturgia-9788498051452\/#primaryimage"},"thumbnailUrl":"https:\/\/www.cpl.es\/wp-content\/uploads\/116033.jpg","datePublished":"2023-10-04T00:27:45+00:00","dateModified":"2023-12-05T12:55:22+00:00","breadcrumb":{"@id":"https:\/\/www.cpl.es\/producto\/que-dijo-el-concilio-vaticano-ii-sobre-liturgia-9788498051452\/#breadcrumb"},"inLanguage":"ca","potentialAction":[{"@type":"ReadAction","target":["https:\/\/www.cpl.es\/producto\/que-dijo-el-concilio-vaticano-ii-sobre-liturgia-9788498051452\/"]}]},{"@type":"ImageObject","inLanguage":"ca","@id":"https:\/\/www.cpl.es\/producto\/que-dijo-el-concilio-vaticano-ii-sobre-liturgia-9788498051452\/#primaryimage","url":"https:\/\/www.cpl.es\/wp-content\/uploads\/116033.jpg","contentUrl":"https:\/\/www.cpl.es\/wp-content\/uploads\/116033.jpg","width":404,"height":419,"caption":"116033.jpg"},{"@type":"BreadcrumbList","@id":"https:\/\/www.cpl.es\/producto\/que-dijo-el-concilio-vaticano-ii-sobre-liturgia-9788498051452\/#breadcrumb","itemListElement":[{"@type":"ListItem","position":1,"name":"Portada","item":"https:\/\/www.cpl.es\/ca\/"},{"@type":"ListItem","position":2,"name":"Catàleg","item":"https:\/\/www.cpl.es\/ca\/cataleg\/"},{"@type":"ListItem","position":3,"name":"Qué dijo el Concilio Vaticano II sobre Liturgia"}]},{"@type":"WebSite","@id":"https:\/\/www.cpl.es\/#website","url":"https:\/\/www.cpl.es\/","name":"CPL","description":"Centre de Pastoral Litúrgica de Barcelona","publisher":{"@id":"https:\/\/www.cpl.es\/#organization"},"alternateName":"Centre de Pastoral Litúrgica","potentialAction":[{"@type":"SearchAction","target":{"@type":"EntryPoint","urlTemplate":"https:\/\/www.cpl.es\/?s={search_term_string}"},"query-input":{"@type":"PropertyValueSpecification","valueRequired":true,"valueName":"search_term_string"}}],"inLanguage":"ca"},{"@type":"Organization","@id":"https:\/\/www.cpl.es\/#organization","name":"Centre de Pastoral Litúrgica","alternateName":"Centre de Pastoral Litúrgica de Barcelona","url":"https:\/\/www.cpl.es\/","logo":{"@type":"ImageObject","inLanguage":"ca","@id":"https:\/\/www.cpl.es\/#\/schema\/logo\/image\/","url":"https:\/\/www.cpl.es\/wp-content\/uploads\/logo-cpl.svg","contentUrl":"https:\/\/www.cpl.es\/wp-content\/uploads\/logo-cpl.svg","caption":"Centre de Pastoral Litúrgica"},"image":{"@id":"https:\/\/www.cpl.es\/#\/schema\/logo\/image\/"}}]}</script>
<!-- / Yoast SEO plugin. -->

Qué dijo el Concilio Vaticano II sobre Liturgia - CPL

Catàleg

Centre de Pastoral Litúrgica de Barcelona

Centre de Pastoral Litúrgica
