{"id":4004,"date":"2023-10-04T02:27:05","date_gmt":"2023-10-04T00:27:05","guid":{"rendered":"https:\/\/nuevaweb.cpl.es\/producto\/ministerios-al-servicio-de-la-comunidad-celebrante-9788498051476\/"},"modified":"2026-01-07T08:58:57","modified_gmt":"2026-01-07T07:58:57","slug":"ministerios-al-servicio-de-la-comunidad-celebrante-9788498051476","status":"publish","type":"product","link":"https:\/\/www.cpl.es\/ca\/producto\/ministerios-al-servicio-de-la-comunidad-celebrante-9788498051476\/","title":{"rendered":"Ministerios al servicio de la comunidad celebrante"},"content":{"rendered":"<p>Desde el presidente de la celebraci\u00f3n hasta el sacrist\u00e1n, desde el director de canto hasta los padrinos de bautismo. Para ayudar a que cada cristiano llamado a ejercerlos pueda vivirlos y realizarlos mejor. Y para que todos experimentemos m\u00e1s intensamente la rica pluralidad de la comunidad cristiana. Esta ha sido la \u00faltima aportaci\u00f3n del P. Aldaz\u00e1bal, que acababa de preparar cuando le sobrevino la muerte, el pasado 10 de agosto.<\/p>\n","protected":false},"excerpt":{"rendered":"<p>Aldaz\u00e1bal Larra\u00f1aga, Jos\u00e9<\/p>\n","protected":false},"featured_media":4005,"template":"","meta":{"_acf_changed":false,"inline_featured_image":false},"product_brand":[],"product_cat":[151,153,75,44,115,137,165,121,122,144],"product_tag":[],"class_list":{"0":"post-4004","1":"product","2":"type-product","3":"status-publish","4":"has-post-thumbnail","6":"product_cat-celebracio-de-la-missa-celebracio-de-la-missa-per-temes","7":"product_cat-celebracion-de-la-misa-celebracion-de-la-misa-por-temas","8":"product_cat-dossiers-cpl-colleccions-catala","9":"product_cat-dossiers-cpl","10":"product_cat-eucaristia","11":"product_cat-eucaristia-sagraments-per-temes","12":"product_cat-lassemblea-liturgica-celebracio-de-la-missa-per-temes","13":"product_cat-la-asamblea-liturgica","14":"product_cat-ministerios","15":"product_cat-ministeris","17":"first","18":"instock","19":"taxable","20":"shipping-taxable","21":"purchasable","22":"product-type-simple"},"acf":{"autor":"Aldaz\u00e1bal Larra\u00f1aga, Jos\u00e9","codart":"101110","ediciones":"1","encuadernacion":"R\u00fastica","fecha_de_publicacion":"23\/11\/2006","novedad":false,"paginas":"248","subtitulo":"","orden":"999","portada":false,"idioma":"spa","editorial":[{"ID":6736,"post_author":"2","post_date":"2023-10-06 08:35:24","post_date_gmt":"2023-10-06 06:35:24","post_content":"","post_title":"CPL","post_excerpt":"","post_status":"publish","comment_status":"closed","ping_status":"closed","post_password":"","post_name":"cpl","to_ping":"","pinged":"","post_modified":"2023-10-06 08:35:24","post_modified_gmt":"2023-10-06 06:35:24","post_content_filtered":"","post_parent":0,"guid":"https:\/\/nuevaweb.cpl.es\/editorial\/cpl\/","menu_order":0,"post_type":"editorial","post_mime_type":"","comment_count":"0","filter":"raw"}],"coleccion_num":"110"},"yoast_head":"<!-- This site is optimized with the Yoast SEO plugin v27.3 - https:\/\/yoast.com\/product\/yoast-seo-wordpress\/ -->\n<title>Ministerios al servicio de la comunidad celebrante - CPL<\/title>\n<meta name=\"robots\" content=\"index, follow, max-snippet:-1, max-image-preview:large, max-video-preview:-1\" \/>\n<link rel=\"canonical\" href=\"https:\/\/www.cpl.es\/producto\/ministerios-al-servicio-de-la-comunidad-celebrante-9788498051476\/\" \/>\n<meta property=\"og:locale\" content=\"ca_ES\" \/>\n<meta property=\"og:type\" content=\"article\" \/>\n<meta property=\"og:title\" content=\"Ministerios al servicio de la comunidad celebrante - CPL\" \/>\n<meta property=\"og:description\" content=\"Aldaz\u00e1bal Larra\u00f1aga, Jos\u00e9\" \/>\n<meta property=\"og:url\" content=\"https:\/\/www.cpl.es\/producto\/ministerios-al-servicio-de-la-comunidad-celebrante-9788498051476\/\" \/>\n<meta property=\"og:site_name\" content=\"CPL\" \/>\n<meta property=\"article:modified_time\" content=\"2026-01-07T07:58:57+00:00\" \/>\n<meta property=\"og:image\" content=\"https:\/\/www.cpl.es\/wp-content\/uploads\/101110.jpg\" \/>\n\t<meta property=\"og:image:width\" content=\"308\" \/>\n\t<meta property=\"og:image:height\" content=\"428\" \/>\n\t<meta property=\"og:image:type\" content=\"image\/jpeg\" \/>\n<meta name=\"twitter:card\" content=\"summary_large_image\" \/>\n<script type=\"application\/ld+json\" class=\"yoast-schema-graph\">{\"@context\":\"https:\\\/\\\/schema.org\",\"@graph\":[{\"@type\":\"WebPage\",\"@id\":\"https:\\\/\\\/www.cpl.es\\\/producto\\\/ministerios-al-servicio-de-la-comunidad-celebrante-9788498051476\\\/\",\"url\":\"https:\\\/\\\/www.cpl.es\\\/producto\\\/ministerios-al-servicio-de-la-comunidad-celebrante-9788498051476\\\/\",\"name\":\"Ministerios al servicio de la comunidad celebrante - CPL\",\"isPartOf\":{\"@id\":\"https:\\\/\\\/www.cpl.es\\\/#website\"},\"primaryImageOfPage\":{\"@id\":\"https:\\\/\\\/www.cpl.es\\\/producto\\\/ministerios-al-servicio-de-la-comunidad-celebrante-9788498051476\\\/#primaryimage\"},\"image\":{\"@id\":\"https:\\\/\\\/www.cpl.es\\\/producto\\\/ministerios-al-servicio-de-la-comunidad-celebrante-9788498051476\\\/#primaryimage\"},\"thumbnailUrl\":\"https:\\\/\\\/www.cpl.es\\\/wp-content\\\/uploads\\\/101110.jpg\",\"datePublished\":\"2023-10-04T00:27:05+00:00\",\"dateModified\":\"2026-01-07T07:58:57+00:00\",\"breadcrumb\":{\"@id\":\"https:\\\/\\\/www.cpl.es\\\/producto\\\/ministerios-al-servicio-de-la-comunidad-celebrante-9788498051476\\\/#breadcrumb\"},\"inLanguage\":\"ca\",\"potentialAction\":[{\"@type\":\"ReadAction\",\"target\":[\"https:\\\/\\\/www.cpl.es\\\/producto\\\/ministerios-al-servicio-de-la-comunidad-celebrante-9788498051476\\\/\"]}]},{\"@type\":\"ImageObject\",\"inLanguage\":\"ca\",\"@id\":\"https:\\\/\\\/www.cpl.es\\\/producto\\\/ministerios-al-servicio-de-la-comunidad-celebrante-9788498051476\\\/#primaryimage\",\"url\":\"https:\\\/\\\/www.cpl.es\\\/wp-content\\\/uploads\\\/101110.jpg\",\"contentUrl\":\"https:\\\/\\\/www.cpl.es\\\/wp-content\\\/uploads\\\/101110.jpg\",\"width\":308,\"height\":428,\"caption\":\"101110.jpg\"},{\"@type\":\"BreadcrumbList\",\"@id\":\"https:\\\/\\\/www.cpl.es\\\/producto\\\/ministerios-al-servicio-de-la-comunidad-celebrante-9788498051476\\\/#breadcrumb\",\"itemListElement\":[{\"@type\":\"ListItem\",\"position\":1,\"name\":\"Portada\",\"item\":\"https:\\\/\\\/www.cpl.es\\\/ca\\\/\"},{\"@type\":\"ListItem\",\"position\":2,\"name\":\"Cat\u00e0leg\",\"item\":\"https:\\\/\\\/www.cpl.es\\\/ca\\\/cataleg\\\/\"},{\"@type\":\"ListItem\",\"position\":3,\"name\":\"Ministerios al servicio de la comunidad celebrante\"}]},{\"@type\":\"WebSite\",\"@id\":\"https:\\\/\\\/www.cpl.es\\\/#website\",\"url\":\"https:\\\/\\\/www.cpl.es\\\/\",\"name\":\"CPL\",\"description\":\"Centre de Pastoral Lit\u00fargica de Barcelona\",\"publisher\":{\"@id\":\"https:\\\/\\\/www.cpl.es\\\/#organization\"},\"alternateName\":\"Centre de Pastoral Lit\u00fargica\",\"potentialAction\":[{\"@type\":\"SearchAction\",\"target\":{\"@type\":\"EntryPoint\",\"urlTemplate\":\"https:\\\/\\\/www.cpl.es\\\/?s={search_term_string}\"},\"query-input\":{\"@type\":\"PropertyValueSpecification\",\"valueRequired\":true,\"valueName\":\"search_term_string\"}}],\"inLanguage\":\"ca\"},{\"@type\":\"Organization\",\"@id\":\"https:\\\/\\\/www.cpl.es\\\/#organization\",\"name\":\"Centre de Pastoral Lit\u00fargica\",\"alternateName\":\"Centre de Pastoral Lit\u00fargica de Barcelona\",\"url\":\"https:\\\/\\\/www.cpl.es\\\/\",\"logo\":{\"@type\":\"ImageObject\",\"inLanguage\":\"ca\",\"@id\":\"https:\\\/\\\/www.cpl.es\\\/#\\\/schema\\\/logo\\\/image\\\/\",\"url\":\"https:\\\/\\\/www.cpl.es\\\/wp-content\\\/uploads\\\/logo-cpl.svg\",\"contentUrl\":\"https:\\\/\\\/www.cpl.es\\\/wp-content\\\/uploads\\\/logo-cpl.svg\",\"caption\":\"Centre de Pastoral Lit\u00fargica\"},\"image\":{\"@id\":\"https:\\\/\\\/www.cpl.es\\\/#\\\/schema\\\/logo\\\/image\\\/\"}}]}<\/script>\n<!-- \/ Yoast SEO plugin. -->","yoast_head_json":{"title":"Ministerios al servicio de la comunidad celebrante - CPL","robots":{"index":"index","follow":"follow","max-snippet":"max-snippet:-1","max-image-preview":"max-image-preview:large","max-video-preview":"max-video-preview:-1"},"canonical":"https:\/\/www.cpl.es\/producto\/ministerios-al-servicio-de-la-comunidad-celebrante-9788498051476\/","og_locale":"ca_ES","og_type":"article","og_title":"Ministerios al servicio de la comunidad celebrante - CPL","og_description":"Aldaz\u00e1bal Larra\u00f1aga, Jos\u00e9","og_url":"https:\/\/www.cpl.es\/producto\/ministerios-al-servicio-de-la-comunidad-celebrante-9788498051476\/","og_site_name":"CPL","article_modified_time":"2026-01-07T07:58:57+00:00","og_image":[{"width":308,"height":428,"url":"https:\/\/www.cpl.es\/wp-content\/uploads\/101110.jpg","type":"image\/jpeg"}],"twitter_card":"summary_large_image","schema":{"@context":"https:\/\/schema.org","@graph":[{"@type":"WebPage","@id":"https:\/\/www.cpl.es\/producto\/ministerios-al-servicio-de-la-comunidad-celebrante-9788498051476\/","url":"https:\/\/www.cpl.es\/producto\/ministerios-al-servicio-de-la-comunidad-celebrante-9788498051476\/","name":"Ministerios al servicio de la comunidad celebrante - CPL","isPartOf":{"@id":"https:\/\/www.cpl.es\/#website"},"primaryImageOfPage":{"@id":"https:\/\/www.cpl.es\/producto\/ministerios-al-servicio-de-la-comunidad-celebrante-9788498051476\/#primaryimage"},"image":{"@id":"https:\/\/www.cpl.es\/producto\/ministerios-al-servicio-de-la-comunidad-celebrante-9788498051476\/#primaryimage"},"thumbnailUrl":"https:\/\/www.cpl.es\/wp-content\/uploads\/101110.jpg","datePublished":"2023-10-04T00:27:05+00:00","dateModified":"2026-01-07T07:58:57+00:00","breadcrumb":{"@id":"https:\/\/www.cpl.es\/producto\/ministerios-al-servicio-de-la-comunidad-celebrante-9788498051476\/#breadcrumb"},"inLanguage":"ca","potentialAction":[{"@type":"ReadAction","target":["https:\/\/www.cpl.es\/producto\/ministerios-al-servicio-de-la-comunidad-celebrante-9788498051476\/"]}]},{"@type":"ImageObject","inLanguage":"ca","@id":"https:\/\/www.cpl.es\/producto\/ministerios-al-servicio-de-la-comunidad-celebrante-9788498051476\/#primaryimage","url":"https:\/\/www.cpl.es\/wp-content\/uploads\/101110.jpg","contentUrl":"https:\/\/www.cpl.es\/wp-content\/uploads\/101110.jpg","width":308,"height":428,"caption":"101110.jpg"},{"@type":"BreadcrumbList","@id":"https:\/\/www.cpl.es\/producto\/ministerios-al-servicio-de-la-comunidad-celebrante-9788498051476\/#breadcrumb","itemListElement":[{"@type":"ListItem","position":1,"name":"Portada","item":"https:\/\/www.cpl.es\/ca\/"},{"@type":"ListItem","position":2,"name":"Cat\u00e0leg","item":"https:\/\/www.cpl.es\/ca\/cataleg\/"},{"@type":"ListItem","position":3,"name":"Ministerios al servicio de la comunidad celebrante"}]},{"@type":"WebSite","@id":"https:\/\/www.cpl.es\/#website","url":"https:\/\/www.cpl.es\/","name":"CPL","description":"Centre de Pastoral Lit\u00fargica de Barcelona","publisher":{"@id":"https:\/\/www.cpl.es\/#organization"},"alternateName":"Centre de Pastoral Lit\u00fargica","potentialAction":[{"@type":"SearchAction","target":{"@type":"EntryPoint","urlTemplate":"https:\/\/www.cpl.es\/?s={search_term_string}"},"query-input":{"@type":"PropertyValueSpecification","valueRequired":true,"valueName":"search_term_string"}}],"inLanguage":"ca"},{"@type":"Organization","@id":"https:\/\/www.cpl.es\/#organization","name":"Centre de Pastoral Lit\u00fargica","alternateName":"Centre de Pastoral Lit\u00fargica de Barcelona","url":"https:\/\/www.cpl.es\/","logo":{"@type":"ImageObject","inLanguage":"ca","@id":"https:\/\/www.cpl.es\/#\/schema\/logo\/image\/","url":"https:\/\/www.cpl.es\/wp-content\/uploads\/logo-cpl.svg","contentUrl":"https:\/\/www.cpl.es\/wp-content\/uploads\/logo-cpl.svg","caption":"Centre de Pastoral Lit\u00fargica"},"image":{"@id":"https:\/\/www.cpl.es\/#\/schema\/logo\/image\/"}}]}},"_links":{"self":[{"href":"https:\/\/www.cpl.es\/ca\/wp-json\/wp\/v2\/product\/4004","targetHints":{"allow":["GET"]}}],"collection":[{"href":"https:\/\/www.cpl.es\/ca\/wp-json\/wp\/v2\/product"}],"about":[{"href":"https:\/\/www.cpl.es\/ca\/wp-json\/wp\/v2\/types\/product"}],"wp:featuredmedia":[{"embeddable":true,"href":"https:\/\/www.cpl.es\/ca\/wp-json\/wp\/v2\/media\/4005"}],"wp:attachment":[{"href":"https:\/\/www.cpl.es\/ca\/wp-json\/wp\/v2\/media?parent=4004"}],"wp:term":[{"taxonomy":"product_brand","embeddable":true,"href":"https:\/\/www.cpl.es\/ca\/wp-json\/wp\/v2\/product_brand?post=4004"},{"taxonomy":"product_cat","embeddable":true,"href":"https:\/\/www.cpl.es\/ca\/wp-json\/wp\/v2\/product_cat?post=4004"},{"taxonomy":"product_tag","embeddable":true,"href":"https:\/\/www.cpl.es\/ca\/wp-json\/wp\/v2\/product_tag?post=4004"}],"curies":[{"name":"wp","href":"https:\/\/api.w.org\/{rel}","templated":true}]}}

<p>Desde el presidente de la celebración hasta el sacristán, desde el director de canto hasta los padrinos de bautismo. Para ayudar a que cada cristiano llamado a ejercerlos pueda vivirlos y realizarlos mejor. Y para que todos experimentemos más intensamente la rica pluralidad de la comunidad cristiana. Esta ha sido la última aportación del P. Aldazábal, que acababa de preparar cuando le sobrevino la muerte, el pasado 10 de agosto.</p>

<p>Aldazábal Larrañaga, José</p>

Aldazábal Larrañaga, José

Rústica

<!-- This site is optimized with the Yoast SEO plugin v27.3 - https://yoast.com/product/yoast-seo-wordpress/ -->
<title>Ministerios al servicio de la comunidad celebrante - CPL</title>
<meta name="robots" content="index, follow, max-snippet:-1, max-image-preview:large, max-video-preview:-1" />
<link rel="canonical" href="https://www.cpl.es/producto/ministerios-al-servicio-de-la-comunidad-celebrante-9788498051476/" />
<meta property="og:locale" content="ca_ES" />
<meta property="og:type" content="article" />
<meta property="og:title" content="Ministerios al servicio de la comunidad celebrante - CPL" />
<meta property="og:description" content="Aldazábal Larrañaga, José" />
<meta property="og:url" content="https://www.cpl.es/producto/ministerios-al-servicio-de-la-comunidad-celebrante-9788498051476/" />
<meta property="og:site_name" content="CPL" />
<meta property="article:modified_time" content="2026-01-07T07:58:57+00:00" />
<meta property="og:image" content="https://www.cpl.es/wp-content/uploads/101110.jpg" />
	<meta property="og:image:width" content="308" />
	<meta property="og:image:height" content="428" />
	<meta property="og:image:type" content="image/jpeg" />
<meta name="twitter:card" content="summary_large_image" />
<script type="application/ld+json" class="yoast-schema-graph">{"@context":"https:\/\/schema.org","@graph":[{"@type":"WebPage","@id":"https:\/\/www.cpl.es\/producto\/ministerios-al-servicio-de-la-comunidad-celebrante-9788498051476\/","url":"https:\/\/www.cpl.es\/producto\/ministerios-al-servicio-de-la-comunidad-celebrante-9788498051476\/","name":"Ministerios al servicio de la comunidad celebrante - CPL","isPartOf":{"@id":"https:\/\/www.cpl.es\/#website"},"primaryImageOfPage":{"@id":"https:\/\/www.cpl.es\/producto\/ministerios-al-servicio-de-la-comunidad-celebrante-9788498051476\/#primaryimage"},"image":{"@id":"https:\/\/www.cpl.es\/producto\/ministerios-al-servicio-de-la-comunidad-celebrante-9788498051476\/#primaryimage"},"thumbnailUrl":"https:\/\/www.cpl.es\/wp-content\/uploads\/101110.jpg","datePublished":"2023-10-04T00:27:05+00:00","dateModified":"2026-01-07T07:58:57+00:00","breadcrumb":{"@id":"https:\/\/www.cpl.es\/producto\/ministerios-al-servicio-de-la-comunidad-celebrante-9788498051476\/#breadcrumb"},"inLanguage":"ca","potentialAction":[{"@type":"ReadAction","target":["https:\/\/www.cpl.es\/producto\/ministerios-al-servicio-de-la-comunidad-celebrante-9788498051476\/"]}]},{"@type":"ImageObject","inLanguage":"ca","@id":"https:\/\/www.cpl.es\/producto\/ministerios-al-servicio-de-la-comunidad-celebrante-9788498051476\/#primaryimage","url":"https:\/\/www.cpl.es\/wp-content\/uploads\/101110.jpg","contentUrl":"https:\/\/www.cpl.es\/wp-content\/uploads\/101110.jpg","width":308,"height":428,"caption":"101110.jpg"},{"@type":"BreadcrumbList","@id":"https:\/\/www.cpl.es\/producto\/ministerios-al-servicio-de-la-comunidad-celebrante-9788498051476\/#breadcrumb","itemListElement":[{"@type":"ListItem","position":1,"name":"Portada","item":"https:\/\/www.cpl.es\/ca\/"},{"@type":"ListItem","position":2,"name":"Catàleg","item":"https:\/\/www.cpl.es\/ca\/cataleg\/"},{"@type":"ListItem","position":3,"name":"Ministerios al servicio de la comunidad celebrante"}]},{"@type":"WebSite","@id":"https:\/\/www.cpl.es\/#website","url":"https:\/\/www.cpl.es\/","name":"CPL","description":"Centre de Pastoral Litúrgica de Barcelona","publisher":{"@id":"https:\/\/www.cpl.es\/#organization"},"alternateName":"Centre de Pastoral Litúrgica","potentialAction":[{"@type":"SearchAction","target":{"@type":"EntryPoint","urlTemplate":"https:\/\/www.cpl.es\/?s={search_term_string}"},"query-input":{"@type":"PropertyValueSpecification","valueRequired":true,"valueName":"search_term_string"}}],"inLanguage":"ca"},{"@type":"Organization","@id":"https:\/\/www.cpl.es\/#organization","name":"Centre de Pastoral Litúrgica","alternateName":"Centre de Pastoral Litúrgica de Barcelona","url":"https:\/\/www.cpl.es\/","logo":{"@type":"ImageObject","inLanguage":"ca","@id":"https:\/\/www.cpl.es\/#\/schema\/logo\/image\/","url":"https:\/\/www.cpl.es\/wp-content\/uploads\/logo-cpl.svg","contentUrl":"https:\/\/www.cpl.es\/wp-content\/uploads\/logo-cpl.svg","caption":"Centre de Pastoral Litúrgica"},"image":{"@id":"https:\/\/www.cpl.es\/#\/schema\/logo\/image\/"}}]}</script>
<!-- / Yoast SEO plugin. -->

Catàleg

Centre de Pastoral Litúrgica de Barcelona

Centre de Pastoral Litúrgica
