{"id":3982,"date":"2023-10-04T02:26:35","date_gmt":"2023-10-04T00:26:35","guid":{"rendered":"https:\/\/nuevaweb.cpl.es\/producto\/moises-modelo-de-lider-creyente-9788498051216\/"},"modified":"2026-02-12T16:52:33","modified_gmt":"2026-02-12T15:52:33","slug":"moises-modelo-de-lider-creyente-9788498051216","status":"publish","type":"product","link":"https:\/\/www.cpl.es\/ca\/producto\/moises-modelo-de-lider-creyente-9788498051216\/","title":{"rendered":"Mois\u00e9s, modelo de l\u00edder creyente"},"content":{"rendered":"<p>En el buen estilo de la colecci\u00f3n Ema\u00fas, el autor de este libro nos acompa\u00f1a en la aproximaci\u00f3n a este personaje decisivo de la historia de Israel, y nos ayuda a descubrir su fe, su esperanza, su estilo como gu\u00eda del pueblo. Como un ejemplo permanentemente actual.<\/p>\n","protected":false},"excerpt":{"rendered":"<p>Aldaz\u00e1bal Larra\u00f1aga, Jos\u00e9<\/p>\n","protected":false},"featured_media":3983,"template":"","meta":{"_acf_changed":false,"inline_featured_image":false},"product_brand":[],"product_cat":[107,73,49,65,88,128],"product_tag":[],"class_list":{"0":"post-3982","1":"product","2":"type-product","3":"status-publish","4":"has-post-thumbnail","6":"product_cat-cuaresma","7":"product_cat-emaus-colleccions-catala","8":"product_cat-emaus","9":"product_cat-espiritualidad","10":"product_cat-espiritualitat","11":"product_cat-quaresma","13":"first","14":"instock","15":"taxable","16":"shipping-taxable","17":"purchasable","18":"product-type-simple"},"acf":{"autor":"Aldaz\u00e1bal Larra\u00f1aga, Jos\u00e9","codart":"108071","ediciones":"1","encuadernacion":"R\u00fastica","fecha_de_publicacion":"29\/01\/2007","novedad":false,"paginas":"68","subtitulo":"","orden":"999","portada":false,"idioma":"spa","editorial":[{"ID":6736,"post_author":"2","post_date":"2023-10-06 08:35:24","post_date_gmt":"2023-10-06 06:35:24","post_content":"","post_title":"CPL","post_excerpt":"","post_status":"publish","comment_status":"closed","ping_status":"closed","post_password":"","post_name":"cpl","to_ping":"","pinged":"","post_modified":"2023-10-06 08:35:24","post_modified_gmt":"2023-10-06 06:35:24","post_content_filtered":"","post_parent":0,"guid":"https:\/\/nuevaweb.cpl.es\/editorial\/cpl\/","menu_order":0,"post_type":"editorial","post_mime_type":"","comment_count":"0","filter":"raw"}],"coleccion_num":"71"},"yoast_head":"<!-- This site is optimized with the Yoast SEO plugin v27.3 - https:\/\/yoast.com\/product\/yoast-seo-wordpress\/ -->\n<title>Mois\u00e9s, modelo de l\u00edder creyente - CPL<\/title>\n<meta name=\"robots\" content=\"index, follow, max-snippet:-1, max-image-preview:large, max-video-preview:-1\" \/>\n<link rel=\"canonical\" href=\"https:\/\/www.cpl.es\/producto\/moises-modelo-de-lider-creyente-9788498051216\/\" \/>\n<meta property=\"og:locale\" content=\"ca_ES\" \/>\n<meta property=\"og:type\" content=\"article\" \/>\n<meta property=\"og:title\" content=\"Mois\u00e9s, modelo de l\u00edder creyente - CPL\" \/>\n<meta property=\"og:description\" content=\"Aldaz\u00e1bal Larra\u00f1aga, Jos\u00e9\" \/>\n<meta property=\"og:url\" content=\"https:\/\/www.cpl.es\/producto\/moises-modelo-de-lider-creyente-9788498051216\/\" \/>\n<meta property=\"og:site_name\" content=\"CPL\" \/>\n<meta property=\"article:modified_time\" content=\"2026-02-12T15:52:33+00:00\" \/>\n<meta property=\"og:image\" content=\"https:\/\/www.cpl.es\/wp-content\/uploads\/108071.jpg\" \/>\n\t<meta property=\"og:image:width\" content=\"278\" \/>\n\t<meta property=\"og:image:height\" content=\"439\" \/>\n\t<meta property=\"og:image:type\" content=\"image\/jpeg\" \/>\n<meta name=\"twitter:card\" content=\"summary_large_image\" \/>\n<script type=\"application\/ld+json\" class=\"yoast-schema-graph\">{\"@context\":\"https:\\\/\\\/schema.org\",\"@graph\":[{\"@type\":\"WebPage\",\"@id\":\"https:\\\/\\\/www.cpl.es\\\/producto\\\/moises-modelo-de-lider-creyente-9788498051216\\\/\",\"url\":\"https:\\\/\\\/www.cpl.es\\\/producto\\\/moises-modelo-de-lider-creyente-9788498051216\\\/\",\"name\":\"Mois\u00e9s, modelo de l\u00edder creyente - CPL\",\"isPartOf\":{\"@id\":\"https:\\\/\\\/www.cpl.es\\\/#website\"},\"primaryImageOfPage\":{\"@id\":\"https:\\\/\\\/www.cpl.es\\\/producto\\\/moises-modelo-de-lider-creyente-9788498051216\\\/#primaryimage\"},\"image\":{\"@id\":\"https:\\\/\\\/www.cpl.es\\\/producto\\\/moises-modelo-de-lider-creyente-9788498051216\\\/#primaryimage\"},\"thumbnailUrl\":\"https:\\\/\\\/www.cpl.es\\\/wp-content\\\/uploads\\\/108071.jpg\",\"datePublished\":\"2023-10-04T00:26:35+00:00\",\"dateModified\":\"2026-02-12T15:52:33+00:00\",\"breadcrumb\":{\"@id\":\"https:\\\/\\\/www.cpl.es\\\/producto\\\/moises-modelo-de-lider-creyente-9788498051216\\\/#breadcrumb\"},\"inLanguage\":\"ca\",\"potentialAction\":[{\"@type\":\"ReadAction\",\"target\":[\"https:\\\/\\\/www.cpl.es\\\/producto\\\/moises-modelo-de-lider-creyente-9788498051216\\\/\"]}]},{\"@type\":\"ImageObject\",\"inLanguage\":\"ca\",\"@id\":\"https:\\\/\\\/www.cpl.es\\\/producto\\\/moises-modelo-de-lider-creyente-9788498051216\\\/#primaryimage\",\"url\":\"https:\\\/\\\/www.cpl.es\\\/wp-content\\\/uploads\\\/108071.jpg\",\"contentUrl\":\"https:\\\/\\\/www.cpl.es\\\/wp-content\\\/uploads\\\/108071.jpg\",\"width\":278,\"height\":439,\"caption\":\"108071.jpg\"},{\"@type\":\"BreadcrumbList\",\"@id\":\"https:\\\/\\\/www.cpl.es\\\/producto\\\/moises-modelo-de-lider-creyente-9788498051216\\\/#breadcrumb\",\"itemListElement\":[{\"@type\":\"ListItem\",\"position\":1,\"name\":\"Portada\",\"item\":\"https:\\\/\\\/www.cpl.es\\\/ca\\\/\"},{\"@type\":\"ListItem\",\"position\":2,\"name\":\"Cat\u00e0leg\",\"item\":\"https:\\\/\\\/www.cpl.es\\\/ca\\\/cataleg\\\/\"},{\"@type\":\"ListItem\",\"position\":3,\"name\":\"Mois\u00e9s, modelo de l\u00edder creyente\"}]},{\"@type\":\"WebSite\",\"@id\":\"https:\\\/\\\/www.cpl.es\\\/#website\",\"url\":\"https:\\\/\\\/www.cpl.es\\\/\",\"name\":\"CPL\",\"description\":\"Centre de Pastoral Lit\u00fargica de Barcelona\",\"publisher\":{\"@id\":\"https:\\\/\\\/www.cpl.es\\\/#organization\"},\"alternateName\":\"Centre de Pastoral Lit\u00fargica\",\"potentialAction\":[{\"@type\":\"SearchAction\",\"target\":{\"@type\":\"EntryPoint\",\"urlTemplate\":\"https:\\\/\\\/www.cpl.es\\\/?s={search_term_string}\"},\"query-input\":{\"@type\":\"PropertyValueSpecification\",\"valueRequired\":true,\"valueName\":\"search_term_string\"}}],\"inLanguage\":\"ca\"},{\"@type\":\"Organization\",\"@id\":\"https:\\\/\\\/www.cpl.es\\\/#organization\",\"name\":\"Centre de Pastoral Lit\u00fargica\",\"alternateName\":\"Centre de Pastoral Lit\u00fargica de Barcelona\",\"url\":\"https:\\\/\\\/www.cpl.es\\\/\",\"logo\":{\"@type\":\"ImageObject\",\"inLanguage\":\"ca\",\"@id\":\"https:\\\/\\\/www.cpl.es\\\/#\\\/schema\\\/logo\\\/image\\\/\",\"url\":\"https:\\\/\\\/www.cpl.es\\\/wp-content\\\/uploads\\\/logo-cpl.svg\",\"contentUrl\":\"https:\\\/\\\/www.cpl.es\\\/wp-content\\\/uploads\\\/logo-cpl.svg\",\"caption\":\"Centre de Pastoral Lit\u00fargica\"},\"image\":{\"@id\":\"https:\\\/\\\/www.cpl.es\\\/#\\\/schema\\\/logo\\\/image\\\/\"}}]}<\/script>\n<!-- \/ Yoast SEO plugin. -->","yoast_head_json":{"title":"Mois\u00e9s, modelo de l\u00edder creyente - CPL","robots":{"index":"index","follow":"follow","max-snippet":"max-snippet:-1","max-image-preview":"max-image-preview:large","max-video-preview":"max-video-preview:-1"},"canonical":"https:\/\/www.cpl.es\/producto\/moises-modelo-de-lider-creyente-9788498051216\/","og_locale":"ca_ES","og_type":"article","og_title":"Mois\u00e9s, modelo de l\u00edder creyente - CPL","og_description":"Aldaz\u00e1bal Larra\u00f1aga, Jos\u00e9","og_url":"https:\/\/www.cpl.es\/producto\/moises-modelo-de-lider-creyente-9788498051216\/","og_site_name":"CPL","article_modified_time":"2026-02-12T15:52:33+00:00","og_image":[{"width":278,"height":439,"url":"https:\/\/www.cpl.es\/wp-content\/uploads\/108071.jpg","type":"image\/jpeg"}],"twitter_card":"summary_large_image","schema":{"@context":"https:\/\/schema.org","@graph":[{"@type":"WebPage","@id":"https:\/\/www.cpl.es\/producto\/moises-modelo-de-lider-creyente-9788498051216\/","url":"https:\/\/www.cpl.es\/producto\/moises-modelo-de-lider-creyente-9788498051216\/","name":"Mois\u00e9s, modelo de l\u00edder creyente - CPL","isPartOf":{"@id":"https:\/\/www.cpl.es\/#website"},"primaryImageOfPage":{"@id":"https:\/\/www.cpl.es\/producto\/moises-modelo-de-lider-creyente-9788498051216\/#primaryimage"},"image":{"@id":"https:\/\/www.cpl.es\/producto\/moises-modelo-de-lider-creyente-9788498051216\/#primaryimage"},"thumbnailUrl":"https:\/\/www.cpl.es\/wp-content\/uploads\/108071.jpg","datePublished":"2023-10-04T00:26:35+00:00","dateModified":"2026-02-12T15:52:33+00:00","breadcrumb":{"@id":"https:\/\/www.cpl.es\/producto\/moises-modelo-de-lider-creyente-9788498051216\/#breadcrumb"},"inLanguage":"ca","potentialAction":[{"@type":"ReadAction","target":["https:\/\/www.cpl.es\/producto\/moises-modelo-de-lider-creyente-9788498051216\/"]}]},{"@type":"ImageObject","inLanguage":"ca","@id":"https:\/\/www.cpl.es\/producto\/moises-modelo-de-lider-creyente-9788498051216\/#primaryimage","url":"https:\/\/www.cpl.es\/wp-content\/uploads\/108071.jpg","contentUrl":"https:\/\/www.cpl.es\/wp-content\/uploads\/108071.jpg","width":278,"height":439,"caption":"108071.jpg"},{"@type":"BreadcrumbList","@id":"https:\/\/www.cpl.es\/producto\/moises-modelo-de-lider-creyente-9788498051216\/#breadcrumb","itemListElement":[{"@type":"ListItem","position":1,"name":"Portada","item":"https:\/\/www.cpl.es\/ca\/"},{"@type":"ListItem","position":2,"name":"Cat\u00e0leg","item":"https:\/\/www.cpl.es\/ca\/cataleg\/"},{"@type":"ListItem","position":3,"name":"Mois\u00e9s, modelo de l\u00edder creyente"}]},{"@type":"WebSite","@id":"https:\/\/www.cpl.es\/#website","url":"https:\/\/www.cpl.es\/","name":"CPL","description":"Centre de Pastoral Lit\u00fargica de Barcelona","publisher":{"@id":"https:\/\/www.cpl.es\/#organization"},"alternateName":"Centre de Pastoral Lit\u00fargica","potentialAction":[{"@type":"SearchAction","target":{"@type":"EntryPoint","urlTemplate":"https:\/\/www.cpl.es\/?s={search_term_string}"},"query-input":{"@type":"PropertyValueSpecification","valueRequired":true,"valueName":"search_term_string"}}],"inLanguage":"ca"},{"@type":"Organization","@id":"https:\/\/www.cpl.es\/#organization","name":"Centre de Pastoral Lit\u00fargica","alternateName":"Centre de Pastoral Lit\u00fargica de Barcelona","url":"https:\/\/www.cpl.es\/","logo":{"@type":"ImageObject","inLanguage":"ca","@id":"https:\/\/www.cpl.es\/#\/schema\/logo\/image\/","url":"https:\/\/www.cpl.es\/wp-content\/uploads\/logo-cpl.svg","contentUrl":"https:\/\/www.cpl.es\/wp-content\/uploads\/logo-cpl.svg","caption":"Centre de Pastoral Lit\u00fargica"},"image":{"@id":"https:\/\/www.cpl.es\/#\/schema\/logo\/image\/"}}]}},"_links":{"self":[{"href":"https:\/\/www.cpl.es\/ca\/wp-json\/wp\/v2\/product\/3982","targetHints":{"allow":["GET"]}}],"collection":[{"href":"https:\/\/www.cpl.es\/ca\/wp-json\/wp\/v2\/product"}],"about":[{"href":"https:\/\/www.cpl.es\/ca\/wp-json\/wp\/v2\/types\/product"}],"wp:featuredmedia":[{"embeddable":true,"href":"https:\/\/www.cpl.es\/ca\/wp-json\/wp\/v2\/media\/3983"}],"wp:attachment":[{"href":"https:\/\/www.cpl.es\/ca\/wp-json\/wp\/v2\/media?parent=3982"}],"wp:term":[{"taxonomy":"product_brand","embeddable":true,"href":"https:\/\/www.cpl.es\/ca\/wp-json\/wp\/v2\/product_brand?post=3982"},{"taxonomy":"product_cat","embeddable":true,"href":"https:\/\/www.cpl.es\/ca\/wp-json\/wp\/v2\/product_cat?post=3982"},{"taxonomy":"product_tag","embeddable":true,"href":"https:\/\/www.cpl.es\/ca\/wp-json\/wp\/v2\/product_tag?post=3982"}],"curies":[{"name":"wp","href":"https:\/\/api.w.org\/{rel}","templated":true}]}}

Moisés, modelo de líder creyente

<p>En el buen estilo de la colección Emaús, el autor de este libro nos acompaña en la aproximación a este personaje decisivo de la historia de Israel, y nos ayuda a descubrir su fe, su esperanza, su estilo como guía del pueblo. Como un ejemplo permanentemente actual.</p>

<p>Aldazábal Larrañaga, José</p>

Aldazábal Larrañaga, José

Rústica

<!-- This site is optimized with the Yoast SEO plugin v27.3 - https://yoast.com/product/yoast-seo-wordpress/ -->
<title>Moisés, modelo de líder creyente - CPL</title>
<meta name="robots" content="index, follow, max-snippet:-1, max-image-preview:large, max-video-preview:-1" />
<link rel="canonical" href="https://www.cpl.es/producto/moises-modelo-de-lider-creyente-9788498051216/" />
<meta property="og:locale" content="ca_ES" />
<meta property="og:type" content="article" />
<meta property="og:title" content="Moisés, modelo de líder creyente - CPL" />
<meta property="og:description" content="Aldazábal Larrañaga, José" />
<meta property="og:url" content="https://www.cpl.es/producto/moises-modelo-de-lider-creyente-9788498051216/" />
<meta property="og:site_name" content="CPL" />
<meta property="article:modified_time" content="2026-02-12T15:52:33+00:00" />
<meta property="og:image" content="https://www.cpl.es/wp-content/uploads/108071.jpg" />
	<meta property="og:image:width" content="278" />
	<meta property="og:image:height" content="439" />
	<meta property="og:image:type" content="image/jpeg" />
<meta name="twitter:card" content="summary_large_image" />
<script type="application/ld+json" class="yoast-schema-graph">{"@context":"https:\/\/schema.org","@graph":[{"@type":"WebPage","@id":"https:\/\/www.cpl.es\/producto\/moises-modelo-de-lider-creyente-9788498051216\/","url":"https:\/\/www.cpl.es\/producto\/moises-modelo-de-lider-creyente-9788498051216\/","name":"Moisés, modelo de líder creyente - CPL","isPartOf":{"@id":"https:\/\/www.cpl.es\/#website"},"primaryImageOfPage":{"@id":"https:\/\/www.cpl.es\/producto\/moises-modelo-de-lider-creyente-9788498051216\/#primaryimage"},"image":{"@id":"https:\/\/www.cpl.es\/producto\/moises-modelo-de-lider-creyente-9788498051216\/#primaryimage"},"thumbnailUrl":"https:\/\/www.cpl.es\/wp-content\/uploads\/108071.jpg","datePublished":"2023-10-04T00:26:35+00:00","dateModified":"2026-02-12T15:52:33+00:00","breadcrumb":{"@id":"https:\/\/www.cpl.es\/producto\/moises-modelo-de-lider-creyente-9788498051216\/#breadcrumb"},"inLanguage":"ca","potentialAction":[{"@type":"ReadAction","target":["https:\/\/www.cpl.es\/producto\/moises-modelo-de-lider-creyente-9788498051216\/"]}]},{"@type":"ImageObject","inLanguage":"ca","@id":"https:\/\/www.cpl.es\/producto\/moises-modelo-de-lider-creyente-9788498051216\/#primaryimage","url":"https:\/\/www.cpl.es\/wp-content\/uploads\/108071.jpg","contentUrl":"https:\/\/www.cpl.es\/wp-content\/uploads\/108071.jpg","width":278,"height":439,"caption":"108071.jpg"},{"@type":"BreadcrumbList","@id":"https:\/\/www.cpl.es\/producto\/moises-modelo-de-lider-creyente-9788498051216\/#breadcrumb","itemListElement":[{"@type":"ListItem","position":1,"name":"Portada","item":"https:\/\/www.cpl.es\/ca\/"},{"@type":"ListItem","position":2,"name":"Catàleg","item":"https:\/\/www.cpl.es\/ca\/cataleg\/"},{"@type":"ListItem","position":3,"name":"Moisés, modelo de líder creyente"}]},{"@type":"WebSite","@id":"https:\/\/www.cpl.es\/#website","url":"https:\/\/www.cpl.es\/","name":"CPL","description":"Centre de Pastoral Litúrgica de Barcelona","publisher":{"@id":"https:\/\/www.cpl.es\/#organization"},"alternateName":"Centre de Pastoral Litúrgica","potentialAction":[{"@type":"SearchAction","target":{"@type":"EntryPoint","urlTemplate":"https:\/\/www.cpl.es\/?s={search_term_string}"},"query-input":{"@type":"PropertyValueSpecification","valueRequired":true,"valueName":"search_term_string"}}],"inLanguage":"ca"},{"@type":"Organization","@id":"https:\/\/www.cpl.es\/#organization","name":"Centre de Pastoral Litúrgica","alternateName":"Centre de Pastoral Litúrgica de Barcelona","url":"https:\/\/www.cpl.es\/","logo":{"@type":"ImageObject","inLanguage":"ca","@id":"https:\/\/www.cpl.es\/#\/schema\/logo\/image\/","url":"https:\/\/www.cpl.es\/wp-content\/uploads\/logo-cpl.svg","contentUrl":"https:\/\/www.cpl.es\/wp-content\/uploads\/logo-cpl.svg","caption":"Centre de Pastoral Litúrgica"},"image":{"@id":"https:\/\/www.cpl.es\/#\/schema\/logo\/image\/"}}]}</script>
<!-- / Yoast SEO plugin. -->

Moisés, modelo de líder creyente - CPL

Catàleg

Centre de Pastoral Litúrgica de Barcelona

Centre de Pastoral Litúrgica
