{"id":2772,"date":"2023-10-04T01:52:09","date_gmt":"2023-10-03T23:52:09","guid":{"rendered":"https:\/\/nuevaweb.cpl.es\/producto\/la-misa-y-la-liturgia-de-las-horas-ordenacion-general-9788498055863\/"},"modified":"2023-12-05T13:40:38","modified_gmt":"2023-12-05T12:40:38","slug":"la-misa-y-la-liturgia-de-las-horas-ordenacion-general-9788498055863","status":"publish","type":"product","link":"https:\/\/www.cpl.es\/ca\/producto\/la-misa-y-la-liturgia-de-las-horas-ordenacion-general-9788498055863\/","title":{"rendered":"La Misa y la Liturgia de las Horas. Ordenaci\u00f3n General"},"content":{"rendered":"<p>La riqueza de los libros lit\u00fargicos surgidos de la reforma del Concilio Vaticano II no consiste solo en los textos que se deben utilizar para la lectura de la Palabra de Dios y para la oraci\u00f3n comunitaria, sino que en los propios libros lit\u00fargicos encontramos tambi\u00e9n lo que constituye la gu\u00eda para su utilizaci\u00f3n, un instrumento imprescindible para entender el sentido de lo que los textos nos ofrecen, los criterios con los que estos textos han sido pensados, la forma en que debe desarrollarse la celebraci\u00f3n, las distintas posibilidades que la celebraci\u00f3n misma nos presenta. Disponer en un \u00fanico libro del conjunto de estos documentosgu\u00eda, tanto para la Misa como para la Liturgia de las Horas, ayudar\u00e1, sin duda, a conocer mejor la celebraci\u00f3n cristiana; conducir\u00e1 a un mayor aprecio del valor del servicio divino en la vida de la Iglesia; y servir\u00e1 finalmente, tambi\u00e9n, para resolver las dudas que puedan aparecer.<\/p>\n<p>Aqu\u00ed presentamos, pues, la Ordenaci\u00f3n General del Misal Romano (en su tercera edici\u00f3n, indicando las correspondencias con la segunda, que es la que est\u00e1 en nuestros misales actuales), las Normas Universales del A\u00f1o Lit\u00fargico y el Calendario, la Ordenaci\u00f3n de las Lecturas de la Misa, la Constituci\u00f3n Apost\u00f2lica &#8216;Laudis Canticum' sobre el Oficio Divino, y la Ordenaci\u00f3n General de la Liturgia de las Horas. Para que nuestra vida lit\u00fargica sea m\u00e1s rica, m\u00e1s profunda y m\u00e1s viva.<\/p>\n","protected":false},"excerpt":{"rendered":"<p>Lligadas Vendrell, Josep<\/p>\n","protected":false},"featured_media":2773,"template":"","meta":{"_acf_changed":false,"inline_featured_image":false},"product_brand":[],"product_cat":[151,153,75,44,137,115,58,81,140,118],"product_tag":[],"class_list":{"0":"post-2772","1":"product","2":"type-product","3":"status-publish","4":"has-post-thumbnail","6":"product_cat-celebracio-de-la-missa-celebracio-de-la-missa-per-temes","7":"product_cat-celebracion-de-la-misa-celebracion-de-la-misa-por-temas","8":"product_cat-dossiers-cpl-colleccions-catala","9":"product_cat-dossiers-cpl","10":"product_cat-eucaristia-sagraments-per-temes","11":"product_cat-eucaristia","12":"product_cat-liturgia-de-las-horas","13":"product_cat-liturgia-de-les-hores","14":"product_cat-ordenacio","15":"product_cat-ordenacion","17":"first","18":"instock","19":"taxable","20":"shipping-taxable","21":"purchasable","22":"product-type-simple"},"acf":{"autor":"Lligadas Vendrell, Josep","codart":"101127","ediciones":"1","encuadernacion":"R\u00fastica","fecha_de_publicacion":"20\/10\/2022","novedad":false,"paginas":"300","subtitulo":"","orden":"10","portada":false,"idioma":"spa","editorial":[{"ID":6736,"post_author":"2","post_date":"2023-10-06 08:35:24","post_date_gmt":"2023-10-06 06:35:24","post_content":"","post_title":"CPL","post_excerpt":"","post_status":"publish","comment_status":"closed","ping_status":"closed","post_password":"","post_name":"cpl","to_ping":"","pinged":"","post_modified":"2023-10-06 08:35:24","post_modified_gmt":"2023-10-06 06:35:24","post_content_filtered":"","post_parent":0,"guid":"https:\/\/nuevaweb.cpl.es\/editorial\/cpl\/","menu_order":0,"post_type":"editorial","post_mime_type":"","comment_count":"0","filter":"raw"}]},"yoast_head":"<!-- This site is optimized with the Yoast SEO plugin v27.3 - https:\/\/yoast.com\/product\/yoast-seo-wordpress\/ -->\n<title>La Misa y la Liturgia de las Horas. Ordenaci\u00f3n General - CPL<\/title>\n<meta name=\"robots\" content=\"index, follow, max-snippet:-1, max-image-preview:large, max-video-preview:-1\" \/>\n<link rel=\"canonical\" href=\"https:\/\/www.cpl.es\/producto\/la-misa-y-la-liturgia-de-las-horas-ordenacion-general-9788498055863\/\" \/>\n<meta property=\"og:locale\" content=\"ca_ES\" \/>\n<meta property=\"og:type\" content=\"article\" \/>\n<meta property=\"og:title\" content=\"La Misa y la Liturgia de las Horas. Ordenaci\u00f3n General - CPL\" \/>\n<meta property=\"og:description\" content=\"Lligadas Vendrell, Josep\" \/>\n<meta property=\"og:url\" content=\"https:\/\/www.cpl.es\/producto\/la-misa-y-la-liturgia-de-las-horas-ordenacion-general-9788498055863\/\" \/>\n<meta property=\"og:site_name\" content=\"CPL\" \/>\n<meta property=\"article:modified_time\" content=\"2023-12-05T12:40:38+00:00\" \/>\n<meta property=\"og:image\" content=\"https:\/\/www.cpl.es\/wp-content\/uploads\/101127.jpg\" \/>\n\t<meta property=\"og:image:width\" content=\"375\" \/>\n\t<meta property=\"og:image:height\" content=\"520\" \/>\n\t<meta property=\"og:image:type\" content=\"image\/jpeg\" \/>\n<meta name=\"twitter:card\" content=\"summary_large_image\" \/>\n<meta name=\"twitter:label1\" content=\"Temps estimat de lectura\" \/>\n\t<meta name=\"twitter:data1\" content=\"1 minut\" \/>\n<script type=\"application\/ld+json\" class=\"yoast-schema-graph\">{\"@context\":\"https:\\\/\\\/schema.org\",\"@graph\":[{\"@type\":\"WebPage\",\"@id\":\"https:\\\/\\\/www.cpl.es\\\/producto\\\/la-misa-y-la-liturgia-de-las-horas-ordenacion-general-9788498055863\\\/\",\"url\":\"https:\\\/\\\/www.cpl.es\\\/producto\\\/la-misa-y-la-liturgia-de-las-horas-ordenacion-general-9788498055863\\\/\",\"name\":\"La Misa y la Liturgia de las Horas. Ordenaci\u00f3n General - CPL\",\"isPartOf\":{\"@id\":\"https:\\\/\\\/www.cpl.es\\\/#website\"},\"primaryImageOfPage\":{\"@id\":\"https:\\\/\\\/www.cpl.es\\\/producto\\\/la-misa-y-la-liturgia-de-las-horas-ordenacion-general-9788498055863\\\/#primaryimage\"},\"image\":{\"@id\":\"https:\\\/\\\/www.cpl.es\\\/producto\\\/la-misa-y-la-liturgia-de-las-horas-ordenacion-general-9788498055863\\\/#primaryimage\"},\"thumbnailUrl\":\"https:\\\/\\\/www.cpl.es\\\/wp-content\\\/uploads\\\/101127.jpg\",\"datePublished\":\"2023-10-03T23:52:09+00:00\",\"dateModified\":\"2023-12-05T12:40:38+00:00\",\"breadcrumb\":{\"@id\":\"https:\\\/\\\/www.cpl.es\\\/producto\\\/la-misa-y-la-liturgia-de-las-horas-ordenacion-general-9788498055863\\\/#breadcrumb\"},\"inLanguage\":\"ca\",\"potentialAction\":[{\"@type\":\"ReadAction\",\"target\":[\"https:\\\/\\\/www.cpl.es\\\/producto\\\/la-misa-y-la-liturgia-de-las-horas-ordenacion-general-9788498055863\\\/\"]}]},{\"@type\":\"ImageObject\",\"inLanguage\":\"ca\",\"@id\":\"https:\\\/\\\/www.cpl.es\\\/producto\\\/la-misa-y-la-liturgia-de-las-horas-ordenacion-general-9788498055863\\\/#primaryimage\",\"url\":\"https:\\\/\\\/www.cpl.es\\\/wp-content\\\/uploads\\\/101127.jpg\",\"contentUrl\":\"https:\\\/\\\/www.cpl.es\\\/wp-content\\\/uploads\\\/101127.jpg\",\"width\":375,\"height\":520,\"caption\":\"101127.jpg\"},{\"@type\":\"BreadcrumbList\",\"@id\":\"https:\\\/\\\/www.cpl.es\\\/producto\\\/la-misa-y-la-liturgia-de-las-horas-ordenacion-general-9788498055863\\\/#breadcrumb\",\"itemListElement\":[{\"@type\":\"ListItem\",\"position\":1,\"name\":\"Portada\",\"item\":\"https:\\\/\\\/www.cpl.es\\\/ca\\\/\"},{\"@type\":\"ListItem\",\"position\":2,\"name\":\"Cat\u00e0leg\",\"item\":\"https:\\\/\\\/www.cpl.es\\\/ca\\\/cataleg\\\/\"},{\"@type\":\"ListItem\",\"position\":3,\"name\":\"La Misa y la Liturgia de las Horas. Ordenaci\u00f3n General\"}]},{\"@type\":\"WebSite\",\"@id\":\"https:\\\/\\\/www.cpl.es\\\/#website\",\"url\":\"https:\\\/\\\/www.cpl.es\\\/\",\"name\":\"CPL\",\"description\":\"Centre de Pastoral Lit\u00fargica de Barcelona\",\"publisher\":{\"@id\":\"https:\\\/\\\/www.cpl.es\\\/#organization\"},\"alternateName\":\"Centre de Pastoral Lit\u00fargica\",\"potentialAction\":[{\"@type\":\"SearchAction\",\"target\":{\"@type\":\"EntryPoint\",\"urlTemplate\":\"https:\\\/\\\/www.cpl.es\\\/?s={search_term_string}\"},\"query-input\":{\"@type\":\"PropertyValueSpecification\",\"valueRequired\":true,\"valueName\":\"search_term_string\"}}],\"inLanguage\":\"ca\"},{\"@type\":\"Organization\",\"@id\":\"https:\\\/\\\/www.cpl.es\\\/#organization\",\"name\":\"Centre de Pastoral Lit\u00fargica\",\"alternateName\":\"Centre de Pastoral Lit\u00fargica de Barcelona\",\"url\":\"https:\\\/\\\/www.cpl.es\\\/\",\"logo\":{\"@type\":\"ImageObject\",\"inLanguage\":\"ca\",\"@id\":\"https:\\\/\\\/www.cpl.es\\\/#\\\/schema\\\/logo\\\/image\\\/\",\"url\":\"https:\\\/\\\/www.cpl.es\\\/wp-content\\\/uploads\\\/logo-cpl.svg\",\"contentUrl\":\"https:\\\/\\\/www.cpl.es\\\/wp-content\\\/uploads\\\/logo-cpl.svg\",\"caption\":\"Centre de Pastoral Lit\u00fargica\"},\"image\":{\"@id\":\"https:\\\/\\\/www.cpl.es\\\/#\\\/schema\\\/logo\\\/image\\\/\"}}]}<\/script>\n<!-- \/ Yoast SEO plugin. -->","yoast_head_json":{"title":"La Misa y la Liturgia de las Horas. Ordenaci\u00f3n General - CPL","robots":{"index":"index","follow":"follow","max-snippet":"max-snippet:-1","max-image-preview":"max-image-preview:large","max-video-preview":"max-video-preview:-1"},"canonical":"https:\/\/www.cpl.es\/producto\/la-misa-y-la-liturgia-de-las-horas-ordenacion-general-9788498055863\/","og_locale":"ca_ES","og_type":"article","og_title":"La Misa y la Liturgia de las Horas. Ordenaci\u00f3n General - CPL","og_description":"Lligadas Vendrell, Josep","og_url":"https:\/\/www.cpl.es\/producto\/la-misa-y-la-liturgia-de-las-horas-ordenacion-general-9788498055863\/","og_site_name":"CPL","article_modified_time":"2023-12-05T12:40:38+00:00","og_image":[{"width":375,"height":520,"url":"https:\/\/www.cpl.es\/wp-content\/uploads\/101127.jpg","type":"image\/jpeg"}],"twitter_card":"summary_large_image","twitter_misc":{"Temps estimat de lectura":"1 minut"},"schema":{"@context":"https:\/\/schema.org","@graph":[{"@type":"WebPage","@id":"https:\/\/www.cpl.es\/producto\/la-misa-y-la-liturgia-de-las-horas-ordenacion-general-9788498055863\/","url":"https:\/\/www.cpl.es\/producto\/la-misa-y-la-liturgia-de-las-horas-ordenacion-general-9788498055863\/","name":"La Misa y la Liturgia de las Horas. Ordenaci\u00f3n General - CPL","isPartOf":{"@id":"https:\/\/www.cpl.es\/#website"},"primaryImageOfPage":{"@id":"https:\/\/www.cpl.es\/producto\/la-misa-y-la-liturgia-de-las-horas-ordenacion-general-9788498055863\/#primaryimage"},"image":{"@id":"https:\/\/www.cpl.es\/producto\/la-misa-y-la-liturgia-de-las-horas-ordenacion-general-9788498055863\/#primaryimage"},"thumbnailUrl":"https:\/\/www.cpl.es\/wp-content\/uploads\/101127.jpg","datePublished":"2023-10-03T23:52:09+00:00","dateModified":"2023-12-05T12:40:38+00:00","breadcrumb":{"@id":"https:\/\/www.cpl.es\/producto\/la-misa-y-la-liturgia-de-las-horas-ordenacion-general-9788498055863\/#breadcrumb"},"inLanguage":"ca","potentialAction":[{"@type":"ReadAction","target":["https:\/\/www.cpl.es\/producto\/la-misa-y-la-liturgia-de-las-horas-ordenacion-general-9788498055863\/"]}]},{"@type":"ImageObject","inLanguage":"ca","@id":"https:\/\/www.cpl.es\/producto\/la-misa-y-la-liturgia-de-las-horas-ordenacion-general-9788498055863\/#primaryimage","url":"https:\/\/www.cpl.es\/wp-content\/uploads\/101127.jpg","contentUrl":"https:\/\/www.cpl.es\/wp-content\/uploads\/101127.jpg","width":375,"height":520,"caption":"101127.jpg"},{"@type":"BreadcrumbList","@id":"https:\/\/www.cpl.es\/producto\/la-misa-y-la-liturgia-de-las-horas-ordenacion-general-9788498055863\/#breadcrumb","itemListElement":[{"@type":"ListItem","position":1,"name":"Portada","item":"https:\/\/www.cpl.es\/ca\/"},{"@type":"ListItem","position":2,"name":"Cat\u00e0leg","item":"https:\/\/www.cpl.es\/ca\/cataleg\/"},{"@type":"ListItem","position":3,"name":"La Misa y la Liturgia de las Horas. Ordenaci\u00f3n General"}]},{"@type":"WebSite","@id":"https:\/\/www.cpl.es\/#website","url":"https:\/\/www.cpl.es\/","name":"CPL","description":"Centre de Pastoral Lit\u00fargica de Barcelona","publisher":{"@id":"https:\/\/www.cpl.es\/#organization"},"alternateName":"Centre de Pastoral Lit\u00fargica","potentialAction":[{"@type":"SearchAction","target":{"@type":"EntryPoint","urlTemplate":"https:\/\/www.cpl.es\/?s={search_term_string}"},"query-input":{"@type":"PropertyValueSpecification","valueRequired":true,"valueName":"search_term_string"}}],"inLanguage":"ca"},{"@type":"Organization","@id":"https:\/\/www.cpl.es\/#organization","name":"Centre de Pastoral Lit\u00fargica","alternateName":"Centre de Pastoral Lit\u00fargica de Barcelona","url":"https:\/\/www.cpl.es\/","logo":{"@type":"ImageObject","inLanguage":"ca","@id":"https:\/\/www.cpl.es\/#\/schema\/logo\/image\/","url":"https:\/\/www.cpl.es\/wp-content\/uploads\/logo-cpl.svg","contentUrl":"https:\/\/www.cpl.es\/wp-content\/uploads\/logo-cpl.svg","caption":"Centre de Pastoral Lit\u00fargica"},"image":{"@id":"https:\/\/www.cpl.es\/#\/schema\/logo\/image\/"}}]}},"_links":{"self":[{"href":"https:\/\/www.cpl.es\/ca\/wp-json\/wp\/v2\/product\/2772","targetHints":{"allow":["GET"]}}],"collection":[{"href":"https:\/\/www.cpl.es\/ca\/wp-json\/wp\/v2\/product"}],"about":[{"href":"https:\/\/www.cpl.es\/ca\/wp-json\/wp\/v2\/types\/product"}],"wp:featuredmedia":[{"embeddable":true,"href":"https:\/\/www.cpl.es\/ca\/wp-json\/wp\/v2\/media\/2773"}],"wp:attachment":[{"href":"https:\/\/www.cpl.es\/ca\/wp-json\/wp\/v2\/media?parent=2772"}],"wp:term":[{"taxonomy":"product_brand","embeddable":true,"href":"https:\/\/www.cpl.es\/ca\/wp-json\/wp\/v2\/product_brand?post=2772"},{"taxonomy":"product_cat","embeddable":true,"href":"https:\/\/www.cpl.es\/ca\/wp-json\/wp\/v2\/product_cat?post=2772"},{"taxonomy":"product_tag","embeddable":true,"href":"https:\/\/www.cpl.es\/ca\/wp-json\/wp\/v2\/product_tag?post=2772"}],"curies":[{"name":"wp","href":"https:\/\/api.w.org\/{rel}","templated":true}]}}

La Misa y la Liturgia de las Horas. Ordenación General

<p>La riqueza de los libros litúrgicos surgidos de la reforma del Concilio Vaticano II no consiste solo en los textos que se deben utilizar para la lectura de la Palabra de Dios y para la oración comunitaria, sino que en los propios libros litúrgicos encontramos también lo que constituye la guía para su utilización, un instrumento imprescindible para entender el sentido de lo que los textos nos ofrecen, los criterios con los que estos textos han sido pensados, la forma en que debe desarrollarse la celebración, las distintas posibilidades que la celebración misma nos presenta. Disponer en un único libro del conjunto de estos documentosguía, tanto para la Misa como para la Liturgia de las Horas, ayudará, sin duda, a conocer mejor la celebración cristiana; conducirá a un mayor aprecio del valor del servicio divino en la vida de la Iglesia; y servirá finalmente, también, para resolver las dudas que puedan aparecer.</p>
<p>Aquí presentamos, pues, la Ordenación General del Misal Romano (en su tercera edición, indicando las correspondencias con la segunda, que es la que está en nuestros misales actuales), las Normas Universales del Año Litúrgico y el Calendario, la Ordenación de las Lecturas de la Misa, la Constitución Apostòlica &#8216;Laudis Canticum' sobre el Oficio Divino, y la Ordenación General de la Liturgia de las Horas. Para que nuestra vida litúrgica sea más rica, más profunda y más viva.</p>

Rústica

<!-- This site is optimized with the Yoast SEO plugin v27.3 - https://yoast.com/product/yoast-seo-wordpress/ -->
<title>La Misa y la Liturgia de las Horas. Ordenación General - CPL</title>
<meta name="robots" content="index, follow, max-snippet:-1, max-image-preview:large, max-video-preview:-1" />
<link rel="canonical" href="https://www.cpl.es/producto/la-misa-y-la-liturgia-de-las-horas-ordenacion-general-9788498055863/" />
<meta property="og:locale" content="ca_ES" />
<meta property="og:type" content="article" />
<meta property="og:title" content="La Misa y la Liturgia de las Horas. Ordenación General - CPL" />
<meta property="og:description" content="Lligadas Vendrell, Josep" />
<meta property="og:url" content="https://www.cpl.es/producto/la-misa-y-la-liturgia-de-las-horas-ordenacion-general-9788498055863/" />
<meta property="og:site_name" content="CPL" />
<meta property="article:modified_time" content="2023-12-05T12:40:38+00:00" />
<meta property="og:image" content="https://www.cpl.es/wp-content/uploads/101127.jpg" />
	<meta property="og:image:width" content="375" />
	<meta property="og:image:height" content="520" />
	<meta property="og:image:type" content="image/jpeg" />
<meta name="twitter:card" content="summary_large_image" />
<meta name="twitter:label1" content="Temps estimat de lectura" />
	<meta name="twitter:data1" content="1 minut" />
<script type="application/ld+json" class="yoast-schema-graph">{"@context":"https:\/\/schema.org","@graph":[{"@type":"WebPage","@id":"https:\/\/www.cpl.es\/producto\/la-misa-y-la-liturgia-de-las-horas-ordenacion-general-9788498055863\/","url":"https:\/\/www.cpl.es\/producto\/la-misa-y-la-liturgia-de-las-horas-ordenacion-general-9788498055863\/","name":"La Misa y la Liturgia de las Horas. Ordenación General - CPL","isPartOf":{"@id":"https:\/\/www.cpl.es\/#website"},"primaryImageOfPage":{"@id":"https:\/\/www.cpl.es\/producto\/la-misa-y-la-liturgia-de-las-horas-ordenacion-general-9788498055863\/#primaryimage"},"image":{"@id":"https:\/\/www.cpl.es\/producto\/la-misa-y-la-liturgia-de-las-horas-ordenacion-general-9788498055863\/#primaryimage"},"thumbnailUrl":"https:\/\/www.cpl.es\/wp-content\/uploads\/101127.jpg","datePublished":"2023-10-03T23:52:09+00:00","dateModified":"2023-12-05T12:40:38+00:00","breadcrumb":{"@id":"https:\/\/www.cpl.es\/producto\/la-misa-y-la-liturgia-de-las-horas-ordenacion-general-9788498055863\/#breadcrumb"},"inLanguage":"ca","potentialAction":[{"@type":"ReadAction","target":["https:\/\/www.cpl.es\/producto\/la-misa-y-la-liturgia-de-las-horas-ordenacion-general-9788498055863\/"]}]},{"@type":"ImageObject","inLanguage":"ca","@id":"https:\/\/www.cpl.es\/producto\/la-misa-y-la-liturgia-de-las-horas-ordenacion-general-9788498055863\/#primaryimage","url":"https:\/\/www.cpl.es\/wp-content\/uploads\/101127.jpg","contentUrl":"https:\/\/www.cpl.es\/wp-content\/uploads\/101127.jpg","width":375,"height":520,"caption":"101127.jpg"},{"@type":"BreadcrumbList","@id":"https:\/\/www.cpl.es\/producto\/la-misa-y-la-liturgia-de-las-horas-ordenacion-general-9788498055863\/#breadcrumb","itemListElement":[{"@type":"ListItem","position":1,"name":"Portada","item":"https:\/\/www.cpl.es\/ca\/"},{"@type":"ListItem","position":2,"name":"Catàleg","item":"https:\/\/www.cpl.es\/ca\/cataleg\/"},{"@type":"ListItem","position":3,"name":"La Misa y la Liturgia de las Horas. Ordenación General"}]},{"@type":"WebSite","@id":"https:\/\/www.cpl.es\/#website","url":"https:\/\/www.cpl.es\/","name":"CPL","description":"Centre de Pastoral Litúrgica de Barcelona","publisher":{"@id":"https:\/\/www.cpl.es\/#organization"},"alternateName":"Centre de Pastoral Litúrgica","potentialAction":[{"@type":"SearchAction","target":{"@type":"EntryPoint","urlTemplate":"https:\/\/www.cpl.es\/?s={search_term_string}"},"query-input":{"@type":"PropertyValueSpecification","valueRequired":true,"valueName":"search_term_string"}}],"inLanguage":"ca"},{"@type":"Organization","@id":"https:\/\/www.cpl.es\/#organization","name":"Centre de Pastoral Litúrgica","alternateName":"Centre de Pastoral Litúrgica de Barcelona","url":"https:\/\/www.cpl.es\/","logo":{"@type":"ImageObject","inLanguage":"ca","@id":"https:\/\/www.cpl.es\/#\/schema\/logo\/image\/","url":"https:\/\/www.cpl.es\/wp-content\/uploads\/logo-cpl.svg","contentUrl":"https:\/\/www.cpl.es\/wp-content\/uploads\/logo-cpl.svg","caption":"Centre de Pastoral Litúrgica"},"image":{"@id":"https:\/\/www.cpl.es\/#\/schema\/logo\/image\/"}}]}</script>
<!-- / Yoast SEO plugin. -->

La Misa y la Liturgia de las Horas. Ordenación General - CPL

Catàleg

Centre de Pastoral Litúrgica de Barcelona

Centre de Pastoral Litúrgica
