{"id":2711,"date":"2023-10-04T01:50:19","date_gmt":"2023-10-03T23:50:19","guid":{"rendered":"https:\/\/nuevaweb.cpl.es\/producto\/odo-de-cluny-pare-de-molts-9788498056211\/"},"modified":"2026-02-12T18:10:02","modified_gmt":"2026-02-12T17:10:02","slug":"odo-de-cluny-pare-de-molts-9788498056211","status":"publish","type":"product","link":"https:\/\/www.cpl.es\/ca\/producto\/odo-de-cluny-pare-de-molts-9788498056211\/","title":{"rendered":"Od\u00f3 de Cluny, pare de molts"},"content":{"rendered":"<p>En l\u2019alta Edat Mitjana, un abat que va treballar a fons per la reforma de l\u2019Esgl\u00e9sia.<\/p>\n<p>I la hist\u00f2ria comen\u00e7a aix\u00ed:<br \/>&#8216;Des de mitjan segle X fins a principis del segle XII, l\u2019abadia de Cluny (a la Borgonya) va ser sens dubte la instituci\u00f3 que major influ\u00e8ncia va exercir sobre la vida mon\u00e0stica a l\u2019occident d\u2019Europa. El seu paper nom\u00e9s cedia en import\u00e0ncia al  del papat, ja que constitu\u00efa el centre i la principal autoritat d\u2019una vasta \u00abreforma\u00bb mon\u00e0stica, per la qual cosa va marcar la vida i l\u2019esperit dels monjos de sant Benet durant un per\u00edode molt m\u00e9s extens i la seva influ\u00e8ncia es deixa sentir encara. La influ\u00e8ncia i l\u2019autoritat de Cluny es van deure a set dels seus vuit primers abats, dels que sant Od\u00f3 en fou el segon i probablement el m\u00e9s notable.'<\/p>\n","protected":false},"excerpt":{"rendered":"<p>Brugada Clotas, Martiria<\/p>\n","protected":false},"featured_media":2712,"template":"","meta":{"_acf_changed":false,"inline_featured_image":false},"product_brand":[],"product_cat":[133,70,155],"product_tag":[],"class_list":{"0":"post-2711","1":"product","2":"type-product","3":"status-publish","4":"has-post-thumbnail","6":"product_cat-santoral-any-liturgic-per-temes","7":"product_cat-sants-i-santes","8":"product_cat-vida-de-sants","10":"first","11":"instock","12":"taxable","13":"shipping-taxable","14":"purchasable","15":"product-type-simple"},"acf":{"autor":"Brugada Clotas, Martiria","codart":"212199","ediciones":"1","encuadernacion":"Grapado","fecha_de_publicacion":"05\/02\/2013","novedad":false,"paginas":"24","subtitulo":"","orden":"270","portada":false,"idioma":"cat","editorial":[{"ID":6736,"post_author":"2","post_date":"2023-10-06 08:35:24","post_date_gmt":"2023-10-06 06:35:24","post_content":"","post_title":"CPL","post_excerpt":"","post_status":"publish","comment_status":"closed","ping_status":"closed","post_password":"","post_name":"cpl","to_ping":"","pinged":"","post_modified":"2023-10-06 08:35:24","post_modified_gmt":"2023-10-06 06:35:24","post_content_filtered":"","post_parent":0,"guid":"https:\/\/nuevaweb.cpl.es\/editorial\/cpl\/","menu_order":0,"post_type":"editorial","post_mime_type":"","comment_count":"0","filter":"raw"}],"coleccion_num":"199"},"yoast_head":"<!-- This site is optimized with the Yoast SEO plugin v27.3 - https:\/\/yoast.com\/product\/yoast-seo-wordpress\/ -->\n<title>Od\u00f3 de Cluny, pare de molts - CPL<\/title>\n<meta name=\"robots\" content=\"index, follow, max-snippet:-1, max-image-preview:large, max-video-preview:-1\" \/>\n<link rel=\"canonical\" href=\"https:\/\/www.cpl.es\/producto\/odo-de-cluny-pare-de-molts-9788498056211\/\" \/>\n<meta property=\"og:locale\" content=\"ca_ES\" \/>\n<meta property=\"og:type\" content=\"article\" \/>\n<meta property=\"og:title\" content=\"Od\u00f3 de Cluny, pare de molts - CPL\" \/>\n<meta property=\"og:description\" content=\"Brugada Clotas, Martiria\" \/>\n<meta property=\"og:url\" content=\"https:\/\/www.cpl.es\/producto\/odo-de-cluny-pare-de-molts-9788498056211\/\" \/>\n<meta property=\"og:site_name\" content=\"CPL\" \/>\n<meta property=\"article:modified_time\" content=\"2026-02-12T17:10:02+00:00\" \/>\n<meta property=\"og:image\" content=\"https:\/\/www.cpl.es\/wp-content\/uploads\/212199.jpg\" \/>\n\t<meta property=\"og:image:width\" content=\"275\" \/>\n\t<meta property=\"og:image:height\" content=\"408\" \/>\n\t<meta property=\"og:image:type\" content=\"image\/jpeg\" \/>\n<meta name=\"twitter:card\" content=\"summary_large_image\" \/>\n<meta name=\"twitter:label1\" content=\"Temps estimat de lectura\" \/>\n\t<meta name=\"twitter:data1\" content=\"1 minut\" \/>\n<script type=\"application\/ld+json\" class=\"yoast-schema-graph\">{\"@context\":\"https:\\\/\\\/schema.org\",\"@graph\":[{\"@type\":\"WebPage\",\"@id\":\"https:\\\/\\\/www.cpl.es\\\/producto\\\/odo-de-cluny-pare-de-molts-9788498056211\\\/\",\"url\":\"https:\\\/\\\/www.cpl.es\\\/producto\\\/odo-de-cluny-pare-de-molts-9788498056211\\\/\",\"name\":\"Od\u00f3 de Cluny, pare de molts - CPL\",\"isPartOf\":{\"@id\":\"https:\\\/\\\/www.cpl.es\\\/#website\"},\"primaryImageOfPage\":{\"@id\":\"https:\\\/\\\/www.cpl.es\\\/producto\\\/odo-de-cluny-pare-de-molts-9788498056211\\\/#primaryimage\"},\"image\":{\"@id\":\"https:\\\/\\\/www.cpl.es\\\/producto\\\/odo-de-cluny-pare-de-molts-9788498056211\\\/#primaryimage\"},\"thumbnailUrl\":\"https:\\\/\\\/www.cpl.es\\\/wp-content\\\/uploads\\\/212199.jpg\",\"datePublished\":\"2023-10-03T23:50:19+00:00\",\"dateModified\":\"2026-02-12T17:10:02+00:00\",\"breadcrumb\":{\"@id\":\"https:\\\/\\\/www.cpl.es\\\/producto\\\/odo-de-cluny-pare-de-molts-9788498056211\\\/#breadcrumb\"},\"inLanguage\":\"ca\",\"potentialAction\":[{\"@type\":\"ReadAction\",\"target\":[\"https:\\\/\\\/www.cpl.es\\\/producto\\\/odo-de-cluny-pare-de-molts-9788498056211\\\/\"]}]},{\"@type\":\"ImageObject\",\"inLanguage\":\"ca\",\"@id\":\"https:\\\/\\\/www.cpl.es\\\/producto\\\/odo-de-cluny-pare-de-molts-9788498056211\\\/#primaryimage\",\"url\":\"https:\\\/\\\/www.cpl.es\\\/wp-content\\\/uploads\\\/212199.jpg\",\"contentUrl\":\"https:\\\/\\\/www.cpl.es\\\/wp-content\\\/uploads\\\/212199.jpg\",\"width\":275,\"height\":408,\"caption\":\"212199.jpg\"},{\"@type\":\"BreadcrumbList\",\"@id\":\"https:\\\/\\\/www.cpl.es\\\/producto\\\/odo-de-cluny-pare-de-molts-9788498056211\\\/#breadcrumb\",\"itemListElement\":[{\"@type\":\"ListItem\",\"position\":1,\"name\":\"Portada\",\"item\":\"https:\\\/\\\/www.cpl.es\\\/ca\\\/\"},{\"@type\":\"ListItem\",\"position\":2,\"name\":\"Cat\u00e0leg\",\"item\":\"https:\\\/\\\/www.cpl.es\\\/ca\\\/cataleg\\\/\"},{\"@type\":\"ListItem\",\"position\":3,\"name\":\"Od\u00f3 de Cluny, pare de molts\"}]},{\"@type\":\"WebSite\",\"@id\":\"https:\\\/\\\/www.cpl.es\\\/#website\",\"url\":\"https:\\\/\\\/www.cpl.es\\\/\",\"name\":\"CPL\",\"description\":\"Centre de Pastoral Lit\u00fargica de Barcelona\",\"publisher\":{\"@id\":\"https:\\\/\\\/www.cpl.es\\\/#organization\"},\"alternateName\":\"Centre de Pastoral Lit\u00fargica\",\"potentialAction\":[{\"@type\":\"SearchAction\",\"target\":{\"@type\":\"EntryPoint\",\"urlTemplate\":\"https:\\\/\\\/www.cpl.es\\\/?s={search_term_string}\"},\"query-input\":{\"@type\":\"PropertyValueSpecification\",\"valueRequired\":true,\"valueName\":\"search_term_string\"}}],\"inLanguage\":\"ca\"},{\"@type\":\"Organization\",\"@id\":\"https:\\\/\\\/www.cpl.es\\\/#organization\",\"name\":\"Centre de Pastoral Lit\u00fargica\",\"alternateName\":\"Centre de Pastoral Lit\u00fargica de Barcelona\",\"url\":\"https:\\\/\\\/www.cpl.es\\\/\",\"logo\":{\"@type\":\"ImageObject\",\"inLanguage\":\"ca\",\"@id\":\"https:\\\/\\\/www.cpl.es\\\/#\\\/schema\\\/logo\\\/image\\\/\",\"url\":\"https:\\\/\\\/www.cpl.es\\\/wp-content\\\/uploads\\\/logo-cpl.svg\",\"contentUrl\":\"https:\\\/\\\/www.cpl.es\\\/wp-content\\\/uploads\\\/logo-cpl.svg\",\"caption\":\"Centre de Pastoral Lit\u00fargica\"},\"image\":{\"@id\":\"https:\\\/\\\/www.cpl.es\\\/#\\\/schema\\\/logo\\\/image\\\/\"}}]}<\/script>\n<!-- \/ Yoast SEO plugin. -->","yoast_head_json":{"title":"Od\u00f3 de Cluny, pare de molts - CPL","robots":{"index":"index","follow":"follow","max-snippet":"max-snippet:-1","max-image-preview":"max-image-preview:large","max-video-preview":"max-video-preview:-1"},"canonical":"https:\/\/www.cpl.es\/producto\/odo-de-cluny-pare-de-molts-9788498056211\/","og_locale":"ca_ES","og_type":"article","og_title":"Od\u00f3 de Cluny, pare de molts - CPL","og_description":"Brugada Clotas, Martiria","og_url":"https:\/\/www.cpl.es\/producto\/odo-de-cluny-pare-de-molts-9788498056211\/","og_site_name":"CPL","article_modified_time":"2026-02-12T17:10:02+00:00","og_image":[{"width":275,"height":408,"url":"https:\/\/www.cpl.es\/wp-content\/uploads\/212199.jpg","type":"image\/jpeg"}],"twitter_card":"summary_large_image","twitter_misc":{"Temps estimat de lectura":"1 minut"},"schema":{"@context":"https:\/\/schema.org","@graph":[{"@type":"WebPage","@id":"https:\/\/www.cpl.es\/producto\/odo-de-cluny-pare-de-molts-9788498056211\/","url":"https:\/\/www.cpl.es\/producto\/odo-de-cluny-pare-de-molts-9788498056211\/","name":"Od\u00f3 de Cluny, pare de molts - CPL","isPartOf":{"@id":"https:\/\/www.cpl.es\/#website"},"primaryImageOfPage":{"@id":"https:\/\/www.cpl.es\/producto\/odo-de-cluny-pare-de-molts-9788498056211\/#primaryimage"},"image":{"@id":"https:\/\/www.cpl.es\/producto\/odo-de-cluny-pare-de-molts-9788498056211\/#primaryimage"},"thumbnailUrl":"https:\/\/www.cpl.es\/wp-content\/uploads\/212199.jpg","datePublished":"2023-10-03T23:50:19+00:00","dateModified":"2026-02-12T17:10:02+00:00","breadcrumb":{"@id":"https:\/\/www.cpl.es\/producto\/odo-de-cluny-pare-de-molts-9788498056211\/#breadcrumb"},"inLanguage":"ca","potentialAction":[{"@type":"ReadAction","target":["https:\/\/www.cpl.es\/producto\/odo-de-cluny-pare-de-molts-9788498056211\/"]}]},{"@type":"ImageObject","inLanguage":"ca","@id":"https:\/\/www.cpl.es\/producto\/odo-de-cluny-pare-de-molts-9788498056211\/#primaryimage","url":"https:\/\/www.cpl.es\/wp-content\/uploads\/212199.jpg","contentUrl":"https:\/\/www.cpl.es\/wp-content\/uploads\/212199.jpg","width":275,"height":408,"caption":"212199.jpg"},{"@type":"BreadcrumbList","@id":"https:\/\/www.cpl.es\/producto\/odo-de-cluny-pare-de-molts-9788498056211\/#breadcrumb","itemListElement":[{"@type":"ListItem","position":1,"name":"Portada","item":"https:\/\/www.cpl.es\/ca\/"},{"@type":"ListItem","position":2,"name":"Cat\u00e0leg","item":"https:\/\/www.cpl.es\/ca\/cataleg\/"},{"@type":"ListItem","position":3,"name":"Od\u00f3 de Cluny, pare de molts"}]},{"@type":"WebSite","@id":"https:\/\/www.cpl.es\/#website","url":"https:\/\/www.cpl.es\/","name":"CPL","description":"Centre de Pastoral Lit\u00fargica de Barcelona","publisher":{"@id":"https:\/\/www.cpl.es\/#organization"},"alternateName":"Centre de Pastoral Lit\u00fargica","potentialAction":[{"@type":"SearchAction","target":{"@type":"EntryPoint","urlTemplate":"https:\/\/www.cpl.es\/?s={search_term_string}"},"query-input":{"@type":"PropertyValueSpecification","valueRequired":true,"valueName":"search_term_string"}}],"inLanguage":"ca"},{"@type":"Organization","@id":"https:\/\/www.cpl.es\/#organization","name":"Centre de Pastoral Lit\u00fargica","alternateName":"Centre de Pastoral Lit\u00fargica de Barcelona","url":"https:\/\/www.cpl.es\/","logo":{"@type":"ImageObject","inLanguage":"ca","@id":"https:\/\/www.cpl.es\/#\/schema\/logo\/image\/","url":"https:\/\/www.cpl.es\/wp-content\/uploads\/logo-cpl.svg","contentUrl":"https:\/\/www.cpl.es\/wp-content\/uploads\/logo-cpl.svg","caption":"Centre de Pastoral Lit\u00fargica"},"image":{"@id":"https:\/\/www.cpl.es\/#\/schema\/logo\/image\/"}}]}},"_links":{"self":[{"href":"https:\/\/www.cpl.es\/ca\/wp-json\/wp\/v2\/product\/2711","targetHints":{"allow":["GET"]}}],"collection":[{"href":"https:\/\/www.cpl.es\/ca\/wp-json\/wp\/v2\/product"}],"about":[{"href":"https:\/\/www.cpl.es\/ca\/wp-json\/wp\/v2\/types\/product"}],"wp:featuredmedia":[{"embeddable":true,"href":"https:\/\/www.cpl.es\/ca\/wp-json\/wp\/v2\/media\/2712"}],"wp:attachment":[{"href":"https:\/\/www.cpl.es\/ca\/wp-json\/wp\/v2\/media?parent=2711"}],"wp:term":[{"taxonomy":"product_brand","embeddable":true,"href":"https:\/\/www.cpl.es\/ca\/wp-json\/wp\/v2\/product_brand?post=2711"},{"taxonomy":"product_cat","embeddable":true,"href":"https:\/\/www.cpl.es\/ca\/wp-json\/wp\/v2\/product_cat?post=2711"},{"taxonomy":"product_tag","embeddable":true,"href":"https:\/\/www.cpl.es\/ca\/wp-json\/wp\/v2\/product_tag?post=2711"}],"curies":[{"name":"wp","href":"https:\/\/api.w.org\/{rel}","templated":true}]}}

Odó de Cluny, pare de molts

<p>En l’alta Edat Mitjana, un abat que va treballar a fons per la reforma de l’Església.</p>
<p>I la història comença així:<br />&#8216;Des de mitjan segle X fins a principis del segle XII, l’abadia de Cluny (a la Borgonya) va ser sens dubte la institució que major influència va exercir sobre la vida monàstica a l’occident d’Europa. El seu paper només cedia en importància al  del papat, ja que constituïa el centre i la principal autoritat d’una vasta «reforma» monàstica, per la qual cosa va marcar la vida i l’esperit dels monjos de sant Benet durant un període molt més extens i la seva influència es deixa sentir encara. La influència i l’autoritat de Cluny es van deure a set dels seus vuit primers abats, dels que sant Odó en fou el segon i probablement el més notable.'</p>

<!-- This site is optimized with the Yoast SEO plugin v27.3 - https://yoast.com/product/yoast-seo-wordpress/ -->
<title>Odó de Cluny, pare de molts - CPL</title>
<meta name="robots" content="index, follow, max-snippet:-1, max-image-preview:large, max-video-preview:-1" />
<link rel="canonical" href="https://www.cpl.es/producto/odo-de-cluny-pare-de-molts-9788498056211/" />
<meta property="og:locale" content="ca_ES" />
<meta property="og:type" content="article" />
<meta property="og:title" content="Odó de Cluny, pare de molts - CPL" />
<meta property="og:description" content="Brugada Clotas, Martiria" />
<meta property="og:url" content="https://www.cpl.es/producto/odo-de-cluny-pare-de-molts-9788498056211/" />
<meta property="og:site_name" content="CPL" />
<meta property="article:modified_time" content="2026-02-12T17:10:02+00:00" />
<meta property="og:image" content="https://www.cpl.es/wp-content/uploads/212199.jpg" />
	<meta property="og:image:width" content="275" />
	<meta property="og:image:height" content="408" />
	<meta property="og:image:type" content="image/jpeg" />
<meta name="twitter:card" content="summary_large_image" />
<meta name="twitter:label1" content="Temps estimat de lectura" />
	<meta name="twitter:data1" content="1 minut" />
<script type="application/ld+json" class="yoast-schema-graph">{"@context":"https:\/\/schema.org","@graph":[{"@type":"WebPage","@id":"https:\/\/www.cpl.es\/producto\/odo-de-cluny-pare-de-molts-9788498056211\/","url":"https:\/\/www.cpl.es\/producto\/odo-de-cluny-pare-de-molts-9788498056211\/","name":"Odó de Cluny, pare de molts - CPL","isPartOf":{"@id":"https:\/\/www.cpl.es\/#website"},"primaryImageOfPage":{"@id":"https:\/\/www.cpl.es\/producto\/odo-de-cluny-pare-de-molts-9788498056211\/#primaryimage"},"image":{"@id":"https:\/\/www.cpl.es\/producto\/odo-de-cluny-pare-de-molts-9788498056211\/#primaryimage"},"thumbnailUrl":"https:\/\/www.cpl.es\/wp-content\/uploads\/212199.jpg","datePublished":"2023-10-03T23:50:19+00:00","dateModified":"2026-02-12T17:10:02+00:00","breadcrumb":{"@id":"https:\/\/www.cpl.es\/producto\/odo-de-cluny-pare-de-molts-9788498056211\/#breadcrumb"},"inLanguage":"ca","potentialAction":[{"@type":"ReadAction","target":["https:\/\/www.cpl.es\/producto\/odo-de-cluny-pare-de-molts-9788498056211\/"]}]},{"@type":"ImageObject","inLanguage":"ca","@id":"https:\/\/www.cpl.es\/producto\/odo-de-cluny-pare-de-molts-9788498056211\/#primaryimage","url":"https:\/\/www.cpl.es\/wp-content\/uploads\/212199.jpg","contentUrl":"https:\/\/www.cpl.es\/wp-content\/uploads\/212199.jpg","width":275,"height":408,"caption":"212199.jpg"},{"@type":"BreadcrumbList","@id":"https:\/\/www.cpl.es\/producto\/odo-de-cluny-pare-de-molts-9788498056211\/#breadcrumb","itemListElement":[{"@type":"ListItem","position":1,"name":"Portada","item":"https:\/\/www.cpl.es\/ca\/"},{"@type":"ListItem","position":2,"name":"Catàleg","item":"https:\/\/www.cpl.es\/ca\/cataleg\/"},{"@type":"ListItem","position":3,"name":"Odó de Cluny, pare de molts"}]},{"@type":"WebSite","@id":"https:\/\/www.cpl.es\/#website","url":"https:\/\/www.cpl.es\/","name":"CPL","description":"Centre de Pastoral Litúrgica de Barcelona","publisher":{"@id":"https:\/\/www.cpl.es\/#organization"},"alternateName":"Centre de Pastoral Litúrgica","potentialAction":[{"@type":"SearchAction","target":{"@type":"EntryPoint","urlTemplate":"https:\/\/www.cpl.es\/?s={search_term_string}"},"query-input":{"@type":"PropertyValueSpecification","valueRequired":true,"valueName":"search_term_string"}}],"inLanguage":"ca"},{"@type":"Organization","@id":"https:\/\/www.cpl.es\/#organization","name":"Centre de Pastoral Litúrgica","alternateName":"Centre de Pastoral Litúrgica de Barcelona","url":"https:\/\/www.cpl.es\/","logo":{"@type":"ImageObject","inLanguage":"ca","@id":"https:\/\/www.cpl.es\/#\/schema\/logo\/image\/","url":"https:\/\/www.cpl.es\/wp-content\/uploads\/logo-cpl.svg","contentUrl":"https:\/\/www.cpl.es\/wp-content\/uploads\/logo-cpl.svg","caption":"Centre de Pastoral Litúrgica"},"image":{"@id":"https:\/\/www.cpl.es\/#\/schema\/logo\/image\/"}}]}</script>
<!-- / Yoast SEO plugin. -->

Odó de Cluny, pare de molts - CPL

Catàleg

Centre de Pastoral Litúrgica de Barcelona

Centre de Pastoral Litúrgica
