{"id":2657,"date":"2023-10-04T01:48:41","date_gmt":"2023-10-03T23:48:41","guid":{"rendered":"https:\/\/nuevaweb.cpl.es\/producto\/ana-maria-janer-mistica-de-la-caridad-9788498056426\/"},"modified":"2026-02-12T17:03:42","modified_gmt":"2026-02-12T16:03:42","slug":"ana-maria-janer-mistica-de-la-caridad-9788498056426","status":"publish","type":"product","link":"https:\/\/www.cpl.es\/ca\/producto\/ana-maria-janer-mistica-de-la-caridad-9788498056426\/","title":{"rendered":"Ana Mar\u00eda Janer, m\u00edstica de la caridad"},"content":{"rendered":"<p>En el convulso siglo XIX, una mujer que abri\u00f3 caminos de servicio evang\u00e9lico.<\/p>\n<p>Y la historia empieza as\u00ed:<\/p>\n<p>&#8216;La vida de la Iglesia est\u00e1 llena de figuras notables de mujeres fuertes que han hecho &#8216;historia'. Y el siglo XIX se ha distinguido de manera especial en este sentido. Una de estas fuertes personalidades femeninas es Ana Mar\u00eda Janer Anglarill. Recorrer de su mano la historia pol\u00edtica, social y religiosa de la Espa\u00f1a del XIX es una aventura llena de pasi\u00f3n.'<\/p>\n","protected":false},"excerpt":{"rendered":"<p>Ad\u00edn Carreras, Maria Pilar<\/p>\n","protected":false},"featured_media":2658,"template":"","meta":{"_acf_changed":false,"inline_featured_image":false},"product_brand":[],"product_cat":[112,133,53,70,154],"product_tag":[],"class_list":{"0":"post-2657","1":"product","2":"type-product","3":"status-publish","4":"has-post-thumbnail","6":"product_cat-santoral","7":"product_cat-santoral-any-liturgic-per-temes","8":"product_cat-santos-y-santas","9":"product_cat-sants-i-santes","10":"product_cat-vida-de-santos","12":"first","13":"instock","14":"taxable","15":"shipping-taxable","16":"purchasable","17":"product-type-simple"},"acf":{"autor":"Ad\u00edn Carreras, Maria Pilar","codart":"112203","ediciones":"1","encuadernacion":"Grapado","fecha_de_publicacion":"24\/05\/2013","novedad":false,"paginas":"32","subtitulo":"","orden":"100","portada":false,"idioma":"spa","editorial":[{"ID":6736,"post_author":"2","post_date":"2023-10-06 08:35:24","post_date_gmt":"2023-10-06 06:35:24","post_content":"","post_title":"CPL","post_excerpt":"","post_status":"publish","comment_status":"closed","ping_status":"closed","post_password":"","post_name":"cpl","to_ping":"","pinged":"","post_modified":"2023-10-06 08:35:24","post_modified_gmt":"2023-10-06 06:35:24","post_content_filtered":"","post_parent":0,"guid":"https:\/\/nuevaweb.cpl.es\/editorial\/cpl\/","menu_order":0,"post_type":"editorial","post_mime_type":"","comment_count":"0","filter":"raw"}],"coleccion_num":"203"},"yoast_head":"<!-- This site is optimized with the Yoast SEO plugin v27.3 - https:\/\/yoast.com\/product\/yoast-seo-wordpress\/ -->\n<title>Ana Mar\u00eda Janer, m\u00edstica de la caridad - CPL<\/title>\n<meta name=\"robots\" content=\"index, follow, max-snippet:-1, max-image-preview:large, max-video-preview:-1\" \/>\n<link rel=\"canonical\" href=\"https:\/\/www.cpl.es\/producto\/ana-maria-janer-mistica-de-la-caridad-9788498056426\/\" \/>\n<meta property=\"og:locale\" content=\"ca_ES\" \/>\n<meta property=\"og:type\" content=\"article\" \/>\n<meta property=\"og:title\" content=\"Ana Mar\u00eda Janer, m\u00edstica de la caridad - CPL\" \/>\n<meta property=\"og:description\" content=\"Ad\u00edn Carreras, Maria Pilar\" \/>\n<meta property=\"og:url\" content=\"https:\/\/www.cpl.es\/producto\/ana-maria-janer-mistica-de-la-caridad-9788498056426\/\" \/>\n<meta property=\"og:site_name\" content=\"CPL\" \/>\n<meta property=\"article:modified_time\" content=\"2026-02-12T16:03:42+00:00\" \/>\n<meta property=\"og:image\" content=\"https:\/\/www.cpl.es\/wp-content\/uploads\/112203.jpg\" \/>\n\t<meta property=\"og:image:width\" content=\"250\" \/>\n\t<meta property=\"og:image:height\" content=\"367\" \/>\n\t<meta property=\"og:image:type\" content=\"image\/jpeg\" \/>\n<meta name=\"twitter:card\" content=\"summary_large_image\" \/>\n<script type=\"application\/ld+json\" class=\"yoast-schema-graph\">{\"@context\":\"https:\\\/\\\/schema.org\",\"@graph\":[{\"@type\":\"WebPage\",\"@id\":\"https:\\\/\\\/www.cpl.es\\\/producto\\\/ana-maria-janer-mistica-de-la-caridad-9788498056426\\\/\",\"url\":\"https:\\\/\\\/www.cpl.es\\\/producto\\\/ana-maria-janer-mistica-de-la-caridad-9788498056426\\\/\",\"name\":\"Ana Mar\u00eda Janer, m\u00edstica de la caridad - CPL\",\"isPartOf\":{\"@id\":\"https:\\\/\\\/www.cpl.es\\\/#website\"},\"primaryImageOfPage\":{\"@id\":\"https:\\\/\\\/www.cpl.es\\\/producto\\\/ana-maria-janer-mistica-de-la-caridad-9788498056426\\\/#primaryimage\"},\"image\":{\"@id\":\"https:\\\/\\\/www.cpl.es\\\/producto\\\/ana-maria-janer-mistica-de-la-caridad-9788498056426\\\/#primaryimage\"},\"thumbnailUrl\":\"https:\\\/\\\/www.cpl.es\\\/wp-content\\\/uploads\\\/112203.jpg\",\"datePublished\":\"2023-10-03T23:48:41+00:00\",\"dateModified\":\"2026-02-12T16:03:42+00:00\",\"breadcrumb\":{\"@id\":\"https:\\\/\\\/www.cpl.es\\\/producto\\\/ana-maria-janer-mistica-de-la-caridad-9788498056426\\\/#breadcrumb\"},\"inLanguage\":\"ca\",\"potentialAction\":[{\"@type\":\"ReadAction\",\"target\":[\"https:\\\/\\\/www.cpl.es\\\/producto\\\/ana-maria-janer-mistica-de-la-caridad-9788498056426\\\/\"]}]},{\"@type\":\"ImageObject\",\"inLanguage\":\"ca\",\"@id\":\"https:\\\/\\\/www.cpl.es\\\/producto\\\/ana-maria-janer-mistica-de-la-caridad-9788498056426\\\/#primaryimage\",\"url\":\"https:\\\/\\\/www.cpl.es\\\/wp-content\\\/uploads\\\/112203.jpg\",\"contentUrl\":\"https:\\\/\\\/www.cpl.es\\\/wp-content\\\/uploads\\\/112203.jpg\",\"width\":250,\"height\":367,\"caption\":\"112203.jpg\"},{\"@type\":\"BreadcrumbList\",\"@id\":\"https:\\\/\\\/www.cpl.es\\\/producto\\\/ana-maria-janer-mistica-de-la-caridad-9788498056426\\\/#breadcrumb\",\"itemListElement\":[{\"@type\":\"ListItem\",\"position\":1,\"name\":\"Portada\",\"item\":\"https:\\\/\\\/www.cpl.es\\\/ca\\\/\"},{\"@type\":\"ListItem\",\"position\":2,\"name\":\"Cat\u00e0leg\",\"item\":\"https:\\\/\\\/www.cpl.es\\\/ca\\\/cataleg\\\/\"},{\"@type\":\"ListItem\",\"position\":3,\"name\":\"Ana Mar\u00eda Janer, m\u00edstica de la caridad\"}]},{\"@type\":\"WebSite\",\"@id\":\"https:\\\/\\\/www.cpl.es\\\/#website\",\"url\":\"https:\\\/\\\/www.cpl.es\\\/\",\"name\":\"CPL\",\"description\":\"Centre de Pastoral Lit\u00fargica de Barcelona\",\"publisher\":{\"@id\":\"https:\\\/\\\/www.cpl.es\\\/#organization\"},\"alternateName\":\"Centre de Pastoral Lit\u00fargica\",\"potentialAction\":[{\"@type\":\"SearchAction\",\"target\":{\"@type\":\"EntryPoint\",\"urlTemplate\":\"https:\\\/\\\/www.cpl.es\\\/?s={search_term_string}\"},\"query-input\":{\"@type\":\"PropertyValueSpecification\",\"valueRequired\":true,\"valueName\":\"search_term_string\"}}],\"inLanguage\":\"ca\"},{\"@type\":\"Organization\",\"@id\":\"https:\\\/\\\/www.cpl.es\\\/#organization\",\"name\":\"Centre de Pastoral Lit\u00fargica\",\"alternateName\":\"Centre de Pastoral Lit\u00fargica de Barcelona\",\"url\":\"https:\\\/\\\/www.cpl.es\\\/\",\"logo\":{\"@type\":\"ImageObject\",\"inLanguage\":\"ca\",\"@id\":\"https:\\\/\\\/www.cpl.es\\\/#\\\/schema\\\/logo\\\/image\\\/\",\"url\":\"https:\\\/\\\/www.cpl.es\\\/wp-content\\\/uploads\\\/logo-cpl.svg\",\"contentUrl\":\"https:\\\/\\\/www.cpl.es\\\/wp-content\\\/uploads\\\/logo-cpl.svg\",\"caption\":\"Centre de Pastoral Lit\u00fargica\"},\"image\":{\"@id\":\"https:\\\/\\\/www.cpl.es\\\/#\\\/schema\\\/logo\\\/image\\\/\"}}]}<\/script>\n<!-- \/ Yoast SEO plugin. -->","yoast_head_json":{"title":"Ana Mar\u00eda Janer, m\u00edstica de la caridad - CPL","robots":{"index":"index","follow":"follow","max-snippet":"max-snippet:-1","max-image-preview":"max-image-preview:large","max-video-preview":"max-video-preview:-1"},"canonical":"https:\/\/www.cpl.es\/producto\/ana-maria-janer-mistica-de-la-caridad-9788498056426\/","og_locale":"ca_ES","og_type":"article","og_title":"Ana Mar\u00eda Janer, m\u00edstica de la caridad - CPL","og_description":"Ad\u00edn Carreras, Maria Pilar","og_url":"https:\/\/www.cpl.es\/producto\/ana-maria-janer-mistica-de-la-caridad-9788498056426\/","og_site_name":"CPL","article_modified_time":"2026-02-12T16:03:42+00:00","og_image":[{"width":250,"height":367,"url":"https:\/\/www.cpl.es\/wp-content\/uploads\/112203.jpg","type":"image\/jpeg"}],"twitter_card":"summary_large_image","schema":{"@context":"https:\/\/schema.org","@graph":[{"@type":"WebPage","@id":"https:\/\/www.cpl.es\/producto\/ana-maria-janer-mistica-de-la-caridad-9788498056426\/","url":"https:\/\/www.cpl.es\/producto\/ana-maria-janer-mistica-de-la-caridad-9788498056426\/","name":"Ana Mar\u00eda Janer, m\u00edstica de la caridad - CPL","isPartOf":{"@id":"https:\/\/www.cpl.es\/#website"},"primaryImageOfPage":{"@id":"https:\/\/www.cpl.es\/producto\/ana-maria-janer-mistica-de-la-caridad-9788498056426\/#primaryimage"},"image":{"@id":"https:\/\/www.cpl.es\/producto\/ana-maria-janer-mistica-de-la-caridad-9788498056426\/#primaryimage"},"thumbnailUrl":"https:\/\/www.cpl.es\/wp-content\/uploads\/112203.jpg","datePublished":"2023-10-03T23:48:41+00:00","dateModified":"2026-02-12T16:03:42+00:00","breadcrumb":{"@id":"https:\/\/www.cpl.es\/producto\/ana-maria-janer-mistica-de-la-caridad-9788498056426\/#breadcrumb"},"inLanguage":"ca","potentialAction":[{"@type":"ReadAction","target":["https:\/\/www.cpl.es\/producto\/ana-maria-janer-mistica-de-la-caridad-9788498056426\/"]}]},{"@type":"ImageObject","inLanguage":"ca","@id":"https:\/\/www.cpl.es\/producto\/ana-maria-janer-mistica-de-la-caridad-9788498056426\/#primaryimage","url":"https:\/\/www.cpl.es\/wp-content\/uploads\/112203.jpg","contentUrl":"https:\/\/www.cpl.es\/wp-content\/uploads\/112203.jpg","width":250,"height":367,"caption":"112203.jpg"},{"@type":"BreadcrumbList","@id":"https:\/\/www.cpl.es\/producto\/ana-maria-janer-mistica-de-la-caridad-9788498056426\/#breadcrumb","itemListElement":[{"@type":"ListItem","position":1,"name":"Portada","item":"https:\/\/www.cpl.es\/ca\/"},{"@type":"ListItem","position":2,"name":"Cat\u00e0leg","item":"https:\/\/www.cpl.es\/ca\/cataleg\/"},{"@type":"ListItem","position":3,"name":"Ana Mar\u00eda Janer, m\u00edstica de la caridad"}]},{"@type":"WebSite","@id":"https:\/\/www.cpl.es\/#website","url":"https:\/\/www.cpl.es\/","name":"CPL","description":"Centre de Pastoral Lit\u00fargica de Barcelona","publisher":{"@id":"https:\/\/www.cpl.es\/#organization"},"alternateName":"Centre de Pastoral Lit\u00fargica","potentialAction":[{"@type":"SearchAction","target":{"@type":"EntryPoint","urlTemplate":"https:\/\/www.cpl.es\/?s={search_term_string}"},"query-input":{"@type":"PropertyValueSpecification","valueRequired":true,"valueName":"search_term_string"}}],"inLanguage":"ca"},{"@type":"Organization","@id":"https:\/\/www.cpl.es\/#organization","name":"Centre de Pastoral Lit\u00fargica","alternateName":"Centre de Pastoral Lit\u00fargica de Barcelona","url":"https:\/\/www.cpl.es\/","logo":{"@type":"ImageObject","inLanguage":"ca","@id":"https:\/\/www.cpl.es\/#\/schema\/logo\/image\/","url":"https:\/\/www.cpl.es\/wp-content\/uploads\/logo-cpl.svg","contentUrl":"https:\/\/www.cpl.es\/wp-content\/uploads\/logo-cpl.svg","caption":"Centre de Pastoral Lit\u00fargica"},"image":{"@id":"https:\/\/www.cpl.es\/#\/schema\/logo\/image\/"}}]}},"_links":{"self":[{"href":"https:\/\/www.cpl.es\/ca\/wp-json\/wp\/v2\/product\/2657","targetHints":{"allow":["GET"]}}],"collection":[{"href":"https:\/\/www.cpl.es\/ca\/wp-json\/wp\/v2\/product"}],"about":[{"href":"https:\/\/www.cpl.es\/ca\/wp-json\/wp\/v2\/types\/product"}],"wp:featuredmedia":[{"embeddable":true,"href":"https:\/\/www.cpl.es\/ca\/wp-json\/wp\/v2\/media\/2658"}],"wp:attachment":[{"href":"https:\/\/www.cpl.es\/ca\/wp-json\/wp\/v2\/media?parent=2657"}],"wp:term":[{"taxonomy":"product_brand","embeddable":true,"href":"https:\/\/www.cpl.es\/ca\/wp-json\/wp\/v2\/product_brand?post=2657"},{"taxonomy":"product_cat","embeddable":true,"href":"https:\/\/www.cpl.es\/ca\/wp-json\/wp\/v2\/product_cat?post=2657"},{"taxonomy":"product_tag","embeddable":true,"href":"https:\/\/www.cpl.es\/ca\/wp-json\/wp\/v2\/product_tag?post=2657"}],"curies":[{"name":"wp","href":"https:\/\/api.w.org\/{rel}","templated":true}]}}

Ana María Janer, mística de la caridad

<p>En el convulso siglo XIX, una mujer que abrió caminos de servicio evangélico.</p>
<p>Y la historia empieza así:</p>
<p>&#8216;La vida de la Iglesia está llena de figuras notables de mujeres fuertes que han hecho &#8216;historia'. Y el siglo XIX se ha distinguido de manera especial en este sentido. Una de estas fuertes personalidades femeninas es Ana María Janer Anglarill. Recorrer de su mano la historia política, social y religiosa de la España del XIX es una aventura llena de pasión.'</p>

<p>Adín Carreras, Maria Pilar</p>

Adín Carreras, Maria Pilar

<!-- This site is optimized with the Yoast SEO plugin v27.3 - https://yoast.com/product/yoast-seo-wordpress/ -->
<title>Ana María Janer, mística de la caridad - CPL</title>
<meta name="robots" content="index, follow, max-snippet:-1, max-image-preview:large, max-video-preview:-1" />
<link rel="canonical" href="https://www.cpl.es/producto/ana-maria-janer-mistica-de-la-caridad-9788498056426/" />
<meta property="og:locale" content="ca_ES" />
<meta property="og:type" content="article" />
<meta property="og:title" content="Ana María Janer, mística de la caridad - CPL" />
<meta property="og:description" content="Adín Carreras, Maria Pilar" />
<meta property="og:url" content="https://www.cpl.es/producto/ana-maria-janer-mistica-de-la-caridad-9788498056426/" />
<meta property="og:site_name" content="CPL" />
<meta property="article:modified_time" content="2026-02-12T16:03:42+00:00" />
<meta property="og:image" content="https://www.cpl.es/wp-content/uploads/112203.jpg" />
	<meta property="og:image:width" content="250" />
	<meta property="og:image:height" content="367" />
	<meta property="og:image:type" content="image/jpeg" />
<meta name="twitter:card" content="summary_large_image" />
<script type="application/ld+json" class="yoast-schema-graph">{"@context":"https:\/\/schema.org","@graph":[{"@type":"WebPage","@id":"https:\/\/www.cpl.es\/producto\/ana-maria-janer-mistica-de-la-caridad-9788498056426\/","url":"https:\/\/www.cpl.es\/producto\/ana-maria-janer-mistica-de-la-caridad-9788498056426\/","name":"Ana María Janer, mística de la caridad - CPL","isPartOf":{"@id":"https:\/\/www.cpl.es\/#website"},"primaryImageOfPage":{"@id":"https:\/\/www.cpl.es\/producto\/ana-maria-janer-mistica-de-la-caridad-9788498056426\/#primaryimage"},"image":{"@id":"https:\/\/www.cpl.es\/producto\/ana-maria-janer-mistica-de-la-caridad-9788498056426\/#primaryimage"},"thumbnailUrl":"https:\/\/www.cpl.es\/wp-content\/uploads\/112203.jpg","datePublished":"2023-10-03T23:48:41+00:00","dateModified":"2026-02-12T16:03:42+00:00","breadcrumb":{"@id":"https:\/\/www.cpl.es\/producto\/ana-maria-janer-mistica-de-la-caridad-9788498056426\/#breadcrumb"},"inLanguage":"ca","potentialAction":[{"@type":"ReadAction","target":["https:\/\/www.cpl.es\/producto\/ana-maria-janer-mistica-de-la-caridad-9788498056426\/"]}]},{"@type":"ImageObject","inLanguage":"ca","@id":"https:\/\/www.cpl.es\/producto\/ana-maria-janer-mistica-de-la-caridad-9788498056426\/#primaryimage","url":"https:\/\/www.cpl.es\/wp-content\/uploads\/112203.jpg","contentUrl":"https:\/\/www.cpl.es\/wp-content\/uploads\/112203.jpg","width":250,"height":367,"caption":"112203.jpg"},{"@type":"BreadcrumbList","@id":"https:\/\/www.cpl.es\/producto\/ana-maria-janer-mistica-de-la-caridad-9788498056426\/#breadcrumb","itemListElement":[{"@type":"ListItem","position":1,"name":"Portada","item":"https:\/\/www.cpl.es\/ca\/"},{"@type":"ListItem","position":2,"name":"Catàleg","item":"https:\/\/www.cpl.es\/ca\/cataleg\/"},{"@type":"ListItem","position":3,"name":"Ana María Janer, mística de la caridad"}]},{"@type":"WebSite","@id":"https:\/\/www.cpl.es\/#website","url":"https:\/\/www.cpl.es\/","name":"CPL","description":"Centre de Pastoral Litúrgica de Barcelona","publisher":{"@id":"https:\/\/www.cpl.es\/#organization"},"alternateName":"Centre de Pastoral Litúrgica","potentialAction":[{"@type":"SearchAction","target":{"@type":"EntryPoint","urlTemplate":"https:\/\/www.cpl.es\/?s={search_term_string}"},"query-input":{"@type":"PropertyValueSpecification","valueRequired":true,"valueName":"search_term_string"}}],"inLanguage":"ca"},{"@type":"Organization","@id":"https:\/\/www.cpl.es\/#organization","name":"Centre de Pastoral Litúrgica","alternateName":"Centre de Pastoral Litúrgica de Barcelona","url":"https:\/\/www.cpl.es\/","logo":{"@type":"ImageObject","inLanguage":"ca","@id":"https:\/\/www.cpl.es\/#\/schema\/logo\/image\/","url":"https:\/\/www.cpl.es\/wp-content\/uploads\/logo-cpl.svg","contentUrl":"https:\/\/www.cpl.es\/wp-content\/uploads\/logo-cpl.svg","caption":"Centre de Pastoral Litúrgica"},"image":{"@id":"https:\/\/www.cpl.es\/#\/schema\/logo\/image\/"}}]}</script>
<!-- / Yoast SEO plugin. -->

Ana María Janer, mística de la caridad - CPL

Catàleg

Centre de Pastoral Litúrgica de Barcelona

Centre de Pastoral Litúrgica
