{"id":2642,"date":"2023-10-04T01:48:12","date_gmt":"2023-10-03T23:48:12","guid":{"rendered":"https:\/\/nuevaweb.cpl.es\/producto\/deixeu-que-els-infants-vinguin-a-mi-9788498056624\/"},"modified":"2026-02-12T17:53:25","modified_gmt":"2026-02-12T16:53:25","slug":"deixeu-que-els-infants-vinguin-a-mi-9788498056624","status":"publish","type":"product","link":"https:\/\/www.cpl.es\/ca\/producto\/deixeu-que-els-infants-vinguin-a-mi-9788498056624\/","title":{"rendered":"Deixeu que els infants vinguin a mi"},"content":{"rendered":"<p>En els primers anys de la vida, \u00e9s fonamental ajudar els nens i nenes a obrir-se a la fe i a la seva trobada amb Jes\u00fas. I aquesta tasca correspon, per damunt de tot, als pares. S\u00f3n els pares els qui, amb la seva proximitat, amb la seva estimaci\u00f3, i amb les seves paraules i actuacions, faran possible aquesta obertura.<br \/>Per ajudar els pares en aquesta tasca que ning\u00fa m\u00e9s no pot fer per ells, aquest llibre ofereix camins, criteris, idees concretes, primer per a l\u2019etapa inicial dels 0 als 3 anys, i despr\u00e9s per a l\u2019etapa m\u00e9s avan\u00e7ada, dels 3 als 6 o 7 anys.<\/p>\n<p>Enriqueta Capdevila Gras (Reus, 1934), llicenciada en pedagogia, mestra i catequista, i Enric Termes Ferr\u00e9 (Barcelona, 1963), capell\u00e0, llicenciat en catequ\u00e8tica i Delegat Dioces\u00e0 de Catequesi de Barcelona, ens ofereixen en aquestes p\u00e0gines el fruit de la seva \u00e0mplia experi\u00e8ncia en aquest camp.<\/p>\n","protected":false},"excerpt":{"rendered":"<p>Capdevila, Enriqueta; Termes, Enric<\/p>\n","protected":false},"featured_media":2643,"template":"","meta":{"_acf_changed":false,"inline_featured_image":false},"product_brand":[],"product_cat":[73],"product_tag":[],"class_list":{"0":"post-2642","1":"product","2":"type-product","3":"status-publish","4":"has-post-thumbnail","6":"product_cat-emaus-colleccions-catala","8":"first","9":"instock","10":"taxable","11":"shipping-taxable","12":"purchasable","13":"product-type-simple"},"acf":{"autor":"Capdevila, Enriqueta; Termes, Enric","codart":"208111","ediciones":"1","encuadernacion":"R\u00fastica","fecha_de_publicacion":"11\/05\/2023","novedad":false,"paginas":"76","subtitulo":"La iniciaci\u00f3 dels m\u00e9s petits a la vida cristiana","orden":"65","portada":false,"idioma":"cat","editorial":[{"ID":6736,"post_author":"2","post_date":"2023-10-06 08:35:24","post_date_gmt":"2023-10-06 06:35:24","post_content":"","post_title":"CPL","post_excerpt":"","post_status":"publish","comment_status":"closed","ping_status":"closed","post_password":"","post_name":"cpl","to_ping":"","pinged":"","post_modified":"2023-10-06 08:35:24","post_modified_gmt":"2023-10-06 06:35:24","post_content_filtered":"","post_parent":0,"guid":"https:\/\/nuevaweb.cpl.es\/editorial\/cpl\/","menu_order":0,"post_type":"editorial","post_mime_type":"","comment_count":"0","filter":"raw"}],"coleccion_num":"111"},"yoast_head":"<!-- This site is optimized with the Yoast SEO plugin v27.3 - https:\/\/yoast.com\/product\/yoast-seo-wordpress\/ -->\n<title>Deixeu que els infants vinguin a mi - CPL<\/title>\n<meta name=\"robots\" content=\"index, follow, max-snippet:-1, max-image-preview:large, max-video-preview:-1\" \/>\n<link rel=\"canonical\" href=\"https:\/\/www.cpl.es\/producto\/deixeu-que-els-infants-vinguin-a-mi-9788498056624\/\" \/>\n<meta property=\"og:locale\" content=\"ca_ES\" \/>\n<meta property=\"og:type\" content=\"article\" \/>\n<meta property=\"og:title\" content=\"Deixeu que els infants vinguin a mi - CPL\" \/>\n<meta property=\"og:description\" content=\"Capdevila, Enriqueta; Termes, Enric\" \/>\n<meta property=\"og:url\" content=\"https:\/\/www.cpl.es\/producto\/deixeu-que-els-infants-vinguin-a-mi-9788498056624\/\" \/>\n<meta property=\"og:site_name\" content=\"CPL\" \/>\n<meta property=\"article:modified_time\" content=\"2026-02-12T16:53:25+00:00\" \/>\n<meta property=\"og:image\" content=\"https:\/\/www.cpl.es\/wp-content\/uploads\/208111.jpg\" \/>\n\t<meta property=\"og:image:width\" content=\"250\" \/>\n\t<meta property=\"og:image:height\" content=\"396\" \/>\n\t<meta property=\"og:image:type\" content=\"image\/jpeg\" \/>\n<meta name=\"twitter:card\" content=\"summary_large_image\" \/>\n<meta name=\"twitter:label1\" content=\"Temps estimat de lectura\" \/>\n\t<meta name=\"twitter:data1\" content=\"1 minut\" \/>\n<script type=\"application\/ld+json\" class=\"yoast-schema-graph\">{\"@context\":\"https:\\\/\\\/schema.org\",\"@graph\":[{\"@type\":\"WebPage\",\"@id\":\"https:\\\/\\\/www.cpl.es\\\/producto\\\/deixeu-que-els-infants-vinguin-a-mi-9788498056624\\\/\",\"url\":\"https:\\\/\\\/www.cpl.es\\\/producto\\\/deixeu-que-els-infants-vinguin-a-mi-9788498056624\\\/\",\"name\":\"Deixeu que els infants vinguin a mi - CPL\",\"isPartOf\":{\"@id\":\"https:\\\/\\\/www.cpl.es\\\/#website\"},\"primaryImageOfPage\":{\"@id\":\"https:\\\/\\\/www.cpl.es\\\/producto\\\/deixeu-que-els-infants-vinguin-a-mi-9788498056624\\\/#primaryimage\"},\"image\":{\"@id\":\"https:\\\/\\\/www.cpl.es\\\/producto\\\/deixeu-que-els-infants-vinguin-a-mi-9788498056624\\\/#primaryimage\"},\"thumbnailUrl\":\"https:\\\/\\\/www.cpl.es\\\/wp-content\\\/uploads\\\/208111.jpg\",\"datePublished\":\"2023-10-03T23:48:12+00:00\",\"dateModified\":\"2026-02-12T16:53:25+00:00\",\"breadcrumb\":{\"@id\":\"https:\\\/\\\/www.cpl.es\\\/producto\\\/deixeu-que-els-infants-vinguin-a-mi-9788498056624\\\/#breadcrumb\"},\"inLanguage\":\"ca\",\"potentialAction\":[{\"@type\":\"ReadAction\",\"target\":[\"https:\\\/\\\/www.cpl.es\\\/producto\\\/deixeu-que-els-infants-vinguin-a-mi-9788498056624\\\/\"]}]},{\"@type\":\"ImageObject\",\"inLanguage\":\"ca\",\"@id\":\"https:\\\/\\\/www.cpl.es\\\/producto\\\/deixeu-que-els-infants-vinguin-a-mi-9788498056624\\\/#primaryimage\",\"url\":\"https:\\\/\\\/www.cpl.es\\\/wp-content\\\/uploads\\\/208111.jpg\",\"contentUrl\":\"https:\\\/\\\/www.cpl.es\\\/wp-content\\\/uploads\\\/208111.jpg\",\"width\":250,\"height\":396,\"caption\":\"208111.jpg\"},{\"@type\":\"BreadcrumbList\",\"@id\":\"https:\\\/\\\/www.cpl.es\\\/producto\\\/deixeu-que-els-infants-vinguin-a-mi-9788498056624\\\/#breadcrumb\",\"itemListElement\":[{\"@type\":\"ListItem\",\"position\":1,\"name\":\"Portada\",\"item\":\"https:\\\/\\\/www.cpl.es\\\/ca\\\/\"},{\"@type\":\"ListItem\",\"position\":2,\"name\":\"Cat\u00e0leg\",\"item\":\"https:\\\/\\\/www.cpl.es\\\/ca\\\/cataleg\\\/\"},{\"@type\":\"ListItem\",\"position\":3,\"name\":\"Deixeu que els infants vinguin a mi\"}]},{\"@type\":\"WebSite\",\"@id\":\"https:\\\/\\\/www.cpl.es\\\/#website\",\"url\":\"https:\\\/\\\/www.cpl.es\\\/\",\"name\":\"CPL\",\"description\":\"Centre de Pastoral Lit\u00fargica de Barcelona\",\"publisher\":{\"@id\":\"https:\\\/\\\/www.cpl.es\\\/#organization\"},\"alternateName\":\"Centre de Pastoral Lit\u00fargica\",\"potentialAction\":[{\"@type\":\"SearchAction\",\"target\":{\"@type\":\"EntryPoint\",\"urlTemplate\":\"https:\\\/\\\/www.cpl.es\\\/?s={search_term_string}\"},\"query-input\":{\"@type\":\"PropertyValueSpecification\",\"valueRequired\":true,\"valueName\":\"search_term_string\"}}],\"inLanguage\":\"ca\"},{\"@type\":\"Organization\",\"@id\":\"https:\\\/\\\/www.cpl.es\\\/#organization\",\"name\":\"Centre de Pastoral Lit\u00fargica\",\"alternateName\":\"Centre de Pastoral Lit\u00fargica de Barcelona\",\"url\":\"https:\\\/\\\/www.cpl.es\\\/\",\"logo\":{\"@type\":\"ImageObject\",\"inLanguage\":\"ca\",\"@id\":\"https:\\\/\\\/www.cpl.es\\\/#\\\/schema\\\/logo\\\/image\\\/\",\"url\":\"https:\\\/\\\/www.cpl.es\\\/wp-content\\\/uploads\\\/logo-cpl.svg\",\"contentUrl\":\"https:\\\/\\\/www.cpl.es\\\/wp-content\\\/uploads\\\/logo-cpl.svg\",\"caption\":\"Centre de Pastoral Lit\u00fargica\"},\"image\":{\"@id\":\"https:\\\/\\\/www.cpl.es\\\/#\\\/schema\\\/logo\\\/image\\\/\"}}]}<\/script>\n<!-- \/ Yoast SEO plugin. -->","yoast_head_json":{"title":"Deixeu que els infants vinguin a mi - CPL","robots":{"index":"index","follow":"follow","max-snippet":"max-snippet:-1","max-image-preview":"max-image-preview:large","max-video-preview":"max-video-preview:-1"},"canonical":"https:\/\/www.cpl.es\/producto\/deixeu-que-els-infants-vinguin-a-mi-9788498056624\/","og_locale":"ca_ES","og_type":"article","og_title":"Deixeu que els infants vinguin a mi - CPL","og_description":"Capdevila, Enriqueta; Termes, Enric","og_url":"https:\/\/www.cpl.es\/producto\/deixeu-que-els-infants-vinguin-a-mi-9788498056624\/","og_site_name":"CPL","article_modified_time":"2026-02-12T16:53:25+00:00","og_image":[{"width":250,"height":396,"url":"https:\/\/www.cpl.es\/wp-content\/uploads\/208111.jpg","type":"image\/jpeg"}],"twitter_card":"summary_large_image","twitter_misc":{"Temps estimat de lectura":"1 minut"},"schema":{"@context":"https:\/\/schema.org","@graph":[{"@type":"WebPage","@id":"https:\/\/www.cpl.es\/producto\/deixeu-que-els-infants-vinguin-a-mi-9788498056624\/","url":"https:\/\/www.cpl.es\/producto\/deixeu-que-els-infants-vinguin-a-mi-9788498056624\/","name":"Deixeu que els infants vinguin a mi - CPL","isPartOf":{"@id":"https:\/\/www.cpl.es\/#website"},"primaryImageOfPage":{"@id":"https:\/\/www.cpl.es\/producto\/deixeu-que-els-infants-vinguin-a-mi-9788498056624\/#primaryimage"},"image":{"@id":"https:\/\/www.cpl.es\/producto\/deixeu-que-els-infants-vinguin-a-mi-9788498056624\/#primaryimage"},"thumbnailUrl":"https:\/\/www.cpl.es\/wp-content\/uploads\/208111.jpg","datePublished":"2023-10-03T23:48:12+00:00","dateModified":"2026-02-12T16:53:25+00:00","breadcrumb":{"@id":"https:\/\/www.cpl.es\/producto\/deixeu-que-els-infants-vinguin-a-mi-9788498056624\/#breadcrumb"},"inLanguage":"ca","potentialAction":[{"@type":"ReadAction","target":["https:\/\/www.cpl.es\/producto\/deixeu-que-els-infants-vinguin-a-mi-9788498056624\/"]}]},{"@type":"ImageObject","inLanguage":"ca","@id":"https:\/\/www.cpl.es\/producto\/deixeu-que-els-infants-vinguin-a-mi-9788498056624\/#primaryimage","url":"https:\/\/www.cpl.es\/wp-content\/uploads\/208111.jpg","contentUrl":"https:\/\/www.cpl.es\/wp-content\/uploads\/208111.jpg","width":250,"height":396,"caption":"208111.jpg"},{"@type":"BreadcrumbList","@id":"https:\/\/www.cpl.es\/producto\/deixeu-que-els-infants-vinguin-a-mi-9788498056624\/#breadcrumb","itemListElement":[{"@type":"ListItem","position":1,"name":"Portada","item":"https:\/\/www.cpl.es\/ca\/"},{"@type":"ListItem","position":2,"name":"Cat\u00e0leg","item":"https:\/\/www.cpl.es\/ca\/cataleg\/"},{"@type":"ListItem","position":3,"name":"Deixeu que els infants vinguin a mi"}]},{"@type":"WebSite","@id":"https:\/\/www.cpl.es\/#website","url":"https:\/\/www.cpl.es\/","name":"CPL","description":"Centre de Pastoral Lit\u00fargica de Barcelona","publisher":{"@id":"https:\/\/www.cpl.es\/#organization"},"alternateName":"Centre de Pastoral Lit\u00fargica","potentialAction":[{"@type":"SearchAction","target":{"@type":"EntryPoint","urlTemplate":"https:\/\/www.cpl.es\/?s={search_term_string}"},"query-input":{"@type":"PropertyValueSpecification","valueRequired":true,"valueName":"search_term_string"}}],"inLanguage":"ca"},{"@type":"Organization","@id":"https:\/\/www.cpl.es\/#organization","name":"Centre de Pastoral Lit\u00fargica","alternateName":"Centre de Pastoral Lit\u00fargica de Barcelona","url":"https:\/\/www.cpl.es\/","logo":{"@type":"ImageObject","inLanguage":"ca","@id":"https:\/\/www.cpl.es\/#\/schema\/logo\/image\/","url":"https:\/\/www.cpl.es\/wp-content\/uploads\/logo-cpl.svg","contentUrl":"https:\/\/www.cpl.es\/wp-content\/uploads\/logo-cpl.svg","caption":"Centre de Pastoral Lit\u00fargica"},"image":{"@id":"https:\/\/www.cpl.es\/#\/schema\/logo\/image\/"}}]}},"_links":{"self":[{"href":"https:\/\/www.cpl.es\/ca\/wp-json\/wp\/v2\/product\/2642","targetHints":{"allow":["GET"]}}],"collection":[{"href":"https:\/\/www.cpl.es\/ca\/wp-json\/wp\/v2\/product"}],"about":[{"href":"https:\/\/www.cpl.es\/ca\/wp-json\/wp\/v2\/types\/product"}],"wp:featuredmedia":[{"embeddable":true,"href":"https:\/\/www.cpl.es\/ca\/wp-json\/wp\/v2\/media\/2643"}],"wp:attachment":[{"href":"https:\/\/www.cpl.es\/ca\/wp-json\/wp\/v2\/media?parent=2642"}],"wp:term":[{"taxonomy":"product_brand","embeddable":true,"href":"https:\/\/www.cpl.es\/ca\/wp-json\/wp\/v2\/product_brand?post=2642"},{"taxonomy":"product_cat","embeddable":true,"href":"https:\/\/www.cpl.es\/ca\/wp-json\/wp\/v2\/product_cat?post=2642"},{"taxonomy":"product_tag","embeddable":true,"href":"https:\/\/www.cpl.es\/ca\/wp-json\/wp\/v2\/product_tag?post=2642"}],"curies":[{"name":"wp","href":"https:\/\/api.w.org\/{rel}","templated":true}]}}

<p>En els primers anys de la vida, és fonamental ajudar els nens i nenes a obrir-se a la fe i a la seva trobada amb Jesús. I aquesta tasca correspon, per damunt de tot, als pares. Són els pares els qui, amb la seva proximitat, amb la seva estimació, i amb les seves paraules i actuacions, faran possible aquesta obertura.<br />Per ajudar els pares en aquesta tasca que ningú més no pot fer per ells, aquest llibre ofereix camins, criteris, idees concretes, primer per a l’etapa inicial dels 0 als 3 anys, i després per a l’etapa més avançada, dels 3 als 6 o 7 anys.</p>
<p>Enriqueta Capdevila Gras (Reus, 1934), llicenciada en pedagogia, mestra i catequista, i Enric Termes Ferré (Barcelona, 1963), capellà, llicenciat en catequètica i Delegat Diocesà de Catequesi de Barcelona, ens ofereixen en aquestes pàgines el fruit de la seva àmplia experiència en aquest camp.</p>

Rústica

La iniciació dels més petits a la vida cristiana

<!-- This site is optimized with the Yoast SEO plugin v27.3 - https://yoast.com/product/yoast-seo-wordpress/ -->
<title>Deixeu que els infants vinguin a mi - CPL</title>
<meta name="robots" content="index, follow, max-snippet:-1, max-image-preview:large, max-video-preview:-1" />
<link rel="canonical" href="https://www.cpl.es/producto/deixeu-que-els-infants-vinguin-a-mi-9788498056624/" />
<meta property="og:locale" content="ca_ES" />
<meta property="og:type" content="article" />
<meta property="og:title" content="Deixeu que els infants vinguin a mi - CPL" />
<meta property="og:description" content="Capdevila, Enriqueta; Termes, Enric" />
<meta property="og:url" content="https://www.cpl.es/producto/deixeu-que-els-infants-vinguin-a-mi-9788498056624/" />
<meta property="og:site_name" content="CPL" />
<meta property="article:modified_time" content="2026-02-12T16:53:25+00:00" />
<meta property="og:image" content="https://www.cpl.es/wp-content/uploads/208111.jpg" />
	<meta property="og:image:width" content="250" />
	<meta property="og:image:height" content="396" />
	<meta property="og:image:type" content="image/jpeg" />
<meta name="twitter:card" content="summary_large_image" />
<meta name="twitter:label1" content="Temps estimat de lectura" />
	<meta name="twitter:data1" content="1 minut" />
<script type="application/ld+json" class="yoast-schema-graph">{"@context":"https:\/\/schema.org","@graph":[{"@type":"WebPage","@id":"https:\/\/www.cpl.es\/producto\/deixeu-que-els-infants-vinguin-a-mi-9788498056624\/","url":"https:\/\/www.cpl.es\/producto\/deixeu-que-els-infants-vinguin-a-mi-9788498056624\/","name":"Deixeu que els infants vinguin a mi - CPL","isPartOf":{"@id":"https:\/\/www.cpl.es\/#website"},"primaryImageOfPage":{"@id":"https:\/\/www.cpl.es\/producto\/deixeu-que-els-infants-vinguin-a-mi-9788498056624\/#primaryimage"},"image":{"@id":"https:\/\/www.cpl.es\/producto\/deixeu-que-els-infants-vinguin-a-mi-9788498056624\/#primaryimage"},"thumbnailUrl":"https:\/\/www.cpl.es\/wp-content\/uploads\/208111.jpg","datePublished":"2023-10-03T23:48:12+00:00","dateModified":"2026-02-12T16:53:25+00:00","breadcrumb":{"@id":"https:\/\/www.cpl.es\/producto\/deixeu-que-els-infants-vinguin-a-mi-9788498056624\/#breadcrumb"},"inLanguage":"ca","potentialAction":[{"@type":"ReadAction","target":["https:\/\/www.cpl.es\/producto\/deixeu-que-els-infants-vinguin-a-mi-9788498056624\/"]}]},{"@type":"ImageObject","inLanguage":"ca","@id":"https:\/\/www.cpl.es\/producto\/deixeu-que-els-infants-vinguin-a-mi-9788498056624\/#primaryimage","url":"https:\/\/www.cpl.es\/wp-content\/uploads\/208111.jpg","contentUrl":"https:\/\/www.cpl.es\/wp-content\/uploads\/208111.jpg","width":250,"height":396,"caption":"208111.jpg"},{"@type":"BreadcrumbList","@id":"https:\/\/www.cpl.es\/producto\/deixeu-que-els-infants-vinguin-a-mi-9788498056624\/#breadcrumb","itemListElement":[{"@type":"ListItem","position":1,"name":"Portada","item":"https:\/\/www.cpl.es\/ca\/"},{"@type":"ListItem","position":2,"name":"Catàleg","item":"https:\/\/www.cpl.es\/ca\/cataleg\/"},{"@type":"ListItem","position":3,"name":"Deixeu que els infants vinguin a mi"}]},{"@type":"WebSite","@id":"https:\/\/www.cpl.es\/#website","url":"https:\/\/www.cpl.es\/","name":"CPL","description":"Centre de Pastoral Litúrgica de Barcelona","publisher":{"@id":"https:\/\/www.cpl.es\/#organization"},"alternateName":"Centre de Pastoral Litúrgica","potentialAction":[{"@type":"SearchAction","target":{"@type":"EntryPoint","urlTemplate":"https:\/\/www.cpl.es\/?s={search_term_string}"},"query-input":{"@type":"PropertyValueSpecification","valueRequired":true,"valueName":"search_term_string"}}],"inLanguage":"ca"},{"@type":"Organization","@id":"https:\/\/www.cpl.es\/#organization","name":"Centre de Pastoral Litúrgica","alternateName":"Centre de Pastoral Litúrgica de Barcelona","url":"https:\/\/www.cpl.es\/","logo":{"@type":"ImageObject","inLanguage":"ca","@id":"https:\/\/www.cpl.es\/#\/schema\/logo\/image\/","url":"https:\/\/www.cpl.es\/wp-content\/uploads\/logo-cpl.svg","contentUrl":"https:\/\/www.cpl.es\/wp-content\/uploads\/logo-cpl.svg","caption":"Centre de Pastoral Litúrgica"},"image":{"@id":"https:\/\/www.cpl.es\/#\/schema\/logo\/image\/"}}]}</script>
<!-- / Yoast SEO plugin. -->

Catàleg

Centre de Pastoral Litúrgica de Barcelona

Centre de Pastoral Litúrgica
