{"id":2539,"date":"2023-10-04T01:44:59","date_gmt":"2023-10-03T23:44:59","guid":{"rendered":"https:\/\/nuevaweb.cpl.es\/producto\/santa-columba-la-juventud-fiel-9788498056655\/"},"modified":"2026-02-12T17:19:32","modified_gmt":"2026-02-12T16:19:32","slug":"santa-columba-la-juventud-fiel-9788498056655","status":"publish","type":"product","link":"https:\/\/www.cpl.es\/ca\/producto\/santa-columba-la-juventud-fiel-9788498056655\/","title":{"rendered":"Santa Columba, la juventud fiel"},"content":{"rendered":"<p>En el siglo III, una chica joven, valiente y decidida, no duda en enfrentarse a los poderes del imperio.<\/p>\n<p>Y la historia empieza as\u00ed:<\/p>\n<p>&#8216;En el santoral romano hallamos nueve santas llamadas &#8216;Columba' o, tambi\u00e9n, &#8216;Coloma'. De las cuales, una es de Espa\u00f1a (santa Columba de C\u00f3rdoba); tres son de Portugal (santa Columba de Coimbra, santa Columba de Osorio y santa Columba de \u00c9vora); tres m\u00e1s son italianas (santa Columba de Osopo, santa Columba de los Abruzos y la beata Columba de Rieti); otra es de la Gran Breta\u00f1a y, finalmente, consta la francesa santa Columba de Sens, que es la m\u00e1s famosa. De esta \u00faltima vamos a hablar aqu\u00ed'.<\/p>\n","protected":false},"excerpt":{"rendered":"<p>Rodr\u00edguez M, Ignacio<\/p>\n","protected":false},"featured_media":2540,"template":"","meta":{"_acf_changed":false,"inline_featured_image":false},"product_brand":[],"product_cat":[133,112,53,70,154],"product_tag":[],"class_list":{"0":"post-2539","1":"product","2":"type-product","3":"status-publish","4":"has-post-thumbnail","6":"product_cat-santoral-any-liturgic-per-temes","7":"product_cat-santoral","8":"product_cat-santos-y-santas","9":"product_cat-sants-i-santes","10":"product_cat-vida-de-santos","12":"first","13":"instock","14":"taxable","15":"shipping-taxable","16":"purchasable","17":"product-type-simple"},"acf":{"autor":"Rodr\u00edguez M, Ignacio","codart":"112207","ediciones":"1","encuadernacion":"Grapado","fecha_de_publicacion":"14\/01\/2014","novedad":false,"paginas":"28","subtitulo":"","orden":"0","portada":false,"idioma":"spa","editorial":[{"ID":6736,"post_author":"2","post_date":"2023-10-06 08:35:24","post_date_gmt":"2023-10-06 06:35:24","post_content":"","post_title":"CPL","post_excerpt":"","post_status":"publish","comment_status":"closed","ping_status":"closed","post_password":"","post_name":"cpl","to_ping":"","pinged":"","post_modified":"2023-10-06 08:35:24","post_modified_gmt":"2023-10-06 06:35:24","post_content_filtered":"","post_parent":0,"guid":"https:\/\/nuevaweb.cpl.es\/editorial\/cpl\/","menu_order":0,"post_type":"editorial","post_mime_type":"","comment_count":"0","filter":"raw"}],"coleccion_num":"207"},"yoast_head":"<!-- This site is optimized with the Yoast SEO plugin v27.3 - https:\/\/yoast.com\/product\/yoast-seo-wordpress\/ -->\n<title>Santa Columba, la juventud fiel - CPL<\/title>\n<meta name=\"robots\" content=\"index, follow, max-snippet:-1, max-image-preview:large, max-video-preview:-1\" \/>\n<link rel=\"canonical\" href=\"https:\/\/www.cpl.es\/producto\/santa-columba-la-juventud-fiel-9788498056655\/\" \/>\n<meta property=\"og:locale\" content=\"ca_ES\" \/>\n<meta property=\"og:type\" content=\"article\" \/>\n<meta property=\"og:title\" content=\"Santa Columba, la juventud fiel - CPL\" \/>\n<meta property=\"og:description\" content=\"Rodr\u00edguez M, Ignacio\" \/>\n<meta property=\"og:url\" content=\"https:\/\/www.cpl.es\/producto\/santa-columba-la-juventud-fiel-9788498056655\/\" \/>\n<meta property=\"og:site_name\" content=\"CPL\" \/>\n<meta property=\"article:modified_time\" content=\"2026-02-12T16:19:32+00:00\" \/>\n<meta property=\"og:image\" content=\"https:\/\/www.cpl.es\/wp-content\/uploads\/112207.jpg\" \/>\n\t<meta property=\"og:image:width\" content=\"250\" \/>\n\t<meta property=\"og:image:height\" content=\"369\" \/>\n\t<meta property=\"og:image:type\" content=\"image\/jpeg\" \/>\n<meta name=\"twitter:card\" content=\"summary_large_image\" \/>\n<meta name=\"twitter:label1\" content=\"Temps estimat de lectura\" \/>\n\t<meta name=\"twitter:data1\" content=\"1 minut\" \/>\n<script type=\"application\/ld+json\" class=\"yoast-schema-graph\">{\"@context\":\"https:\\\/\\\/schema.org\",\"@graph\":[{\"@type\":\"WebPage\",\"@id\":\"https:\\\/\\\/www.cpl.es\\\/producto\\\/santa-columba-la-juventud-fiel-9788498056655\\\/\",\"url\":\"https:\\\/\\\/www.cpl.es\\\/producto\\\/santa-columba-la-juventud-fiel-9788498056655\\\/\",\"name\":\"Santa Columba, la juventud fiel - CPL\",\"isPartOf\":{\"@id\":\"https:\\\/\\\/www.cpl.es\\\/#website\"},\"primaryImageOfPage\":{\"@id\":\"https:\\\/\\\/www.cpl.es\\\/producto\\\/santa-columba-la-juventud-fiel-9788498056655\\\/#primaryimage\"},\"image\":{\"@id\":\"https:\\\/\\\/www.cpl.es\\\/producto\\\/santa-columba-la-juventud-fiel-9788498056655\\\/#primaryimage\"},\"thumbnailUrl\":\"https:\\\/\\\/www.cpl.es\\\/wp-content\\\/uploads\\\/112207.jpg\",\"datePublished\":\"2023-10-03T23:44:59+00:00\",\"dateModified\":\"2026-02-12T16:19:32+00:00\",\"breadcrumb\":{\"@id\":\"https:\\\/\\\/www.cpl.es\\\/producto\\\/santa-columba-la-juventud-fiel-9788498056655\\\/#breadcrumb\"},\"inLanguage\":\"ca\",\"potentialAction\":[{\"@type\":\"ReadAction\",\"target\":[\"https:\\\/\\\/www.cpl.es\\\/producto\\\/santa-columba-la-juventud-fiel-9788498056655\\\/\"]}]},{\"@type\":\"ImageObject\",\"inLanguage\":\"ca\",\"@id\":\"https:\\\/\\\/www.cpl.es\\\/producto\\\/santa-columba-la-juventud-fiel-9788498056655\\\/#primaryimage\",\"url\":\"https:\\\/\\\/www.cpl.es\\\/wp-content\\\/uploads\\\/112207.jpg\",\"contentUrl\":\"https:\\\/\\\/www.cpl.es\\\/wp-content\\\/uploads\\\/112207.jpg\",\"width\":250,\"height\":369,\"caption\":\"112207.jpg\"},{\"@type\":\"BreadcrumbList\",\"@id\":\"https:\\\/\\\/www.cpl.es\\\/producto\\\/santa-columba-la-juventud-fiel-9788498056655\\\/#breadcrumb\",\"itemListElement\":[{\"@type\":\"ListItem\",\"position\":1,\"name\":\"Portada\",\"item\":\"https:\\\/\\\/www.cpl.es\\\/ca\\\/\"},{\"@type\":\"ListItem\",\"position\":2,\"name\":\"Cat\u00e0leg\",\"item\":\"https:\\\/\\\/www.cpl.es\\\/ca\\\/cataleg\\\/\"},{\"@type\":\"ListItem\",\"position\":3,\"name\":\"Santa Columba, la juventud fiel\"}]},{\"@type\":\"WebSite\",\"@id\":\"https:\\\/\\\/www.cpl.es\\\/#website\",\"url\":\"https:\\\/\\\/www.cpl.es\\\/\",\"name\":\"CPL\",\"description\":\"Centre de Pastoral Lit\u00fargica de Barcelona\",\"publisher\":{\"@id\":\"https:\\\/\\\/www.cpl.es\\\/#organization\"},\"alternateName\":\"Centre de Pastoral Lit\u00fargica\",\"potentialAction\":[{\"@type\":\"SearchAction\",\"target\":{\"@type\":\"EntryPoint\",\"urlTemplate\":\"https:\\\/\\\/www.cpl.es\\\/?s={search_term_string}\"},\"query-input\":{\"@type\":\"PropertyValueSpecification\",\"valueRequired\":true,\"valueName\":\"search_term_string\"}}],\"inLanguage\":\"ca\"},{\"@type\":\"Organization\",\"@id\":\"https:\\\/\\\/www.cpl.es\\\/#organization\",\"name\":\"Centre de Pastoral Lit\u00fargica\",\"alternateName\":\"Centre de Pastoral Lit\u00fargica de Barcelona\",\"url\":\"https:\\\/\\\/www.cpl.es\\\/\",\"logo\":{\"@type\":\"ImageObject\",\"inLanguage\":\"ca\",\"@id\":\"https:\\\/\\\/www.cpl.es\\\/#\\\/schema\\\/logo\\\/image\\\/\",\"url\":\"https:\\\/\\\/www.cpl.es\\\/wp-content\\\/uploads\\\/logo-cpl.svg\",\"contentUrl\":\"https:\\\/\\\/www.cpl.es\\\/wp-content\\\/uploads\\\/logo-cpl.svg\",\"caption\":\"Centre de Pastoral Lit\u00fargica\"},\"image\":{\"@id\":\"https:\\\/\\\/www.cpl.es\\\/#\\\/schema\\\/logo\\\/image\\\/\"}}]}<\/script>\n<!-- \/ Yoast SEO plugin. -->","yoast_head_json":{"title":"Santa Columba, la juventud fiel - CPL","robots":{"index":"index","follow":"follow","max-snippet":"max-snippet:-1","max-image-preview":"max-image-preview:large","max-video-preview":"max-video-preview:-1"},"canonical":"https:\/\/www.cpl.es\/producto\/santa-columba-la-juventud-fiel-9788498056655\/","og_locale":"ca_ES","og_type":"article","og_title":"Santa Columba, la juventud fiel - CPL","og_description":"Rodr\u00edguez M, Ignacio","og_url":"https:\/\/www.cpl.es\/producto\/santa-columba-la-juventud-fiel-9788498056655\/","og_site_name":"CPL","article_modified_time":"2026-02-12T16:19:32+00:00","og_image":[{"width":250,"height":369,"url":"https:\/\/www.cpl.es\/wp-content\/uploads\/112207.jpg","type":"image\/jpeg"}],"twitter_card":"summary_large_image","twitter_misc":{"Temps estimat de lectura":"1 minut"},"schema":{"@context":"https:\/\/schema.org","@graph":[{"@type":"WebPage","@id":"https:\/\/www.cpl.es\/producto\/santa-columba-la-juventud-fiel-9788498056655\/","url":"https:\/\/www.cpl.es\/producto\/santa-columba-la-juventud-fiel-9788498056655\/","name":"Santa Columba, la juventud fiel - CPL","isPartOf":{"@id":"https:\/\/www.cpl.es\/#website"},"primaryImageOfPage":{"@id":"https:\/\/www.cpl.es\/producto\/santa-columba-la-juventud-fiel-9788498056655\/#primaryimage"},"image":{"@id":"https:\/\/www.cpl.es\/producto\/santa-columba-la-juventud-fiel-9788498056655\/#primaryimage"},"thumbnailUrl":"https:\/\/www.cpl.es\/wp-content\/uploads\/112207.jpg","datePublished":"2023-10-03T23:44:59+00:00","dateModified":"2026-02-12T16:19:32+00:00","breadcrumb":{"@id":"https:\/\/www.cpl.es\/producto\/santa-columba-la-juventud-fiel-9788498056655\/#breadcrumb"},"inLanguage":"ca","potentialAction":[{"@type":"ReadAction","target":["https:\/\/www.cpl.es\/producto\/santa-columba-la-juventud-fiel-9788498056655\/"]}]},{"@type":"ImageObject","inLanguage":"ca","@id":"https:\/\/www.cpl.es\/producto\/santa-columba-la-juventud-fiel-9788498056655\/#primaryimage","url":"https:\/\/www.cpl.es\/wp-content\/uploads\/112207.jpg","contentUrl":"https:\/\/www.cpl.es\/wp-content\/uploads\/112207.jpg","width":250,"height":369,"caption":"112207.jpg"},{"@type":"BreadcrumbList","@id":"https:\/\/www.cpl.es\/producto\/santa-columba-la-juventud-fiel-9788498056655\/#breadcrumb","itemListElement":[{"@type":"ListItem","position":1,"name":"Portada","item":"https:\/\/www.cpl.es\/ca\/"},{"@type":"ListItem","position":2,"name":"Cat\u00e0leg","item":"https:\/\/www.cpl.es\/ca\/cataleg\/"},{"@type":"ListItem","position":3,"name":"Santa Columba, la juventud fiel"}]},{"@type":"WebSite","@id":"https:\/\/www.cpl.es\/#website","url":"https:\/\/www.cpl.es\/","name":"CPL","description":"Centre de Pastoral Lit\u00fargica de Barcelona","publisher":{"@id":"https:\/\/www.cpl.es\/#organization"},"alternateName":"Centre de Pastoral Lit\u00fargica","potentialAction":[{"@type":"SearchAction","target":{"@type":"EntryPoint","urlTemplate":"https:\/\/www.cpl.es\/?s={search_term_string}"},"query-input":{"@type":"PropertyValueSpecification","valueRequired":true,"valueName":"search_term_string"}}],"inLanguage":"ca"},{"@type":"Organization","@id":"https:\/\/www.cpl.es\/#organization","name":"Centre de Pastoral Lit\u00fargica","alternateName":"Centre de Pastoral Lit\u00fargica de Barcelona","url":"https:\/\/www.cpl.es\/","logo":{"@type":"ImageObject","inLanguage":"ca","@id":"https:\/\/www.cpl.es\/#\/schema\/logo\/image\/","url":"https:\/\/www.cpl.es\/wp-content\/uploads\/logo-cpl.svg","contentUrl":"https:\/\/www.cpl.es\/wp-content\/uploads\/logo-cpl.svg","caption":"Centre de Pastoral Lit\u00fargica"},"image":{"@id":"https:\/\/www.cpl.es\/#\/schema\/logo\/image\/"}}]}},"_links":{"self":[{"href":"https:\/\/www.cpl.es\/ca\/wp-json\/wp\/v2\/product\/2539","targetHints":{"allow":["GET"]}}],"collection":[{"href":"https:\/\/www.cpl.es\/ca\/wp-json\/wp\/v2\/product"}],"about":[{"href":"https:\/\/www.cpl.es\/ca\/wp-json\/wp\/v2\/types\/product"}],"wp:featuredmedia":[{"embeddable":true,"href":"https:\/\/www.cpl.es\/ca\/wp-json\/wp\/v2\/media\/2540"}],"wp:attachment":[{"href":"https:\/\/www.cpl.es\/ca\/wp-json\/wp\/v2\/media?parent=2539"}],"wp:term":[{"taxonomy":"product_brand","embeddable":true,"href":"https:\/\/www.cpl.es\/ca\/wp-json\/wp\/v2\/product_brand?post=2539"},{"taxonomy":"product_cat","embeddable":true,"href":"https:\/\/www.cpl.es\/ca\/wp-json\/wp\/v2\/product_cat?post=2539"},{"taxonomy":"product_tag","embeddable":true,"href":"https:\/\/www.cpl.es\/ca\/wp-json\/wp\/v2\/product_tag?post=2539"}],"curies":[{"name":"wp","href":"https:\/\/api.w.org\/{rel}","templated":true}]}}

<p>En el siglo III, una chica joven, valiente y decidida, no duda en enfrentarse a los poderes del imperio.</p>
<p>Y la historia empieza así:</p>
<p>&#8216;En el santoral romano hallamos nueve santas llamadas &#8216;Columba' o, también, &#8216;Coloma'. De las cuales, una es de España (santa Columba de Córdoba); tres son de Portugal (santa Columba de Coimbra, santa Columba de Osorio y santa Columba de Évora); tres más son italianas (santa Columba de Osopo, santa Columba de los Abruzos y la beata Columba de Rieti); otra es de la Gran Bretaña y, finalmente, consta la francesa santa Columba de Sens, que es la más famosa. De esta última vamos a hablar aquí'.</p>

<p>Rodríguez M, Ignacio</p>

Rodríguez M, Ignacio

<!-- This site is optimized with the Yoast SEO plugin v27.3 - https://yoast.com/product/yoast-seo-wordpress/ -->
<title>Santa Columba, la juventud fiel - CPL</title>
<meta name="robots" content="index, follow, max-snippet:-1, max-image-preview:large, max-video-preview:-1" />
<link rel="canonical" href="https://www.cpl.es/producto/santa-columba-la-juventud-fiel-9788498056655/" />
<meta property="og:locale" content="ca_ES" />
<meta property="og:type" content="article" />
<meta property="og:title" content="Santa Columba, la juventud fiel - CPL" />
<meta property="og:description" content="Rodríguez M, Ignacio" />
<meta property="og:url" content="https://www.cpl.es/producto/santa-columba-la-juventud-fiel-9788498056655/" />
<meta property="og:site_name" content="CPL" />
<meta property="article:modified_time" content="2026-02-12T16:19:32+00:00" />
<meta property="og:image" content="https://www.cpl.es/wp-content/uploads/112207.jpg" />
	<meta property="og:image:width" content="250" />
	<meta property="og:image:height" content="369" />
	<meta property="og:image:type" content="image/jpeg" />
<meta name="twitter:card" content="summary_large_image" />
<meta name="twitter:label1" content="Temps estimat de lectura" />
	<meta name="twitter:data1" content="1 minut" />
<script type="application/ld+json" class="yoast-schema-graph">{"@context":"https:\/\/schema.org","@graph":[{"@type":"WebPage","@id":"https:\/\/www.cpl.es\/producto\/santa-columba-la-juventud-fiel-9788498056655\/","url":"https:\/\/www.cpl.es\/producto\/santa-columba-la-juventud-fiel-9788498056655\/","name":"Santa Columba, la juventud fiel - CPL","isPartOf":{"@id":"https:\/\/www.cpl.es\/#website"},"primaryImageOfPage":{"@id":"https:\/\/www.cpl.es\/producto\/santa-columba-la-juventud-fiel-9788498056655\/#primaryimage"},"image":{"@id":"https:\/\/www.cpl.es\/producto\/santa-columba-la-juventud-fiel-9788498056655\/#primaryimage"},"thumbnailUrl":"https:\/\/www.cpl.es\/wp-content\/uploads\/112207.jpg","datePublished":"2023-10-03T23:44:59+00:00","dateModified":"2026-02-12T16:19:32+00:00","breadcrumb":{"@id":"https:\/\/www.cpl.es\/producto\/santa-columba-la-juventud-fiel-9788498056655\/#breadcrumb"},"inLanguage":"ca","potentialAction":[{"@type":"ReadAction","target":["https:\/\/www.cpl.es\/producto\/santa-columba-la-juventud-fiel-9788498056655\/"]}]},{"@type":"ImageObject","inLanguage":"ca","@id":"https:\/\/www.cpl.es\/producto\/santa-columba-la-juventud-fiel-9788498056655\/#primaryimage","url":"https:\/\/www.cpl.es\/wp-content\/uploads\/112207.jpg","contentUrl":"https:\/\/www.cpl.es\/wp-content\/uploads\/112207.jpg","width":250,"height":369,"caption":"112207.jpg"},{"@type":"BreadcrumbList","@id":"https:\/\/www.cpl.es\/producto\/santa-columba-la-juventud-fiel-9788498056655\/#breadcrumb","itemListElement":[{"@type":"ListItem","position":1,"name":"Portada","item":"https:\/\/www.cpl.es\/ca\/"},{"@type":"ListItem","position":2,"name":"Catàleg","item":"https:\/\/www.cpl.es\/ca\/cataleg\/"},{"@type":"ListItem","position":3,"name":"Santa Columba, la juventud fiel"}]},{"@type":"WebSite","@id":"https:\/\/www.cpl.es\/#website","url":"https:\/\/www.cpl.es\/","name":"CPL","description":"Centre de Pastoral Litúrgica de Barcelona","publisher":{"@id":"https:\/\/www.cpl.es\/#organization"},"alternateName":"Centre de Pastoral Litúrgica","potentialAction":[{"@type":"SearchAction","target":{"@type":"EntryPoint","urlTemplate":"https:\/\/www.cpl.es\/?s={search_term_string}"},"query-input":{"@type":"PropertyValueSpecification","valueRequired":true,"valueName":"search_term_string"}}],"inLanguage":"ca"},{"@type":"Organization","@id":"https:\/\/www.cpl.es\/#organization","name":"Centre de Pastoral Litúrgica","alternateName":"Centre de Pastoral Litúrgica de Barcelona","url":"https:\/\/www.cpl.es\/","logo":{"@type":"ImageObject","inLanguage":"ca","@id":"https:\/\/www.cpl.es\/#\/schema\/logo\/image\/","url":"https:\/\/www.cpl.es\/wp-content\/uploads\/logo-cpl.svg","contentUrl":"https:\/\/www.cpl.es\/wp-content\/uploads\/logo-cpl.svg","caption":"Centre de Pastoral Litúrgica"},"image":{"@id":"https:\/\/www.cpl.es\/#\/schema\/logo\/image\/"}}]}</script>
<!-- / Yoast SEO plugin. -->

Catàleg

Centre de Pastoral Litúrgica de Barcelona

Centre de Pastoral Litúrgica
