{"id":2374,"date":"2023-10-04T01:39:53","date_gmt":"2023-10-03T23:39:53","guid":{"rendered":"https:\/\/nuevaweb.cpl.es\/producto\/nuestra-senora-de-las-nieves-9788498057355\/"},"modified":"2026-02-12T17:21:04","modified_gmt":"2026-02-12T16:21:04","slug":"nuestra-senora-de-las-nieves-9788498057355","status":"publish","type":"product","link":"https:\/\/www.cpl.es\/ca\/producto\/nuestra-senora-de-las-nieves-9788498057355\/","title":{"rendered":"Nuestra se\u00f1ora de las Nieves"},"content":{"rendered":"<p>Una nevada en Roma en pleno mes de agosto, un signo de la proximidad de Mar\u00eda.<\/p>\n<p>Y la historia empieza as\u00ed:<\/p>\n<p>&#8216;La historia de Nuestra Se\u00f1ora de las Nieves es la historia de una nevada. Una nevada que, de manera milagrosa, cay\u00f3 en pleno mes de agosto en Roma. Y no solo esto: la historia de Nuestra Se\u00f1ora de las Nieves tambi\u00e9n es la historia de un descubrimiento. El descubrimiento del papel excepcional que Mar\u00eda tuvo en la venida al mundo del Hijo de Dios. El descubrimiento de que aquella muchacha de Nazaret es la Madre de Dios.'<\/p>\n","protected":false},"excerpt":{"rendered":"<p>Dresaire Gaudi, Albert<\/p>\n","protected":false},"featured_media":2375,"template":"","meta":{"_acf_changed":false,"inline_featured_image":false},"product_brand":[],"product_cat":[112,133,53,70,154],"product_tag":[],"class_list":{"0":"post-2374","1":"product","2":"type-product","3":"status-publish","4":"has-post-thumbnail","6":"product_cat-santoral","7":"product_cat-santoral-any-liturgic-per-temes","8":"product_cat-santos-y-santas","9":"product_cat-sants-i-santes","10":"product_cat-vida-de-santos","12":"first","13":"instock","14":"taxable","15":"shipping-taxable","16":"purchasable","17":"product-type-simple"},"acf":{"autor":"Dresaire Gaudi, Albert","codart":"112220","ediciones":"1","encuadernacion":"Grapado","fecha_de_publicacion":"17\/10\/2014","novedad":false,"paginas":"28","subtitulo":"","orden":"86","portada":false,"idioma":"spa","editorial":[{"ID":6736,"post_author":"2","post_date":"2023-10-06 08:35:24","post_date_gmt":"2023-10-06 06:35:24","post_content":"","post_title":"CPL","post_excerpt":"","post_status":"publish","comment_status":"closed","ping_status":"closed","post_password":"","post_name":"cpl","to_ping":"","pinged":"","post_modified":"2023-10-06 08:35:24","post_modified_gmt":"2023-10-06 06:35:24","post_content_filtered":"","post_parent":0,"guid":"https:\/\/nuevaweb.cpl.es\/editorial\/cpl\/","menu_order":0,"post_type":"editorial","post_mime_type":"","comment_count":"0","filter":"raw"}],"coleccion_num":"220"},"yoast_head":"<!-- This site is optimized with the Yoast SEO plugin v27.3 - https:\/\/yoast.com\/product\/yoast-seo-wordpress\/ -->\n<title>Nuestra se\u00f1ora de las Nieves - CPL<\/title>\n<meta name=\"robots\" content=\"index, follow, max-snippet:-1, max-image-preview:large, max-video-preview:-1\" \/>\n<link rel=\"canonical\" href=\"https:\/\/www.cpl.es\/producto\/nuestra-senora-de-las-nieves-9788498057355\/\" \/>\n<meta property=\"og:locale\" content=\"ca_ES\" \/>\n<meta property=\"og:type\" content=\"article\" \/>\n<meta property=\"og:title\" content=\"Nuestra se\u00f1ora de las Nieves - CPL\" \/>\n<meta property=\"og:description\" content=\"Dresaire Gaudi, Albert\" \/>\n<meta property=\"og:url\" content=\"https:\/\/www.cpl.es\/producto\/nuestra-senora-de-las-nieves-9788498057355\/\" \/>\n<meta property=\"og:site_name\" content=\"CPL\" \/>\n<meta property=\"article:modified_time\" content=\"2026-02-12T16:21:04+00:00\" \/>\n<meta property=\"og:image\" content=\"https:\/\/www.cpl.es\/wp-content\/uploads\/112220.jpg\" \/>\n\t<meta property=\"og:image:width\" content=\"280\" \/>\n\t<meta property=\"og:image:height\" content=\"414\" \/>\n\t<meta property=\"og:image:type\" content=\"image\/jpeg\" \/>\n<meta name=\"twitter:card\" content=\"summary_large_image\" \/>\n<meta name=\"twitter:label1\" content=\"Temps estimat de lectura\" \/>\n\t<meta name=\"twitter:data1\" content=\"1 minut\" \/>\n<script type=\"application\/ld+json\" class=\"yoast-schema-graph\">{\"@context\":\"https:\\\/\\\/schema.org\",\"@graph\":[{\"@type\":\"WebPage\",\"@id\":\"https:\\\/\\\/www.cpl.es\\\/producto\\\/nuestra-senora-de-las-nieves-9788498057355\\\/\",\"url\":\"https:\\\/\\\/www.cpl.es\\\/producto\\\/nuestra-senora-de-las-nieves-9788498057355\\\/\",\"name\":\"Nuestra se\u00f1ora de las Nieves - CPL\",\"isPartOf\":{\"@id\":\"https:\\\/\\\/www.cpl.es\\\/#website\"},\"primaryImageOfPage\":{\"@id\":\"https:\\\/\\\/www.cpl.es\\\/producto\\\/nuestra-senora-de-las-nieves-9788498057355\\\/#primaryimage\"},\"image\":{\"@id\":\"https:\\\/\\\/www.cpl.es\\\/producto\\\/nuestra-senora-de-las-nieves-9788498057355\\\/#primaryimage\"},\"thumbnailUrl\":\"https:\\\/\\\/www.cpl.es\\\/wp-content\\\/uploads\\\/112220.jpg\",\"datePublished\":\"2023-10-03T23:39:53+00:00\",\"dateModified\":\"2026-02-12T16:21:04+00:00\",\"breadcrumb\":{\"@id\":\"https:\\\/\\\/www.cpl.es\\\/producto\\\/nuestra-senora-de-las-nieves-9788498057355\\\/#breadcrumb\"},\"inLanguage\":\"ca\",\"potentialAction\":[{\"@type\":\"ReadAction\",\"target\":[\"https:\\\/\\\/www.cpl.es\\\/producto\\\/nuestra-senora-de-las-nieves-9788498057355\\\/\"]}]},{\"@type\":\"ImageObject\",\"inLanguage\":\"ca\",\"@id\":\"https:\\\/\\\/www.cpl.es\\\/producto\\\/nuestra-senora-de-las-nieves-9788498057355\\\/#primaryimage\",\"url\":\"https:\\\/\\\/www.cpl.es\\\/wp-content\\\/uploads\\\/112220.jpg\",\"contentUrl\":\"https:\\\/\\\/www.cpl.es\\\/wp-content\\\/uploads\\\/112220.jpg\",\"width\":280,\"height\":414,\"caption\":\"112220.jpg\"},{\"@type\":\"BreadcrumbList\",\"@id\":\"https:\\\/\\\/www.cpl.es\\\/producto\\\/nuestra-senora-de-las-nieves-9788498057355\\\/#breadcrumb\",\"itemListElement\":[{\"@type\":\"ListItem\",\"position\":1,\"name\":\"Portada\",\"item\":\"https:\\\/\\\/www.cpl.es\\\/ca\\\/\"},{\"@type\":\"ListItem\",\"position\":2,\"name\":\"Cat\u00e0leg\",\"item\":\"https:\\\/\\\/www.cpl.es\\\/ca\\\/cataleg\\\/\"},{\"@type\":\"ListItem\",\"position\":3,\"name\":\"Nuestra se\u00f1ora de las Nieves\"}]},{\"@type\":\"WebSite\",\"@id\":\"https:\\\/\\\/www.cpl.es\\\/#website\",\"url\":\"https:\\\/\\\/www.cpl.es\\\/\",\"name\":\"CPL\",\"description\":\"Centre de Pastoral Lit\u00fargica de Barcelona\",\"publisher\":{\"@id\":\"https:\\\/\\\/www.cpl.es\\\/#organization\"},\"alternateName\":\"Centre de Pastoral Lit\u00fargica\",\"potentialAction\":[{\"@type\":\"SearchAction\",\"target\":{\"@type\":\"EntryPoint\",\"urlTemplate\":\"https:\\\/\\\/www.cpl.es\\\/?s={search_term_string}\"},\"query-input\":{\"@type\":\"PropertyValueSpecification\",\"valueRequired\":true,\"valueName\":\"search_term_string\"}}],\"inLanguage\":\"ca\"},{\"@type\":\"Organization\",\"@id\":\"https:\\\/\\\/www.cpl.es\\\/#organization\",\"name\":\"Centre de Pastoral Lit\u00fargica\",\"alternateName\":\"Centre de Pastoral Lit\u00fargica de Barcelona\",\"url\":\"https:\\\/\\\/www.cpl.es\\\/\",\"logo\":{\"@type\":\"ImageObject\",\"inLanguage\":\"ca\",\"@id\":\"https:\\\/\\\/www.cpl.es\\\/#\\\/schema\\\/logo\\\/image\\\/\",\"url\":\"https:\\\/\\\/www.cpl.es\\\/wp-content\\\/uploads\\\/logo-cpl.svg\",\"contentUrl\":\"https:\\\/\\\/www.cpl.es\\\/wp-content\\\/uploads\\\/logo-cpl.svg\",\"caption\":\"Centre de Pastoral Lit\u00fargica\"},\"image\":{\"@id\":\"https:\\\/\\\/www.cpl.es\\\/#\\\/schema\\\/logo\\\/image\\\/\"}}]}<\/script>\n<!-- \/ Yoast SEO plugin. -->","yoast_head_json":{"title":"Nuestra se\u00f1ora de las Nieves - CPL","robots":{"index":"index","follow":"follow","max-snippet":"max-snippet:-1","max-image-preview":"max-image-preview:large","max-video-preview":"max-video-preview:-1"},"canonical":"https:\/\/www.cpl.es\/producto\/nuestra-senora-de-las-nieves-9788498057355\/","og_locale":"ca_ES","og_type":"article","og_title":"Nuestra se\u00f1ora de las Nieves - CPL","og_description":"Dresaire Gaudi, Albert","og_url":"https:\/\/www.cpl.es\/producto\/nuestra-senora-de-las-nieves-9788498057355\/","og_site_name":"CPL","article_modified_time":"2026-02-12T16:21:04+00:00","og_image":[{"width":280,"height":414,"url":"https:\/\/www.cpl.es\/wp-content\/uploads\/112220.jpg","type":"image\/jpeg"}],"twitter_card":"summary_large_image","twitter_misc":{"Temps estimat de lectura":"1 minut"},"schema":{"@context":"https:\/\/schema.org","@graph":[{"@type":"WebPage","@id":"https:\/\/www.cpl.es\/producto\/nuestra-senora-de-las-nieves-9788498057355\/","url":"https:\/\/www.cpl.es\/producto\/nuestra-senora-de-las-nieves-9788498057355\/","name":"Nuestra se\u00f1ora de las Nieves - CPL","isPartOf":{"@id":"https:\/\/www.cpl.es\/#website"},"primaryImageOfPage":{"@id":"https:\/\/www.cpl.es\/producto\/nuestra-senora-de-las-nieves-9788498057355\/#primaryimage"},"image":{"@id":"https:\/\/www.cpl.es\/producto\/nuestra-senora-de-las-nieves-9788498057355\/#primaryimage"},"thumbnailUrl":"https:\/\/www.cpl.es\/wp-content\/uploads\/112220.jpg","datePublished":"2023-10-03T23:39:53+00:00","dateModified":"2026-02-12T16:21:04+00:00","breadcrumb":{"@id":"https:\/\/www.cpl.es\/producto\/nuestra-senora-de-las-nieves-9788498057355\/#breadcrumb"},"inLanguage":"ca","potentialAction":[{"@type":"ReadAction","target":["https:\/\/www.cpl.es\/producto\/nuestra-senora-de-las-nieves-9788498057355\/"]}]},{"@type":"ImageObject","inLanguage":"ca","@id":"https:\/\/www.cpl.es\/producto\/nuestra-senora-de-las-nieves-9788498057355\/#primaryimage","url":"https:\/\/www.cpl.es\/wp-content\/uploads\/112220.jpg","contentUrl":"https:\/\/www.cpl.es\/wp-content\/uploads\/112220.jpg","width":280,"height":414,"caption":"112220.jpg"},{"@type":"BreadcrumbList","@id":"https:\/\/www.cpl.es\/producto\/nuestra-senora-de-las-nieves-9788498057355\/#breadcrumb","itemListElement":[{"@type":"ListItem","position":1,"name":"Portada","item":"https:\/\/www.cpl.es\/ca\/"},{"@type":"ListItem","position":2,"name":"Cat\u00e0leg","item":"https:\/\/www.cpl.es\/ca\/cataleg\/"},{"@type":"ListItem","position":3,"name":"Nuestra se\u00f1ora de las Nieves"}]},{"@type":"WebSite","@id":"https:\/\/www.cpl.es\/#website","url":"https:\/\/www.cpl.es\/","name":"CPL","description":"Centre de Pastoral Lit\u00fargica de Barcelona","publisher":{"@id":"https:\/\/www.cpl.es\/#organization"},"alternateName":"Centre de Pastoral Lit\u00fargica","potentialAction":[{"@type":"SearchAction","target":{"@type":"EntryPoint","urlTemplate":"https:\/\/www.cpl.es\/?s={search_term_string}"},"query-input":{"@type":"PropertyValueSpecification","valueRequired":true,"valueName":"search_term_string"}}],"inLanguage":"ca"},{"@type":"Organization","@id":"https:\/\/www.cpl.es\/#organization","name":"Centre de Pastoral Lit\u00fargica","alternateName":"Centre de Pastoral Lit\u00fargica de Barcelona","url":"https:\/\/www.cpl.es\/","logo":{"@type":"ImageObject","inLanguage":"ca","@id":"https:\/\/www.cpl.es\/#\/schema\/logo\/image\/","url":"https:\/\/www.cpl.es\/wp-content\/uploads\/logo-cpl.svg","contentUrl":"https:\/\/www.cpl.es\/wp-content\/uploads\/logo-cpl.svg","caption":"Centre de Pastoral Lit\u00fargica"},"image":{"@id":"https:\/\/www.cpl.es\/#\/schema\/logo\/image\/"}}]}},"_links":{"self":[{"href":"https:\/\/www.cpl.es\/ca\/wp-json\/wp\/v2\/product\/2374","targetHints":{"allow":["GET"]}}],"collection":[{"href":"https:\/\/www.cpl.es\/ca\/wp-json\/wp\/v2\/product"}],"about":[{"href":"https:\/\/www.cpl.es\/ca\/wp-json\/wp\/v2\/types\/product"}],"wp:featuredmedia":[{"embeddable":true,"href":"https:\/\/www.cpl.es\/ca\/wp-json\/wp\/v2\/media\/2375"}],"wp:attachment":[{"href":"https:\/\/www.cpl.es\/ca\/wp-json\/wp\/v2\/media?parent=2374"}],"wp:term":[{"taxonomy":"product_brand","embeddable":true,"href":"https:\/\/www.cpl.es\/ca\/wp-json\/wp\/v2\/product_brand?post=2374"},{"taxonomy":"product_cat","embeddable":true,"href":"https:\/\/www.cpl.es\/ca\/wp-json\/wp\/v2\/product_cat?post=2374"},{"taxonomy":"product_tag","embeddable":true,"href":"https:\/\/www.cpl.es\/ca\/wp-json\/wp\/v2\/product_tag?post=2374"}],"curies":[{"name":"wp","href":"https:\/\/api.w.org\/{rel}","templated":true}]}}

Nuestra señora de las Nieves

<p>Una nevada en Roma en pleno mes de agosto, un signo de la proximidad de María.</p>
<p>Y la historia empieza así:</p>
<p>&#8216;La historia de Nuestra Señora de las Nieves es la historia de una nevada. Una nevada que, de manera milagrosa, cayó en pleno mes de agosto en Roma. Y no solo esto: la historia de Nuestra Señora de las Nieves también es la historia de un descubrimiento. El descubrimiento del papel excepcional que María tuvo en la venida al mundo del Hijo de Dios. El descubrimiento de que aquella muchacha de Nazaret es la Madre de Dios.'</p>

<!-- This site is optimized with the Yoast SEO plugin v27.3 - https://yoast.com/product/yoast-seo-wordpress/ -->
<title>Nuestra señora de las Nieves - CPL</title>
<meta name="robots" content="index, follow, max-snippet:-1, max-image-preview:large, max-video-preview:-1" />
<link rel="canonical" href="https://www.cpl.es/producto/nuestra-senora-de-las-nieves-9788498057355/" />
<meta property="og:locale" content="ca_ES" />
<meta property="og:type" content="article" />
<meta property="og:title" content="Nuestra señora de las Nieves - CPL" />
<meta property="og:description" content="Dresaire Gaudi, Albert" />
<meta property="og:url" content="https://www.cpl.es/producto/nuestra-senora-de-las-nieves-9788498057355/" />
<meta property="og:site_name" content="CPL" />
<meta property="article:modified_time" content="2026-02-12T16:21:04+00:00" />
<meta property="og:image" content="https://www.cpl.es/wp-content/uploads/112220.jpg" />
	<meta property="og:image:width" content="280" />
	<meta property="og:image:height" content="414" />
	<meta property="og:image:type" content="image/jpeg" />
<meta name="twitter:card" content="summary_large_image" />
<meta name="twitter:label1" content="Temps estimat de lectura" />
	<meta name="twitter:data1" content="1 minut" />
<script type="application/ld+json" class="yoast-schema-graph">{"@context":"https:\/\/schema.org","@graph":[{"@type":"WebPage","@id":"https:\/\/www.cpl.es\/producto\/nuestra-senora-de-las-nieves-9788498057355\/","url":"https:\/\/www.cpl.es\/producto\/nuestra-senora-de-las-nieves-9788498057355\/","name":"Nuestra señora de las Nieves - CPL","isPartOf":{"@id":"https:\/\/www.cpl.es\/#website"},"primaryImageOfPage":{"@id":"https:\/\/www.cpl.es\/producto\/nuestra-senora-de-las-nieves-9788498057355\/#primaryimage"},"image":{"@id":"https:\/\/www.cpl.es\/producto\/nuestra-senora-de-las-nieves-9788498057355\/#primaryimage"},"thumbnailUrl":"https:\/\/www.cpl.es\/wp-content\/uploads\/112220.jpg","datePublished":"2023-10-03T23:39:53+00:00","dateModified":"2026-02-12T16:21:04+00:00","breadcrumb":{"@id":"https:\/\/www.cpl.es\/producto\/nuestra-senora-de-las-nieves-9788498057355\/#breadcrumb"},"inLanguage":"ca","potentialAction":[{"@type":"ReadAction","target":["https:\/\/www.cpl.es\/producto\/nuestra-senora-de-las-nieves-9788498057355\/"]}]},{"@type":"ImageObject","inLanguage":"ca","@id":"https:\/\/www.cpl.es\/producto\/nuestra-senora-de-las-nieves-9788498057355\/#primaryimage","url":"https:\/\/www.cpl.es\/wp-content\/uploads\/112220.jpg","contentUrl":"https:\/\/www.cpl.es\/wp-content\/uploads\/112220.jpg","width":280,"height":414,"caption":"112220.jpg"},{"@type":"BreadcrumbList","@id":"https:\/\/www.cpl.es\/producto\/nuestra-senora-de-las-nieves-9788498057355\/#breadcrumb","itemListElement":[{"@type":"ListItem","position":1,"name":"Portada","item":"https:\/\/www.cpl.es\/ca\/"},{"@type":"ListItem","position":2,"name":"Catàleg","item":"https:\/\/www.cpl.es\/ca\/cataleg\/"},{"@type":"ListItem","position":3,"name":"Nuestra señora de las Nieves"}]},{"@type":"WebSite","@id":"https:\/\/www.cpl.es\/#website","url":"https:\/\/www.cpl.es\/","name":"CPL","description":"Centre de Pastoral Litúrgica de Barcelona","publisher":{"@id":"https:\/\/www.cpl.es\/#organization"},"alternateName":"Centre de Pastoral Litúrgica","potentialAction":[{"@type":"SearchAction","target":{"@type":"EntryPoint","urlTemplate":"https:\/\/www.cpl.es\/?s={search_term_string}"},"query-input":{"@type":"PropertyValueSpecification","valueRequired":true,"valueName":"search_term_string"}}],"inLanguage":"ca"},{"@type":"Organization","@id":"https:\/\/www.cpl.es\/#organization","name":"Centre de Pastoral Litúrgica","alternateName":"Centre de Pastoral Litúrgica de Barcelona","url":"https:\/\/www.cpl.es\/","logo":{"@type":"ImageObject","inLanguage":"ca","@id":"https:\/\/www.cpl.es\/#\/schema\/logo\/image\/","url":"https:\/\/www.cpl.es\/wp-content\/uploads\/logo-cpl.svg","contentUrl":"https:\/\/www.cpl.es\/wp-content\/uploads\/logo-cpl.svg","caption":"Centre de Pastoral Litúrgica"},"image":{"@id":"https:\/\/www.cpl.es\/#\/schema\/logo\/image\/"}}]}</script>
<!-- / Yoast SEO plugin. -->

Nuestra señora de las Nieves - CPL

Catàleg

Centre de Pastoral Litúrgica de Barcelona

Centre de Pastoral Litúrgica
