{"id":2289,"date":"2023-10-04T01:37:19","date_gmt":"2023-10-03T23:37:19","guid":{"rendered":"https:\/\/nuevaweb.cpl.es\/producto\/cantoral-de-missa-dominical-lletra-9788498057805\/"},"modified":"2025-06-04T15:33:03","modified_gmt":"2025-06-04T13:33:03","slug":"cantoral-de-missa-dominical-lletra-9788498057805","status":"publish","type":"product","link":"https:\/\/www.cpl.es\/ca\/producto\/cantoral-de-missa-dominical-lletra-9788498057805\/","title":{"rendered":"Cantoral de Missa Dominical (lletra)"},"content":{"rendered":"<p>Lletra, edici\u00f3 en catal\u00e0. Edici\u00f3 manual amb la lletra de 400 cants (vegeu el volum anterior). Amb l'ordinari de la missa  en catal\u00e0, castell\u00e0 i llat\u00ed. Format 11&#215;15, enquadernaci\u00f3 r\u00fastica<\/p>\n","protected":false},"excerpt":{"rendered":"<p>vv.aa.<\/p>\n","protected":false},"featured_media":2290,"template":"","meta":{"_acf_changed":false,"inline_featured_image":false},"product_brand":[],"product_cat":[147,125,68],"product_tag":[],"class_list":{"0":"post-2289","1":"product","2":"type-product","3":"status-publish","4":"has-post-thumbnail","6":"product_cat-musica-i-celebracio","7":"product_cat-musica-y-celebracion","8":"product_cat-publicacions-musicals","10":"first","11":"instock","12":"taxable","13":"shipping-taxable","14":"purchasable","15":"product-type-simple"},"acf":{"autor":"vv.aa.","codart":"203002","ediciones":"28","encuadernacion":"R\u00fastica","fecha_de_publicacion":"31\/05\/2022","novedad":false,"paginas":"352","subtitulo":"","orden":"999","portada":false,"idioma":"cat","editorial":[{"ID":6736,"post_author":"2","post_date":"2023-10-06 08:35:24","post_date_gmt":"2023-10-06 06:35:24","post_content":"","post_title":"CPL","post_excerpt":"","post_status":"publish","comment_status":"closed","ping_status":"closed","post_password":"","post_name":"cpl","to_ping":"","pinged":"","post_modified":"2023-10-06 08:35:24","post_modified_gmt":"2023-10-06 06:35:24","post_content_filtered":"","post_parent":0,"guid":"https:\/\/nuevaweb.cpl.es\/editorial\/cpl\/","menu_order":0,"post_type":"editorial","post_mime_type":"","comment_count":"0","filter":"raw"}],"coleccion_num":"0"},"yoast_head":"<!-- This site is optimized with the Yoast SEO plugin v27.3 - https:\/\/yoast.com\/product\/yoast-seo-wordpress\/ -->\n<title>Cantoral de Missa Dominical (lletra) - CPL<\/title>\n<meta name=\"robots\" content=\"index, follow, max-snippet:-1, max-image-preview:large, max-video-preview:-1\" \/>\n<link rel=\"canonical\" href=\"https:\/\/www.cpl.es\/producto\/cantoral-de-missa-dominical-lletra-9788498057805\/\" \/>\n<meta property=\"og:locale\" content=\"ca_ES\" \/>\n<meta property=\"og:type\" content=\"article\" \/>\n<meta property=\"og:title\" content=\"Cantoral de Missa Dominical (lletra) - CPL\" \/>\n<meta property=\"og:description\" content=\"vv.aa.\" \/>\n<meta property=\"og:url\" content=\"https:\/\/www.cpl.es\/producto\/cantoral-de-missa-dominical-lletra-9788498057805\/\" \/>\n<meta property=\"og:site_name\" content=\"CPL\" \/>\n<meta property=\"article:modified_time\" content=\"2025-06-04T13:33:03+00:00\" \/>\n<meta property=\"og:image\" content=\"https:\/\/www.cpl.es\/wp-content\/uploads\/203002.jpg\" \/>\n\t<meta property=\"og:image:width\" content=\"280\" \/>\n\t<meta property=\"og:image:height\" content=\"404\" \/>\n\t<meta property=\"og:image:type\" content=\"image\/jpeg\" \/>\n<meta name=\"twitter:card\" content=\"summary_large_image\" \/>\n<script type=\"application\/ld+json\" class=\"yoast-schema-graph\">{\"@context\":\"https:\\\/\\\/schema.org\",\"@graph\":[{\"@type\":\"WebPage\",\"@id\":\"https:\\\/\\\/www.cpl.es\\\/producto\\\/cantoral-de-missa-dominical-lletra-9788498057805\\\/\",\"url\":\"https:\\\/\\\/www.cpl.es\\\/producto\\\/cantoral-de-missa-dominical-lletra-9788498057805\\\/\",\"name\":\"Cantoral de Missa Dominical (lletra) - CPL\",\"isPartOf\":{\"@id\":\"https:\\\/\\\/www.cpl.es\\\/#website\"},\"primaryImageOfPage\":{\"@id\":\"https:\\\/\\\/www.cpl.es\\\/producto\\\/cantoral-de-missa-dominical-lletra-9788498057805\\\/#primaryimage\"},\"image\":{\"@id\":\"https:\\\/\\\/www.cpl.es\\\/producto\\\/cantoral-de-missa-dominical-lletra-9788498057805\\\/#primaryimage\"},\"thumbnailUrl\":\"https:\\\/\\\/www.cpl.es\\\/wp-content\\\/uploads\\\/203002.jpg\",\"datePublished\":\"2023-10-03T23:37:19+00:00\",\"dateModified\":\"2025-06-04T13:33:03+00:00\",\"breadcrumb\":{\"@id\":\"https:\\\/\\\/www.cpl.es\\\/producto\\\/cantoral-de-missa-dominical-lletra-9788498057805\\\/#breadcrumb\"},\"inLanguage\":\"ca\",\"potentialAction\":[{\"@type\":\"ReadAction\",\"target\":[\"https:\\\/\\\/www.cpl.es\\\/producto\\\/cantoral-de-missa-dominical-lletra-9788498057805\\\/\"]}]},{\"@type\":\"ImageObject\",\"inLanguage\":\"ca\",\"@id\":\"https:\\\/\\\/www.cpl.es\\\/producto\\\/cantoral-de-missa-dominical-lletra-9788498057805\\\/#primaryimage\",\"url\":\"https:\\\/\\\/www.cpl.es\\\/wp-content\\\/uploads\\\/203002.jpg\",\"contentUrl\":\"https:\\\/\\\/www.cpl.es\\\/wp-content\\\/uploads\\\/203002.jpg\",\"width\":280,\"height\":404,\"caption\":\"203002.jpg\"},{\"@type\":\"BreadcrumbList\",\"@id\":\"https:\\\/\\\/www.cpl.es\\\/producto\\\/cantoral-de-missa-dominical-lletra-9788498057805\\\/#breadcrumb\",\"itemListElement\":[{\"@type\":\"ListItem\",\"position\":1,\"name\":\"Portada\",\"item\":\"https:\\\/\\\/www.cpl.es\\\/ca\\\/\"},{\"@type\":\"ListItem\",\"position\":2,\"name\":\"Cat\u00e0leg\",\"item\":\"https:\\\/\\\/www.cpl.es\\\/ca\\\/cataleg\\\/\"},{\"@type\":\"ListItem\",\"position\":3,\"name\":\"Cantoral de Missa Dominical (lletra)\"}]},{\"@type\":\"WebSite\",\"@id\":\"https:\\\/\\\/www.cpl.es\\\/#website\",\"url\":\"https:\\\/\\\/www.cpl.es\\\/\",\"name\":\"CPL\",\"description\":\"Centre de Pastoral Lit\u00fargica de Barcelona\",\"publisher\":{\"@id\":\"https:\\\/\\\/www.cpl.es\\\/#organization\"},\"alternateName\":\"Centre de Pastoral Lit\u00fargica\",\"potentialAction\":[{\"@type\":\"SearchAction\",\"target\":{\"@type\":\"EntryPoint\",\"urlTemplate\":\"https:\\\/\\\/www.cpl.es\\\/?s={search_term_string}\"},\"query-input\":{\"@type\":\"PropertyValueSpecification\",\"valueRequired\":true,\"valueName\":\"search_term_string\"}}],\"inLanguage\":\"ca\"},{\"@type\":\"Organization\",\"@id\":\"https:\\\/\\\/www.cpl.es\\\/#organization\",\"name\":\"Centre de Pastoral Lit\u00fargica\",\"alternateName\":\"Centre de Pastoral Lit\u00fargica de Barcelona\",\"url\":\"https:\\\/\\\/www.cpl.es\\\/\",\"logo\":{\"@type\":\"ImageObject\",\"inLanguage\":\"ca\",\"@id\":\"https:\\\/\\\/www.cpl.es\\\/#\\\/schema\\\/logo\\\/image\\\/\",\"url\":\"https:\\\/\\\/www.cpl.es\\\/wp-content\\\/uploads\\\/logo-cpl.svg\",\"contentUrl\":\"https:\\\/\\\/www.cpl.es\\\/wp-content\\\/uploads\\\/logo-cpl.svg\",\"caption\":\"Centre de Pastoral Lit\u00fargica\"},\"image\":{\"@id\":\"https:\\\/\\\/www.cpl.es\\\/#\\\/schema\\\/logo\\\/image\\\/\"}}]}<\/script>\n<!-- \/ Yoast SEO plugin. -->","yoast_head_json":{"title":"Cantoral de Missa Dominical (lletra) - CPL","robots":{"index":"index","follow":"follow","max-snippet":"max-snippet:-1","max-image-preview":"max-image-preview:large","max-video-preview":"max-video-preview:-1"},"canonical":"https:\/\/www.cpl.es\/producto\/cantoral-de-missa-dominical-lletra-9788498057805\/","og_locale":"ca_ES","og_type":"article","og_title":"Cantoral de Missa Dominical (lletra) - CPL","og_description":"vv.aa.","og_url":"https:\/\/www.cpl.es\/producto\/cantoral-de-missa-dominical-lletra-9788498057805\/","og_site_name":"CPL","article_modified_time":"2025-06-04T13:33:03+00:00","og_image":[{"width":280,"height":404,"url":"https:\/\/www.cpl.es\/wp-content\/uploads\/203002.jpg","type":"image\/jpeg"}],"twitter_card":"summary_large_image","schema":{"@context":"https:\/\/schema.org","@graph":[{"@type":"WebPage","@id":"https:\/\/www.cpl.es\/producto\/cantoral-de-missa-dominical-lletra-9788498057805\/","url":"https:\/\/www.cpl.es\/producto\/cantoral-de-missa-dominical-lletra-9788498057805\/","name":"Cantoral de Missa Dominical (lletra) - CPL","isPartOf":{"@id":"https:\/\/www.cpl.es\/#website"},"primaryImageOfPage":{"@id":"https:\/\/www.cpl.es\/producto\/cantoral-de-missa-dominical-lletra-9788498057805\/#primaryimage"},"image":{"@id":"https:\/\/www.cpl.es\/producto\/cantoral-de-missa-dominical-lletra-9788498057805\/#primaryimage"},"thumbnailUrl":"https:\/\/www.cpl.es\/wp-content\/uploads\/203002.jpg","datePublished":"2023-10-03T23:37:19+00:00","dateModified":"2025-06-04T13:33:03+00:00","breadcrumb":{"@id":"https:\/\/www.cpl.es\/producto\/cantoral-de-missa-dominical-lletra-9788498057805\/#breadcrumb"},"inLanguage":"ca","potentialAction":[{"@type":"ReadAction","target":["https:\/\/www.cpl.es\/producto\/cantoral-de-missa-dominical-lletra-9788498057805\/"]}]},{"@type":"ImageObject","inLanguage":"ca","@id":"https:\/\/www.cpl.es\/producto\/cantoral-de-missa-dominical-lletra-9788498057805\/#primaryimage","url":"https:\/\/www.cpl.es\/wp-content\/uploads\/203002.jpg","contentUrl":"https:\/\/www.cpl.es\/wp-content\/uploads\/203002.jpg","width":280,"height":404,"caption":"203002.jpg"},{"@type":"BreadcrumbList","@id":"https:\/\/www.cpl.es\/producto\/cantoral-de-missa-dominical-lletra-9788498057805\/#breadcrumb","itemListElement":[{"@type":"ListItem","position":1,"name":"Portada","item":"https:\/\/www.cpl.es\/ca\/"},{"@type":"ListItem","position":2,"name":"Cat\u00e0leg","item":"https:\/\/www.cpl.es\/ca\/cataleg\/"},{"@type":"ListItem","position":3,"name":"Cantoral de Missa Dominical (lletra)"}]},{"@type":"WebSite","@id":"https:\/\/www.cpl.es\/#website","url":"https:\/\/www.cpl.es\/","name":"CPL","description":"Centre de Pastoral Lit\u00fargica de Barcelona","publisher":{"@id":"https:\/\/www.cpl.es\/#organization"},"alternateName":"Centre de Pastoral Lit\u00fargica","potentialAction":[{"@type":"SearchAction","target":{"@type":"EntryPoint","urlTemplate":"https:\/\/www.cpl.es\/?s={search_term_string}"},"query-input":{"@type":"PropertyValueSpecification","valueRequired":true,"valueName":"search_term_string"}}],"inLanguage":"ca"},{"@type":"Organization","@id":"https:\/\/www.cpl.es\/#organization","name":"Centre de Pastoral Lit\u00fargica","alternateName":"Centre de Pastoral Lit\u00fargica de Barcelona","url":"https:\/\/www.cpl.es\/","logo":{"@type":"ImageObject","inLanguage":"ca","@id":"https:\/\/www.cpl.es\/#\/schema\/logo\/image\/","url":"https:\/\/www.cpl.es\/wp-content\/uploads\/logo-cpl.svg","contentUrl":"https:\/\/www.cpl.es\/wp-content\/uploads\/logo-cpl.svg","caption":"Centre de Pastoral Lit\u00fargica"},"image":{"@id":"https:\/\/www.cpl.es\/#\/schema\/logo\/image\/"}}]}},"_links":{"self":[{"href":"https:\/\/www.cpl.es\/ca\/wp-json\/wp\/v2\/product\/2289","targetHints":{"allow":["GET"]}}],"collection":[{"href":"https:\/\/www.cpl.es\/ca\/wp-json\/wp\/v2\/product"}],"about":[{"href":"https:\/\/www.cpl.es\/ca\/wp-json\/wp\/v2\/types\/product"}],"wp:featuredmedia":[{"embeddable":true,"href":"https:\/\/www.cpl.es\/ca\/wp-json\/wp\/v2\/media\/2290"}],"wp:attachment":[{"href":"https:\/\/www.cpl.es\/ca\/wp-json\/wp\/v2\/media?parent=2289"}],"wp:term":[{"taxonomy":"product_brand","embeddable":true,"href":"https:\/\/www.cpl.es\/ca\/wp-json\/wp\/v2\/product_brand?post=2289"},{"taxonomy":"product_cat","embeddable":true,"href":"https:\/\/www.cpl.es\/ca\/wp-json\/wp\/v2\/product_cat?post=2289"},{"taxonomy":"product_tag","embeddable":true,"href":"https:\/\/www.cpl.es\/ca\/wp-json\/wp\/v2\/product_tag?post=2289"}],"curies":[{"name":"wp","href":"https:\/\/api.w.org\/{rel}","templated":true}]}}

<p>Lletra, edició en català. Edició manual amb la lletra de 400 cants (vegeu el volum anterior). Amb l'ordinari de la missa  en català, castellà i llatí. Format 11&#215;15, enquadernació rústica</p>

Rústica

<!-- This site is optimized with the Yoast SEO plugin v27.3 - https://yoast.com/product/yoast-seo-wordpress/ -->
<title>Cantoral de Missa Dominical (lletra) - CPL</title>
<meta name="robots" content="index, follow, max-snippet:-1, max-image-preview:large, max-video-preview:-1" />
<link rel="canonical" href="https://www.cpl.es/producto/cantoral-de-missa-dominical-lletra-9788498057805/" />
<meta property="og:locale" content="ca_ES" />
<meta property="og:type" content="article" />
<meta property="og:title" content="Cantoral de Missa Dominical (lletra) - CPL" />
<meta property="og:description" content="vv.aa." />
<meta property="og:url" content="https://www.cpl.es/producto/cantoral-de-missa-dominical-lletra-9788498057805/" />
<meta property="og:site_name" content="CPL" />
<meta property="article:modified_time" content="2025-06-04T13:33:03+00:00" />
<meta property="og:image" content="https://www.cpl.es/wp-content/uploads/203002.jpg" />
	<meta property="og:image:width" content="280" />
	<meta property="og:image:height" content="404" />
	<meta property="og:image:type" content="image/jpeg" />
<meta name="twitter:card" content="summary_large_image" />
<script type="application/ld+json" class="yoast-schema-graph">{"@context":"https:\/\/schema.org","@graph":[{"@type":"WebPage","@id":"https:\/\/www.cpl.es\/producto\/cantoral-de-missa-dominical-lletra-9788498057805\/","url":"https:\/\/www.cpl.es\/producto\/cantoral-de-missa-dominical-lletra-9788498057805\/","name":"Cantoral de Missa Dominical (lletra) - CPL","isPartOf":{"@id":"https:\/\/www.cpl.es\/#website"},"primaryImageOfPage":{"@id":"https:\/\/www.cpl.es\/producto\/cantoral-de-missa-dominical-lletra-9788498057805\/#primaryimage"},"image":{"@id":"https:\/\/www.cpl.es\/producto\/cantoral-de-missa-dominical-lletra-9788498057805\/#primaryimage"},"thumbnailUrl":"https:\/\/www.cpl.es\/wp-content\/uploads\/203002.jpg","datePublished":"2023-10-03T23:37:19+00:00","dateModified":"2025-06-04T13:33:03+00:00","breadcrumb":{"@id":"https:\/\/www.cpl.es\/producto\/cantoral-de-missa-dominical-lletra-9788498057805\/#breadcrumb"},"inLanguage":"ca","potentialAction":[{"@type":"ReadAction","target":["https:\/\/www.cpl.es\/producto\/cantoral-de-missa-dominical-lletra-9788498057805\/"]}]},{"@type":"ImageObject","inLanguage":"ca","@id":"https:\/\/www.cpl.es\/producto\/cantoral-de-missa-dominical-lletra-9788498057805\/#primaryimage","url":"https:\/\/www.cpl.es\/wp-content\/uploads\/203002.jpg","contentUrl":"https:\/\/www.cpl.es\/wp-content\/uploads\/203002.jpg","width":280,"height":404,"caption":"203002.jpg"},{"@type":"BreadcrumbList","@id":"https:\/\/www.cpl.es\/producto\/cantoral-de-missa-dominical-lletra-9788498057805\/#breadcrumb","itemListElement":[{"@type":"ListItem","position":1,"name":"Portada","item":"https:\/\/www.cpl.es\/ca\/"},{"@type":"ListItem","position":2,"name":"Catàleg","item":"https:\/\/www.cpl.es\/ca\/cataleg\/"},{"@type":"ListItem","position":3,"name":"Cantoral de Missa Dominical (lletra)"}]},{"@type":"WebSite","@id":"https:\/\/www.cpl.es\/#website","url":"https:\/\/www.cpl.es\/","name":"CPL","description":"Centre de Pastoral Litúrgica de Barcelona","publisher":{"@id":"https:\/\/www.cpl.es\/#organization"},"alternateName":"Centre de Pastoral Litúrgica","potentialAction":[{"@type":"SearchAction","target":{"@type":"EntryPoint","urlTemplate":"https:\/\/www.cpl.es\/?s={search_term_string}"},"query-input":{"@type":"PropertyValueSpecification","valueRequired":true,"valueName":"search_term_string"}}],"inLanguage":"ca"},{"@type":"Organization","@id":"https:\/\/www.cpl.es\/#organization","name":"Centre de Pastoral Litúrgica","alternateName":"Centre de Pastoral Litúrgica de Barcelona","url":"https:\/\/www.cpl.es\/","logo":{"@type":"ImageObject","inLanguage":"ca","@id":"https:\/\/www.cpl.es\/#\/schema\/logo\/image\/","url":"https:\/\/www.cpl.es\/wp-content\/uploads\/logo-cpl.svg","contentUrl":"https:\/\/www.cpl.es\/wp-content\/uploads\/logo-cpl.svg","caption":"Centre de Pastoral Litúrgica"},"image":{"@id":"https:\/\/www.cpl.es\/#\/schema\/logo\/image\/"}}]}</script>
<!-- / Yoast SEO plugin. -->

Catàleg

Centre de Pastoral Litúrgica de Barcelona

Centre de Pastoral Litúrgica
