{"id":2202,"date":"2023-10-04T01:34:34","date_gmt":"2023-10-03T23:34:34","guid":{"rendered":"https:\/\/nuevaweb.cpl.es\/producto\/san-benito-menni-con-los-que-sufren-9788498058253\/"},"modified":"2026-02-12T17:03:54","modified_gmt":"2026-02-12T16:03:54","slug":"san-benito-menni-con-los-que-sufren-9788498058253","status":"publish","type":"product","link":"https:\/\/www.cpl.es\/ca\/producto\/san-benito-menni-con-los-que-sufren-9788498058253\/","title":{"rendered":"San Benito Menni, con los que sufren"},"content":{"rendered":"<p>El hombre que, en el siglo XIX, restaur\u00f3 la Orden de San Juan de Dios en Espa\u00f1a.<\/p>\n<p>Y la historia empieza as\u00ed:<\/p>\n<p>&#8216;Con afecto he preparado esta peque\u00f1a biograf\u00eda de San Benito Menni para que llegue, a cuantos quieran conocerle, con todo cuanto hizo por el mundo social y sanitario, en un ambiente no muy favorable.<br \/>En la primera mitad del siglo XIX, Espa\u00f1a vivi\u00f3, desde criterios concretos y promovido por el gobierno de la \u00e9poca, la desamortizaci\u00f3n de Mendizabal. Esto llev\u00f3 consigo la desaparici\u00f3n de la mayor\u00eda de las obras de la iglesia implicadas en acciones en favor de la ense\u00f1anza y del mundo sanitario y social que muchas congregaciones religiosas ten\u00edan, siguiendo el esp\u00edritu de sus fundadores.<\/p>\n","protected":false},"excerpt":{"rendered":"<p>Piles Ferrando, Pascual<\/p>\n","protected":false},"featured_media":2203,"template":"","meta":{"_acf_changed":false,"inline_featured_image":false},"product_brand":[],"product_cat":[112,133,53,70,154],"product_tag":[],"class_list":{"0":"post-2202","1":"product","2":"type-product","3":"status-publish","4":"has-post-thumbnail","6":"product_cat-santoral","7":"product_cat-santoral-any-liturgic-per-temes","8":"product_cat-santos-y-santas","9":"product_cat-sants-i-santes","10":"product_cat-vida-de-santos","12":"first","13":"instock","14":"taxable","15":"shipping-taxable","16":"purchasable","17":"product-type-simple"},"acf":{"autor":"Piles Ferrando, Pascual","codart":"112226","ediciones":"1","encuadernacion":"Grapado","fecha_de_publicacion":"14\/07\/2015","novedad":false,"paginas":"32","subtitulo":"","orden":"60","portada":false,"idioma":"spa","editorial":[{"ID":6736,"post_author":"2","post_date":"2023-10-06 08:35:24","post_date_gmt":"2023-10-06 06:35:24","post_content":"","post_title":"CPL","post_excerpt":"","post_status":"publish","comment_status":"closed","ping_status":"closed","post_password":"","post_name":"cpl","to_ping":"","pinged":"","post_modified":"2023-10-06 08:35:24","post_modified_gmt":"2023-10-06 06:35:24","post_content_filtered":"","post_parent":0,"guid":"https:\/\/nuevaweb.cpl.es\/editorial\/cpl\/","menu_order":0,"post_type":"editorial","post_mime_type":"","comment_count":"0","filter":"raw"}],"coleccion_num":"226"},"yoast_head":"<!-- This site is optimized with the Yoast SEO plugin v27.3 - https:\/\/yoast.com\/product\/yoast-seo-wordpress\/ -->\n<title>San Benito Menni, con los que sufren - CPL<\/title>\n<meta name=\"robots\" content=\"index, follow, max-snippet:-1, max-image-preview:large, max-video-preview:-1\" \/>\n<link rel=\"canonical\" href=\"https:\/\/www.cpl.es\/producto\/san-benito-menni-con-los-que-sufren-9788498058253\/\" \/>\n<meta property=\"og:locale\" content=\"ca_ES\" \/>\n<meta property=\"og:type\" content=\"article\" \/>\n<meta property=\"og:title\" content=\"San Benito Menni, con los que sufren - CPL\" \/>\n<meta property=\"og:description\" content=\"Piles Ferrando, Pascual\" \/>\n<meta property=\"og:url\" content=\"https:\/\/www.cpl.es\/producto\/san-benito-menni-con-los-que-sufren-9788498058253\/\" \/>\n<meta property=\"og:site_name\" content=\"CPL\" \/>\n<meta property=\"article:modified_time\" content=\"2026-02-12T16:03:54+00:00\" \/>\n<meta property=\"og:image\" content=\"https:\/\/www.cpl.es\/wp-content\/uploads\/112226.jpg\" \/>\n\t<meta property=\"og:image:width\" content=\"280\" \/>\n\t<meta property=\"og:image:height\" content=\"416\" \/>\n\t<meta property=\"og:image:type\" content=\"image\/jpeg\" \/>\n<meta name=\"twitter:card\" content=\"summary_large_image\" \/>\n<meta name=\"twitter:label1\" content=\"Temps estimat de lectura\" \/>\n\t<meta name=\"twitter:data1\" content=\"1 minut\" \/>\n<script type=\"application\/ld+json\" class=\"yoast-schema-graph\">{\"@context\":\"https:\\\/\\\/schema.org\",\"@graph\":[{\"@type\":\"WebPage\",\"@id\":\"https:\\\/\\\/www.cpl.es\\\/producto\\\/san-benito-menni-con-los-que-sufren-9788498058253\\\/\",\"url\":\"https:\\\/\\\/www.cpl.es\\\/producto\\\/san-benito-menni-con-los-que-sufren-9788498058253\\\/\",\"name\":\"San Benito Menni, con los que sufren - CPL\",\"isPartOf\":{\"@id\":\"https:\\\/\\\/www.cpl.es\\\/#website\"},\"primaryImageOfPage\":{\"@id\":\"https:\\\/\\\/www.cpl.es\\\/producto\\\/san-benito-menni-con-los-que-sufren-9788498058253\\\/#primaryimage\"},\"image\":{\"@id\":\"https:\\\/\\\/www.cpl.es\\\/producto\\\/san-benito-menni-con-los-que-sufren-9788498058253\\\/#primaryimage\"},\"thumbnailUrl\":\"https:\\\/\\\/www.cpl.es\\\/wp-content\\\/uploads\\\/112226.jpg\",\"datePublished\":\"2023-10-03T23:34:34+00:00\",\"dateModified\":\"2026-02-12T16:03:54+00:00\",\"breadcrumb\":{\"@id\":\"https:\\\/\\\/www.cpl.es\\\/producto\\\/san-benito-menni-con-los-que-sufren-9788498058253\\\/#breadcrumb\"},\"inLanguage\":\"ca\",\"potentialAction\":[{\"@type\":\"ReadAction\",\"target\":[\"https:\\\/\\\/www.cpl.es\\\/producto\\\/san-benito-menni-con-los-que-sufren-9788498058253\\\/\"]}]},{\"@type\":\"ImageObject\",\"inLanguage\":\"ca\",\"@id\":\"https:\\\/\\\/www.cpl.es\\\/producto\\\/san-benito-menni-con-los-que-sufren-9788498058253\\\/#primaryimage\",\"url\":\"https:\\\/\\\/www.cpl.es\\\/wp-content\\\/uploads\\\/112226.jpg\",\"contentUrl\":\"https:\\\/\\\/www.cpl.es\\\/wp-content\\\/uploads\\\/112226.jpg\",\"width\":280,\"height\":416,\"caption\":\"112226.jpg\"},{\"@type\":\"BreadcrumbList\",\"@id\":\"https:\\\/\\\/www.cpl.es\\\/producto\\\/san-benito-menni-con-los-que-sufren-9788498058253\\\/#breadcrumb\",\"itemListElement\":[{\"@type\":\"ListItem\",\"position\":1,\"name\":\"Portada\",\"item\":\"https:\\\/\\\/www.cpl.es\\\/ca\\\/\"},{\"@type\":\"ListItem\",\"position\":2,\"name\":\"Cat\u00e0leg\",\"item\":\"https:\\\/\\\/www.cpl.es\\\/ca\\\/cataleg\\\/\"},{\"@type\":\"ListItem\",\"position\":3,\"name\":\"San Benito Menni, con los que sufren\"}]},{\"@type\":\"WebSite\",\"@id\":\"https:\\\/\\\/www.cpl.es\\\/#website\",\"url\":\"https:\\\/\\\/www.cpl.es\\\/\",\"name\":\"CPL\",\"description\":\"Centre de Pastoral Lit\u00fargica de Barcelona\",\"publisher\":{\"@id\":\"https:\\\/\\\/www.cpl.es\\\/#organization\"},\"alternateName\":\"Centre de Pastoral Lit\u00fargica\",\"potentialAction\":[{\"@type\":\"SearchAction\",\"target\":{\"@type\":\"EntryPoint\",\"urlTemplate\":\"https:\\\/\\\/www.cpl.es\\\/?s={search_term_string}\"},\"query-input\":{\"@type\":\"PropertyValueSpecification\",\"valueRequired\":true,\"valueName\":\"search_term_string\"}}],\"inLanguage\":\"ca\"},{\"@type\":\"Organization\",\"@id\":\"https:\\\/\\\/www.cpl.es\\\/#organization\",\"name\":\"Centre de Pastoral Lit\u00fargica\",\"alternateName\":\"Centre de Pastoral Lit\u00fargica de Barcelona\",\"url\":\"https:\\\/\\\/www.cpl.es\\\/\",\"logo\":{\"@type\":\"ImageObject\",\"inLanguage\":\"ca\",\"@id\":\"https:\\\/\\\/www.cpl.es\\\/#\\\/schema\\\/logo\\\/image\\\/\",\"url\":\"https:\\\/\\\/www.cpl.es\\\/wp-content\\\/uploads\\\/logo-cpl.svg\",\"contentUrl\":\"https:\\\/\\\/www.cpl.es\\\/wp-content\\\/uploads\\\/logo-cpl.svg\",\"caption\":\"Centre de Pastoral Lit\u00fargica\"},\"image\":{\"@id\":\"https:\\\/\\\/www.cpl.es\\\/#\\\/schema\\\/logo\\\/image\\\/\"}}]}<\/script>\n<!-- \/ Yoast SEO plugin. -->","yoast_head_json":{"title":"San Benito Menni, con los que sufren - CPL","robots":{"index":"index","follow":"follow","max-snippet":"max-snippet:-1","max-image-preview":"max-image-preview:large","max-video-preview":"max-video-preview:-1"},"canonical":"https:\/\/www.cpl.es\/producto\/san-benito-menni-con-los-que-sufren-9788498058253\/","og_locale":"ca_ES","og_type":"article","og_title":"San Benito Menni, con los que sufren - CPL","og_description":"Piles Ferrando, Pascual","og_url":"https:\/\/www.cpl.es\/producto\/san-benito-menni-con-los-que-sufren-9788498058253\/","og_site_name":"CPL","article_modified_time":"2026-02-12T16:03:54+00:00","og_image":[{"width":280,"height":416,"url":"https:\/\/www.cpl.es\/wp-content\/uploads\/112226.jpg","type":"image\/jpeg"}],"twitter_card":"summary_large_image","twitter_misc":{"Temps estimat de lectura":"1 minut"},"schema":{"@context":"https:\/\/schema.org","@graph":[{"@type":"WebPage","@id":"https:\/\/www.cpl.es\/producto\/san-benito-menni-con-los-que-sufren-9788498058253\/","url":"https:\/\/www.cpl.es\/producto\/san-benito-menni-con-los-que-sufren-9788498058253\/","name":"San Benito Menni, con los que sufren - CPL","isPartOf":{"@id":"https:\/\/www.cpl.es\/#website"},"primaryImageOfPage":{"@id":"https:\/\/www.cpl.es\/producto\/san-benito-menni-con-los-que-sufren-9788498058253\/#primaryimage"},"image":{"@id":"https:\/\/www.cpl.es\/producto\/san-benito-menni-con-los-que-sufren-9788498058253\/#primaryimage"},"thumbnailUrl":"https:\/\/www.cpl.es\/wp-content\/uploads\/112226.jpg","datePublished":"2023-10-03T23:34:34+00:00","dateModified":"2026-02-12T16:03:54+00:00","breadcrumb":{"@id":"https:\/\/www.cpl.es\/producto\/san-benito-menni-con-los-que-sufren-9788498058253\/#breadcrumb"},"inLanguage":"ca","potentialAction":[{"@type":"ReadAction","target":["https:\/\/www.cpl.es\/producto\/san-benito-menni-con-los-que-sufren-9788498058253\/"]}]},{"@type":"ImageObject","inLanguage":"ca","@id":"https:\/\/www.cpl.es\/producto\/san-benito-menni-con-los-que-sufren-9788498058253\/#primaryimage","url":"https:\/\/www.cpl.es\/wp-content\/uploads\/112226.jpg","contentUrl":"https:\/\/www.cpl.es\/wp-content\/uploads\/112226.jpg","width":280,"height":416,"caption":"112226.jpg"},{"@type":"BreadcrumbList","@id":"https:\/\/www.cpl.es\/producto\/san-benito-menni-con-los-que-sufren-9788498058253\/#breadcrumb","itemListElement":[{"@type":"ListItem","position":1,"name":"Portada","item":"https:\/\/www.cpl.es\/ca\/"},{"@type":"ListItem","position":2,"name":"Cat\u00e0leg","item":"https:\/\/www.cpl.es\/ca\/cataleg\/"},{"@type":"ListItem","position":3,"name":"San Benito Menni, con los que sufren"}]},{"@type":"WebSite","@id":"https:\/\/www.cpl.es\/#website","url":"https:\/\/www.cpl.es\/","name":"CPL","description":"Centre de Pastoral Lit\u00fargica de Barcelona","publisher":{"@id":"https:\/\/www.cpl.es\/#organization"},"alternateName":"Centre de Pastoral Lit\u00fargica","potentialAction":[{"@type":"SearchAction","target":{"@type":"EntryPoint","urlTemplate":"https:\/\/www.cpl.es\/?s={search_term_string}"},"query-input":{"@type":"PropertyValueSpecification","valueRequired":true,"valueName":"search_term_string"}}],"inLanguage":"ca"},{"@type":"Organization","@id":"https:\/\/www.cpl.es\/#organization","name":"Centre de Pastoral Lit\u00fargica","alternateName":"Centre de Pastoral Lit\u00fargica de Barcelona","url":"https:\/\/www.cpl.es\/","logo":{"@type":"ImageObject","inLanguage":"ca","@id":"https:\/\/www.cpl.es\/#\/schema\/logo\/image\/","url":"https:\/\/www.cpl.es\/wp-content\/uploads\/logo-cpl.svg","contentUrl":"https:\/\/www.cpl.es\/wp-content\/uploads\/logo-cpl.svg","caption":"Centre de Pastoral Lit\u00fargica"},"image":{"@id":"https:\/\/www.cpl.es\/#\/schema\/logo\/image\/"}}]}},"_links":{"self":[{"href":"https:\/\/www.cpl.es\/ca\/wp-json\/wp\/v2\/product\/2202","targetHints":{"allow":["GET"]}}],"collection":[{"href":"https:\/\/www.cpl.es\/ca\/wp-json\/wp\/v2\/product"}],"about":[{"href":"https:\/\/www.cpl.es\/ca\/wp-json\/wp\/v2\/types\/product"}],"wp:featuredmedia":[{"embeddable":true,"href":"https:\/\/www.cpl.es\/ca\/wp-json\/wp\/v2\/media\/2203"}],"wp:attachment":[{"href":"https:\/\/www.cpl.es\/ca\/wp-json\/wp\/v2\/media?parent=2202"}],"wp:term":[{"taxonomy":"product_brand","embeddable":true,"href":"https:\/\/www.cpl.es\/ca\/wp-json\/wp\/v2\/product_brand?post=2202"},{"taxonomy":"product_cat","embeddable":true,"href":"https:\/\/www.cpl.es\/ca\/wp-json\/wp\/v2\/product_cat?post=2202"},{"taxonomy":"product_tag","embeddable":true,"href":"https:\/\/www.cpl.es\/ca\/wp-json\/wp\/v2\/product_tag?post=2202"}],"curies":[{"name":"wp","href":"https:\/\/api.w.org\/{rel}","templated":true}]}}

<p>El hombre que, en el siglo XIX, restauró la Orden de San Juan de Dios en España.</p>
<p>Y la historia empieza así:</p>
<p>&#8216;Con afecto he preparado esta pequeña biografía de San Benito Menni para que llegue, a cuantos quieran conocerle, con todo cuanto hizo por el mundo social y sanitario, en un ambiente no muy favorable.<br />En la primera mitad del siglo XIX, España vivió, desde criterios concretos y promovido por el gobierno de la época, la desamortización de Mendizabal. Esto llevó consigo la desaparición de la mayoría de las obras de la iglesia implicadas en acciones en favor de la enseñanza y del mundo sanitario y social que muchas congregaciones religiosas tenían, siguiendo el espíritu de sus fundadores.</p>

<!-- This site is optimized with the Yoast SEO plugin v27.3 - https://yoast.com/product/yoast-seo-wordpress/ -->
<title>San Benito Menni, con los que sufren - CPL</title>
<meta name="robots" content="index, follow, max-snippet:-1, max-image-preview:large, max-video-preview:-1" />
<link rel="canonical" href="https://www.cpl.es/producto/san-benito-menni-con-los-que-sufren-9788498058253/" />
<meta property="og:locale" content="ca_ES" />
<meta property="og:type" content="article" />
<meta property="og:title" content="San Benito Menni, con los que sufren - CPL" />
<meta property="og:description" content="Piles Ferrando, Pascual" />
<meta property="og:url" content="https://www.cpl.es/producto/san-benito-menni-con-los-que-sufren-9788498058253/" />
<meta property="og:site_name" content="CPL" />
<meta property="article:modified_time" content="2026-02-12T16:03:54+00:00" />
<meta property="og:image" content="https://www.cpl.es/wp-content/uploads/112226.jpg" />
	<meta property="og:image:width" content="280" />
	<meta property="og:image:height" content="416" />
	<meta property="og:image:type" content="image/jpeg" />
<meta name="twitter:card" content="summary_large_image" />
<meta name="twitter:label1" content="Temps estimat de lectura" />
	<meta name="twitter:data1" content="1 minut" />
<script type="application/ld+json" class="yoast-schema-graph">{"@context":"https:\/\/schema.org","@graph":[{"@type":"WebPage","@id":"https:\/\/www.cpl.es\/producto\/san-benito-menni-con-los-que-sufren-9788498058253\/","url":"https:\/\/www.cpl.es\/producto\/san-benito-menni-con-los-que-sufren-9788498058253\/","name":"San Benito Menni, con los que sufren - CPL","isPartOf":{"@id":"https:\/\/www.cpl.es\/#website"},"primaryImageOfPage":{"@id":"https:\/\/www.cpl.es\/producto\/san-benito-menni-con-los-que-sufren-9788498058253\/#primaryimage"},"image":{"@id":"https:\/\/www.cpl.es\/producto\/san-benito-menni-con-los-que-sufren-9788498058253\/#primaryimage"},"thumbnailUrl":"https:\/\/www.cpl.es\/wp-content\/uploads\/112226.jpg","datePublished":"2023-10-03T23:34:34+00:00","dateModified":"2026-02-12T16:03:54+00:00","breadcrumb":{"@id":"https:\/\/www.cpl.es\/producto\/san-benito-menni-con-los-que-sufren-9788498058253\/#breadcrumb"},"inLanguage":"ca","potentialAction":[{"@type":"ReadAction","target":["https:\/\/www.cpl.es\/producto\/san-benito-menni-con-los-que-sufren-9788498058253\/"]}]},{"@type":"ImageObject","inLanguage":"ca","@id":"https:\/\/www.cpl.es\/producto\/san-benito-menni-con-los-que-sufren-9788498058253\/#primaryimage","url":"https:\/\/www.cpl.es\/wp-content\/uploads\/112226.jpg","contentUrl":"https:\/\/www.cpl.es\/wp-content\/uploads\/112226.jpg","width":280,"height":416,"caption":"112226.jpg"},{"@type":"BreadcrumbList","@id":"https:\/\/www.cpl.es\/producto\/san-benito-menni-con-los-que-sufren-9788498058253\/#breadcrumb","itemListElement":[{"@type":"ListItem","position":1,"name":"Portada","item":"https:\/\/www.cpl.es\/ca\/"},{"@type":"ListItem","position":2,"name":"Catàleg","item":"https:\/\/www.cpl.es\/ca\/cataleg\/"},{"@type":"ListItem","position":3,"name":"San Benito Menni, con los que sufren"}]},{"@type":"WebSite","@id":"https:\/\/www.cpl.es\/#website","url":"https:\/\/www.cpl.es\/","name":"CPL","description":"Centre de Pastoral Litúrgica de Barcelona","publisher":{"@id":"https:\/\/www.cpl.es\/#organization"},"alternateName":"Centre de Pastoral Litúrgica","potentialAction":[{"@type":"SearchAction","target":{"@type":"EntryPoint","urlTemplate":"https:\/\/www.cpl.es\/?s={search_term_string}"},"query-input":{"@type":"PropertyValueSpecification","valueRequired":true,"valueName":"search_term_string"}}],"inLanguage":"ca"},{"@type":"Organization","@id":"https:\/\/www.cpl.es\/#organization","name":"Centre de Pastoral Litúrgica","alternateName":"Centre de Pastoral Litúrgica de Barcelona","url":"https:\/\/www.cpl.es\/","logo":{"@type":"ImageObject","inLanguage":"ca","@id":"https:\/\/www.cpl.es\/#\/schema\/logo\/image\/","url":"https:\/\/www.cpl.es\/wp-content\/uploads\/logo-cpl.svg","contentUrl":"https:\/\/www.cpl.es\/wp-content\/uploads\/logo-cpl.svg","caption":"Centre de Pastoral Litúrgica"},"image":{"@id":"https:\/\/www.cpl.es\/#\/schema\/logo\/image\/"}}]}</script>
<!-- / Yoast SEO plugin. -->

Catàleg

Centre de Pastoral Litúrgica de Barcelona

Centre de Pastoral Litúrgica
