{"id":2181,"date":"2023-10-04T01:33:56","date_gmt":"2023-10-03T23:33:56","guid":{"rendered":"https:\/\/nuevaweb.cpl.es\/producto\/oscar-romero-bisbe-dels-pobres-9788498058123\/"},"modified":"2026-02-12T17:53:45","modified_gmt":"2026-02-12T16:53:45","slug":"oscar-romero-bisbe-dels-pobres-9788498058123","status":"publish","type":"product","link":"https:\/\/www.cpl.es\/ca\/producto\/oscar-romero-bisbe-dels-pobres-9788498058123\/","title":{"rendered":"\u00d3scar Romero, bisbe dels pobres"},"content":{"rendered":"<p>\u00d3scar Arnulfo Romero va ser bisbe de San Salvador, assassinat mentre deia missa el 24 de mar\u00e7 de 1980, m\u00e0rtir de la fe viscuda a fons en el comprom\u00eds al servei dels pobres. Nascut l\u2019any 1917 i ordenat prevere el 1942, va ser bisbe auxiliar de San Salvador el 1970, bisbe de Santiago de Mar\u00eda el 1974, i finalment arquebisbe de San Salvador el 1977.<br \/>&#8216;San Romero de Am\u00e9rica', com l\u2019anomen\u00e0 Pere Casald\u00e0liga, \u00e9s un dels grans punts de refer\u00e8ncia de l\u2019Esgl\u00e9sia pobra i al servei dels pobres que el papa Francesc ha reclamat i promogut. I la seva obertura a la viv\u00e8ncia de l\u2019Evangeli, les seves actuacions valentes, les seves paraules inequ\u00edvoques, les persecucions que va patir en vida, i la seva mort martirial, s\u00f3n un est\u00edmul permanent per a tots els qui volem ser seguidors de Jesucrist.<\/p>\n<p>Bernab\u00e9 Dalmau (Igualada, 1944), que ens presenta en aquest llibre la figura d\u2019\u00d3scar Romero amb precisi\u00f3 i proximitat, \u00e9s monjo de Montserrat, membre del Centre de Pastoral Lit\u00fargica de Barcelona i autor d\u2019un bon nombre d\u2019obres de divulgaci\u00f3 en diversos camps de la teologia, la lit\u00fargia i l\u2019espiritualitat.<\/p>\n","protected":false},"excerpt":{"rendered":"<p>Dalmau Ribalta, Bernab\u00e9<\/p>\n","protected":false},"featured_media":2182,"template":"","meta":{"_acf_changed":false,"inline_featured_image":false},"product_brand":[],"product_cat":[73,49],"product_tag":[],"class_list":{"0":"post-2181","1":"product","2":"type-product","3":"status-publish","4":"has-post-thumbnail","6":"product_cat-emaus-colleccions-catala","7":"product_cat-emaus","9":"first","10":"instock","11":"taxable","12":"shipping-taxable","13":"purchasable","14":"product-type-simple"},"acf":{"autor":"Dalmau Ribalta, Bernab\u00e9","codart":"208122","ediciones":"1","encuadernacion":"R\u00fastica","fecha_de_publicacion":"23\/07\/2015","novedad":false,"paginas":"208","subtitulo":"","orden":"0","portada":false,"idioma":"cat","editorial":[{"ID":6736,"post_author":"2","post_date":"2023-10-06 08:35:24","post_date_gmt":"2023-10-06 06:35:24","post_content":"","post_title":"CPL","post_excerpt":"","post_status":"publish","comment_status":"closed","ping_status":"closed","post_password":"","post_name":"cpl","to_ping":"","pinged":"","post_modified":"2023-10-06 08:35:24","post_modified_gmt":"2023-10-06 06:35:24","post_content_filtered":"","post_parent":0,"guid":"https:\/\/nuevaweb.cpl.es\/editorial\/cpl\/","menu_order":0,"post_type":"editorial","post_mime_type":"","comment_count":"0","filter":"raw"}],"coleccion_num":"122"},"yoast_head":"<!-- This site is optimized with the Yoast SEO plugin v27.3 - https:\/\/yoast.com\/product\/yoast-seo-wordpress\/ -->\n<title>\u00d3scar Romero, bisbe dels pobres - CPL<\/title>\n<meta name=\"robots\" content=\"index, follow, max-snippet:-1, max-image-preview:large, max-video-preview:-1\" \/>\n<link rel=\"canonical\" href=\"https:\/\/www.cpl.es\/producto\/oscar-romero-bisbe-dels-pobres-9788498058123\/\" \/>\n<meta property=\"og:locale\" content=\"ca_ES\" \/>\n<meta property=\"og:type\" content=\"article\" \/>\n<meta property=\"og:title\" content=\"\u00d3scar Romero, bisbe dels pobres - CPL\" \/>\n<meta property=\"og:description\" content=\"Dalmau Ribalta, Bernab\u00e9\" \/>\n<meta property=\"og:url\" content=\"https:\/\/www.cpl.es\/producto\/oscar-romero-bisbe-dels-pobres-9788498058123\/\" \/>\n<meta property=\"og:site_name\" content=\"CPL\" \/>\n<meta property=\"article:modified_time\" content=\"2026-02-12T16:53:45+00:00\" \/>\n<meta property=\"og:image\" content=\"https:\/\/www.cpl.es\/wp-content\/uploads\/208122.jpg\" \/>\n\t<meta property=\"og:image:width\" content=\"794\" \/>\n\t<meta property=\"og:image:height\" content=\"1259\" \/>\n\t<meta property=\"og:image:type\" content=\"image\/jpeg\" \/>\n<meta name=\"twitter:card\" content=\"summary_large_image\" \/>\n<meta name=\"twitter:label1\" content=\"Temps estimat de lectura\" \/>\n\t<meta name=\"twitter:data1\" content=\"1 minut\" \/>\n<script type=\"application\/ld+json\" class=\"yoast-schema-graph\">{\"@context\":\"https:\\\/\\\/schema.org\",\"@graph\":[{\"@type\":\"WebPage\",\"@id\":\"https:\\\/\\\/www.cpl.es\\\/producto\\\/oscar-romero-bisbe-dels-pobres-9788498058123\\\/\",\"url\":\"https:\\\/\\\/www.cpl.es\\\/producto\\\/oscar-romero-bisbe-dels-pobres-9788498058123\\\/\",\"name\":\"\u00d3scar Romero, bisbe dels pobres - CPL\",\"isPartOf\":{\"@id\":\"https:\\\/\\\/www.cpl.es\\\/#website\"},\"primaryImageOfPage\":{\"@id\":\"https:\\\/\\\/www.cpl.es\\\/producto\\\/oscar-romero-bisbe-dels-pobres-9788498058123\\\/#primaryimage\"},\"image\":{\"@id\":\"https:\\\/\\\/www.cpl.es\\\/producto\\\/oscar-romero-bisbe-dels-pobres-9788498058123\\\/#primaryimage\"},\"thumbnailUrl\":\"https:\\\/\\\/www.cpl.es\\\/wp-content\\\/uploads\\\/208122.jpg\",\"datePublished\":\"2023-10-03T23:33:56+00:00\",\"dateModified\":\"2026-02-12T16:53:45+00:00\",\"breadcrumb\":{\"@id\":\"https:\\\/\\\/www.cpl.es\\\/producto\\\/oscar-romero-bisbe-dels-pobres-9788498058123\\\/#breadcrumb\"},\"inLanguage\":\"ca\",\"potentialAction\":[{\"@type\":\"ReadAction\",\"target\":[\"https:\\\/\\\/www.cpl.es\\\/producto\\\/oscar-romero-bisbe-dels-pobres-9788498058123\\\/\"]}]},{\"@type\":\"ImageObject\",\"inLanguage\":\"ca\",\"@id\":\"https:\\\/\\\/www.cpl.es\\\/producto\\\/oscar-romero-bisbe-dels-pobres-9788498058123\\\/#primaryimage\",\"url\":\"https:\\\/\\\/www.cpl.es\\\/wp-content\\\/uploads\\\/208122.jpg\",\"contentUrl\":\"https:\\\/\\\/www.cpl.es\\\/wp-content\\\/uploads\\\/208122.jpg\",\"width\":794,\"height\":1259,\"caption\":\"208122.jpg\"},{\"@type\":\"BreadcrumbList\",\"@id\":\"https:\\\/\\\/www.cpl.es\\\/producto\\\/oscar-romero-bisbe-dels-pobres-9788498058123\\\/#breadcrumb\",\"itemListElement\":[{\"@type\":\"ListItem\",\"position\":1,\"name\":\"Portada\",\"item\":\"https:\\\/\\\/www.cpl.es\\\/ca\\\/\"},{\"@type\":\"ListItem\",\"position\":2,\"name\":\"Cat\u00e0leg\",\"item\":\"https:\\\/\\\/www.cpl.es\\\/ca\\\/cataleg\\\/\"},{\"@type\":\"ListItem\",\"position\":3,\"name\":\"\u00d3scar Romero, bisbe dels pobres\"}]},{\"@type\":\"WebSite\",\"@id\":\"https:\\\/\\\/www.cpl.es\\\/#website\",\"url\":\"https:\\\/\\\/www.cpl.es\\\/\",\"name\":\"CPL\",\"description\":\"Centre de Pastoral Lit\u00fargica de Barcelona\",\"publisher\":{\"@id\":\"https:\\\/\\\/www.cpl.es\\\/#organization\"},\"alternateName\":\"Centre de Pastoral Lit\u00fargica\",\"potentialAction\":[{\"@type\":\"SearchAction\",\"target\":{\"@type\":\"EntryPoint\",\"urlTemplate\":\"https:\\\/\\\/www.cpl.es\\\/?s={search_term_string}\"},\"query-input\":{\"@type\":\"PropertyValueSpecification\",\"valueRequired\":true,\"valueName\":\"search_term_string\"}}],\"inLanguage\":\"ca\"},{\"@type\":\"Organization\",\"@id\":\"https:\\\/\\\/www.cpl.es\\\/#organization\",\"name\":\"Centre de Pastoral Lit\u00fargica\",\"alternateName\":\"Centre de Pastoral Lit\u00fargica de Barcelona\",\"url\":\"https:\\\/\\\/www.cpl.es\\\/\",\"logo\":{\"@type\":\"ImageObject\",\"inLanguage\":\"ca\",\"@id\":\"https:\\\/\\\/www.cpl.es\\\/#\\\/schema\\\/logo\\\/image\\\/\",\"url\":\"https:\\\/\\\/www.cpl.es\\\/wp-content\\\/uploads\\\/logo-cpl.svg\",\"contentUrl\":\"https:\\\/\\\/www.cpl.es\\\/wp-content\\\/uploads\\\/logo-cpl.svg\",\"caption\":\"Centre de Pastoral Lit\u00fargica\"},\"image\":{\"@id\":\"https:\\\/\\\/www.cpl.es\\\/#\\\/schema\\\/logo\\\/image\\\/\"}}]}<\/script>\n<!-- \/ Yoast SEO plugin. -->","yoast_head_json":{"title":"\u00d3scar Romero, bisbe dels pobres - CPL","robots":{"index":"index","follow":"follow","max-snippet":"max-snippet:-1","max-image-preview":"max-image-preview:large","max-video-preview":"max-video-preview:-1"},"canonical":"https:\/\/www.cpl.es\/producto\/oscar-romero-bisbe-dels-pobres-9788498058123\/","og_locale":"ca_ES","og_type":"article","og_title":"\u00d3scar Romero, bisbe dels pobres - CPL","og_description":"Dalmau Ribalta, Bernab\u00e9","og_url":"https:\/\/www.cpl.es\/producto\/oscar-romero-bisbe-dels-pobres-9788498058123\/","og_site_name":"CPL","article_modified_time":"2026-02-12T16:53:45+00:00","og_image":[{"width":794,"height":1259,"url":"https:\/\/www.cpl.es\/wp-content\/uploads\/208122.jpg","type":"image\/jpeg"}],"twitter_card":"summary_large_image","twitter_misc":{"Temps estimat de lectura":"1 minut"},"schema":{"@context":"https:\/\/schema.org","@graph":[{"@type":"WebPage","@id":"https:\/\/www.cpl.es\/producto\/oscar-romero-bisbe-dels-pobres-9788498058123\/","url":"https:\/\/www.cpl.es\/producto\/oscar-romero-bisbe-dels-pobres-9788498058123\/","name":"\u00d3scar Romero, bisbe dels pobres - CPL","isPartOf":{"@id":"https:\/\/www.cpl.es\/#website"},"primaryImageOfPage":{"@id":"https:\/\/www.cpl.es\/producto\/oscar-romero-bisbe-dels-pobres-9788498058123\/#primaryimage"},"image":{"@id":"https:\/\/www.cpl.es\/producto\/oscar-romero-bisbe-dels-pobres-9788498058123\/#primaryimage"},"thumbnailUrl":"https:\/\/www.cpl.es\/wp-content\/uploads\/208122.jpg","datePublished":"2023-10-03T23:33:56+00:00","dateModified":"2026-02-12T16:53:45+00:00","breadcrumb":{"@id":"https:\/\/www.cpl.es\/producto\/oscar-romero-bisbe-dels-pobres-9788498058123\/#breadcrumb"},"inLanguage":"ca","potentialAction":[{"@type":"ReadAction","target":["https:\/\/www.cpl.es\/producto\/oscar-romero-bisbe-dels-pobres-9788498058123\/"]}]},{"@type":"ImageObject","inLanguage":"ca","@id":"https:\/\/www.cpl.es\/producto\/oscar-romero-bisbe-dels-pobres-9788498058123\/#primaryimage","url":"https:\/\/www.cpl.es\/wp-content\/uploads\/208122.jpg","contentUrl":"https:\/\/www.cpl.es\/wp-content\/uploads\/208122.jpg","width":794,"height":1259,"caption":"208122.jpg"},{"@type":"BreadcrumbList","@id":"https:\/\/www.cpl.es\/producto\/oscar-romero-bisbe-dels-pobres-9788498058123\/#breadcrumb","itemListElement":[{"@type":"ListItem","position":1,"name":"Portada","item":"https:\/\/www.cpl.es\/ca\/"},{"@type":"ListItem","position":2,"name":"Cat\u00e0leg","item":"https:\/\/www.cpl.es\/ca\/cataleg\/"},{"@type":"ListItem","position":3,"name":"\u00d3scar Romero, bisbe dels pobres"}]},{"@type":"WebSite","@id":"https:\/\/www.cpl.es\/#website","url":"https:\/\/www.cpl.es\/","name":"CPL","description":"Centre de Pastoral Lit\u00fargica de Barcelona","publisher":{"@id":"https:\/\/www.cpl.es\/#organization"},"alternateName":"Centre de Pastoral Lit\u00fargica","potentialAction":[{"@type":"SearchAction","target":{"@type":"EntryPoint","urlTemplate":"https:\/\/www.cpl.es\/?s={search_term_string}"},"query-input":{"@type":"PropertyValueSpecification","valueRequired":true,"valueName":"search_term_string"}}],"inLanguage":"ca"},{"@type":"Organization","@id":"https:\/\/www.cpl.es\/#organization","name":"Centre de Pastoral Lit\u00fargica","alternateName":"Centre de Pastoral Lit\u00fargica de Barcelona","url":"https:\/\/www.cpl.es\/","logo":{"@type":"ImageObject","inLanguage":"ca","@id":"https:\/\/www.cpl.es\/#\/schema\/logo\/image\/","url":"https:\/\/www.cpl.es\/wp-content\/uploads\/logo-cpl.svg","contentUrl":"https:\/\/www.cpl.es\/wp-content\/uploads\/logo-cpl.svg","caption":"Centre de Pastoral Lit\u00fargica"},"image":{"@id":"https:\/\/www.cpl.es\/#\/schema\/logo\/image\/"}}]}},"_links":{"self":[{"href":"https:\/\/www.cpl.es\/ca\/wp-json\/wp\/v2\/product\/2181","targetHints":{"allow":["GET"]}}],"collection":[{"href":"https:\/\/www.cpl.es\/ca\/wp-json\/wp\/v2\/product"}],"about":[{"href":"https:\/\/www.cpl.es\/ca\/wp-json\/wp\/v2\/types\/product"}],"wp:featuredmedia":[{"embeddable":true,"href":"https:\/\/www.cpl.es\/ca\/wp-json\/wp\/v2\/media\/2182"}],"wp:attachment":[{"href":"https:\/\/www.cpl.es\/ca\/wp-json\/wp\/v2\/media?parent=2181"}],"wp:term":[{"taxonomy":"product_brand","embeddable":true,"href":"https:\/\/www.cpl.es\/ca\/wp-json\/wp\/v2\/product_brand?post=2181"},{"taxonomy":"product_cat","embeddable":true,"href":"https:\/\/www.cpl.es\/ca\/wp-json\/wp\/v2\/product_cat?post=2181"},{"taxonomy":"product_tag","embeddable":true,"href":"https:\/\/www.cpl.es\/ca\/wp-json\/wp\/v2\/product_tag?post=2181"}],"curies":[{"name":"wp","href":"https:\/\/api.w.org\/{rel}","templated":true}]}}

Óscar Romero, bisbe dels pobres

<p>Óscar Arnulfo Romero va ser bisbe de San Salvador, assassinat mentre deia missa el 24 de març de 1980, màrtir de la fe viscuda a fons en el compromís al servei dels pobres. Nascut l’any 1917 i ordenat prevere el 1942, va ser bisbe auxiliar de San Salvador el 1970, bisbe de Santiago de María el 1974, i finalment arquebisbe de San Salvador el 1977.<br />&#8216;San Romero de América', com l’anomenà Pere Casaldàliga, és un dels grans punts de referència de l’Església pobra i al servei dels pobres que el papa Francesc ha reclamat i promogut. I la seva obertura a la vivència de l’Evangeli, les seves actuacions valentes, les seves paraules inequívoques, les persecucions que va patir en vida, i la seva mort martirial, són un estímul permanent per a tots els qui volem ser seguidors de Jesucrist.</p>
<p>Bernabé Dalmau (Igualada, 1944), que ens presenta en aquest llibre la figura d’Óscar Romero amb precisió i proximitat, és monjo de Montserrat, membre del Centre de Pastoral Litúrgica de Barcelona i autor d’un bon nombre d’obres de divulgació en diversos camps de la teologia, la litúrgia i l’espiritualitat.</p>

<p>Dalmau Ribalta, Bernabé</p>

Dalmau Ribalta, Bernabé

Rústica

<!-- This site is optimized with the Yoast SEO plugin v27.3 - https://yoast.com/product/yoast-seo-wordpress/ -->
<title>Óscar Romero, bisbe dels pobres - CPL</title>
<meta name="robots" content="index, follow, max-snippet:-1, max-image-preview:large, max-video-preview:-1" />
<link rel="canonical" href="https://www.cpl.es/producto/oscar-romero-bisbe-dels-pobres-9788498058123/" />
<meta property="og:locale" content="ca_ES" />
<meta property="og:type" content="article" />
<meta property="og:title" content="Óscar Romero, bisbe dels pobres - CPL" />
<meta property="og:description" content="Dalmau Ribalta, Bernabé" />
<meta property="og:url" content="https://www.cpl.es/producto/oscar-romero-bisbe-dels-pobres-9788498058123/" />
<meta property="og:site_name" content="CPL" />
<meta property="article:modified_time" content="2026-02-12T16:53:45+00:00" />
<meta property="og:image" content="https://www.cpl.es/wp-content/uploads/208122.jpg" />
	<meta property="og:image:width" content="794" />
	<meta property="og:image:height" content="1259" />
	<meta property="og:image:type" content="image/jpeg" />
<meta name="twitter:card" content="summary_large_image" />
<meta name="twitter:label1" content="Temps estimat de lectura" />
	<meta name="twitter:data1" content="1 minut" />
<script type="application/ld+json" class="yoast-schema-graph">{"@context":"https:\/\/schema.org","@graph":[{"@type":"WebPage","@id":"https:\/\/www.cpl.es\/producto\/oscar-romero-bisbe-dels-pobres-9788498058123\/","url":"https:\/\/www.cpl.es\/producto\/oscar-romero-bisbe-dels-pobres-9788498058123\/","name":"Óscar Romero, bisbe dels pobres - CPL","isPartOf":{"@id":"https:\/\/www.cpl.es\/#website"},"primaryImageOfPage":{"@id":"https:\/\/www.cpl.es\/producto\/oscar-romero-bisbe-dels-pobres-9788498058123\/#primaryimage"},"image":{"@id":"https:\/\/www.cpl.es\/producto\/oscar-romero-bisbe-dels-pobres-9788498058123\/#primaryimage"},"thumbnailUrl":"https:\/\/www.cpl.es\/wp-content\/uploads\/208122.jpg","datePublished":"2023-10-03T23:33:56+00:00","dateModified":"2026-02-12T16:53:45+00:00","breadcrumb":{"@id":"https:\/\/www.cpl.es\/producto\/oscar-romero-bisbe-dels-pobres-9788498058123\/#breadcrumb"},"inLanguage":"ca","potentialAction":[{"@type":"ReadAction","target":["https:\/\/www.cpl.es\/producto\/oscar-romero-bisbe-dels-pobres-9788498058123\/"]}]},{"@type":"ImageObject","inLanguage":"ca","@id":"https:\/\/www.cpl.es\/producto\/oscar-romero-bisbe-dels-pobres-9788498058123\/#primaryimage","url":"https:\/\/www.cpl.es\/wp-content\/uploads\/208122.jpg","contentUrl":"https:\/\/www.cpl.es\/wp-content\/uploads\/208122.jpg","width":794,"height":1259,"caption":"208122.jpg"},{"@type":"BreadcrumbList","@id":"https:\/\/www.cpl.es\/producto\/oscar-romero-bisbe-dels-pobres-9788498058123\/#breadcrumb","itemListElement":[{"@type":"ListItem","position":1,"name":"Portada","item":"https:\/\/www.cpl.es\/ca\/"},{"@type":"ListItem","position":2,"name":"Catàleg","item":"https:\/\/www.cpl.es\/ca\/cataleg\/"},{"@type":"ListItem","position":3,"name":"Óscar Romero, bisbe dels pobres"}]},{"@type":"WebSite","@id":"https:\/\/www.cpl.es\/#website","url":"https:\/\/www.cpl.es\/","name":"CPL","description":"Centre de Pastoral Litúrgica de Barcelona","publisher":{"@id":"https:\/\/www.cpl.es\/#organization"},"alternateName":"Centre de Pastoral Litúrgica","potentialAction":[{"@type":"SearchAction","target":{"@type":"EntryPoint","urlTemplate":"https:\/\/www.cpl.es\/?s={search_term_string}"},"query-input":{"@type":"PropertyValueSpecification","valueRequired":true,"valueName":"search_term_string"}}],"inLanguage":"ca"},{"@type":"Organization","@id":"https:\/\/www.cpl.es\/#organization","name":"Centre de Pastoral Litúrgica","alternateName":"Centre de Pastoral Litúrgica de Barcelona","url":"https:\/\/www.cpl.es\/","logo":{"@type":"ImageObject","inLanguage":"ca","@id":"https:\/\/www.cpl.es\/#\/schema\/logo\/image\/","url":"https:\/\/www.cpl.es\/wp-content\/uploads\/logo-cpl.svg","contentUrl":"https:\/\/www.cpl.es\/wp-content\/uploads\/logo-cpl.svg","caption":"Centre de Pastoral Litúrgica"},"image":{"@id":"https:\/\/www.cpl.es\/#\/schema\/logo\/image\/"}}]}</script>
<!-- / Yoast SEO plugin. -->

Óscar Romero, bisbe dels pobres - CPL

Catàleg

Centre de Pastoral Litúrgica de Barcelona

Centre de Pastoral Litúrgica
