{"id":2127,"date":"2023-10-04T01:32:15","date_gmt":"2023-10-03T23:32:15","guid":{"rendered":"https:\/\/nuevaweb.cpl.es\/producto\/santa-josefina-bakhita-lesclava-negra-9788498058420\/"},"modified":"2026-02-12T17:55:51","modified_gmt":"2026-02-12T16:55:51","slug":"santa-josefina-bakhita-lesclava-negra-9788498058420","status":"publish","type":"product","link":"https:\/\/www.cpl.es\/ca\/producto\/santa-josefina-bakhita-lesclava-negra-9788498058420\/","title":{"rendered":"Santa Josefina Bakhita, l&#8217;esclava negra"},"content":{"rendered":"<p>De la inhumanitat de l\u2019esclavitud, a la trobada salvadora amb D\u00e9u.<\/p>\n<p>I la hist\u00f2ria comen\u00e7a aix\u00ed:<\/p>\n<p>&#8216;La hist\u00f2ria de Josefina Bakhita \u00e9s la hist\u00f2ria d\u2019una jove negra, capturada per negrers \u00e0rabs i venuda com a esclava, una m\u00e9s de tants milions d\u2019\u00e9ssers humans que han sofert l\u2019infern de l\u2019esclavatge a \u00c0frica al llarg dels segles. Nasqu\u00e9 cap el 1869 en un poble de la regi\u00f3 de Darfur, a l\u2019oest del Sudan, un pa\u00eds on desgraciadament encara existeix la pr\u00e0ctica de l\u2019esclavatge. No se sap la data exacta del seu naixement ni es coneix el seu nom de pila. Ella mateixa l\u2019oblid\u00e0 en ser segrestada als nou anys. Els raptors l\u2019anomenaren Bakhita, que la seva llengua significava Afortunada. I en veritat foren prof\u00e8tics els segrestadors anomenar-la aix\u00ed.'<\/p>\n","protected":false},"excerpt":{"rendered":"<p>Ros Carballar, Carlos<\/p>\n","protected":false},"featured_media":2128,"template":"","meta":{"_acf_changed":false,"inline_featured_image":false},"product_brand":[],"product_cat":[133,70,155],"product_tag":[],"class_list":{"0":"post-2127","1":"product","2":"type-product","3":"status-publish","4":"has-post-thumbnail","6":"product_cat-santoral-any-liturgic-per-temes","7":"product_cat-sants-i-santes","8":"product_cat-vida-de-sants","10":"first","11":"instock","12":"taxable","13":"shipping-taxable","14":"purchasable","15":"product-type-simple"},"acf":{"autor":"Ros Carballar, Carlos","codart":"212232","ediciones":"1","encuadernacion":"Grapado","fecha_de_publicacion":"08\/10\/2015","novedad":false,"paginas":"28","subtitulo":"","orden":"0","portada":false,"idioma":"cat","editorial":[{"ID":6736,"post_author":"2","post_date":"2023-10-06 08:35:24","post_date_gmt":"2023-10-06 06:35:24","post_content":"","post_title":"CPL","post_excerpt":"","post_status":"publish","comment_status":"closed","ping_status":"closed","post_password":"","post_name":"cpl","to_ping":"","pinged":"","post_modified":"2023-10-06 08:35:24","post_modified_gmt":"2023-10-06 06:35:24","post_content_filtered":"","post_parent":0,"guid":"https:\/\/nuevaweb.cpl.es\/editorial\/cpl\/","menu_order":0,"post_type":"editorial","post_mime_type":"","comment_count":"0","filter":"raw"}],"coleccion_num":"232"},"yoast_head":"<!-- This site is optimized with the Yoast SEO plugin v27.3 - https:\/\/yoast.com\/product\/yoast-seo-wordpress\/ -->\n<title>Santa Josefina Bakhita, l&#039;esclava negra - CPL<\/title>\n<meta name=\"robots\" content=\"index, follow, max-snippet:-1, max-image-preview:large, max-video-preview:-1\" \/>\n<link rel=\"canonical\" href=\"https:\/\/www.cpl.es\/producto\/santa-josefina-bakhita-lesclava-negra-9788498058420\/\" \/>\n<meta property=\"og:locale\" content=\"ca_ES\" \/>\n<meta property=\"og:type\" content=\"article\" \/>\n<meta property=\"og:title\" content=\"Santa Josefina Bakhita, l&#039;esclava negra - CPL\" \/>\n<meta property=\"og:description\" content=\"Ros Carballar, Carlos\" \/>\n<meta property=\"og:url\" content=\"https:\/\/www.cpl.es\/producto\/santa-josefina-bakhita-lesclava-negra-9788498058420\/\" \/>\n<meta property=\"og:site_name\" content=\"CPL\" \/>\n<meta property=\"article:modified_time\" content=\"2026-02-12T16:55:51+00:00\" \/>\n<meta property=\"og:image\" content=\"https:\/\/www.cpl.es\/wp-content\/uploads\/212232.jpg\" \/>\n\t<meta property=\"og:image:width\" content=\"280\" \/>\n\t<meta property=\"og:image:height\" content=\"418\" \/>\n\t<meta property=\"og:image:type\" content=\"image\/jpeg\" \/>\n<meta name=\"twitter:card\" content=\"summary_large_image\" \/>\n<meta name=\"twitter:label1\" content=\"Temps estimat de lectura\" \/>\n\t<meta name=\"twitter:data1\" content=\"1 minut\" \/>\n<script type=\"application\/ld+json\" class=\"yoast-schema-graph\">{\"@context\":\"https:\\\/\\\/schema.org\",\"@graph\":[{\"@type\":\"WebPage\",\"@id\":\"https:\\\/\\\/www.cpl.es\\\/producto\\\/santa-josefina-bakhita-lesclava-negra-9788498058420\\\/\",\"url\":\"https:\\\/\\\/www.cpl.es\\\/producto\\\/santa-josefina-bakhita-lesclava-negra-9788498058420\\\/\",\"name\":\"Santa Josefina Bakhita, l'esclava negra - CPL\",\"isPartOf\":{\"@id\":\"https:\\\/\\\/www.cpl.es\\\/#website\"},\"primaryImageOfPage\":{\"@id\":\"https:\\\/\\\/www.cpl.es\\\/producto\\\/santa-josefina-bakhita-lesclava-negra-9788498058420\\\/#primaryimage\"},\"image\":{\"@id\":\"https:\\\/\\\/www.cpl.es\\\/producto\\\/santa-josefina-bakhita-lesclava-negra-9788498058420\\\/#primaryimage\"},\"thumbnailUrl\":\"https:\\\/\\\/www.cpl.es\\\/wp-content\\\/uploads\\\/212232.jpg\",\"datePublished\":\"2023-10-03T23:32:15+00:00\",\"dateModified\":\"2026-02-12T16:55:51+00:00\",\"breadcrumb\":{\"@id\":\"https:\\\/\\\/www.cpl.es\\\/producto\\\/santa-josefina-bakhita-lesclava-negra-9788498058420\\\/#breadcrumb\"},\"inLanguage\":\"ca\",\"potentialAction\":[{\"@type\":\"ReadAction\",\"target\":[\"https:\\\/\\\/www.cpl.es\\\/producto\\\/santa-josefina-bakhita-lesclava-negra-9788498058420\\\/\"]}]},{\"@type\":\"ImageObject\",\"inLanguage\":\"ca\",\"@id\":\"https:\\\/\\\/www.cpl.es\\\/producto\\\/santa-josefina-bakhita-lesclava-negra-9788498058420\\\/#primaryimage\",\"url\":\"https:\\\/\\\/www.cpl.es\\\/wp-content\\\/uploads\\\/212232.jpg\",\"contentUrl\":\"https:\\\/\\\/www.cpl.es\\\/wp-content\\\/uploads\\\/212232.jpg\",\"width\":280,\"height\":418,\"caption\":\"212232.jpg\"},{\"@type\":\"BreadcrumbList\",\"@id\":\"https:\\\/\\\/www.cpl.es\\\/producto\\\/santa-josefina-bakhita-lesclava-negra-9788498058420\\\/#breadcrumb\",\"itemListElement\":[{\"@type\":\"ListItem\",\"position\":1,\"name\":\"Portada\",\"item\":\"https:\\\/\\\/www.cpl.es\\\/ca\\\/\"},{\"@type\":\"ListItem\",\"position\":2,\"name\":\"Cat\u00e0leg\",\"item\":\"https:\\\/\\\/www.cpl.es\\\/ca\\\/cataleg\\\/\"},{\"@type\":\"ListItem\",\"position\":3,\"name\":\"Santa Josefina Bakhita, l&#8217;esclava negra\"}]},{\"@type\":\"WebSite\",\"@id\":\"https:\\\/\\\/www.cpl.es\\\/#website\",\"url\":\"https:\\\/\\\/www.cpl.es\\\/\",\"name\":\"CPL\",\"description\":\"Centre de Pastoral Lit\u00fargica de Barcelona\",\"publisher\":{\"@id\":\"https:\\\/\\\/www.cpl.es\\\/#organization\"},\"alternateName\":\"Centre de Pastoral Lit\u00fargica\",\"potentialAction\":[{\"@type\":\"SearchAction\",\"target\":{\"@type\":\"EntryPoint\",\"urlTemplate\":\"https:\\\/\\\/www.cpl.es\\\/?s={search_term_string}\"},\"query-input\":{\"@type\":\"PropertyValueSpecification\",\"valueRequired\":true,\"valueName\":\"search_term_string\"}}],\"inLanguage\":\"ca\"},{\"@type\":\"Organization\",\"@id\":\"https:\\\/\\\/www.cpl.es\\\/#organization\",\"name\":\"Centre de Pastoral Lit\u00fargica\",\"alternateName\":\"Centre de Pastoral Lit\u00fargica de Barcelona\",\"url\":\"https:\\\/\\\/www.cpl.es\\\/\",\"logo\":{\"@type\":\"ImageObject\",\"inLanguage\":\"ca\",\"@id\":\"https:\\\/\\\/www.cpl.es\\\/#\\\/schema\\\/logo\\\/image\\\/\",\"url\":\"https:\\\/\\\/www.cpl.es\\\/wp-content\\\/uploads\\\/logo-cpl.svg\",\"contentUrl\":\"https:\\\/\\\/www.cpl.es\\\/wp-content\\\/uploads\\\/logo-cpl.svg\",\"caption\":\"Centre de Pastoral Lit\u00fargica\"},\"image\":{\"@id\":\"https:\\\/\\\/www.cpl.es\\\/#\\\/schema\\\/logo\\\/image\\\/\"}}]}<\/script>\n<!-- \/ Yoast SEO plugin. -->","yoast_head_json":{"title":"Santa Josefina Bakhita, l'esclava negra - CPL","robots":{"index":"index","follow":"follow","max-snippet":"max-snippet:-1","max-image-preview":"max-image-preview:large","max-video-preview":"max-video-preview:-1"},"canonical":"https:\/\/www.cpl.es\/producto\/santa-josefina-bakhita-lesclava-negra-9788498058420\/","og_locale":"ca_ES","og_type":"article","og_title":"Santa Josefina Bakhita, l'esclava negra - CPL","og_description":"Ros Carballar, Carlos","og_url":"https:\/\/www.cpl.es\/producto\/santa-josefina-bakhita-lesclava-negra-9788498058420\/","og_site_name":"CPL","article_modified_time":"2026-02-12T16:55:51+00:00","og_image":[{"width":280,"height":418,"url":"https:\/\/www.cpl.es\/wp-content\/uploads\/212232.jpg","type":"image\/jpeg"}],"twitter_card":"summary_large_image","twitter_misc":{"Temps estimat de lectura":"1 minut"},"schema":{"@context":"https:\/\/schema.org","@graph":[{"@type":"WebPage","@id":"https:\/\/www.cpl.es\/producto\/santa-josefina-bakhita-lesclava-negra-9788498058420\/","url":"https:\/\/www.cpl.es\/producto\/santa-josefina-bakhita-lesclava-negra-9788498058420\/","name":"Santa Josefina Bakhita, l'esclava negra - CPL","isPartOf":{"@id":"https:\/\/www.cpl.es\/#website"},"primaryImageOfPage":{"@id":"https:\/\/www.cpl.es\/producto\/santa-josefina-bakhita-lesclava-negra-9788498058420\/#primaryimage"},"image":{"@id":"https:\/\/www.cpl.es\/producto\/santa-josefina-bakhita-lesclava-negra-9788498058420\/#primaryimage"},"thumbnailUrl":"https:\/\/www.cpl.es\/wp-content\/uploads\/212232.jpg","datePublished":"2023-10-03T23:32:15+00:00","dateModified":"2026-02-12T16:55:51+00:00","breadcrumb":{"@id":"https:\/\/www.cpl.es\/producto\/santa-josefina-bakhita-lesclava-negra-9788498058420\/#breadcrumb"},"inLanguage":"ca","potentialAction":[{"@type":"ReadAction","target":["https:\/\/www.cpl.es\/producto\/santa-josefina-bakhita-lesclava-negra-9788498058420\/"]}]},{"@type":"ImageObject","inLanguage":"ca","@id":"https:\/\/www.cpl.es\/producto\/santa-josefina-bakhita-lesclava-negra-9788498058420\/#primaryimage","url":"https:\/\/www.cpl.es\/wp-content\/uploads\/212232.jpg","contentUrl":"https:\/\/www.cpl.es\/wp-content\/uploads\/212232.jpg","width":280,"height":418,"caption":"212232.jpg"},{"@type":"BreadcrumbList","@id":"https:\/\/www.cpl.es\/producto\/santa-josefina-bakhita-lesclava-negra-9788498058420\/#breadcrumb","itemListElement":[{"@type":"ListItem","position":1,"name":"Portada","item":"https:\/\/www.cpl.es\/ca\/"},{"@type":"ListItem","position":2,"name":"Cat\u00e0leg","item":"https:\/\/www.cpl.es\/ca\/cataleg\/"},{"@type":"ListItem","position":3,"name":"Santa Josefina Bakhita, l&#8217;esclava negra"}]},{"@type":"WebSite","@id":"https:\/\/www.cpl.es\/#website","url":"https:\/\/www.cpl.es\/","name":"CPL","description":"Centre de Pastoral Lit\u00fargica de Barcelona","publisher":{"@id":"https:\/\/www.cpl.es\/#organization"},"alternateName":"Centre de Pastoral Lit\u00fargica","potentialAction":[{"@type":"SearchAction","target":{"@type":"EntryPoint","urlTemplate":"https:\/\/www.cpl.es\/?s={search_term_string}"},"query-input":{"@type":"PropertyValueSpecification","valueRequired":true,"valueName":"search_term_string"}}],"inLanguage":"ca"},{"@type":"Organization","@id":"https:\/\/www.cpl.es\/#organization","name":"Centre de Pastoral Lit\u00fargica","alternateName":"Centre de Pastoral Lit\u00fargica de Barcelona","url":"https:\/\/www.cpl.es\/","logo":{"@type":"ImageObject","inLanguage":"ca","@id":"https:\/\/www.cpl.es\/#\/schema\/logo\/image\/","url":"https:\/\/www.cpl.es\/wp-content\/uploads\/logo-cpl.svg","contentUrl":"https:\/\/www.cpl.es\/wp-content\/uploads\/logo-cpl.svg","caption":"Centre de Pastoral Lit\u00fargica"},"image":{"@id":"https:\/\/www.cpl.es\/#\/schema\/logo\/image\/"}}]}},"_links":{"self":[{"href":"https:\/\/www.cpl.es\/ca\/wp-json\/wp\/v2\/product\/2127","targetHints":{"allow":["GET"]}}],"collection":[{"href":"https:\/\/www.cpl.es\/ca\/wp-json\/wp\/v2\/product"}],"about":[{"href":"https:\/\/www.cpl.es\/ca\/wp-json\/wp\/v2\/types\/product"}],"wp:featuredmedia":[{"embeddable":true,"href":"https:\/\/www.cpl.es\/ca\/wp-json\/wp\/v2\/media\/2128"}],"wp:attachment":[{"href":"https:\/\/www.cpl.es\/ca\/wp-json\/wp\/v2\/media?parent=2127"}],"wp:term":[{"taxonomy":"product_brand","embeddable":true,"href":"https:\/\/www.cpl.es\/ca\/wp-json\/wp\/v2\/product_brand?post=2127"},{"taxonomy":"product_cat","embeddable":true,"href":"https:\/\/www.cpl.es\/ca\/wp-json\/wp\/v2\/product_cat?post=2127"},{"taxonomy":"product_tag","embeddable":true,"href":"https:\/\/www.cpl.es\/ca\/wp-json\/wp\/v2\/product_tag?post=2127"}],"curies":[{"name":"wp","href":"https:\/\/api.w.org\/{rel}","templated":true}]}}

<p>De la inhumanitat de l’esclavitud, a la trobada salvadora amb Déu.</p>
<p>I la història comença així:</p>
<p>&#8216;La història de Josefina Bakhita és la història d’una jove negra, capturada per negrers àrabs i venuda com a esclava, una més de tants milions d’éssers humans que han sofert l’infern de l’esclavatge a Àfrica al llarg dels segles. Nasqué cap el 1869 en un poble de la regió de Darfur, a l’oest del Sudan, un país on desgraciadament encara existeix la pràctica de l’esclavatge. No se sap la data exacta del seu naixement ni es coneix el seu nom de pila. Ella mateixa l’oblidà en ser segrestada als nou anys. Els raptors l’anomenaren Bakhita, que la seva llengua significava Afortunada. I en veritat foren profètics els segrestadors anomenar-la així.'</p>

<!-- This site is optimized with the Yoast SEO plugin v27.3 - https://yoast.com/product/yoast-seo-wordpress/ -->
<title>Santa Josefina Bakhita, l&#039;esclava negra - CPL</title>
<meta name="robots" content="index, follow, max-snippet:-1, max-image-preview:large, max-video-preview:-1" />
<link rel="canonical" href="https://www.cpl.es/producto/santa-josefina-bakhita-lesclava-negra-9788498058420/" />
<meta property="og:locale" content="ca_ES" />
<meta property="og:type" content="article" />
<meta property="og:title" content="Santa Josefina Bakhita, l&#039;esclava negra - CPL" />
<meta property="og:description" content="Ros Carballar, Carlos" />
<meta property="og:url" content="https://www.cpl.es/producto/santa-josefina-bakhita-lesclava-negra-9788498058420/" />
<meta property="og:site_name" content="CPL" />
<meta property="article:modified_time" content="2026-02-12T16:55:51+00:00" />
<meta property="og:image" content="https://www.cpl.es/wp-content/uploads/212232.jpg" />
	<meta property="og:image:width" content="280" />
	<meta property="og:image:height" content="418" />
	<meta property="og:image:type" content="image/jpeg" />
<meta name="twitter:card" content="summary_large_image" />
<meta name="twitter:label1" content="Temps estimat de lectura" />
	<meta name="twitter:data1" content="1 minut" />
<script type="application/ld+json" class="yoast-schema-graph">{"@context":"https:\/\/schema.org","@graph":[{"@type":"WebPage","@id":"https:\/\/www.cpl.es\/producto\/santa-josefina-bakhita-lesclava-negra-9788498058420\/","url":"https:\/\/www.cpl.es\/producto\/santa-josefina-bakhita-lesclava-negra-9788498058420\/","name":"Santa Josefina Bakhita, l'esclava negra - CPL","isPartOf":{"@id":"https:\/\/www.cpl.es\/#website"},"primaryImageOfPage":{"@id":"https:\/\/www.cpl.es\/producto\/santa-josefina-bakhita-lesclava-negra-9788498058420\/#primaryimage"},"image":{"@id":"https:\/\/www.cpl.es\/producto\/santa-josefina-bakhita-lesclava-negra-9788498058420\/#primaryimage"},"thumbnailUrl":"https:\/\/www.cpl.es\/wp-content\/uploads\/212232.jpg","datePublished":"2023-10-03T23:32:15+00:00","dateModified":"2026-02-12T16:55:51+00:00","breadcrumb":{"@id":"https:\/\/www.cpl.es\/producto\/santa-josefina-bakhita-lesclava-negra-9788498058420\/#breadcrumb"},"inLanguage":"ca","potentialAction":[{"@type":"ReadAction","target":["https:\/\/www.cpl.es\/producto\/santa-josefina-bakhita-lesclava-negra-9788498058420\/"]}]},{"@type":"ImageObject","inLanguage":"ca","@id":"https:\/\/www.cpl.es\/producto\/santa-josefina-bakhita-lesclava-negra-9788498058420\/#primaryimage","url":"https:\/\/www.cpl.es\/wp-content\/uploads\/212232.jpg","contentUrl":"https:\/\/www.cpl.es\/wp-content\/uploads\/212232.jpg","width":280,"height":418,"caption":"212232.jpg"},{"@type":"BreadcrumbList","@id":"https:\/\/www.cpl.es\/producto\/santa-josefina-bakhita-lesclava-negra-9788498058420\/#breadcrumb","itemListElement":[{"@type":"ListItem","position":1,"name":"Portada","item":"https:\/\/www.cpl.es\/ca\/"},{"@type":"ListItem","position":2,"name":"Catàleg","item":"https:\/\/www.cpl.es\/ca\/cataleg\/"},{"@type":"ListItem","position":3,"name":"Santa Josefina Bakhita, l&#8217;esclava negra"}]},{"@type":"WebSite","@id":"https:\/\/www.cpl.es\/#website","url":"https:\/\/www.cpl.es\/","name":"CPL","description":"Centre de Pastoral Litúrgica de Barcelona","publisher":{"@id":"https:\/\/www.cpl.es\/#organization"},"alternateName":"Centre de Pastoral Litúrgica","potentialAction":[{"@type":"SearchAction","target":{"@type":"EntryPoint","urlTemplate":"https:\/\/www.cpl.es\/?s={search_term_string}"},"query-input":{"@type":"PropertyValueSpecification","valueRequired":true,"valueName":"search_term_string"}}],"inLanguage":"ca"},{"@type":"Organization","@id":"https:\/\/www.cpl.es\/#organization","name":"Centre de Pastoral Litúrgica","alternateName":"Centre de Pastoral Litúrgica de Barcelona","url":"https:\/\/www.cpl.es\/","logo":{"@type":"ImageObject","inLanguage":"ca","@id":"https:\/\/www.cpl.es\/#\/schema\/logo\/image\/","url":"https:\/\/www.cpl.es\/wp-content\/uploads\/logo-cpl.svg","contentUrl":"https:\/\/www.cpl.es\/wp-content\/uploads\/logo-cpl.svg","caption":"Centre de Pastoral Litúrgica"},"image":{"@id":"https:\/\/www.cpl.es\/#\/schema\/logo\/image\/"}}]}</script>
<!-- / Yoast SEO plugin. -->

Catàleg

Centre de Pastoral Litúrgica de Barcelona

Centre de Pastoral Litúrgica
