{"id":2025,"date":"2023-10-04T01:29:04","date_gmt":"2023-10-03T23:29:04","guid":{"rendered":"https:\/\/nuevaweb.cpl.es\/producto\/pascua-de-cristo-pascua-de-los-cristianos-9788498058802\/"},"modified":"2026-02-12T16:55:14","modified_gmt":"2026-02-12T15:55:14","slug":"pascua-de-cristo-pascua-de-los-cristianos-9788498058802","status":"publish","type":"product","link":"https:\/\/www.cpl.es\/ca\/producto\/pascua-de-cristo-pascua-de-los-cristianos-9788498058802\/","title":{"rendered":"Pascua de Cristo, Pascua de los cristianos"},"content":{"rendered":"<p>La Pascua de la muerte, la sepultura y la resurrecci\u00f3n de Jes\u00fas. As\u00ed llamaban los cristianos de los primeros siglos a estos d\u00edas santos que constituyen el centro del a\u00f1o para los creyentes. Y detenerse para ver lo que estos d\u00edas significan, lo que significaron para Jes\u00fas y c\u00f3mo nos afectan y nos transforman a nosotros, es uno de los buenos caminos para profundizar en nuestro ser cristiano.<br \/>Este libro nos quiere ayudar en esa profundizaci\u00f3n. Y para hacerlo, nos invita a fijar nuestros ojos en primer lugar en el testimonio de Jes\u00fas, para pasar luego a reflexionar sobre el sentido de su muerte y resurrecci\u00f3n y sobre lo que significa la celebraci\u00f3n de la Pascua, para terminar prestando atenci\u00f3n a los siete sacramentos de la Iglesia que nos unen a Jesucristo muerto y resucitado.<\/p>\n<p>Bernab\u00e9 Dalmau (Igualada, Barcelona, 1944) es monje de Montserrat, licenciado en teolog\u00eda y derecho can\u00f3nico, experto en liturgia, director de la revista Documents d\u2019Esgl\u00e9sia y miembro del Centre de Pastoral Lit\u00fargica, donde \u00faltimamente ha publicado varias obras tanto de tema lit\u00fargico como de vida cristiana.<\/p>\n<p>(Ema\u00fas 128)<\/p>\n","protected":false},"excerpt":{"rendered":"<p>Dalmau Ribalta, Bernab\u00e9<\/p>\n","protected":false},"featured_media":2026,"template":"","meta":{"_acf_changed":false,"inline_featured_image":false},"product_brand":[],"product_cat":[49,73,109,108,129,130],"product_tag":[],"class_list":{"0":"post-2025","1":"product","2":"type-product","3":"status-publish","4":"has-post-thumbnail","6":"product_cat-emaus","7":"product_cat-emaus-colleccions-catala","8":"product_cat-tiempo-de-pascua","9":"product_cat-semana-santa-triduo-pascual","10":"product_cat-setmana-santa-tridu-pasqual","11":"product_cat-temps-de-pasqua","13":"first","14":"instock","15":"taxable","16":"shipping-taxable","17":"purchasable","18":"product-type-simple"},"acf":{"autor":"Dalmau Ribalta, Bernab\u00e9","codart":"108128","ediciones":"1","encuadernacion":"R\u00fastica","fecha_de_publicacion":"18\/03\/2016","novedad":false,"paginas":"88","subtitulo":"","orden":"0","portada":false,"idioma":"spa","editorial":[{"ID":6736,"post_author":"2","post_date":"2023-10-06 08:35:24","post_date_gmt":"2023-10-06 06:35:24","post_content":"","post_title":"CPL","post_excerpt":"","post_status":"publish","comment_status":"closed","ping_status":"closed","post_password":"","post_name":"cpl","to_ping":"","pinged":"","post_modified":"2023-10-06 08:35:24","post_modified_gmt":"2023-10-06 06:35:24","post_content_filtered":"","post_parent":0,"guid":"https:\/\/nuevaweb.cpl.es\/editorial\/cpl\/","menu_order":0,"post_type":"editorial","post_mime_type":"","comment_count":"0","filter":"raw"}],"coleccion_num":"128"},"yoast_head":"<!-- This site is optimized with the Yoast SEO plugin v27.3 - https:\/\/yoast.com\/product\/yoast-seo-wordpress\/ -->\n<title>Pascua de Cristo, Pascua de los cristianos - CPL<\/title>\n<meta name=\"robots\" content=\"index, follow, max-snippet:-1, max-image-preview:large, max-video-preview:-1\" \/>\n<link rel=\"canonical\" href=\"https:\/\/www.cpl.es\/producto\/pascua-de-cristo-pascua-de-los-cristianos-9788498058802\/\" \/>\n<meta property=\"og:locale\" content=\"ca_ES\" \/>\n<meta property=\"og:type\" content=\"article\" \/>\n<meta property=\"og:title\" content=\"Pascua de Cristo, Pascua de los cristianos - CPL\" \/>\n<meta property=\"og:description\" content=\"Dalmau Ribalta, Bernab\u00e9\" \/>\n<meta property=\"og:url\" content=\"https:\/\/www.cpl.es\/producto\/pascua-de-cristo-pascua-de-los-cristianos-9788498058802\/\" \/>\n<meta property=\"og:site_name\" content=\"CPL\" \/>\n<meta property=\"article:modified_time\" content=\"2026-02-12T15:55:14+00:00\" \/>\n<meta property=\"og:image\" content=\"https:\/\/www.cpl.es\/wp-content\/uploads\/108128.jpg\" \/>\n\t<meta property=\"og:image:width\" content=\"280\" \/>\n\t<meta property=\"og:image:height\" content=\"443\" \/>\n\t<meta property=\"og:image:type\" content=\"image\/jpeg\" \/>\n<meta name=\"twitter:card\" content=\"summary_large_image\" \/>\n<meta name=\"twitter:label1\" content=\"Temps estimat de lectura\" \/>\n\t<meta name=\"twitter:data1\" content=\"1 minut\" \/>\n<script type=\"application\/ld+json\" class=\"yoast-schema-graph\">{\"@context\":\"https:\\\/\\\/schema.org\",\"@graph\":[{\"@type\":\"WebPage\",\"@id\":\"https:\\\/\\\/www.cpl.es\\\/producto\\\/pascua-de-cristo-pascua-de-los-cristianos-9788498058802\\\/\",\"url\":\"https:\\\/\\\/www.cpl.es\\\/producto\\\/pascua-de-cristo-pascua-de-los-cristianos-9788498058802\\\/\",\"name\":\"Pascua de Cristo, Pascua de los cristianos - CPL\",\"isPartOf\":{\"@id\":\"https:\\\/\\\/www.cpl.es\\\/#website\"},\"primaryImageOfPage\":{\"@id\":\"https:\\\/\\\/www.cpl.es\\\/producto\\\/pascua-de-cristo-pascua-de-los-cristianos-9788498058802\\\/#primaryimage\"},\"image\":{\"@id\":\"https:\\\/\\\/www.cpl.es\\\/producto\\\/pascua-de-cristo-pascua-de-los-cristianos-9788498058802\\\/#primaryimage\"},\"thumbnailUrl\":\"https:\\\/\\\/www.cpl.es\\\/wp-content\\\/uploads\\\/108128.jpg\",\"datePublished\":\"2023-10-03T23:29:04+00:00\",\"dateModified\":\"2026-02-12T15:55:14+00:00\",\"breadcrumb\":{\"@id\":\"https:\\\/\\\/www.cpl.es\\\/producto\\\/pascua-de-cristo-pascua-de-los-cristianos-9788498058802\\\/#breadcrumb\"},\"inLanguage\":\"ca\",\"potentialAction\":[{\"@type\":\"ReadAction\",\"target\":[\"https:\\\/\\\/www.cpl.es\\\/producto\\\/pascua-de-cristo-pascua-de-los-cristianos-9788498058802\\\/\"]}]},{\"@type\":\"ImageObject\",\"inLanguage\":\"ca\",\"@id\":\"https:\\\/\\\/www.cpl.es\\\/producto\\\/pascua-de-cristo-pascua-de-los-cristianos-9788498058802\\\/#primaryimage\",\"url\":\"https:\\\/\\\/www.cpl.es\\\/wp-content\\\/uploads\\\/108128.jpg\",\"contentUrl\":\"https:\\\/\\\/www.cpl.es\\\/wp-content\\\/uploads\\\/108128.jpg\",\"width\":280,\"height\":443,\"caption\":\"108128.jpg\"},{\"@type\":\"BreadcrumbList\",\"@id\":\"https:\\\/\\\/www.cpl.es\\\/producto\\\/pascua-de-cristo-pascua-de-los-cristianos-9788498058802\\\/#breadcrumb\",\"itemListElement\":[{\"@type\":\"ListItem\",\"position\":1,\"name\":\"Portada\",\"item\":\"https:\\\/\\\/www.cpl.es\\\/ca\\\/\"},{\"@type\":\"ListItem\",\"position\":2,\"name\":\"Cat\u00e0leg\",\"item\":\"https:\\\/\\\/www.cpl.es\\\/ca\\\/cataleg\\\/\"},{\"@type\":\"ListItem\",\"position\":3,\"name\":\"Pascua de Cristo, Pascua de los cristianos\"}]},{\"@type\":\"WebSite\",\"@id\":\"https:\\\/\\\/www.cpl.es\\\/#website\",\"url\":\"https:\\\/\\\/www.cpl.es\\\/\",\"name\":\"CPL\",\"description\":\"Centre de Pastoral Lit\u00fargica de Barcelona\",\"publisher\":{\"@id\":\"https:\\\/\\\/www.cpl.es\\\/#organization\"},\"alternateName\":\"Centre de Pastoral Lit\u00fargica\",\"potentialAction\":[{\"@type\":\"SearchAction\",\"target\":{\"@type\":\"EntryPoint\",\"urlTemplate\":\"https:\\\/\\\/www.cpl.es\\\/?s={search_term_string}\"},\"query-input\":{\"@type\":\"PropertyValueSpecification\",\"valueRequired\":true,\"valueName\":\"search_term_string\"}}],\"inLanguage\":\"ca\"},{\"@type\":\"Organization\",\"@id\":\"https:\\\/\\\/www.cpl.es\\\/#organization\",\"name\":\"Centre de Pastoral Lit\u00fargica\",\"alternateName\":\"Centre de Pastoral Lit\u00fargica de Barcelona\",\"url\":\"https:\\\/\\\/www.cpl.es\\\/\",\"logo\":{\"@type\":\"ImageObject\",\"inLanguage\":\"ca\",\"@id\":\"https:\\\/\\\/www.cpl.es\\\/#\\\/schema\\\/logo\\\/image\\\/\",\"url\":\"https:\\\/\\\/www.cpl.es\\\/wp-content\\\/uploads\\\/logo-cpl.svg\",\"contentUrl\":\"https:\\\/\\\/www.cpl.es\\\/wp-content\\\/uploads\\\/logo-cpl.svg\",\"caption\":\"Centre de Pastoral Lit\u00fargica\"},\"image\":{\"@id\":\"https:\\\/\\\/www.cpl.es\\\/#\\\/schema\\\/logo\\\/image\\\/\"}}]}<\/script>\n<!-- \/ Yoast SEO plugin. -->","yoast_head_json":{"title":"Pascua de Cristo, Pascua de los cristianos - CPL","robots":{"index":"index","follow":"follow","max-snippet":"max-snippet:-1","max-image-preview":"max-image-preview:large","max-video-preview":"max-video-preview:-1"},"canonical":"https:\/\/www.cpl.es\/producto\/pascua-de-cristo-pascua-de-los-cristianos-9788498058802\/","og_locale":"ca_ES","og_type":"article","og_title":"Pascua de Cristo, Pascua de los cristianos - CPL","og_description":"Dalmau Ribalta, Bernab\u00e9","og_url":"https:\/\/www.cpl.es\/producto\/pascua-de-cristo-pascua-de-los-cristianos-9788498058802\/","og_site_name":"CPL","article_modified_time":"2026-02-12T15:55:14+00:00","og_image":[{"width":280,"height":443,"url":"https:\/\/www.cpl.es\/wp-content\/uploads\/108128.jpg","type":"image\/jpeg"}],"twitter_card":"summary_large_image","twitter_misc":{"Temps estimat de lectura":"1 minut"},"schema":{"@context":"https:\/\/schema.org","@graph":[{"@type":"WebPage","@id":"https:\/\/www.cpl.es\/producto\/pascua-de-cristo-pascua-de-los-cristianos-9788498058802\/","url":"https:\/\/www.cpl.es\/producto\/pascua-de-cristo-pascua-de-los-cristianos-9788498058802\/","name":"Pascua de Cristo, Pascua de los cristianos - CPL","isPartOf":{"@id":"https:\/\/www.cpl.es\/#website"},"primaryImageOfPage":{"@id":"https:\/\/www.cpl.es\/producto\/pascua-de-cristo-pascua-de-los-cristianos-9788498058802\/#primaryimage"},"image":{"@id":"https:\/\/www.cpl.es\/producto\/pascua-de-cristo-pascua-de-los-cristianos-9788498058802\/#primaryimage"},"thumbnailUrl":"https:\/\/www.cpl.es\/wp-content\/uploads\/108128.jpg","datePublished":"2023-10-03T23:29:04+00:00","dateModified":"2026-02-12T15:55:14+00:00","breadcrumb":{"@id":"https:\/\/www.cpl.es\/producto\/pascua-de-cristo-pascua-de-los-cristianos-9788498058802\/#breadcrumb"},"inLanguage":"ca","potentialAction":[{"@type":"ReadAction","target":["https:\/\/www.cpl.es\/producto\/pascua-de-cristo-pascua-de-los-cristianos-9788498058802\/"]}]},{"@type":"ImageObject","inLanguage":"ca","@id":"https:\/\/www.cpl.es\/producto\/pascua-de-cristo-pascua-de-los-cristianos-9788498058802\/#primaryimage","url":"https:\/\/www.cpl.es\/wp-content\/uploads\/108128.jpg","contentUrl":"https:\/\/www.cpl.es\/wp-content\/uploads\/108128.jpg","width":280,"height":443,"caption":"108128.jpg"},{"@type":"BreadcrumbList","@id":"https:\/\/www.cpl.es\/producto\/pascua-de-cristo-pascua-de-los-cristianos-9788498058802\/#breadcrumb","itemListElement":[{"@type":"ListItem","position":1,"name":"Portada","item":"https:\/\/www.cpl.es\/ca\/"},{"@type":"ListItem","position":2,"name":"Cat\u00e0leg","item":"https:\/\/www.cpl.es\/ca\/cataleg\/"},{"@type":"ListItem","position":3,"name":"Pascua de Cristo, Pascua de los cristianos"}]},{"@type":"WebSite","@id":"https:\/\/www.cpl.es\/#website","url":"https:\/\/www.cpl.es\/","name":"CPL","description":"Centre de Pastoral Lit\u00fargica de Barcelona","publisher":{"@id":"https:\/\/www.cpl.es\/#organization"},"alternateName":"Centre de Pastoral Lit\u00fargica","potentialAction":[{"@type":"SearchAction","target":{"@type":"EntryPoint","urlTemplate":"https:\/\/www.cpl.es\/?s={search_term_string}"},"query-input":{"@type":"PropertyValueSpecification","valueRequired":true,"valueName":"search_term_string"}}],"inLanguage":"ca"},{"@type":"Organization","@id":"https:\/\/www.cpl.es\/#organization","name":"Centre de Pastoral Lit\u00fargica","alternateName":"Centre de Pastoral Lit\u00fargica de Barcelona","url":"https:\/\/www.cpl.es\/","logo":{"@type":"ImageObject","inLanguage":"ca","@id":"https:\/\/www.cpl.es\/#\/schema\/logo\/image\/","url":"https:\/\/www.cpl.es\/wp-content\/uploads\/logo-cpl.svg","contentUrl":"https:\/\/www.cpl.es\/wp-content\/uploads\/logo-cpl.svg","caption":"Centre de Pastoral Lit\u00fargica"},"image":{"@id":"https:\/\/www.cpl.es\/#\/schema\/logo\/image\/"}}]}},"_links":{"self":[{"href":"https:\/\/www.cpl.es\/ca\/wp-json\/wp\/v2\/product\/2025","targetHints":{"allow":["GET"]}}],"collection":[{"href":"https:\/\/www.cpl.es\/ca\/wp-json\/wp\/v2\/product"}],"about":[{"href":"https:\/\/www.cpl.es\/ca\/wp-json\/wp\/v2\/types\/product"}],"wp:featuredmedia":[{"embeddable":true,"href":"https:\/\/www.cpl.es\/ca\/wp-json\/wp\/v2\/media\/2026"}],"wp:attachment":[{"href":"https:\/\/www.cpl.es\/ca\/wp-json\/wp\/v2\/media?parent=2025"}],"wp:term":[{"taxonomy":"product_brand","embeddable":true,"href":"https:\/\/www.cpl.es\/ca\/wp-json\/wp\/v2\/product_brand?post=2025"},{"taxonomy":"product_cat","embeddable":true,"href":"https:\/\/www.cpl.es\/ca\/wp-json\/wp\/v2\/product_cat?post=2025"},{"taxonomy":"product_tag","embeddable":true,"href":"https:\/\/www.cpl.es\/ca\/wp-json\/wp\/v2\/product_tag?post=2025"}],"curies":[{"name":"wp","href":"https:\/\/api.w.org\/{rel}","templated":true}]}}

<p>La Pascua de la muerte, la sepultura y la resurrección de Jesús. Así llamaban los cristianos de los primeros siglos a estos días santos que constituyen el centro del año para los creyentes. Y detenerse para ver lo que estos días significan, lo que significaron para Jesús y cómo nos afectan y nos transforman a nosotros, es uno de los buenos caminos para profundizar en nuestro ser cristiano.<br />Este libro nos quiere ayudar en esa profundización. Y para hacerlo, nos invita a fijar nuestros ojos en primer lugar en el testimonio de Jesús, para pasar luego a reflexionar sobre el sentido de su muerte y resurrección y sobre lo que significa la celebración de la Pascua, para terminar prestando atención a los siete sacramentos de la Iglesia que nos unen a Jesucristo muerto y resucitado.</p>
<p>Bernabé Dalmau (Igualada, Barcelona, 1944) es monje de Montserrat, licenciado en teología y derecho canónico, experto en liturgia, director de la revista Documents d’Església y miembro del Centre de Pastoral Litúrgica, donde últimamente ha publicado varias obras tanto de tema litúrgico como de vida cristiana.</p>
<p>(Emaús 128)</p>

<p>Dalmau Ribalta, Bernabé</p>

Dalmau Ribalta, Bernabé

Rústica

<!-- This site is optimized with the Yoast SEO plugin v27.3 - https://yoast.com/product/yoast-seo-wordpress/ -->
<title>Pascua de Cristo, Pascua de los cristianos - CPL</title>
<meta name="robots" content="index, follow, max-snippet:-1, max-image-preview:large, max-video-preview:-1" />
<link rel="canonical" href="https://www.cpl.es/producto/pascua-de-cristo-pascua-de-los-cristianos-9788498058802/" />
<meta property="og:locale" content="ca_ES" />
<meta property="og:type" content="article" />
<meta property="og:title" content="Pascua de Cristo, Pascua de los cristianos - CPL" />
<meta property="og:description" content="Dalmau Ribalta, Bernabé" />
<meta property="og:url" content="https://www.cpl.es/producto/pascua-de-cristo-pascua-de-los-cristianos-9788498058802/" />
<meta property="og:site_name" content="CPL" />
<meta property="article:modified_time" content="2026-02-12T15:55:14+00:00" />
<meta property="og:image" content="https://www.cpl.es/wp-content/uploads/108128.jpg" />
	<meta property="og:image:width" content="280" />
	<meta property="og:image:height" content="443" />
	<meta property="og:image:type" content="image/jpeg" />
<meta name="twitter:card" content="summary_large_image" />
<meta name="twitter:label1" content="Temps estimat de lectura" />
	<meta name="twitter:data1" content="1 minut" />
<script type="application/ld+json" class="yoast-schema-graph">{"@context":"https:\/\/schema.org","@graph":[{"@type":"WebPage","@id":"https:\/\/www.cpl.es\/producto\/pascua-de-cristo-pascua-de-los-cristianos-9788498058802\/","url":"https:\/\/www.cpl.es\/producto\/pascua-de-cristo-pascua-de-los-cristianos-9788498058802\/","name":"Pascua de Cristo, Pascua de los cristianos - CPL","isPartOf":{"@id":"https:\/\/www.cpl.es\/#website"},"primaryImageOfPage":{"@id":"https:\/\/www.cpl.es\/producto\/pascua-de-cristo-pascua-de-los-cristianos-9788498058802\/#primaryimage"},"image":{"@id":"https:\/\/www.cpl.es\/producto\/pascua-de-cristo-pascua-de-los-cristianos-9788498058802\/#primaryimage"},"thumbnailUrl":"https:\/\/www.cpl.es\/wp-content\/uploads\/108128.jpg","datePublished":"2023-10-03T23:29:04+00:00","dateModified":"2026-02-12T15:55:14+00:00","breadcrumb":{"@id":"https:\/\/www.cpl.es\/producto\/pascua-de-cristo-pascua-de-los-cristianos-9788498058802\/#breadcrumb"},"inLanguage":"ca","potentialAction":[{"@type":"ReadAction","target":["https:\/\/www.cpl.es\/producto\/pascua-de-cristo-pascua-de-los-cristianos-9788498058802\/"]}]},{"@type":"ImageObject","inLanguage":"ca","@id":"https:\/\/www.cpl.es\/producto\/pascua-de-cristo-pascua-de-los-cristianos-9788498058802\/#primaryimage","url":"https:\/\/www.cpl.es\/wp-content\/uploads\/108128.jpg","contentUrl":"https:\/\/www.cpl.es\/wp-content\/uploads\/108128.jpg","width":280,"height":443,"caption":"108128.jpg"},{"@type":"BreadcrumbList","@id":"https:\/\/www.cpl.es\/producto\/pascua-de-cristo-pascua-de-los-cristianos-9788498058802\/#breadcrumb","itemListElement":[{"@type":"ListItem","position":1,"name":"Portada","item":"https:\/\/www.cpl.es\/ca\/"},{"@type":"ListItem","position":2,"name":"Catàleg","item":"https:\/\/www.cpl.es\/ca\/cataleg\/"},{"@type":"ListItem","position":3,"name":"Pascua de Cristo, Pascua de los cristianos"}]},{"@type":"WebSite","@id":"https:\/\/www.cpl.es\/#website","url":"https:\/\/www.cpl.es\/","name":"CPL","description":"Centre de Pastoral Litúrgica de Barcelona","publisher":{"@id":"https:\/\/www.cpl.es\/#organization"},"alternateName":"Centre de Pastoral Litúrgica","potentialAction":[{"@type":"SearchAction","target":{"@type":"EntryPoint","urlTemplate":"https:\/\/www.cpl.es\/?s={search_term_string}"},"query-input":{"@type":"PropertyValueSpecification","valueRequired":true,"valueName":"search_term_string"}}],"inLanguage":"ca"},{"@type":"Organization","@id":"https:\/\/www.cpl.es\/#organization","name":"Centre de Pastoral Litúrgica","alternateName":"Centre de Pastoral Litúrgica de Barcelona","url":"https:\/\/www.cpl.es\/","logo":{"@type":"ImageObject","inLanguage":"ca","@id":"https:\/\/www.cpl.es\/#\/schema\/logo\/image\/","url":"https:\/\/www.cpl.es\/wp-content\/uploads\/logo-cpl.svg","contentUrl":"https:\/\/www.cpl.es\/wp-content\/uploads\/logo-cpl.svg","caption":"Centre de Pastoral Litúrgica"},"image":{"@id":"https:\/\/www.cpl.es\/#\/schema\/logo\/image\/"}}]}</script>
<!-- / Yoast SEO plugin. -->

Catàleg

Centre de Pastoral Litúrgica de Barcelona

Centre de Pastoral Litúrgica
