{"id":1968,"date":"2023-10-04T01:27:22","date_gmt":"2023-10-03T23:27:22","guid":{"rendered":"https:\/\/nuevaweb.cpl.es\/producto\/pentecostes-9788498059090\/"},"modified":"2025-06-11T13:13:11","modified_gmt":"2025-06-11T11:13:11","slug":"pentecostes-9788498059090","status":"publish","type":"product","link":"https:\/\/www.cpl.es\/ca\/producto\/pentecostes-9788498059090\/","title":{"rendered":"Pentecost\u00e9s"},"content":{"rendered":"<p>El presente Cuaderno Phase recoge el texto que guio la peregrinaci\u00f3n universitaria de Par\u00eds a Chartes de 1956. Escrito casi como si fueran unos apuntes de clase: frases breves y sugerentes, as\u00ed como la indicaci\u00f3n de otros textos que pudieran ayudar a &#8216;entrar' en la solemnidad de Pentecost\u00e9s. Para reflexionar y orar ante el acontecimiento de Pentecost\u00e9s puede ser a\u00fan \u00fatil.<\/p>\n<p>Yves-Marie Congar. Naci\u00f3 en Sedan (Francia), el 8 de abril de 1904. Disc\u00edpulo de Jaques Maritain. Ingres\u00f3 en la Orden Dominicana en 1925. Recibi\u00f3 el presbiterado en 1930. Profesor en Le Saulchoir, su obra Vraie et fausse R\u00e9forme dans l\u2019\u00c9glise le vali\u00f3 duras cr\u00edticas. Particip\u00f3 como te\u00f3logo en el Concilio Vaticano II. Fund\u00f3 la colecci\u00f3n Unam Sanctam, en la que public\u00f3: Chr\u00e9tiens desunis, Esquisses du myst\u00e8re de l\u2019\u00c9glise, Jalons pour une th\u00e9ologie du laicat y L\u2019\u00e9piscopat et l\u2019\u00c9glise universelle. Fue elevado al cardenalato por Juan Pablo II en 1994. Falleci\u00f3 el 12 de junio de 1995.<\/p>\n<p>(Cuadernos Phase 231)<\/p>\n","protected":false},"excerpt":{"rendered":"<p>Congar, Yves-Marie<\/p>\n","protected":false},"featured_media":19476,"template":"","meta":{"_acf_changed":false,"inline_featured_image":false},"product_brand":[],"product_cat":[148,149,69,54],"product_tag":[],"class_list":{"0":"post-1968","1":"product","2":"type-product","3":"status-publish","4":"has-post-thumbnail","6":"product_cat-ano-liturgico-ano-liturgico-por-temas","7":"product_cat-any-liturgic-any-liturgic-per-temes","8":"product_cat-cuadernos-phase-colleccions-catala","9":"product_cat-cuadernos-phase","11":"first","12":"instock","13":"taxable","14":"shipping-taxable","15":"purchasable","16":"product-type-simple"},"acf":{"autor":"Congar, Yves-Marie","codart":"110231","ediciones":"1","encuadernacion":"R\u00fastica","fecha_de_publicacion":"21\/12\/2021","novedad":false,"paginas":"104","subtitulo":"","orden":"999","portada":false,"idioma":"spa","editorial":[{"ID":6736,"post_author":"2","post_date":"2023-10-06 08:35:24","post_date_gmt":"2023-10-06 06:35:24","post_content":"","post_title":"CPL","post_excerpt":"","post_status":"publish","comment_status":"closed","ping_status":"closed","post_password":"","post_name":"cpl","to_ping":"","pinged":"","post_modified":"2023-10-06 08:35:24","post_modified_gmt":"2023-10-06 06:35:24","post_content_filtered":"","post_parent":0,"guid":"https:\/\/nuevaweb.cpl.es\/editorial\/cpl\/","menu_order":0,"post_type":"editorial","post_mime_type":"","comment_count":"0","filter":"raw"}],"coleccion_num":"231"},"yoast_head":"<!-- This site is optimized with the Yoast SEO plugin v27.3 - https:\/\/yoast.com\/product\/yoast-seo-wordpress\/ -->\n<title>Pentecost\u00e9s - CPL<\/title>\n<meta name=\"robots\" content=\"index, follow, max-snippet:-1, max-image-preview:large, max-video-preview:-1\" \/>\n<link rel=\"canonical\" href=\"https:\/\/www.cpl.es\/producto\/pentecostes-9788498059090\/\" \/>\n<meta property=\"og:locale\" content=\"ca_ES\" \/>\n<meta property=\"og:type\" content=\"article\" \/>\n<meta property=\"og:title\" content=\"Pentecost\u00e9s - CPL\" \/>\n<meta property=\"og:description\" content=\"Congar, Yves-Marie\" \/>\n<meta property=\"og:url\" content=\"https:\/\/www.cpl.es\/producto\/pentecostes-9788498059090\/\" \/>\n<meta property=\"og:site_name\" content=\"CPL\" \/>\n<meta property=\"article:modified_time\" content=\"2025-06-11T11:13:11+00:00\" \/>\n<meta property=\"og:image\" content=\"https:\/\/www.cpl.es\/wp-content\/uploads\/110231-3.jpg\" \/>\n\t<meta property=\"og:image:width\" content=\"281\" \/>\n\t<meta property=\"og:image:height\" content=\"422\" \/>\n\t<meta property=\"og:image:type\" content=\"image\/jpeg\" \/>\n<meta name=\"twitter:card\" content=\"summary_large_image\" \/>\n<meta name=\"twitter:label1\" content=\"Temps estimat de lectura\" \/>\n\t<meta name=\"twitter:data1\" content=\"1 minut\" \/>\n<script type=\"application\/ld+json\" class=\"yoast-schema-graph\">{\"@context\":\"https:\\\/\\\/schema.org\",\"@graph\":[{\"@type\":\"WebPage\",\"@id\":\"https:\\\/\\\/www.cpl.es\\\/producto\\\/pentecostes-9788498059090\\\/\",\"url\":\"https:\\\/\\\/www.cpl.es\\\/producto\\\/pentecostes-9788498059090\\\/\",\"name\":\"Pentecost\u00e9s - CPL\",\"isPartOf\":{\"@id\":\"https:\\\/\\\/www.cpl.es\\\/#website\"},\"primaryImageOfPage\":{\"@id\":\"https:\\\/\\\/www.cpl.es\\\/producto\\\/pentecostes-9788498059090\\\/#primaryimage\"},\"image\":{\"@id\":\"https:\\\/\\\/www.cpl.es\\\/producto\\\/pentecostes-9788498059090\\\/#primaryimage\"},\"thumbnailUrl\":\"https:\\\/\\\/www.cpl.es\\\/wp-content\\\/uploads\\\/110231-3.jpg\",\"datePublished\":\"2023-10-03T23:27:22+00:00\",\"dateModified\":\"2025-06-11T11:13:11+00:00\",\"breadcrumb\":{\"@id\":\"https:\\\/\\\/www.cpl.es\\\/producto\\\/pentecostes-9788498059090\\\/#breadcrumb\"},\"inLanguage\":\"ca\",\"potentialAction\":[{\"@type\":\"ReadAction\",\"target\":[\"https:\\\/\\\/www.cpl.es\\\/producto\\\/pentecostes-9788498059090\\\/\"]}]},{\"@type\":\"ImageObject\",\"inLanguage\":\"ca\",\"@id\":\"https:\\\/\\\/www.cpl.es\\\/producto\\\/pentecostes-9788498059090\\\/#primaryimage\",\"url\":\"https:\\\/\\\/www.cpl.es\\\/wp-content\\\/uploads\\\/110231-3.jpg\",\"contentUrl\":\"https:\\\/\\\/www.cpl.es\\\/wp-content\\\/uploads\\\/110231-3.jpg\",\"width\":281,\"height\":422,\"caption\":\"110231.jpg\"},{\"@type\":\"BreadcrumbList\",\"@id\":\"https:\\\/\\\/www.cpl.es\\\/producto\\\/pentecostes-9788498059090\\\/#breadcrumb\",\"itemListElement\":[{\"@type\":\"ListItem\",\"position\":1,\"name\":\"Portada\",\"item\":\"https:\\\/\\\/www.cpl.es\\\/ca\\\/\"},{\"@type\":\"ListItem\",\"position\":2,\"name\":\"Cat\u00e0leg\",\"item\":\"https:\\\/\\\/www.cpl.es\\\/ca\\\/cataleg\\\/\"},{\"@type\":\"ListItem\",\"position\":3,\"name\":\"Pentecost\u00e9s\"}]},{\"@type\":\"WebSite\",\"@id\":\"https:\\\/\\\/www.cpl.es\\\/#website\",\"url\":\"https:\\\/\\\/www.cpl.es\\\/\",\"name\":\"CPL\",\"description\":\"Centre de Pastoral Lit\u00fargica de Barcelona\",\"publisher\":{\"@id\":\"https:\\\/\\\/www.cpl.es\\\/#organization\"},\"alternateName\":\"Centre de Pastoral Lit\u00fargica\",\"potentialAction\":[{\"@type\":\"SearchAction\",\"target\":{\"@type\":\"EntryPoint\",\"urlTemplate\":\"https:\\\/\\\/www.cpl.es\\\/?s={search_term_string}\"},\"query-input\":{\"@type\":\"PropertyValueSpecification\",\"valueRequired\":true,\"valueName\":\"search_term_string\"}}],\"inLanguage\":\"ca\"},{\"@type\":\"Organization\",\"@id\":\"https:\\\/\\\/www.cpl.es\\\/#organization\",\"name\":\"Centre de Pastoral Lit\u00fargica\",\"alternateName\":\"Centre de Pastoral Lit\u00fargica de Barcelona\",\"url\":\"https:\\\/\\\/www.cpl.es\\\/\",\"logo\":{\"@type\":\"ImageObject\",\"inLanguage\":\"ca\",\"@id\":\"https:\\\/\\\/www.cpl.es\\\/#\\\/schema\\\/logo\\\/image\\\/\",\"url\":\"https:\\\/\\\/www.cpl.es\\\/wp-content\\\/uploads\\\/logo-cpl.svg\",\"contentUrl\":\"https:\\\/\\\/www.cpl.es\\\/wp-content\\\/uploads\\\/logo-cpl.svg\",\"caption\":\"Centre de Pastoral Lit\u00fargica\"},\"image\":{\"@id\":\"https:\\\/\\\/www.cpl.es\\\/#\\\/schema\\\/logo\\\/image\\\/\"}}]}<\/script>\n<!-- \/ Yoast SEO plugin. -->","yoast_head_json":{"title":"Pentecost\u00e9s - CPL","robots":{"index":"index","follow":"follow","max-snippet":"max-snippet:-1","max-image-preview":"max-image-preview:large","max-video-preview":"max-video-preview:-1"},"canonical":"https:\/\/www.cpl.es\/producto\/pentecostes-9788498059090\/","og_locale":"ca_ES","og_type":"article","og_title":"Pentecost\u00e9s - CPL","og_description":"Congar, Yves-Marie","og_url":"https:\/\/www.cpl.es\/producto\/pentecostes-9788498059090\/","og_site_name":"CPL","article_modified_time":"2025-06-11T11:13:11+00:00","og_image":[{"width":281,"height":422,"url":"https:\/\/www.cpl.es\/wp-content\/uploads\/110231-3.jpg","type":"image\/jpeg"}],"twitter_card":"summary_large_image","twitter_misc":{"Temps estimat de lectura":"1 minut"},"schema":{"@context":"https:\/\/schema.org","@graph":[{"@type":"WebPage","@id":"https:\/\/www.cpl.es\/producto\/pentecostes-9788498059090\/","url":"https:\/\/www.cpl.es\/producto\/pentecostes-9788498059090\/","name":"Pentecost\u00e9s - CPL","isPartOf":{"@id":"https:\/\/www.cpl.es\/#website"},"primaryImageOfPage":{"@id":"https:\/\/www.cpl.es\/producto\/pentecostes-9788498059090\/#primaryimage"},"image":{"@id":"https:\/\/www.cpl.es\/producto\/pentecostes-9788498059090\/#primaryimage"},"thumbnailUrl":"https:\/\/www.cpl.es\/wp-content\/uploads\/110231-3.jpg","datePublished":"2023-10-03T23:27:22+00:00","dateModified":"2025-06-11T11:13:11+00:00","breadcrumb":{"@id":"https:\/\/www.cpl.es\/producto\/pentecostes-9788498059090\/#breadcrumb"},"inLanguage":"ca","potentialAction":[{"@type":"ReadAction","target":["https:\/\/www.cpl.es\/producto\/pentecostes-9788498059090\/"]}]},{"@type":"ImageObject","inLanguage":"ca","@id":"https:\/\/www.cpl.es\/producto\/pentecostes-9788498059090\/#primaryimage","url":"https:\/\/www.cpl.es\/wp-content\/uploads\/110231-3.jpg","contentUrl":"https:\/\/www.cpl.es\/wp-content\/uploads\/110231-3.jpg","width":281,"height":422,"caption":"110231.jpg"},{"@type":"BreadcrumbList","@id":"https:\/\/www.cpl.es\/producto\/pentecostes-9788498059090\/#breadcrumb","itemListElement":[{"@type":"ListItem","position":1,"name":"Portada","item":"https:\/\/www.cpl.es\/ca\/"},{"@type":"ListItem","position":2,"name":"Cat\u00e0leg","item":"https:\/\/www.cpl.es\/ca\/cataleg\/"},{"@type":"ListItem","position":3,"name":"Pentecost\u00e9s"}]},{"@type":"WebSite","@id":"https:\/\/www.cpl.es\/#website","url":"https:\/\/www.cpl.es\/","name":"CPL","description":"Centre de Pastoral Lit\u00fargica de Barcelona","publisher":{"@id":"https:\/\/www.cpl.es\/#organization"},"alternateName":"Centre de Pastoral Lit\u00fargica","potentialAction":[{"@type":"SearchAction","target":{"@type":"EntryPoint","urlTemplate":"https:\/\/www.cpl.es\/?s={search_term_string}"},"query-input":{"@type":"PropertyValueSpecification","valueRequired":true,"valueName":"search_term_string"}}],"inLanguage":"ca"},{"@type":"Organization","@id":"https:\/\/www.cpl.es\/#organization","name":"Centre de Pastoral Lit\u00fargica","alternateName":"Centre de Pastoral Lit\u00fargica de Barcelona","url":"https:\/\/www.cpl.es\/","logo":{"@type":"ImageObject","inLanguage":"ca","@id":"https:\/\/www.cpl.es\/#\/schema\/logo\/image\/","url":"https:\/\/www.cpl.es\/wp-content\/uploads\/logo-cpl.svg","contentUrl":"https:\/\/www.cpl.es\/wp-content\/uploads\/logo-cpl.svg","caption":"Centre de Pastoral Lit\u00fargica"},"image":{"@id":"https:\/\/www.cpl.es\/#\/schema\/logo\/image\/"}}]}},"_links":{"self":[{"href":"https:\/\/www.cpl.es\/ca\/wp-json\/wp\/v2\/product\/1968","targetHints":{"allow":["GET"]}}],"collection":[{"href":"https:\/\/www.cpl.es\/ca\/wp-json\/wp\/v2\/product"}],"about":[{"href":"https:\/\/www.cpl.es\/ca\/wp-json\/wp\/v2\/types\/product"}],"wp:featuredmedia":[{"embeddable":true,"href":"https:\/\/www.cpl.es\/ca\/wp-json\/wp\/v2\/media\/19476"}],"wp:attachment":[{"href":"https:\/\/www.cpl.es\/ca\/wp-json\/wp\/v2\/media?parent=1968"}],"wp:term":[{"taxonomy":"product_brand","embeddable":true,"href":"https:\/\/www.cpl.es\/ca\/wp-json\/wp\/v2\/product_brand?post=1968"},{"taxonomy":"product_cat","embeddable":true,"href":"https:\/\/www.cpl.es\/ca\/wp-json\/wp\/v2\/product_cat?post=1968"},{"taxonomy":"product_tag","embeddable":true,"href":"https:\/\/www.cpl.es\/ca\/wp-json\/wp\/v2\/product_tag?post=1968"}],"curies":[{"name":"wp","href":"https:\/\/api.w.org\/{rel}","templated":true}]}}

Pentecostés

<p>El presente Cuaderno Phase recoge el texto que guio la peregrinación universitaria de París a Chartes de 1956. Escrito casi como si fueran unos apuntes de clase: frases breves y sugerentes, así como la indicación de otros textos que pudieran ayudar a &#8216;entrar' en la solemnidad de Pentecostés. Para reflexionar y orar ante el acontecimiento de Pentecostés puede ser aún útil.</p>
<p>Yves-Marie Congar. Nació en Sedan (Francia), el 8 de abril de 1904. Discípulo de Jaques Maritain. Ingresó en la Orden Dominicana en 1925. Recibió el presbiterado en 1930. Profesor en Le Saulchoir, su obra Vraie et fausse Réforme dans l’Église le valió duras críticas. Participó como teólogo en el Concilio Vaticano II. Fundó la colección Unam Sanctam, en la que publicó: Chrétiens desunis, Esquisses du mystère de l’Église, Jalons pour une théologie du laicat y L’épiscopat et l’Église universelle. Fue elevado al cardenalato por Juan Pablo II en 1994. Falleció el 12 de junio de 1995.</p>
<p>(Cuadernos Phase 231)</p>

Rústica

<!-- This site is optimized with the Yoast SEO plugin v27.3 - https://yoast.com/product/yoast-seo-wordpress/ -->
<title>Pentecostés - CPL</title>
<meta name="robots" content="index, follow, max-snippet:-1, max-image-preview:large, max-video-preview:-1" />
<link rel="canonical" href="https://www.cpl.es/producto/pentecostes-9788498059090/" />
<meta property="og:locale" content="ca_ES" />
<meta property="og:type" content="article" />
<meta property="og:title" content="Pentecostés - CPL" />
<meta property="og:description" content="Congar, Yves-Marie" />
<meta property="og:url" content="https://www.cpl.es/producto/pentecostes-9788498059090/" />
<meta property="og:site_name" content="CPL" />
<meta property="article:modified_time" content="2025-06-11T11:13:11+00:00" />
<meta property="og:image" content="https://www.cpl.es/wp-content/uploads/110231-3.jpg" />
	<meta property="og:image:width" content="281" />
	<meta property="og:image:height" content="422" />
	<meta property="og:image:type" content="image/jpeg" />
<meta name="twitter:card" content="summary_large_image" />
<meta name="twitter:label1" content="Temps estimat de lectura" />
	<meta name="twitter:data1" content="1 minut" />
<script type="application/ld+json" class="yoast-schema-graph">{"@context":"https:\/\/schema.org","@graph":[{"@type":"WebPage","@id":"https:\/\/www.cpl.es\/producto\/pentecostes-9788498059090\/","url":"https:\/\/www.cpl.es\/producto\/pentecostes-9788498059090\/","name":"Pentecostés - CPL","isPartOf":{"@id":"https:\/\/www.cpl.es\/#website"},"primaryImageOfPage":{"@id":"https:\/\/www.cpl.es\/producto\/pentecostes-9788498059090\/#primaryimage"},"image":{"@id":"https:\/\/www.cpl.es\/producto\/pentecostes-9788498059090\/#primaryimage"},"thumbnailUrl":"https:\/\/www.cpl.es\/wp-content\/uploads\/110231-3.jpg","datePublished":"2023-10-03T23:27:22+00:00","dateModified":"2025-06-11T11:13:11+00:00","breadcrumb":{"@id":"https:\/\/www.cpl.es\/producto\/pentecostes-9788498059090\/#breadcrumb"},"inLanguage":"ca","potentialAction":[{"@type":"ReadAction","target":["https:\/\/www.cpl.es\/producto\/pentecostes-9788498059090\/"]}]},{"@type":"ImageObject","inLanguage":"ca","@id":"https:\/\/www.cpl.es\/producto\/pentecostes-9788498059090\/#primaryimage","url":"https:\/\/www.cpl.es\/wp-content\/uploads\/110231-3.jpg","contentUrl":"https:\/\/www.cpl.es\/wp-content\/uploads\/110231-3.jpg","width":281,"height":422,"caption":"110231.jpg"},{"@type":"BreadcrumbList","@id":"https:\/\/www.cpl.es\/producto\/pentecostes-9788498059090\/#breadcrumb","itemListElement":[{"@type":"ListItem","position":1,"name":"Portada","item":"https:\/\/www.cpl.es\/ca\/"},{"@type":"ListItem","position":2,"name":"Catàleg","item":"https:\/\/www.cpl.es\/ca\/cataleg\/"},{"@type":"ListItem","position":3,"name":"Pentecostés"}]},{"@type":"WebSite","@id":"https:\/\/www.cpl.es\/#website","url":"https:\/\/www.cpl.es\/","name":"CPL","description":"Centre de Pastoral Litúrgica de Barcelona","publisher":{"@id":"https:\/\/www.cpl.es\/#organization"},"alternateName":"Centre de Pastoral Litúrgica","potentialAction":[{"@type":"SearchAction","target":{"@type":"EntryPoint","urlTemplate":"https:\/\/www.cpl.es\/?s={search_term_string}"},"query-input":{"@type":"PropertyValueSpecification","valueRequired":true,"valueName":"search_term_string"}}],"inLanguage":"ca"},{"@type":"Organization","@id":"https:\/\/www.cpl.es\/#organization","name":"Centre de Pastoral Litúrgica","alternateName":"Centre de Pastoral Litúrgica de Barcelona","url":"https:\/\/www.cpl.es\/","logo":{"@type":"ImageObject","inLanguage":"ca","@id":"https:\/\/www.cpl.es\/#\/schema\/logo\/image\/","url":"https:\/\/www.cpl.es\/wp-content\/uploads\/logo-cpl.svg","contentUrl":"https:\/\/www.cpl.es\/wp-content\/uploads\/logo-cpl.svg","caption":"Centre de Pastoral Litúrgica"},"image":{"@id":"https:\/\/www.cpl.es\/#\/schema\/logo\/image\/"}}]}</script>
<!-- / Yoast SEO plugin. -->

Pentecostés - CPL

Catàleg

Centre de Pastoral Litúrgica de Barcelona

Centre de Pastoral Litúrgica
