{"id":19431,"date":"2025-06-05T16:33:05","date_gmt":"2025-06-05T14:33:05","guid":{"rendered":"https:\/\/www.cpl.es\/producto\/mujeres-diaconos-debate-contemporaneo-9788491656968\/"},"modified":"2026-02-12T16:47:43","modified_gmt":"2026-02-12T15:47:43","slug":"mujeres-diaconos-debate-contemporaneo-9788491656968","status":"publish","type":"product","link":"https:\/\/www.cpl.es\/ca\/producto\/mujeres-diaconos-debate-contemporaneo-9788491656968\/","title":{"rendered":"Mujeres di\u00e1conos: debate contempor\u00e1neo"},"content":{"rendered":"<p> Resumen: El presente Cuadernos Phase recoge algunas intervenciones de Phyllis Zagano, ciertamente no todas, en torno al diaconado femenino y la apuesta de la autora por su restauraci\u00f3n. Presenta los momentos significativos de la discusi\u00f3n y estudio sobre el diaconado femenino desde la historia y la vida de la Iglesia; muestra diferentes datos hist\u00f3ricos sobre las diaconisas y nos introduce en las propuestas, estudios y discusiones habidos desde la celebraci\u00f3n del Vaticano II a nuestros d\u00edas. Un volumen que contribuye al inter\u00e9s por el estudio de lo que fueron las diaconisas de la Iglesia antigua y a un debate profundo y sosegado al respecto. Palabras clave: Concilio Vaticano II, diaconisa, diaconado femenino, mujer, ordenaci\u00f3n, S\u00ednodo, status quaestionis. Abstract: This Cuadernos Phase compiles some of Phyllis Zagano\u2019s contributions, certainly not all of them, regarding the female diaconate and the author\u2019s commitment to its restoration. It presents significant moments in the discussion and study of the female diaconate from the history and life of the Church; it presents various historical data on deaconesses and introduces us to the proposals, studies, and discussions that have taken place since the celebration of Vatican II to the present day. This volume contributes to the interest in the study of the deaconesses of the early Church and to a profound and calm debate on the subject. Keywords: Second Vatican Council, deaconess, female diaconate, woman, ordination, Synod, status quaestionis.<\/p>\n","protected":false},"excerpt":{"rendered":"<p>Zagano, Phyllis<\/p>\n","protected":false},"featured_media":19432,"template":"","meta":{"_acf_changed":false,"inline_featured_image":false},"product_brand":[],"product_cat":[69,54],"product_tag":[],"class_list":{"0":"post-19431","1":"product","2":"type-product","3":"status-publish","4":"has-post-thumbnail","6":"product_cat-cuadernos-phase-colleccions-catala","7":"product_cat-cuadernos-phase","9":"first","10":"instock","11":"taxable","12":"shipping-taxable","13":"purchasable","14":"product-type-simple"},"acf":{"autor":"Zagano, Phyllis","codart":"110286","ediciones":"1","encuadernacion":"R\u00fastica","fecha_de_publicacion":"28\/05\/2025","novedad":true,"paginas":"122","subtitulo":"","orden":"999","portada":true,"idioma":"spa","coleccion_num":"286","booktrailer":"","ficha":"","muestra":"","presentacion":"","editorial":[{"ID":6736,"post_author":"2","post_date":"2023-10-06 08:35:24","post_date_gmt":"2023-10-06 06:35:24","post_content":"","post_title":"CPL","post_excerpt":"","post_status":"publish","comment_status":"closed","ping_status":"closed","post_password":"","post_name":"cpl","to_ping":"","pinged":"","post_modified":"2023-10-06 08:35:24","post_modified_gmt":"2023-10-06 06:35:24","post_content_filtered":"","post_parent":0,"guid":"https:\/\/nuevaweb.cpl.es\/editorial\/cpl\/","menu_order":0,"post_type":"editorial","post_mime_type":"","comment_count":"0","filter":"raw"}]},"yoast_head":"<!-- This site is optimized with the Yoast SEO plugin v27.3 - https:\/\/yoast.com\/product\/yoast-seo-wordpress\/ -->\n<title>Mujeres di\u00e1conos: debate contempor\u00e1neo - CPL<\/title>\n<meta name=\"robots\" content=\"index, follow, max-snippet:-1, max-image-preview:large, max-video-preview:-1\" \/>\n<link rel=\"canonical\" href=\"https:\/\/www.cpl.es\/producto\/mujeres-diaconos-debate-contemporaneo-9788491656968\/\" \/>\n<meta property=\"og:locale\" content=\"ca_ES\" \/>\n<meta property=\"og:type\" content=\"article\" \/>\n<meta property=\"og:title\" content=\"Mujeres di\u00e1conos: debate contempor\u00e1neo - CPL\" \/>\n<meta property=\"og:description\" content=\"Zagano, Phyllis\" \/>\n<meta property=\"og:url\" content=\"https:\/\/www.cpl.es\/producto\/mujeres-diaconos-debate-contemporaneo-9788491656968\/\" \/>\n<meta property=\"og:site_name\" content=\"CPL\" \/>\n<meta property=\"article:modified_time\" content=\"2026-02-12T15:47:43+00:00\" \/>\n<meta property=\"og:image\" content=\"https:\/\/www.cpl.es\/wp-content\/uploads\/9788491656968.jpg\" \/>\n\t<meta property=\"og:image:width\" content=\"199\" \/>\n\t<meta property=\"og:image:height\" content=\"300\" \/>\n\t<meta property=\"og:image:type\" content=\"image\/jpeg\" \/>\n<meta name=\"twitter:card\" content=\"summary_large_image\" \/>\n<meta name=\"twitter:label1\" content=\"Temps estimat de lectura\" \/>\n\t<meta name=\"twitter:data1\" content=\"1 minut\" \/>\n<script type=\"application\/ld+json\" class=\"yoast-schema-graph\">{\"@context\":\"https:\\\/\\\/schema.org\",\"@graph\":[{\"@type\":\"WebPage\",\"@id\":\"https:\\\/\\\/www.cpl.es\\\/producto\\\/mujeres-diaconos-debate-contemporaneo-9788491656968\\\/\",\"url\":\"https:\\\/\\\/www.cpl.es\\\/producto\\\/mujeres-diaconos-debate-contemporaneo-9788491656968\\\/\",\"name\":\"Mujeres di\u00e1conos: debate contempor\u00e1neo - CPL\",\"isPartOf\":{\"@id\":\"https:\\\/\\\/www.cpl.es\\\/#website\"},\"primaryImageOfPage\":{\"@id\":\"https:\\\/\\\/www.cpl.es\\\/producto\\\/mujeres-diaconos-debate-contemporaneo-9788491656968\\\/#primaryimage\"},\"image\":{\"@id\":\"https:\\\/\\\/www.cpl.es\\\/producto\\\/mujeres-diaconos-debate-contemporaneo-9788491656968\\\/#primaryimage\"},\"thumbnailUrl\":\"https:\\\/\\\/www.cpl.es\\\/wp-content\\\/uploads\\\/9788491656968.jpg\",\"datePublished\":\"2025-06-05T14:33:05+00:00\",\"dateModified\":\"2026-02-12T15:47:43+00:00\",\"breadcrumb\":{\"@id\":\"https:\\\/\\\/www.cpl.es\\\/producto\\\/mujeres-diaconos-debate-contemporaneo-9788491656968\\\/#breadcrumb\"},\"inLanguage\":\"ca\",\"potentialAction\":[{\"@type\":\"ReadAction\",\"target\":[\"https:\\\/\\\/www.cpl.es\\\/producto\\\/mujeres-diaconos-debate-contemporaneo-9788491656968\\\/\"]}]},{\"@type\":\"ImageObject\",\"inLanguage\":\"ca\",\"@id\":\"https:\\\/\\\/www.cpl.es\\\/producto\\\/mujeres-diaconos-debate-contemporaneo-9788491656968\\\/#primaryimage\",\"url\":\"https:\\\/\\\/www.cpl.es\\\/wp-content\\\/uploads\\\/9788491656968.jpg\",\"contentUrl\":\"https:\\\/\\\/www.cpl.es\\\/wp-content\\\/uploads\\\/9788491656968.jpg\",\"width\":199,\"height\":300,\"caption\":\"9788491656968.jpg\"},{\"@type\":\"BreadcrumbList\",\"@id\":\"https:\\\/\\\/www.cpl.es\\\/producto\\\/mujeres-diaconos-debate-contemporaneo-9788491656968\\\/#breadcrumb\",\"itemListElement\":[{\"@type\":\"ListItem\",\"position\":1,\"name\":\"Portada\",\"item\":\"https:\\\/\\\/www.cpl.es\\\/ca\\\/\"},{\"@type\":\"ListItem\",\"position\":2,\"name\":\"Cat\u00e0leg\",\"item\":\"https:\\\/\\\/www.cpl.es\\\/ca\\\/cataleg\\\/\"},{\"@type\":\"ListItem\",\"position\":3,\"name\":\"Mujeres di\u00e1conos: debate contempor\u00e1neo\"}]},{\"@type\":\"WebSite\",\"@id\":\"https:\\\/\\\/www.cpl.es\\\/#website\",\"url\":\"https:\\\/\\\/www.cpl.es\\\/\",\"name\":\"CPL\",\"description\":\"Centre de Pastoral Lit\u00fargica de Barcelona\",\"publisher\":{\"@id\":\"https:\\\/\\\/www.cpl.es\\\/#organization\"},\"alternateName\":\"Centre de Pastoral Lit\u00fargica\",\"potentialAction\":[{\"@type\":\"SearchAction\",\"target\":{\"@type\":\"EntryPoint\",\"urlTemplate\":\"https:\\\/\\\/www.cpl.es\\\/?s={search_term_string}\"},\"query-input\":{\"@type\":\"PropertyValueSpecification\",\"valueRequired\":true,\"valueName\":\"search_term_string\"}}],\"inLanguage\":\"ca\"},{\"@type\":\"Organization\",\"@id\":\"https:\\\/\\\/www.cpl.es\\\/#organization\",\"name\":\"Centre de Pastoral Lit\u00fargica\",\"alternateName\":\"Centre de Pastoral Lit\u00fargica de Barcelona\",\"url\":\"https:\\\/\\\/www.cpl.es\\\/\",\"logo\":{\"@type\":\"ImageObject\",\"inLanguage\":\"ca\",\"@id\":\"https:\\\/\\\/www.cpl.es\\\/#\\\/schema\\\/logo\\\/image\\\/\",\"url\":\"https:\\\/\\\/www.cpl.es\\\/wp-content\\\/uploads\\\/logo-cpl.svg\",\"contentUrl\":\"https:\\\/\\\/www.cpl.es\\\/wp-content\\\/uploads\\\/logo-cpl.svg\",\"caption\":\"Centre de Pastoral Lit\u00fargica\"},\"image\":{\"@id\":\"https:\\\/\\\/www.cpl.es\\\/#\\\/schema\\\/logo\\\/image\\\/\"}}]}<\/script>\n<!-- \/ Yoast SEO plugin. -->","yoast_head_json":{"title":"Mujeres di\u00e1conos: debate contempor\u00e1neo - CPL","robots":{"index":"index","follow":"follow","max-snippet":"max-snippet:-1","max-image-preview":"max-image-preview:large","max-video-preview":"max-video-preview:-1"},"canonical":"https:\/\/www.cpl.es\/producto\/mujeres-diaconos-debate-contemporaneo-9788491656968\/","og_locale":"ca_ES","og_type":"article","og_title":"Mujeres di\u00e1conos: debate contempor\u00e1neo - CPL","og_description":"Zagano, Phyllis","og_url":"https:\/\/www.cpl.es\/producto\/mujeres-diaconos-debate-contemporaneo-9788491656968\/","og_site_name":"CPL","article_modified_time":"2026-02-12T15:47:43+00:00","og_image":[{"width":199,"height":300,"url":"https:\/\/www.cpl.es\/wp-content\/uploads\/9788491656968.jpg","type":"image\/jpeg"}],"twitter_card":"summary_large_image","twitter_misc":{"Temps estimat de lectura":"1 minut"},"schema":{"@context":"https:\/\/schema.org","@graph":[{"@type":"WebPage","@id":"https:\/\/www.cpl.es\/producto\/mujeres-diaconos-debate-contemporaneo-9788491656968\/","url":"https:\/\/www.cpl.es\/producto\/mujeres-diaconos-debate-contemporaneo-9788491656968\/","name":"Mujeres di\u00e1conos: debate contempor\u00e1neo - CPL","isPartOf":{"@id":"https:\/\/www.cpl.es\/#website"},"primaryImageOfPage":{"@id":"https:\/\/www.cpl.es\/producto\/mujeres-diaconos-debate-contemporaneo-9788491656968\/#primaryimage"},"image":{"@id":"https:\/\/www.cpl.es\/producto\/mujeres-diaconos-debate-contemporaneo-9788491656968\/#primaryimage"},"thumbnailUrl":"https:\/\/www.cpl.es\/wp-content\/uploads\/9788491656968.jpg","datePublished":"2025-06-05T14:33:05+00:00","dateModified":"2026-02-12T15:47:43+00:00","breadcrumb":{"@id":"https:\/\/www.cpl.es\/producto\/mujeres-diaconos-debate-contemporaneo-9788491656968\/#breadcrumb"},"inLanguage":"ca","potentialAction":[{"@type":"ReadAction","target":["https:\/\/www.cpl.es\/producto\/mujeres-diaconos-debate-contemporaneo-9788491656968\/"]}]},{"@type":"ImageObject","inLanguage":"ca","@id":"https:\/\/www.cpl.es\/producto\/mujeres-diaconos-debate-contemporaneo-9788491656968\/#primaryimage","url":"https:\/\/www.cpl.es\/wp-content\/uploads\/9788491656968.jpg","contentUrl":"https:\/\/www.cpl.es\/wp-content\/uploads\/9788491656968.jpg","width":199,"height":300,"caption":"9788491656968.jpg"},{"@type":"BreadcrumbList","@id":"https:\/\/www.cpl.es\/producto\/mujeres-diaconos-debate-contemporaneo-9788491656968\/#breadcrumb","itemListElement":[{"@type":"ListItem","position":1,"name":"Portada","item":"https:\/\/www.cpl.es\/ca\/"},{"@type":"ListItem","position":2,"name":"Cat\u00e0leg","item":"https:\/\/www.cpl.es\/ca\/cataleg\/"},{"@type":"ListItem","position":3,"name":"Mujeres di\u00e1conos: debate contempor\u00e1neo"}]},{"@type":"WebSite","@id":"https:\/\/www.cpl.es\/#website","url":"https:\/\/www.cpl.es\/","name":"CPL","description":"Centre de Pastoral Lit\u00fargica de Barcelona","publisher":{"@id":"https:\/\/www.cpl.es\/#organization"},"alternateName":"Centre de Pastoral Lit\u00fargica","potentialAction":[{"@type":"SearchAction","target":{"@type":"EntryPoint","urlTemplate":"https:\/\/www.cpl.es\/?s={search_term_string}"},"query-input":{"@type":"PropertyValueSpecification","valueRequired":true,"valueName":"search_term_string"}}],"inLanguage":"ca"},{"@type":"Organization","@id":"https:\/\/www.cpl.es\/#organization","name":"Centre de Pastoral Lit\u00fargica","alternateName":"Centre de Pastoral Lit\u00fargica de Barcelona","url":"https:\/\/www.cpl.es\/","logo":{"@type":"ImageObject","inLanguage":"ca","@id":"https:\/\/www.cpl.es\/#\/schema\/logo\/image\/","url":"https:\/\/www.cpl.es\/wp-content\/uploads\/logo-cpl.svg","contentUrl":"https:\/\/www.cpl.es\/wp-content\/uploads\/logo-cpl.svg","caption":"Centre de Pastoral Lit\u00fargica"},"image":{"@id":"https:\/\/www.cpl.es\/#\/schema\/logo\/image\/"}}]}},"_links":{"self":[{"href":"https:\/\/www.cpl.es\/ca\/wp-json\/wp\/v2\/product\/19431","targetHints":{"allow":["GET"]}}],"collection":[{"href":"https:\/\/www.cpl.es\/ca\/wp-json\/wp\/v2\/product"}],"about":[{"href":"https:\/\/www.cpl.es\/ca\/wp-json\/wp\/v2\/types\/product"}],"wp:featuredmedia":[{"embeddable":true,"href":"https:\/\/www.cpl.es\/ca\/wp-json\/wp\/v2\/media\/19432"}],"wp:attachment":[{"href":"https:\/\/www.cpl.es\/ca\/wp-json\/wp\/v2\/media?parent=19431"}],"wp:term":[{"taxonomy":"product_brand","embeddable":true,"href":"https:\/\/www.cpl.es\/ca\/wp-json\/wp\/v2\/product_brand?post=19431"},{"taxonomy":"product_cat","embeddable":true,"href":"https:\/\/www.cpl.es\/ca\/wp-json\/wp\/v2\/product_cat?post=19431"},{"taxonomy":"product_tag","embeddable":true,"href":"https:\/\/www.cpl.es\/ca\/wp-json\/wp\/v2\/product_tag?post=19431"}],"curies":[{"name":"wp","href":"https:\/\/api.w.org\/{rel}","templated":true}]}}

Mujeres diáconos: debate contemporáneo

<p> Resumen: El presente Cuadernos Phase recoge algunas intervenciones de Phyllis Zagano, ciertamente no todas, en torno al diaconado femenino y la apuesta de la autora por su restauración. Presenta los momentos significativos de la discusión y estudio sobre el diaconado femenino desde la historia y la vida de la Iglesia; muestra diferentes datos históricos sobre las diaconisas y nos introduce en las propuestas, estudios y discusiones habidos desde la celebración del Vaticano II a nuestros días. Un volumen que contribuye al interés por el estudio de lo que fueron las diaconisas de la Iglesia antigua y a un debate profundo y sosegado al respecto. Palabras clave: Concilio Vaticano II, diaconisa, diaconado femenino, mujer, ordenación, Sínodo, status quaestionis. Abstract: This Cuadernos Phase compiles some of Phyllis Zagano’s contributions, certainly not all of them, regarding the female diaconate and the author’s commitment to its restoration. It presents significant moments in the discussion and study of the female diaconate from the history and life of the Church; it presents various historical data on deaconesses and introduces us to the proposals, studies, and discussions that have taken place since the celebration of Vatican II to the present day. This volume contributes to the interest in the study of the deaconesses of the early Church and to a profound and calm debate on the subject. Keywords: Second Vatican Council, deaconess, female diaconate, woman, ordination, Synod, status quaestionis.</p>

Rústica

<!-- This site is optimized with the Yoast SEO plugin v27.3 - https://yoast.com/product/yoast-seo-wordpress/ -->
<title>Mujeres diáconos: debate contemporáneo - CPL</title>
<meta name="robots" content="index, follow, max-snippet:-1, max-image-preview:large, max-video-preview:-1" />
<link rel="canonical" href="https://www.cpl.es/producto/mujeres-diaconos-debate-contemporaneo-9788491656968/" />
<meta property="og:locale" content="ca_ES" />
<meta property="og:type" content="article" />
<meta property="og:title" content="Mujeres diáconos: debate contemporáneo - CPL" />
<meta property="og:description" content="Zagano, Phyllis" />
<meta property="og:url" content="https://www.cpl.es/producto/mujeres-diaconos-debate-contemporaneo-9788491656968/" />
<meta property="og:site_name" content="CPL" />
<meta property="article:modified_time" content="2026-02-12T15:47:43+00:00" />
<meta property="og:image" content="https://www.cpl.es/wp-content/uploads/9788491656968.jpg" />
	<meta property="og:image:width" content="199" />
	<meta property="og:image:height" content="300" />
	<meta property="og:image:type" content="image/jpeg" />
<meta name="twitter:card" content="summary_large_image" />
<meta name="twitter:label1" content="Temps estimat de lectura" />
	<meta name="twitter:data1" content="1 minut" />
<script type="application/ld+json" class="yoast-schema-graph">{"@context":"https:\/\/schema.org","@graph":[{"@type":"WebPage","@id":"https:\/\/www.cpl.es\/producto\/mujeres-diaconos-debate-contemporaneo-9788491656968\/","url":"https:\/\/www.cpl.es\/producto\/mujeres-diaconos-debate-contemporaneo-9788491656968\/","name":"Mujeres diáconos: debate contemporáneo - CPL","isPartOf":{"@id":"https:\/\/www.cpl.es\/#website"},"primaryImageOfPage":{"@id":"https:\/\/www.cpl.es\/producto\/mujeres-diaconos-debate-contemporaneo-9788491656968\/#primaryimage"},"image":{"@id":"https:\/\/www.cpl.es\/producto\/mujeres-diaconos-debate-contemporaneo-9788491656968\/#primaryimage"},"thumbnailUrl":"https:\/\/www.cpl.es\/wp-content\/uploads\/9788491656968.jpg","datePublished":"2025-06-05T14:33:05+00:00","dateModified":"2026-02-12T15:47:43+00:00","breadcrumb":{"@id":"https:\/\/www.cpl.es\/producto\/mujeres-diaconos-debate-contemporaneo-9788491656968\/#breadcrumb"},"inLanguage":"ca","potentialAction":[{"@type":"ReadAction","target":["https:\/\/www.cpl.es\/producto\/mujeres-diaconos-debate-contemporaneo-9788491656968\/"]}]},{"@type":"ImageObject","inLanguage":"ca","@id":"https:\/\/www.cpl.es\/producto\/mujeres-diaconos-debate-contemporaneo-9788491656968\/#primaryimage","url":"https:\/\/www.cpl.es\/wp-content\/uploads\/9788491656968.jpg","contentUrl":"https:\/\/www.cpl.es\/wp-content\/uploads\/9788491656968.jpg","width":199,"height":300,"caption":"9788491656968.jpg"},{"@type":"BreadcrumbList","@id":"https:\/\/www.cpl.es\/producto\/mujeres-diaconos-debate-contemporaneo-9788491656968\/#breadcrumb","itemListElement":[{"@type":"ListItem","position":1,"name":"Portada","item":"https:\/\/www.cpl.es\/ca\/"},{"@type":"ListItem","position":2,"name":"Catàleg","item":"https:\/\/www.cpl.es\/ca\/cataleg\/"},{"@type":"ListItem","position":3,"name":"Mujeres diáconos: debate contemporáneo"}]},{"@type":"WebSite","@id":"https:\/\/www.cpl.es\/#website","url":"https:\/\/www.cpl.es\/","name":"CPL","description":"Centre de Pastoral Litúrgica de Barcelona","publisher":{"@id":"https:\/\/www.cpl.es\/#organization"},"alternateName":"Centre de Pastoral Litúrgica","potentialAction":[{"@type":"SearchAction","target":{"@type":"EntryPoint","urlTemplate":"https:\/\/www.cpl.es\/?s={search_term_string}"},"query-input":{"@type":"PropertyValueSpecification","valueRequired":true,"valueName":"search_term_string"}}],"inLanguage":"ca"},{"@type":"Organization","@id":"https:\/\/www.cpl.es\/#organization","name":"Centre de Pastoral Litúrgica","alternateName":"Centre de Pastoral Litúrgica de Barcelona","url":"https:\/\/www.cpl.es\/","logo":{"@type":"ImageObject","inLanguage":"ca","@id":"https:\/\/www.cpl.es\/#\/schema\/logo\/image\/","url":"https:\/\/www.cpl.es\/wp-content\/uploads\/logo-cpl.svg","contentUrl":"https:\/\/www.cpl.es\/wp-content\/uploads\/logo-cpl.svg","caption":"Centre de Pastoral Litúrgica"},"image":{"@id":"https:\/\/www.cpl.es\/#\/schema\/logo\/image\/"}}]}</script>
<!-- / Yoast SEO plugin. -->

Mujeres diáconos: debate contemporáneo - CPL

Catàleg

Centre de Pastoral Litúrgica de Barcelona

Centre de Pastoral Litúrgica
