{"id":18617,"date":"2025-03-13T13:03:29","date_gmt":"2025-03-13T12:03:29","guid":{"rendered":"https:\/\/www.cpl.es\/producto\/gradual-dominical-9788491656579\/"},"modified":"2025-10-03T11:08:39","modified_gmt":"2025-10-03T09:08:39","slug":"gradual-dominical-9788491656579","status":"publish","type":"product","link":"https:\/\/www.cpl.es\/ca\/producto\/gradual-dominical-9788491656579\/","title":{"rendered":"Gradual Dominical"},"content":{"rendered":"<p> El Gradual recoge los cantos responsoriales entre lecturas, las aclamaciones antes del evangelio, sea el aleluya, sea el canto de aclamaci\u00f3n y, tanto el aleluya como la aclamaci\u00f3n, con su correspondiente verso. Y, tambi\u00e9n, se incluyen algunas ant\u00edfonas para algunos ritos que requieren celebraciones rituales. Josep Anton Rodr\u00edguez Collado (Gav\u00e0, 1960), te\u00f3logo especializado en liturgia, m\u00fasico y doctor en comunicaci\u00f3n. Profesor, compositor y autor de <em>Entender el canto gregoriano<\/em> (2016), ha colaborado con el CPL y otras publicaciones lit\u00fargicas, corales y pedag\u00f3gicas.<\/p>\n","protected":false},"excerpt":{"rendered":"<p>Rodriguez I Collado, Josep Anton<\/p>\n","protected":false},"featured_media":18974,"template":"","meta":{"_acf_changed":false,"inline_featured_image":false},"product_brand":[],"product_cat":[55,68],"product_tag":[],"class_list":{"0":"post-18617","1":"product","2":"type-product","3":"status-publish","4":"has-post-thumbnail","6":"product_cat-publicaciones-musicales","7":"product_cat-publicacions-musicals","9":"first","10":"instock","11":"taxable","12":"shipping-taxable","13":"purchasable","14":"product-type-simple"},"acf":{"autor":"Rodriguez I Collado, Josep Anton","codart":"103008","ediciones":"1","encuadernacion":"R\u00fastica","fecha_de_publicacion":"04\/03\/2025","novedad":true,"paginas":"476","subtitulo":"","orden":"999","portada":false,"idioma":"spa","coleccion_num":"8","booktrailer":"","ficha":"","muestra":"","presentacion":"","editorial":[{"ID":6736,"post_author":"2","post_date":"2023-10-06 08:35:24","post_date_gmt":"2023-10-06 06:35:24","post_content":"","post_title":"CPL","post_excerpt":"","post_status":"publish","comment_status":"closed","ping_status":"closed","post_password":"","post_name":"cpl","to_ping":"","pinged":"","post_modified":"2023-10-06 08:35:24","post_modified_gmt":"2023-10-06 06:35:24","post_content_filtered":"","post_parent":0,"guid":"https:\/\/nuevaweb.cpl.es\/editorial\/cpl\/","menu_order":0,"post_type":"editorial","post_mime_type":"","comment_count":"0","filter":"raw"}]},"yoast_head":"<!-- This site is optimized with the Yoast SEO plugin v27.3 - https:\/\/yoast.com\/product\/yoast-seo-wordpress\/ -->\n<title>Gradual Dominical - CPL<\/title>\n<meta name=\"robots\" content=\"index, follow, max-snippet:-1, max-image-preview:large, max-video-preview:-1\" \/>\n<link rel=\"canonical\" href=\"https:\/\/www.cpl.es\/producto\/gradual-dominical-9788491656579\/\" \/>\n<meta property=\"og:locale\" content=\"ca_ES\" \/>\n<meta property=\"og:type\" content=\"article\" \/>\n<meta property=\"og:title\" content=\"Gradual Dominical - CPL\" \/>\n<meta property=\"og:description\" content=\"Rodriguez I Collado, Josep Anton\" \/>\n<meta property=\"og:url\" content=\"https:\/\/www.cpl.es\/producto\/gradual-dominical-9788491656579\/\" \/>\n<meta property=\"og:site_name\" content=\"CPL\" \/>\n<meta property=\"article:modified_time\" content=\"2025-10-03T09:08:39+00:00\" \/>\n<meta property=\"og:image\" content=\"https:\/\/www.cpl.es\/wp-content\/uploads\/9788491656579-1.jpg\" \/>\n\t<meta property=\"og:image:width\" content=\"212\" \/>\n\t<meta property=\"og:image:height\" content=\"300\" \/>\n\t<meta property=\"og:image:type\" content=\"image\/jpeg\" \/>\n<meta name=\"twitter:card\" content=\"summary_large_image\" \/>\n<script type=\"application\/ld+json\" class=\"yoast-schema-graph\">{\"@context\":\"https:\\\/\\\/schema.org\",\"@graph\":[{\"@type\":\"WebPage\",\"@id\":\"https:\\\/\\\/www.cpl.es\\\/producto\\\/gradual-dominical-9788491656579\\\/\",\"url\":\"https:\\\/\\\/www.cpl.es\\\/producto\\\/gradual-dominical-9788491656579\\\/\",\"name\":\"Gradual Dominical - CPL\",\"isPartOf\":{\"@id\":\"https:\\\/\\\/www.cpl.es\\\/#website\"},\"primaryImageOfPage\":{\"@id\":\"https:\\\/\\\/www.cpl.es\\\/producto\\\/gradual-dominical-9788491656579\\\/#primaryimage\"},\"image\":{\"@id\":\"https:\\\/\\\/www.cpl.es\\\/producto\\\/gradual-dominical-9788491656579\\\/#primaryimage\"},\"thumbnailUrl\":\"https:\\\/\\\/www.cpl.es\\\/wp-content\\\/uploads\\\/9788491656579-1.jpg\",\"datePublished\":\"2025-03-13T12:03:29+00:00\",\"dateModified\":\"2025-10-03T09:08:39+00:00\",\"breadcrumb\":{\"@id\":\"https:\\\/\\\/www.cpl.es\\\/producto\\\/gradual-dominical-9788491656579\\\/#breadcrumb\"},\"inLanguage\":\"ca\",\"potentialAction\":[{\"@type\":\"ReadAction\",\"target\":[\"https:\\\/\\\/www.cpl.es\\\/producto\\\/gradual-dominical-9788491656579\\\/\"]}]},{\"@type\":\"ImageObject\",\"inLanguage\":\"ca\",\"@id\":\"https:\\\/\\\/www.cpl.es\\\/producto\\\/gradual-dominical-9788491656579\\\/#primaryimage\",\"url\":\"https:\\\/\\\/www.cpl.es\\\/wp-content\\\/uploads\\\/9788491656579-1.jpg\",\"contentUrl\":\"https:\\\/\\\/www.cpl.es\\\/wp-content\\\/uploads\\\/9788491656579-1.jpg\",\"width\":212,\"height\":300,\"caption\":\"9788491656579.jpg\"},{\"@type\":\"BreadcrumbList\",\"@id\":\"https:\\\/\\\/www.cpl.es\\\/producto\\\/gradual-dominical-9788491656579\\\/#breadcrumb\",\"itemListElement\":[{\"@type\":\"ListItem\",\"position\":1,\"name\":\"Portada\",\"item\":\"https:\\\/\\\/www.cpl.es\\\/ca\\\/\"},{\"@type\":\"ListItem\",\"position\":2,\"name\":\"Cat\u00e0leg\",\"item\":\"https:\\\/\\\/www.cpl.es\\\/ca\\\/cataleg\\\/\"},{\"@type\":\"ListItem\",\"position\":3,\"name\":\"Gradual Dominical\"}]},{\"@type\":\"WebSite\",\"@id\":\"https:\\\/\\\/www.cpl.es\\\/#website\",\"url\":\"https:\\\/\\\/www.cpl.es\\\/\",\"name\":\"CPL\",\"description\":\"Centre de Pastoral Lit\u00fargica de Barcelona\",\"publisher\":{\"@id\":\"https:\\\/\\\/www.cpl.es\\\/#organization\"},\"alternateName\":\"Centre de Pastoral Lit\u00fargica\",\"potentialAction\":[{\"@type\":\"SearchAction\",\"target\":{\"@type\":\"EntryPoint\",\"urlTemplate\":\"https:\\\/\\\/www.cpl.es\\\/?s={search_term_string}\"},\"query-input\":{\"@type\":\"PropertyValueSpecification\",\"valueRequired\":true,\"valueName\":\"search_term_string\"}}],\"inLanguage\":\"ca\"},{\"@type\":\"Organization\",\"@id\":\"https:\\\/\\\/www.cpl.es\\\/#organization\",\"name\":\"Centre de Pastoral Lit\u00fargica\",\"alternateName\":\"Centre de Pastoral Lit\u00fargica de Barcelona\",\"url\":\"https:\\\/\\\/www.cpl.es\\\/\",\"logo\":{\"@type\":\"ImageObject\",\"inLanguage\":\"ca\",\"@id\":\"https:\\\/\\\/www.cpl.es\\\/#\\\/schema\\\/logo\\\/image\\\/\",\"url\":\"https:\\\/\\\/www.cpl.es\\\/wp-content\\\/uploads\\\/logo-cpl.svg\",\"contentUrl\":\"https:\\\/\\\/www.cpl.es\\\/wp-content\\\/uploads\\\/logo-cpl.svg\",\"caption\":\"Centre de Pastoral Lit\u00fargica\"},\"image\":{\"@id\":\"https:\\\/\\\/www.cpl.es\\\/#\\\/schema\\\/logo\\\/image\\\/\"}}]}<\/script>\n<!-- \/ Yoast SEO plugin. -->","yoast_head_json":{"title":"Gradual Dominical - CPL","robots":{"index":"index","follow":"follow","max-snippet":"max-snippet:-1","max-image-preview":"max-image-preview:large","max-video-preview":"max-video-preview:-1"},"canonical":"https:\/\/www.cpl.es\/producto\/gradual-dominical-9788491656579\/","og_locale":"ca_ES","og_type":"article","og_title":"Gradual Dominical - CPL","og_description":"Rodriguez I Collado, Josep Anton","og_url":"https:\/\/www.cpl.es\/producto\/gradual-dominical-9788491656579\/","og_site_name":"CPL","article_modified_time":"2025-10-03T09:08:39+00:00","og_image":[{"width":212,"height":300,"url":"https:\/\/www.cpl.es\/wp-content\/uploads\/9788491656579-1.jpg","type":"image\/jpeg"}],"twitter_card":"summary_large_image","schema":{"@context":"https:\/\/schema.org","@graph":[{"@type":"WebPage","@id":"https:\/\/www.cpl.es\/producto\/gradual-dominical-9788491656579\/","url":"https:\/\/www.cpl.es\/producto\/gradual-dominical-9788491656579\/","name":"Gradual Dominical - CPL","isPartOf":{"@id":"https:\/\/www.cpl.es\/#website"},"primaryImageOfPage":{"@id":"https:\/\/www.cpl.es\/producto\/gradual-dominical-9788491656579\/#primaryimage"},"image":{"@id":"https:\/\/www.cpl.es\/producto\/gradual-dominical-9788491656579\/#primaryimage"},"thumbnailUrl":"https:\/\/www.cpl.es\/wp-content\/uploads\/9788491656579-1.jpg","datePublished":"2025-03-13T12:03:29+00:00","dateModified":"2025-10-03T09:08:39+00:00","breadcrumb":{"@id":"https:\/\/www.cpl.es\/producto\/gradual-dominical-9788491656579\/#breadcrumb"},"inLanguage":"ca","potentialAction":[{"@type":"ReadAction","target":["https:\/\/www.cpl.es\/producto\/gradual-dominical-9788491656579\/"]}]},{"@type":"ImageObject","inLanguage":"ca","@id":"https:\/\/www.cpl.es\/producto\/gradual-dominical-9788491656579\/#primaryimage","url":"https:\/\/www.cpl.es\/wp-content\/uploads\/9788491656579-1.jpg","contentUrl":"https:\/\/www.cpl.es\/wp-content\/uploads\/9788491656579-1.jpg","width":212,"height":300,"caption":"9788491656579.jpg"},{"@type":"BreadcrumbList","@id":"https:\/\/www.cpl.es\/producto\/gradual-dominical-9788491656579\/#breadcrumb","itemListElement":[{"@type":"ListItem","position":1,"name":"Portada","item":"https:\/\/www.cpl.es\/ca\/"},{"@type":"ListItem","position":2,"name":"Cat\u00e0leg","item":"https:\/\/www.cpl.es\/ca\/cataleg\/"},{"@type":"ListItem","position":3,"name":"Gradual Dominical"}]},{"@type":"WebSite","@id":"https:\/\/www.cpl.es\/#website","url":"https:\/\/www.cpl.es\/","name":"CPL","description":"Centre de Pastoral Lit\u00fargica de Barcelona","publisher":{"@id":"https:\/\/www.cpl.es\/#organization"},"alternateName":"Centre de Pastoral Lit\u00fargica","potentialAction":[{"@type":"SearchAction","target":{"@type":"EntryPoint","urlTemplate":"https:\/\/www.cpl.es\/?s={search_term_string}"},"query-input":{"@type":"PropertyValueSpecification","valueRequired":true,"valueName":"search_term_string"}}],"inLanguage":"ca"},{"@type":"Organization","@id":"https:\/\/www.cpl.es\/#organization","name":"Centre de Pastoral Lit\u00fargica","alternateName":"Centre de Pastoral Lit\u00fargica de Barcelona","url":"https:\/\/www.cpl.es\/","logo":{"@type":"ImageObject","inLanguage":"ca","@id":"https:\/\/www.cpl.es\/#\/schema\/logo\/image\/","url":"https:\/\/www.cpl.es\/wp-content\/uploads\/logo-cpl.svg","contentUrl":"https:\/\/www.cpl.es\/wp-content\/uploads\/logo-cpl.svg","caption":"Centre de Pastoral Lit\u00fargica"},"image":{"@id":"https:\/\/www.cpl.es\/#\/schema\/logo\/image\/"}}]}},"_links":{"self":[{"href":"https:\/\/www.cpl.es\/ca\/wp-json\/wp\/v2\/product\/18617","targetHints":{"allow":["GET"]}}],"collection":[{"href":"https:\/\/www.cpl.es\/ca\/wp-json\/wp\/v2\/product"}],"about":[{"href":"https:\/\/www.cpl.es\/ca\/wp-json\/wp\/v2\/types\/product"}],"wp:featuredmedia":[{"embeddable":true,"href":"https:\/\/www.cpl.es\/ca\/wp-json\/wp\/v2\/media\/18974"}],"wp:attachment":[{"href":"https:\/\/www.cpl.es\/ca\/wp-json\/wp\/v2\/media?parent=18617"}],"wp:term":[{"taxonomy":"product_brand","embeddable":true,"href":"https:\/\/www.cpl.es\/ca\/wp-json\/wp\/v2\/product_brand?post=18617"},{"taxonomy":"product_cat","embeddable":true,"href":"https:\/\/www.cpl.es\/ca\/wp-json\/wp\/v2\/product_cat?post=18617"},{"taxonomy":"product_tag","embeddable":true,"href":"https:\/\/www.cpl.es\/ca\/wp-json\/wp\/v2\/product_tag?post=18617"}],"curies":[{"name":"wp","href":"https:\/\/api.w.org\/{rel}","templated":true}]}}

<p> El Gradual recoge los cantos responsoriales entre lecturas, las aclamaciones antes del evangelio, sea el aleluya, sea el canto de aclamación y, tanto el aleluya como la aclamación, con su correspondiente verso. Y, también, se incluyen algunas antífonas para algunos ritos que requieren celebraciones rituales. Josep Anton Rodríguez Collado (Gavà, 1960), teólogo especializado en liturgia, músico y doctor en comunicación. Profesor, compositor y autor de <em>Entender el canto gregoriano</em> (2016), ha colaborado con el CPL y otras publicaciones litúrgicas, corales y pedagógicas.</p>

Rústica

<!-- This site is optimized with the Yoast SEO plugin v27.3 - https://yoast.com/product/yoast-seo-wordpress/ -->
<title>Gradual Dominical - CPL</title>
<meta name="robots" content="index, follow, max-snippet:-1, max-image-preview:large, max-video-preview:-1" />
<link rel="canonical" href="https://www.cpl.es/producto/gradual-dominical-9788491656579/" />
<meta property="og:locale" content="ca_ES" />
<meta property="og:type" content="article" />
<meta property="og:title" content="Gradual Dominical - CPL" />
<meta property="og:description" content="Rodriguez I Collado, Josep Anton" />
<meta property="og:url" content="https://www.cpl.es/producto/gradual-dominical-9788491656579/" />
<meta property="og:site_name" content="CPL" />
<meta property="article:modified_time" content="2025-10-03T09:08:39+00:00" />
<meta property="og:image" content="https://www.cpl.es/wp-content/uploads/9788491656579-1.jpg" />
	<meta property="og:image:width" content="212" />
	<meta property="og:image:height" content="300" />
	<meta property="og:image:type" content="image/jpeg" />
<meta name="twitter:card" content="summary_large_image" />
<script type="application/ld+json" class="yoast-schema-graph">{"@context":"https:\/\/schema.org","@graph":[{"@type":"WebPage","@id":"https:\/\/www.cpl.es\/producto\/gradual-dominical-9788491656579\/","url":"https:\/\/www.cpl.es\/producto\/gradual-dominical-9788491656579\/","name":"Gradual Dominical - CPL","isPartOf":{"@id":"https:\/\/www.cpl.es\/#website"},"primaryImageOfPage":{"@id":"https:\/\/www.cpl.es\/producto\/gradual-dominical-9788491656579\/#primaryimage"},"image":{"@id":"https:\/\/www.cpl.es\/producto\/gradual-dominical-9788491656579\/#primaryimage"},"thumbnailUrl":"https:\/\/www.cpl.es\/wp-content\/uploads\/9788491656579-1.jpg","datePublished":"2025-03-13T12:03:29+00:00","dateModified":"2025-10-03T09:08:39+00:00","breadcrumb":{"@id":"https:\/\/www.cpl.es\/producto\/gradual-dominical-9788491656579\/#breadcrumb"},"inLanguage":"ca","potentialAction":[{"@type":"ReadAction","target":["https:\/\/www.cpl.es\/producto\/gradual-dominical-9788491656579\/"]}]},{"@type":"ImageObject","inLanguage":"ca","@id":"https:\/\/www.cpl.es\/producto\/gradual-dominical-9788491656579\/#primaryimage","url":"https:\/\/www.cpl.es\/wp-content\/uploads\/9788491656579-1.jpg","contentUrl":"https:\/\/www.cpl.es\/wp-content\/uploads\/9788491656579-1.jpg","width":212,"height":300,"caption":"9788491656579.jpg"},{"@type":"BreadcrumbList","@id":"https:\/\/www.cpl.es\/producto\/gradual-dominical-9788491656579\/#breadcrumb","itemListElement":[{"@type":"ListItem","position":1,"name":"Portada","item":"https:\/\/www.cpl.es\/ca\/"},{"@type":"ListItem","position":2,"name":"Catàleg","item":"https:\/\/www.cpl.es\/ca\/cataleg\/"},{"@type":"ListItem","position":3,"name":"Gradual Dominical"}]},{"@type":"WebSite","@id":"https:\/\/www.cpl.es\/#website","url":"https:\/\/www.cpl.es\/","name":"CPL","description":"Centre de Pastoral Litúrgica de Barcelona","publisher":{"@id":"https:\/\/www.cpl.es\/#organization"},"alternateName":"Centre de Pastoral Litúrgica","potentialAction":[{"@type":"SearchAction","target":{"@type":"EntryPoint","urlTemplate":"https:\/\/www.cpl.es\/?s={search_term_string}"},"query-input":{"@type":"PropertyValueSpecification","valueRequired":true,"valueName":"search_term_string"}}],"inLanguage":"ca"},{"@type":"Organization","@id":"https:\/\/www.cpl.es\/#organization","name":"Centre de Pastoral Litúrgica","alternateName":"Centre de Pastoral Litúrgica de Barcelona","url":"https:\/\/www.cpl.es\/","logo":{"@type":"ImageObject","inLanguage":"ca","@id":"https:\/\/www.cpl.es\/#\/schema\/logo\/image\/","url":"https:\/\/www.cpl.es\/wp-content\/uploads\/logo-cpl.svg","contentUrl":"https:\/\/www.cpl.es\/wp-content\/uploads\/logo-cpl.svg","caption":"Centre de Pastoral Litúrgica"},"image":{"@id":"https:\/\/www.cpl.es\/#\/schema\/logo\/image\/"}}]}</script>
<!-- / Yoast SEO plugin. -->

Catàleg

Centre de Pastoral Litúrgica de Barcelona

Centre de Pastoral Litúrgica
