{"id":1845,"date":"2023-10-04T01:23:34","date_gmt":"2023-10-03T23:23:34","guid":{"rendered":"https:\/\/nuevaweb.cpl.es\/producto\/arbres-i-espiritualitat-9788498059533\/"},"modified":"2023-10-04T01:23:38","modified_gmt":"2023-10-03T23:23:38","slug":"arbres-i-espiritualitat-9788498059533","status":"publish","type":"product","link":"https:\/\/www.cpl.es\/ca\/producto\/arbres-i-espiritualitat-9788498059533\/","title":{"rendered":"Arbres i espiritualitat"},"content":{"rendered":"<p>Aquestes p\u00e0gines parlen del paper dels arbres en diferents cultures i religions per tal de mostrar l\u2019important protagonisme que han tingut en el nostre passat i que els ha convertit en un s\u00edmbol d\u2019abast mundial que apareix en les<br \/>imatges de moltes institucions pol\u00edtiques, educatives, sanit\u00e0ries i ambientals. La mirada que l\u2019autor ens ofereix se centra en els vincles m\u00e9s emocionals i espirituals que s\u2019han establert entre les diferents civilitzacions i els arbres. Despr\u00e9s d\u2019un ampli rep\u00e0s hist\u00f2ric, trobem un cap\u00edtol titulat &#8216;Arbres, folklore i literatura', dedicat a fer un senzill tast dels estrets vincles entre els arbres i la literatura. I finalment entrem en el darrer cap\u00edtol, titulat &#8216;Comunicar-se amb els arbres', que constitueix la part m\u00e9s propositiva d\u2019aquest llibre, ja que el seu objectiu \u00e9s fornir-nos d\u2019unes senzilles eines per acostar-nos als arbres des d\u2019una altra mirada, molt m\u00e9s emocional i amorosa.<\/p>\n<p>Josep Gordi i Serrat (Mollet del Vall\u00e8s, 1959) \u00e9s professor de Geografia F\u00edsica a la Universitat de Girona i autor de diverses publicacions divulgatives sobre la relaci\u00f3 entre natura i espiritualitat. Coordina el curs de postgrau Significats<br \/>i Valors Espirituals de la Natura. Percepci\u00f3, Comunicaci\u00f3, Gesti\u00f3 i Integraci\u00f3 de la Universitat de Girona.<\/p>\n","protected":false},"excerpt":{"rendered":"<p>Gordi Serrat, Josep<\/p>\n","protected":false},"featured_media":1846,"template":"","meta":{"_acf_changed":false,"inline_featured_image":false},"product_brand":[],"product_cat":[73],"product_tag":[],"class_list":{"0":"post-1845","1":"product","2":"type-product","3":"status-publish","4":"has-post-thumbnail","6":"product_cat-emaus-colleccions-catala","8":"first","9":"instock","10":"taxable","11":"shipping-taxable","12":"purchasable","13":"product-type-simple"},"acf":{"autor":"Gordi Serrat, Josep","codart":"208136","ediciones":"1","encuadernacion":"R\u00fastica","fecha_de_publicacion":"23\/09\/2022","novedad":false,"paginas":"112","subtitulo":"","orden":"7","portada":false,"idioma":"cat","editorial":[{"ID":6736,"post_author":"2","post_date":"2023-10-06 08:35:24","post_date_gmt":"2023-10-06 06:35:24","post_content":"","post_title":"CPL","post_excerpt":"","post_status":"publish","comment_status":"closed","ping_status":"closed","post_password":"","post_name":"cpl","to_ping":"","pinged":"","post_modified":"2023-10-06 08:35:24","post_modified_gmt":"2023-10-06 06:35:24","post_content_filtered":"","post_parent":0,"guid":"https:\/\/nuevaweb.cpl.es\/editorial\/cpl\/","menu_order":0,"post_type":"editorial","post_mime_type":"","comment_count":"0","filter":"raw"}]},"yoast_head":"<!-- This site is optimized with the Yoast SEO plugin v27.3 - https:\/\/yoast.com\/product\/yoast-seo-wordpress\/ -->\n<title>Arbres i espiritualitat - CPL<\/title>\n<meta name=\"robots\" content=\"index, follow, max-snippet:-1, max-image-preview:large, max-video-preview:-1\" \/>\n<link rel=\"canonical\" href=\"https:\/\/www.cpl.es\/producto\/arbres-i-espiritualitat-9788498059533\/\" \/>\n<meta property=\"og:locale\" content=\"ca_ES\" \/>\n<meta property=\"og:type\" content=\"article\" \/>\n<meta property=\"og:title\" content=\"Arbres i espiritualitat - CPL\" \/>\n<meta property=\"og:description\" content=\"Gordi Serrat, Josep\" \/>\n<meta property=\"og:url\" content=\"https:\/\/www.cpl.es\/producto\/arbres-i-espiritualitat-9788498059533\/\" \/>\n<meta property=\"og:site_name\" content=\"CPL\" \/>\n<meta property=\"article:modified_time\" content=\"2023-10-03T23:23:38+00:00\" \/>\n<meta property=\"og:image\" content=\"https:\/\/www.cpl.es\/wp-content\/uploads\/208136.jpg\" \/>\n\t<meta property=\"og:image:width\" content=\"794\" \/>\n\t<meta property=\"og:image:height\" content=\"1259\" \/>\n\t<meta property=\"og:image:type\" content=\"image\/jpeg\" \/>\n<meta name=\"twitter:card\" content=\"summary_large_image\" \/>\n<meta name=\"twitter:label1\" content=\"Temps estimat de lectura\" \/>\n\t<meta name=\"twitter:data1\" content=\"1 minut\" \/>\n<script type=\"application\/ld+json\" class=\"yoast-schema-graph\">{\"@context\":\"https:\\\/\\\/schema.org\",\"@graph\":[{\"@type\":\"WebPage\",\"@id\":\"https:\\\/\\\/www.cpl.es\\\/producto\\\/arbres-i-espiritualitat-9788498059533\\\/\",\"url\":\"https:\\\/\\\/www.cpl.es\\\/producto\\\/arbres-i-espiritualitat-9788498059533\\\/\",\"name\":\"Arbres i espiritualitat - CPL\",\"isPartOf\":{\"@id\":\"https:\\\/\\\/www.cpl.es\\\/#website\"},\"primaryImageOfPage\":{\"@id\":\"https:\\\/\\\/www.cpl.es\\\/producto\\\/arbres-i-espiritualitat-9788498059533\\\/#primaryimage\"},\"image\":{\"@id\":\"https:\\\/\\\/www.cpl.es\\\/producto\\\/arbres-i-espiritualitat-9788498059533\\\/#primaryimage\"},\"thumbnailUrl\":\"https:\\\/\\\/www.cpl.es\\\/wp-content\\\/uploads\\\/208136.jpg\",\"datePublished\":\"2023-10-03T23:23:34+00:00\",\"dateModified\":\"2023-10-03T23:23:38+00:00\",\"breadcrumb\":{\"@id\":\"https:\\\/\\\/www.cpl.es\\\/producto\\\/arbres-i-espiritualitat-9788498059533\\\/#breadcrumb\"},\"inLanguage\":\"ca\",\"potentialAction\":[{\"@type\":\"ReadAction\",\"target\":[\"https:\\\/\\\/www.cpl.es\\\/producto\\\/arbres-i-espiritualitat-9788498059533\\\/\"]}]},{\"@type\":\"ImageObject\",\"inLanguage\":\"ca\",\"@id\":\"https:\\\/\\\/www.cpl.es\\\/producto\\\/arbres-i-espiritualitat-9788498059533\\\/#primaryimage\",\"url\":\"https:\\\/\\\/www.cpl.es\\\/wp-content\\\/uploads\\\/208136.jpg\",\"contentUrl\":\"https:\\\/\\\/www.cpl.es\\\/wp-content\\\/uploads\\\/208136.jpg\",\"width\":794,\"height\":1259,\"caption\":\"208136.jpg\"},{\"@type\":\"BreadcrumbList\",\"@id\":\"https:\\\/\\\/www.cpl.es\\\/producto\\\/arbres-i-espiritualitat-9788498059533\\\/#breadcrumb\",\"itemListElement\":[{\"@type\":\"ListItem\",\"position\":1,\"name\":\"Portada\",\"item\":\"https:\\\/\\\/www.cpl.es\\\/ca\\\/\"},{\"@type\":\"ListItem\",\"position\":2,\"name\":\"Cat\u00e0leg\",\"item\":\"https:\\\/\\\/www.cpl.es\\\/ca\\\/cataleg\\\/\"},{\"@type\":\"ListItem\",\"position\":3,\"name\":\"Arbres i espiritualitat\"}]},{\"@type\":\"WebSite\",\"@id\":\"https:\\\/\\\/www.cpl.es\\\/#website\",\"url\":\"https:\\\/\\\/www.cpl.es\\\/\",\"name\":\"CPL\",\"description\":\"Centre de Pastoral Lit\u00fargica de Barcelona\",\"publisher\":{\"@id\":\"https:\\\/\\\/www.cpl.es\\\/#organization\"},\"alternateName\":\"Centre de Pastoral Lit\u00fargica\",\"potentialAction\":[{\"@type\":\"SearchAction\",\"target\":{\"@type\":\"EntryPoint\",\"urlTemplate\":\"https:\\\/\\\/www.cpl.es\\\/?s={search_term_string}\"},\"query-input\":{\"@type\":\"PropertyValueSpecification\",\"valueRequired\":true,\"valueName\":\"search_term_string\"}}],\"inLanguage\":\"ca\"},{\"@type\":\"Organization\",\"@id\":\"https:\\\/\\\/www.cpl.es\\\/#organization\",\"name\":\"Centre de Pastoral Lit\u00fargica\",\"alternateName\":\"Centre de Pastoral Lit\u00fargica de Barcelona\",\"url\":\"https:\\\/\\\/www.cpl.es\\\/\",\"logo\":{\"@type\":\"ImageObject\",\"inLanguage\":\"ca\",\"@id\":\"https:\\\/\\\/www.cpl.es\\\/#\\\/schema\\\/logo\\\/image\\\/\",\"url\":\"https:\\\/\\\/www.cpl.es\\\/wp-content\\\/uploads\\\/logo-cpl.svg\",\"contentUrl\":\"https:\\\/\\\/www.cpl.es\\\/wp-content\\\/uploads\\\/logo-cpl.svg\",\"caption\":\"Centre de Pastoral Lit\u00fargica\"},\"image\":{\"@id\":\"https:\\\/\\\/www.cpl.es\\\/#\\\/schema\\\/logo\\\/image\\\/\"}}]}<\/script>\n<!-- \/ Yoast SEO plugin. -->","yoast_head_json":{"title":"Arbres i espiritualitat - CPL","robots":{"index":"index","follow":"follow","max-snippet":"max-snippet:-1","max-image-preview":"max-image-preview:large","max-video-preview":"max-video-preview:-1"},"canonical":"https:\/\/www.cpl.es\/producto\/arbres-i-espiritualitat-9788498059533\/","og_locale":"ca_ES","og_type":"article","og_title":"Arbres i espiritualitat - CPL","og_description":"Gordi Serrat, Josep","og_url":"https:\/\/www.cpl.es\/producto\/arbres-i-espiritualitat-9788498059533\/","og_site_name":"CPL","article_modified_time":"2023-10-03T23:23:38+00:00","og_image":[{"width":794,"height":1259,"url":"https:\/\/www.cpl.es\/wp-content\/uploads\/208136.jpg","type":"image\/jpeg"}],"twitter_card":"summary_large_image","twitter_misc":{"Temps estimat de lectura":"1 minut"},"schema":{"@context":"https:\/\/schema.org","@graph":[{"@type":"WebPage","@id":"https:\/\/www.cpl.es\/producto\/arbres-i-espiritualitat-9788498059533\/","url":"https:\/\/www.cpl.es\/producto\/arbres-i-espiritualitat-9788498059533\/","name":"Arbres i espiritualitat - CPL","isPartOf":{"@id":"https:\/\/www.cpl.es\/#website"},"primaryImageOfPage":{"@id":"https:\/\/www.cpl.es\/producto\/arbres-i-espiritualitat-9788498059533\/#primaryimage"},"image":{"@id":"https:\/\/www.cpl.es\/producto\/arbres-i-espiritualitat-9788498059533\/#primaryimage"},"thumbnailUrl":"https:\/\/www.cpl.es\/wp-content\/uploads\/208136.jpg","datePublished":"2023-10-03T23:23:34+00:00","dateModified":"2023-10-03T23:23:38+00:00","breadcrumb":{"@id":"https:\/\/www.cpl.es\/producto\/arbres-i-espiritualitat-9788498059533\/#breadcrumb"},"inLanguage":"ca","potentialAction":[{"@type":"ReadAction","target":["https:\/\/www.cpl.es\/producto\/arbres-i-espiritualitat-9788498059533\/"]}]},{"@type":"ImageObject","inLanguage":"ca","@id":"https:\/\/www.cpl.es\/producto\/arbres-i-espiritualitat-9788498059533\/#primaryimage","url":"https:\/\/www.cpl.es\/wp-content\/uploads\/208136.jpg","contentUrl":"https:\/\/www.cpl.es\/wp-content\/uploads\/208136.jpg","width":794,"height":1259,"caption":"208136.jpg"},{"@type":"BreadcrumbList","@id":"https:\/\/www.cpl.es\/producto\/arbres-i-espiritualitat-9788498059533\/#breadcrumb","itemListElement":[{"@type":"ListItem","position":1,"name":"Portada","item":"https:\/\/www.cpl.es\/ca\/"},{"@type":"ListItem","position":2,"name":"Cat\u00e0leg","item":"https:\/\/www.cpl.es\/ca\/cataleg\/"},{"@type":"ListItem","position":3,"name":"Arbres i espiritualitat"}]},{"@type":"WebSite","@id":"https:\/\/www.cpl.es\/#website","url":"https:\/\/www.cpl.es\/","name":"CPL","description":"Centre de Pastoral Lit\u00fargica de Barcelona","publisher":{"@id":"https:\/\/www.cpl.es\/#organization"},"alternateName":"Centre de Pastoral Lit\u00fargica","potentialAction":[{"@type":"SearchAction","target":{"@type":"EntryPoint","urlTemplate":"https:\/\/www.cpl.es\/?s={search_term_string}"},"query-input":{"@type":"PropertyValueSpecification","valueRequired":true,"valueName":"search_term_string"}}],"inLanguage":"ca"},{"@type":"Organization","@id":"https:\/\/www.cpl.es\/#organization","name":"Centre de Pastoral Lit\u00fargica","alternateName":"Centre de Pastoral Lit\u00fargica de Barcelona","url":"https:\/\/www.cpl.es\/","logo":{"@type":"ImageObject","inLanguage":"ca","@id":"https:\/\/www.cpl.es\/#\/schema\/logo\/image\/","url":"https:\/\/www.cpl.es\/wp-content\/uploads\/logo-cpl.svg","contentUrl":"https:\/\/www.cpl.es\/wp-content\/uploads\/logo-cpl.svg","caption":"Centre de Pastoral Lit\u00fargica"},"image":{"@id":"https:\/\/www.cpl.es\/#\/schema\/logo\/image\/"}}]}},"_links":{"self":[{"href":"https:\/\/www.cpl.es\/ca\/wp-json\/wp\/v2\/product\/1845","targetHints":{"allow":["GET"]}}],"collection":[{"href":"https:\/\/www.cpl.es\/ca\/wp-json\/wp\/v2\/product"}],"about":[{"href":"https:\/\/www.cpl.es\/ca\/wp-json\/wp\/v2\/types\/product"}],"wp:featuredmedia":[{"embeddable":true,"href":"https:\/\/www.cpl.es\/ca\/wp-json\/wp\/v2\/media\/1846"}],"wp:attachment":[{"href":"https:\/\/www.cpl.es\/ca\/wp-json\/wp\/v2\/media?parent=1845"}],"wp:term":[{"taxonomy":"product_brand","embeddable":true,"href":"https:\/\/www.cpl.es\/ca\/wp-json\/wp\/v2\/product_brand?post=1845"},{"taxonomy":"product_cat","embeddable":true,"href":"https:\/\/www.cpl.es\/ca\/wp-json\/wp\/v2\/product_cat?post=1845"},{"taxonomy":"product_tag","embeddable":true,"href":"https:\/\/www.cpl.es\/ca\/wp-json\/wp\/v2\/product_tag?post=1845"}],"curies":[{"name":"wp","href":"https:\/\/api.w.org\/{rel}","templated":true}]}}

<p>Aquestes pàgines parlen del paper dels arbres en diferents cultures i religions per tal de mostrar l’important protagonisme que han tingut en el nostre passat i que els ha convertit en un símbol d’abast mundial que apareix en les<br />imatges de moltes institucions polítiques, educatives, sanitàries i ambientals. La mirada que l’autor ens ofereix se centra en els vincles més emocionals i espirituals que s’han establert entre les diferents civilitzacions i els arbres. Després d’un ampli repàs històric, trobem un capítol titulat &#8216;Arbres, folklore i literatura', dedicat a fer un senzill tast dels estrets vincles entre els arbres i la literatura. I finalment entrem en el darrer capítol, titulat &#8216;Comunicar-se amb els arbres', que constitueix la part més propositiva d’aquest llibre, ja que el seu objectiu és fornir-nos d’unes senzilles eines per acostar-nos als arbres des d’una altra mirada, molt més emocional i amorosa.</p>
<p>Josep Gordi i Serrat (Mollet del Vallès, 1959) és professor de Geografia Física a la Universitat de Girona i autor de diverses publicacions divulgatives sobre la relació entre natura i espiritualitat. Coordina el curs de postgrau Significats<br />i Valors Espirituals de la Natura. Percepció, Comunicació, Gestió i Integració de la Universitat de Girona.</p>

Rústica

<!-- This site is optimized with the Yoast SEO plugin v27.3 - https://yoast.com/product/yoast-seo-wordpress/ -->
<title>Arbres i espiritualitat - CPL</title>
<meta name="robots" content="index, follow, max-snippet:-1, max-image-preview:large, max-video-preview:-1" />
<link rel="canonical" href="https://www.cpl.es/producto/arbres-i-espiritualitat-9788498059533/" />
<meta property="og:locale" content="ca_ES" />
<meta property="og:type" content="article" />
<meta property="og:title" content="Arbres i espiritualitat - CPL" />
<meta property="og:description" content="Gordi Serrat, Josep" />
<meta property="og:url" content="https://www.cpl.es/producto/arbres-i-espiritualitat-9788498059533/" />
<meta property="og:site_name" content="CPL" />
<meta property="article:modified_time" content="2023-10-03T23:23:38+00:00" />
<meta property="og:image" content="https://www.cpl.es/wp-content/uploads/208136.jpg" />
	<meta property="og:image:width" content="794" />
	<meta property="og:image:height" content="1259" />
	<meta property="og:image:type" content="image/jpeg" />
<meta name="twitter:card" content="summary_large_image" />
<meta name="twitter:label1" content="Temps estimat de lectura" />
	<meta name="twitter:data1" content="1 minut" />
<script type="application/ld+json" class="yoast-schema-graph">{"@context":"https:\/\/schema.org","@graph":[{"@type":"WebPage","@id":"https:\/\/www.cpl.es\/producto\/arbres-i-espiritualitat-9788498059533\/","url":"https:\/\/www.cpl.es\/producto\/arbres-i-espiritualitat-9788498059533\/","name":"Arbres i espiritualitat - CPL","isPartOf":{"@id":"https:\/\/www.cpl.es\/#website"},"primaryImageOfPage":{"@id":"https:\/\/www.cpl.es\/producto\/arbres-i-espiritualitat-9788498059533\/#primaryimage"},"image":{"@id":"https:\/\/www.cpl.es\/producto\/arbres-i-espiritualitat-9788498059533\/#primaryimage"},"thumbnailUrl":"https:\/\/www.cpl.es\/wp-content\/uploads\/208136.jpg","datePublished":"2023-10-03T23:23:34+00:00","dateModified":"2023-10-03T23:23:38+00:00","breadcrumb":{"@id":"https:\/\/www.cpl.es\/producto\/arbres-i-espiritualitat-9788498059533\/#breadcrumb"},"inLanguage":"ca","potentialAction":[{"@type":"ReadAction","target":["https:\/\/www.cpl.es\/producto\/arbres-i-espiritualitat-9788498059533\/"]}]},{"@type":"ImageObject","inLanguage":"ca","@id":"https:\/\/www.cpl.es\/producto\/arbres-i-espiritualitat-9788498059533\/#primaryimage","url":"https:\/\/www.cpl.es\/wp-content\/uploads\/208136.jpg","contentUrl":"https:\/\/www.cpl.es\/wp-content\/uploads\/208136.jpg","width":794,"height":1259,"caption":"208136.jpg"},{"@type":"BreadcrumbList","@id":"https:\/\/www.cpl.es\/producto\/arbres-i-espiritualitat-9788498059533\/#breadcrumb","itemListElement":[{"@type":"ListItem","position":1,"name":"Portada","item":"https:\/\/www.cpl.es\/ca\/"},{"@type":"ListItem","position":2,"name":"Catàleg","item":"https:\/\/www.cpl.es\/ca\/cataleg\/"},{"@type":"ListItem","position":3,"name":"Arbres i espiritualitat"}]},{"@type":"WebSite","@id":"https:\/\/www.cpl.es\/#website","url":"https:\/\/www.cpl.es\/","name":"CPL","description":"Centre de Pastoral Litúrgica de Barcelona","publisher":{"@id":"https:\/\/www.cpl.es\/#organization"},"alternateName":"Centre de Pastoral Litúrgica","potentialAction":[{"@type":"SearchAction","target":{"@type":"EntryPoint","urlTemplate":"https:\/\/www.cpl.es\/?s={search_term_string}"},"query-input":{"@type":"PropertyValueSpecification","valueRequired":true,"valueName":"search_term_string"}}],"inLanguage":"ca"},{"@type":"Organization","@id":"https:\/\/www.cpl.es\/#organization","name":"Centre de Pastoral Litúrgica","alternateName":"Centre de Pastoral Litúrgica de Barcelona","url":"https:\/\/www.cpl.es\/","logo":{"@type":"ImageObject","inLanguage":"ca","@id":"https:\/\/www.cpl.es\/#\/schema\/logo\/image\/","url":"https:\/\/www.cpl.es\/wp-content\/uploads\/logo-cpl.svg","contentUrl":"https:\/\/www.cpl.es\/wp-content\/uploads\/logo-cpl.svg","caption":"Centre de Pastoral Litúrgica"},"image":{"@id":"https:\/\/www.cpl.es\/#\/schema\/logo\/image\/"}}]}</script>
<!-- / Yoast SEO plugin. -->

Catàleg

Centre de Pastoral Litúrgica de Barcelona

Centre de Pastoral Litúrgica
