{"id":1746,"date":"2023-10-04T01:20:30","date_gmt":"2023-10-03T23:20:30","guid":{"rendered":"https:\/\/nuevaweb.cpl.es\/producto\/apocalipsi-de-jesus-el-messies-9788491650034\/"},"modified":"2026-02-12T17:54:29","modified_gmt":"2026-02-12T16:54:29","slug":"apocalipsi-de-jesus-el-messies-9788491650034","status":"publish","type":"product","link":"https:\/\/www.cpl.es\/ca\/producto\/apocalipsi-de-jesus-el-messies-9788491650034\/","title":{"rendered":"Apocalipsi de Jes\u00fas, el Messies"},"content":{"rendered":"<p>La paraula &#8216;apocal\u00edptic&#8217; sona actualment com a sin\u00f2nim de terror\u00edfic, esfere\u00efdor, catastr\u00f2fic. Per\u00f2 de fet, la paraula &#8216;Apocalipsi&#8217;, que \u00e9s el nom del llibre que la tanca la B\u00edblia, vol dir revelaci\u00f3, manifestaci\u00f3. I \u00e9s que aquest llibre ens vol revelar que, malgrat totes les persecucions i atacs que han de suportar els cristians, al final de la nostra hist\u00f2ria humana podrem viure la vict\u00f2ria de D\u00e9u i dels seus fidels per damunt dels poders d&#8217;aquest m\u00f3n. Per\u00f2 aix\u00f2 ho descriu l&#8217;autor amb imatges espectaculars, de lliutes terribles, que s\u00f3n las que han donat origen al sentit que ara t\u00e9 aquest terme. Els cristians dels primers temps s&#8217;enfrontaven a un repte determinant: l&#8217;obligaci\u00f3 de donar culte a l&#8217;emperador. I ells, a aix\u00f2, pass\u00e9s el que pass\u00e9s, no hi estaven disposats. I el llibre de l&#8217;Apocalipsi vol ajudar-los a la fermesa en aquesta lliuta, que l&#8217;autor reclama que sigui sense cap concessi\u00f3, perqu\u00e8 Jesucrist \u00e9s l&#8217;\u00fanic Senyor, i D\u00e9u els donar\u00e0 la vict\u00f2ria final.<\/p>\n<p>Rodolf Puigdollers i Noblom (Barcelona 1948) \u00e9s escolapi, doctor en teologia i rector de les parr\u00f2quies de Sant Sadurn\u00ed de la Roca del Vall\u00e8s i Santa Maria del Jaire de la Torreta, a la di\u00f2cesi de Terrassa. \u00c9s autor d&#8217;una \u00e0mplia s\u00e8rie de publicacions b\u00edbliques, catequ\u00e8tiques i pastorals, un bon nombre de les quals han estat editades pel Centre de Pastoral Lit\u00fargica.<\/p>\n<p><\/p>\n","protected":false},"excerpt":{"rendered":"<p>Puigdollers Noblom, Rodolf<\/p>\n","protected":false},"featured_media":1747,"template":"","meta":{"_acf_changed":false,"inline_featured_image":false},"product_brand":[],"product_cat":[73],"product_tag":[],"class_list":["post-1746","product","type-product","status-publish","has-post-thumbnail","product_cat-emaus-colleccions-catala","first","instock","taxable","shipping-taxable","purchasable","product-type-simple"],"acf":{"autor":"Puigdollers Noblom, Rodolf","codart":"208141","ediciones":"1","encuadernacion":"R\u00fastica","fecha_de_publicacion":"22\/05\/2017","novedad":false,"paginas":"140","subtitulo":"Quan es desvela el misteri","orden":"999","portada":false,"idioma":"cat","editorial":[{"ID":6736,"post_author":"2","post_date":"2023-10-06 08:35:24","post_date_gmt":"2023-10-06 06:35:24","post_content":"","post_title":"CPL","post_excerpt":"","post_status":"publish","comment_status":"closed","ping_status":"closed","post_password":"","post_name":"cpl","to_ping":"","pinged":"","post_modified":"2023-10-06 08:35:24","post_modified_gmt":"2023-10-06 06:35:24","post_content_filtered":"","post_parent":0,"guid":"https:\/\/nuevaweb.cpl.es\/editorial\/cpl\/","menu_order":0,"post_type":"editorial","post_mime_type":"","comment_count":"0","filter":"raw"}],"coleccion_num":"141"},"yoast_head":"<!-- This site is optimized with the Yoast SEO plugin v28.3 - https:\/\/yoast.com\/product\/yoast-seo-wordpress\/ -->\n<title>Apocalipsi de Jes\u00fas, el Messies - CPL<\/title>\n<meta name=\"robots\" content=\"index, follow, max-snippet:-1, max-image-preview:large, max-video-preview:-1\" \/>\n<link rel=\"canonical\" href=\"https:\/\/www.cpl.es\/producto\/apocalipsi-de-jesus-el-messies-9788491650034\/\" \/>\n<meta property=\"og:locale\" content=\"ca_ES\" \/>\n<meta property=\"og:type\" content=\"article\" \/>\n<meta property=\"og:title\" content=\"Apocalipsi de Jes\u00fas, el Messies - CPL\" \/>\n<meta property=\"og:description\" content=\"Puigdollers Noblom, Rodolf\" \/>\n<meta property=\"og:url\" content=\"https:\/\/www.cpl.es\/producto\/apocalipsi-de-jesus-el-messies-9788491650034\/\" \/>\n<meta property=\"og:site_name\" content=\"CPL\" \/>\n<meta property=\"article:modified_time\" content=\"2026-02-12T16:54:29+00:00\" \/>\n<meta property=\"og:image\" content=\"https:\/\/www.cpl.es\/wp-content\/uploads\/208141.jpg\" \/>\n\t<meta property=\"og:image:width\" content=\"280\" \/>\n\t<meta property=\"og:image:height\" content=\"444\" \/>\n\t<meta property=\"og:image:type\" content=\"image\/jpeg\" \/>\n<meta name=\"twitter:card\" content=\"summary_large_image\" \/>\n<meta name=\"twitter:label1\" content=\"Temps estimat de lectura\" \/>\n\t<meta name=\"twitter:data1\" content=\"1 minut\" \/>\n<script type=\"application\/ld+json\" class=\"yoast-schema-graph\">{\"@context\":\"https:\\\/\\\/schema.org\",\"@graph\":[{\"@type\":\"WebPage\",\"@id\":\"https:\\\/\\\/www.cpl.es\\\/producto\\\/apocalipsi-de-jesus-el-messies-9788491650034\\\/\",\"url\":\"https:\\\/\\\/www.cpl.es\\\/producto\\\/apocalipsi-de-jesus-el-messies-9788491650034\\\/\",\"name\":\"Apocalipsi de Jes\u00fas, el Messies - CPL\",\"isPartOf\":{\"@id\":\"https:\\\/\\\/www.cpl.es\\\/#website\"},\"primaryImageOfPage\":{\"@id\":\"https:\\\/\\\/www.cpl.es\\\/producto\\\/apocalipsi-de-jesus-el-messies-9788491650034\\\/#primaryimage\"},\"image\":{\"@id\":\"https:\\\/\\\/www.cpl.es\\\/producto\\\/apocalipsi-de-jesus-el-messies-9788491650034\\\/#primaryimage\"},\"thumbnailUrl\":\"https:\\\/\\\/www.cpl.es\\\/wp-content\\\/uploads\\\/208141.jpg\",\"datePublished\":\"2023-10-03T23:20:30+00:00\",\"dateModified\":\"2026-02-12T16:54:29+00:00\",\"breadcrumb\":{\"@id\":\"https:\\\/\\\/www.cpl.es\\\/producto\\\/apocalipsi-de-jesus-el-messies-9788491650034\\\/#breadcrumb\"},\"inLanguage\":\"ca\",\"potentialAction\":[{\"@type\":\"ReadAction\",\"target\":[\"https:\\\/\\\/www.cpl.es\\\/producto\\\/apocalipsi-de-jesus-el-messies-9788491650034\\\/\"]}]},{\"@type\":\"ImageObject\",\"inLanguage\":\"ca\",\"@id\":\"https:\\\/\\\/www.cpl.es\\\/producto\\\/apocalipsi-de-jesus-el-messies-9788491650034\\\/#primaryimage\",\"url\":\"https:\\\/\\\/www.cpl.es\\\/wp-content\\\/uploads\\\/208141.jpg\",\"contentUrl\":\"https:\\\/\\\/www.cpl.es\\\/wp-content\\\/uploads\\\/208141.jpg\",\"width\":280,\"height\":444,\"caption\":\"208141.jpg\"},{\"@type\":\"BreadcrumbList\",\"@id\":\"https:\\\/\\\/www.cpl.es\\\/producto\\\/apocalipsi-de-jesus-el-messies-9788491650034\\\/#breadcrumb\",\"itemListElement\":[{\"@type\":\"ListItem\",\"position\":1,\"name\":\"Portada\",\"item\":\"https:\\\/\\\/www.cpl.es\\\/ca\\\/\"},{\"@type\":\"ListItem\",\"position\":2,\"name\":\"Cat\u00e0leg\",\"item\":\"https:\\\/\\\/www.cpl.es\\\/ca\\\/cataleg\\\/\"},{\"@type\":\"ListItem\",\"position\":3,\"name\":\"Apocalipsi de Jes\u00fas, el Messies\"}]},{\"@type\":\"WebSite\",\"@id\":\"https:\\\/\\\/www.cpl.es\\\/#website\",\"url\":\"https:\\\/\\\/www.cpl.es\\\/\",\"name\":\"CPL\",\"description\":\"Centre de Pastoral Lit\u00fargica de Barcelona\",\"publisher\":{\"@id\":\"https:\\\/\\\/www.cpl.es\\\/#organization\"},\"alternateName\":\"Centre de Pastoral Lit\u00fargica\",\"potentialAction\":[{\"@type\":\"SearchAction\",\"target\":{\"@type\":\"EntryPoint\",\"urlTemplate\":\"https:\\\/\\\/www.cpl.es\\\/?s={search_term_string}\"},\"query-input\":{\"@type\":\"PropertyValueSpecification\",\"valueRequired\":true,\"valueName\":\"search_term_string\"}}],\"inLanguage\":\"ca\"},{\"@type\":\"Organization\",\"@id\":\"https:\\\/\\\/www.cpl.es\\\/#organization\",\"name\":\"Centre de Pastoral Lit\u00fargica\",\"alternateName\":\"Centre de Pastoral Lit\u00fargica de Barcelona\",\"url\":\"https:\\\/\\\/www.cpl.es\\\/\",\"logo\":{\"@type\":\"ImageObject\",\"inLanguage\":\"ca\",\"@id\":\"https:\\\/\\\/www.cpl.es\\\/#\\\/schema\\\/logo\\\/image\\\/\",\"url\":\"https:\\\/\\\/www.cpl.es\\\/wp-content\\\/uploads\\\/logo-cpl.svg\",\"contentUrl\":\"https:\\\/\\\/www.cpl.es\\\/wp-content\\\/uploads\\\/logo-cpl.svg\",\"caption\":\"Centre de Pastoral Lit\u00fargica\"},\"image\":{\"@id\":\"https:\\\/\\\/www.cpl.es\\\/#\\\/schema\\\/logo\\\/image\\\/\"}}]}<\/script>\n<!-- \/ Yoast SEO plugin. -->","yoast_head_json":{"title":"Apocalipsi de Jes\u00fas, el Messies - CPL","robots":{"index":"index","follow":"follow","max-snippet":"max-snippet:-1","max-image-preview":"max-image-preview:large","max-video-preview":"max-video-preview:-1"},"canonical":"https:\/\/www.cpl.es\/producto\/apocalipsi-de-jesus-el-messies-9788491650034\/","og_locale":"ca_ES","og_type":"article","og_title":"Apocalipsi de Jes\u00fas, el Messies - CPL","og_description":"Puigdollers Noblom, Rodolf","og_url":"https:\/\/www.cpl.es\/producto\/apocalipsi-de-jesus-el-messies-9788491650034\/","og_site_name":"CPL","article_modified_time":"2026-02-12T16:54:29+00:00","og_image":[{"width":280,"height":444,"url":"https:\/\/www.cpl.es\/wp-content\/uploads\/208141.jpg","type":"image\/jpeg"}],"twitter_card":"summary_large_image","twitter_misc":{"Temps estimat de lectura":"1 minut"},"schema":{"@context":"https:\/\/schema.org","@graph":[{"@type":"WebPage","@id":"https:\/\/www.cpl.es\/producto\/apocalipsi-de-jesus-el-messies-9788491650034\/","url":"https:\/\/www.cpl.es\/producto\/apocalipsi-de-jesus-el-messies-9788491650034\/","name":"Apocalipsi de Jes\u00fas, el Messies - CPL","isPartOf":{"@id":"https:\/\/www.cpl.es\/#website"},"primaryImageOfPage":{"@id":"https:\/\/www.cpl.es\/producto\/apocalipsi-de-jesus-el-messies-9788491650034\/#primaryimage"},"image":{"@id":"https:\/\/www.cpl.es\/producto\/apocalipsi-de-jesus-el-messies-9788491650034\/#primaryimage"},"thumbnailUrl":"https:\/\/www.cpl.es\/wp-content\/uploads\/208141.jpg","datePublished":"2023-10-03T23:20:30+00:00","dateModified":"2026-02-12T16:54:29+00:00","breadcrumb":{"@id":"https:\/\/www.cpl.es\/producto\/apocalipsi-de-jesus-el-messies-9788491650034\/#breadcrumb"},"inLanguage":"ca","potentialAction":[{"@type":"ReadAction","target":["https:\/\/www.cpl.es\/producto\/apocalipsi-de-jesus-el-messies-9788491650034\/"]}]},{"@type":"ImageObject","inLanguage":"ca","@id":"https:\/\/www.cpl.es\/producto\/apocalipsi-de-jesus-el-messies-9788491650034\/#primaryimage","url":"https:\/\/www.cpl.es\/wp-content\/uploads\/208141.jpg","contentUrl":"https:\/\/www.cpl.es\/wp-content\/uploads\/208141.jpg","width":280,"height":444,"caption":"208141.jpg"},{"@type":"BreadcrumbList","@id":"https:\/\/www.cpl.es\/producto\/apocalipsi-de-jesus-el-messies-9788491650034\/#breadcrumb","itemListElement":[{"@type":"ListItem","position":1,"name":"Portada","item":"https:\/\/www.cpl.es\/ca\/"},{"@type":"ListItem","position":2,"name":"Cat\u00e0leg","item":"https:\/\/www.cpl.es\/ca\/cataleg\/"},{"@type":"ListItem","position":3,"name":"Apocalipsi de Jes\u00fas, el Messies"}]},{"@type":"WebSite","@id":"https:\/\/www.cpl.es\/#website","url":"https:\/\/www.cpl.es\/","name":"CPL","description":"Centre de Pastoral Lit\u00fargica de Barcelona","publisher":{"@id":"https:\/\/www.cpl.es\/#organization"},"alternateName":"Centre de Pastoral Lit\u00fargica","potentialAction":[{"@type":"SearchAction","target":{"@type":"EntryPoint","urlTemplate":"https:\/\/www.cpl.es\/?s={search_term_string}"},"query-input":{"@type":"PropertyValueSpecification","valueRequired":true,"valueName":"search_term_string"}}],"inLanguage":"ca"},{"@type":"Organization","@id":"https:\/\/www.cpl.es\/#organization","name":"Centre de Pastoral Lit\u00fargica","alternateName":"Centre de Pastoral Lit\u00fargica de Barcelona","url":"https:\/\/www.cpl.es\/","logo":{"@type":"ImageObject","inLanguage":"ca","@id":"https:\/\/www.cpl.es\/#\/schema\/logo\/image\/","url":"https:\/\/www.cpl.es\/wp-content\/uploads\/logo-cpl.svg","contentUrl":"https:\/\/www.cpl.es\/wp-content\/uploads\/logo-cpl.svg","caption":"Centre de Pastoral Lit\u00fargica"},"image":{"@id":"https:\/\/www.cpl.es\/#\/schema\/logo\/image\/"}}]}},"_links":{"self":[{"href":"https:\/\/www.cpl.es\/ca\/wp-json\/wp\/v2\/product\/1746","targetHints":{"allow":["GET"]}}],"collection":[{"href":"https:\/\/www.cpl.es\/ca\/wp-json\/wp\/v2\/product"}],"about":[{"href":"https:\/\/www.cpl.es\/ca\/wp-json\/wp\/v2\/types\/product"}],"wp:featuredmedia":[{"embeddable":true,"href":"https:\/\/www.cpl.es\/ca\/wp-json\/wp\/v2\/media\/1747"}],"wp:attachment":[{"href":"https:\/\/www.cpl.es\/ca\/wp-json\/wp\/v2\/media?parent=1746"}],"wp:term":[{"taxonomy":"product_brand","embeddable":true,"href":"https:\/\/www.cpl.es\/ca\/wp-json\/wp\/v2\/product_brand?post=1746"},{"taxonomy":"product_cat","embeddable":true,"href":"https:\/\/www.cpl.es\/ca\/wp-json\/wp\/v2\/product_cat?post=1746"},{"taxonomy":"product_tag","embeddable":true,"href":"https:\/\/www.cpl.es\/ca\/wp-json\/wp\/v2\/product_tag?post=1746"}],"curies":[{"name":"wp","href":"https:\/\/api.w.org\/{rel}","templated":true}]}}

Apocalipsi de Jesús, el Messies

<p>La paraula &#8216;apocalíptic&#8217; sona actualment com a sinònim de terrorífic, esfereïdor, catastròfic. Però de fet, la paraula &#8216;Apocalipsi&#8217;, que és el nom del llibre que la tanca la Bíblia, vol dir revelació, manifestació. I és que aquest llibre ens vol revelar que, malgrat totes les persecucions i atacs que han de suportar els cristians, al final de la nostra història humana podrem viure la victòria de Déu i dels seus fidels per damunt dels poders d&#8217;aquest món. Però això ho descriu l&#8217;autor amb imatges espectaculars, de lliutes terribles, que són las que han donat origen al sentit que ara té aquest terme. Els cristians dels primers temps s&#8217;enfrontaven a un repte determinant: l&#8217;obligació de donar culte a l&#8217;emperador. I ells, a això, passés el que passés, no hi estaven disposats. I el llibre de l&#8217;Apocalipsi vol ajudar-los a la fermesa en aquesta lliuta, que l&#8217;autor reclama que sigui sense cap concessió, perquè Jesucrist és l&#8217;únic Senyor, i Déu els donarà la victòria final.</p>
<p>Rodolf Puigdollers i Noblom (Barcelona 1948) és escolapi, doctor en teologia i rector de les parròquies de Sant Sadurní de la Roca del Vallès i Santa Maria del Jaire de la Torreta, a la diòcesi de Terrassa. És autor d&#8217;una àmplia sèrie de publicacions bíbliques, catequètiques i pastorals, un bon nombre de les quals han estat editades pel Centre de Pastoral Litúrgica.</p>
<p></p>

Rústica

<!-- This site is optimized with the Yoast SEO plugin v28.3 - https://yoast.com/product/yoast-seo-wordpress/ -->
<title>Apocalipsi de Jesús, el Messies - CPL</title>
<meta name="robots" content="index, follow, max-snippet:-1, max-image-preview:large, max-video-preview:-1" />
<link rel="canonical" href="https://www.cpl.es/producto/apocalipsi-de-jesus-el-messies-9788491650034/" />
<meta property="og:locale" content="ca_ES" />
<meta property="og:type" content="article" />
<meta property="og:title" content="Apocalipsi de Jesús, el Messies - CPL" />
<meta property="og:description" content="Puigdollers Noblom, Rodolf" />
<meta property="og:url" content="https://www.cpl.es/producto/apocalipsi-de-jesus-el-messies-9788491650034/" />
<meta property="og:site_name" content="CPL" />
<meta property="article:modified_time" content="2026-02-12T16:54:29+00:00" />
<meta property="og:image" content="https://www.cpl.es/wp-content/uploads/208141.jpg" />
	<meta property="og:image:width" content="280" />
	<meta property="og:image:height" content="444" />
	<meta property="og:image:type" content="image/jpeg" />
<meta name="twitter:card" content="summary_large_image" />
<meta name="twitter:label1" content="Temps estimat de lectura" />
	<meta name="twitter:data1" content="1 minut" />
<script type="application/ld+json" class="yoast-schema-graph">{"@context":"https:\/\/schema.org","@graph":[{"@type":"WebPage","@id":"https:\/\/www.cpl.es\/producto\/apocalipsi-de-jesus-el-messies-9788491650034\/","url":"https:\/\/www.cpl.es\/producto\/apocalipsi-de-jesus-el-messies-9788491650034\/","name":"Apocalipsi de Jesús, el Messies - CPL","isPartOf":{"@id":"https:\/\/www.cpl.es\/#website"},"primaryImageOfPage":{"@id":"https:\/\/www.cpl.es\/producto\/apocalipsi-de-jesus-el-messies-9788491650034\/#primaryimage"},"image":{"@id":"https:\/\/www.cpl.es\/producto\/apocalipsi-de-jesus-el-messies-9788491650034\/#primaryimage"},"thumbnailUrl":"https:\/\/www.cpl.es\/wp-content\/uploads\/208141.jpg","datePublished":"2023-10-03T23:20:30+00:00","dateModified":"2026-02-12T16:54:29+00:00","breadcrumb":{"@id":"https:\/\/www.cpl.es\/producto\/apocalipsi-de-jesus-el-messies-9788491650034\/#breadcrumb"},"inLanguage":"ca","potentialAction":[{"@type":"ReadAction","target":["https:\/\/www.cpl.es\/producto\/apocalipsi-de-jesus-el-messies-9788491650034\/"]}]},{"@type":"ImageObject","inLanguage":"ca","@id":"https:\/\/www.cpl.es\/producto\/apocalipsi-de-jesus-el-messies-9788491650034\/#primaryimage","url":"https:\/\/www.cpl.es\/wp-content\/uploads\/208141.jpg","contentUrl":"https:\/\/www.cpl.es\/wp-content\/uploads\/208141.jpg","width":280,"height":444,"caption":"208141.jpg"},{"@type":"BreadcrumbList","@id":"https:\/\/www.cpl.es\/producto\/apocalipsi-de-jesus-el-messies-9788491650034\/#breadcrumb","itemListElement":[{"@type":"ListItem","position":1,"name":"Portada","item":"https:\/\/www.cpl.es\/ca\/"},{"@type":"ListItem","position":2,"name":"Catàleg","item":"https:\/\/www.cpl.es\/ca\/cataleg\/"},{"@type":"ListItem","position":3,"name":"Apocalipsi de Jesús, el Messies"}]},{"@type":"WebSite","@id":"https:\/\/www.cpl.es\/#website","url":"https:\/\/www.cpl.es\/","name":"CPL","description":"Centre de Pastoral Litúrgica de Barcelona","publisher":{"@id":"https:\/\/www.cpl.es\/#organization"},"alternateName":"Centre de Pastoral Litúrgica","potentialAction":[{"@type":"SearchAction","target":{"@type":"EntryPoint","urlTemplate":"https:\/\/www.cpl.es\/?s={search_term_string}"},"query-input":{"@type":"PropertyValueSpecification","valueRequired":true,"valueName":"search_term_string"}}],"inLanguage":"ca"},{"@type":"Organization","@id":"https:\/\/www.cpl.es\/#organization","name":"Centre de Pastoral Litúrgica","alternateName":"Centre de Pastoral Litúrgica de Barcelona","url":"https:\/\/www.cpl.es\/","logo":{"@type":"ImageObject","inLanguage":"ca","@id":"https:\/\/www.cpl.es\/#\/schema\/logo\/image\/","url":"https:\/\/www.cpl.es\/wp-content\/uploads\/logo-cpl.svg","contentUrl":"https:\/\/www.cpl.es\/wp-content\/uploads\/logo-cpl.svg","caption":"Centre de Pastoral Litúrgica"},"image":{"@id":"https:\/\/www.cpl.es\/#\/schema\/logo\/image\/"}}]}</script>
<!-- / Yoast SEO plugin. -->

Apocalipsi de Jesús, el Messies - CPL

Catàleg

Centre de Pastoral Litúrgica de Barcelona

Centre de Pastoral Litúrgica
