{"id":17377,"date":"2024-12-19T13:48:01","date_gmt":"2024-12-19T12:48:01","guid":{"rendered":"https:\/\/www.cpl.es\/producto\/material-liturgic-per-al-jubileu-2025-9788491656654\/"},"modified":"2025-10-03T11:13:59","modified_gmt":"2025-10-03T09:13:59","slug":"material-liturgic-per-al-jubileu-2025-9788491656654","status":"publish","type":"product","link":"https:\/\/www.cpl.es\/ca\/producto\/material-liturgic-per-al-jubileu-2025-9788491656654\/","title":{"rendered":"Material lit\u00fargic per al Jubileu 2025"},"content":{"rendered":"<p> Aquest compendi recull els tres formularis de missa juntament amb les lectures b\u00edbliques corresponents que ha preparat el Dicasteri per a l\u2019Evangelitzaci\u00f3 perqu\u00e8 el Jubileu 2025 sigui celebrat a les parr\u00f2quies, a les comunitats religioses o a altres llocs de culte. Per a complementar aquest material oferim, a m\u00e9s, un subsidi lit\u00fargic que cont\u00e9: cinc propostes de monici\u00f3 d\u2019entrada, d\u2019invocacions per a la tercera f\u00f3rmula de l\u2019acte penitencial, de gui\u00f3 per a l\u2019homilia i intencions per a l\u2019oraci\u00f3 universal amb les seves corresponents introduccions i oracions conclusives. Un recurs essencial per a viure aquest any Sant fruct\u00edferament i que el \u00abtestimoni creient pugui ser en el m\u00f3n \u2013com desitja el Papa\u2013 llevat de genu\u00efna esperan\u00e7a, anunci de cels nous i terra nova, on habiti la just\u00edcia i la conc\u00f2rdia entre els pobles, orientats cap al compliment de la promesa del Senyor\u00bb (Spes non confundit, n\u00fam. 25).<\/p>\n","protected":false},"excerpt":{"rendered":"<p>.<\/p>\n","protected":false},"featured_media":17824,"template":"","meta":{"_acf_changed":false,"inline_featured_image":false},"product_brand":[],"product_cat":[67],"product_tag":[],"class_list":{"0":"post-17377","1":"product","2":"type-product","3":"status-publish","4":"has-post-thumbnail","6":"product_cat-altres-publicacions","8":"first","9":"instock","10":"taxable","11":"shipping-taxable","12":"purchasable","13":"product-type-simple"},"acf":{"autor":".","codart":"213039","ediciones":"1","encuadernacion":"R\u00fastica","fecha_de_publicacion":"19\/12\/2024","novedad":false,"paginas":"40","subtitulo":"","orden":"999","portada":false,"idioma":"cat","coleccion_num":"39","editorial":[{"ID":6736,"post_author":"2","post_date":"2023-10-06 08:35:24","post_date_gmt":"2023-10-06 06:35:24","post_content":"","post_title":"CPL","post_excerpt":"","post_status":"publish","comment_status":"closed","ping_status":"closed","post_password":"","post_name":"cpl","to_ping":"","pinged":"","post_modified":"2023-10-06 08:35:24","post_modified_gmt":"2023-10-06 06:35:24","post_content_filtered":"","post_parent":0,"guid":"https:\/\/nuevaweb.cpl.es\/editorial\/cpl\/","menu_order":0,"post_type":"editorial","post_mime_type":"","comment_count":"0","filter":"raw"}]},"yoast_head":"<!-- This site is optimized with the Yoast SEO plugin v27.3 - https:\/\/yoast.com\/product\/yoast-seo-wordpress\/ -->\n<title>Material lit\u00fargic per al Jubileu 2025 - CPL<\/title>\n<meta name=\"robots\" content=\"index, follow, max-snippet:-1, max-image-preview:large, max-video-preview:-1\" \/>\n<link rel=\"canonical\" href=\"https:\/\/www.cpl.es\/producto\/material-liturgic-per-al-jubileu-2025-9788491656654\/\" \/>\n<meta property=\"og:locale\" content=\"ca_ES\" \/>\n<meta property=\"og:type\" content=\"article\" \/>\n<meta property=\"og:title\" content=\"Material lit\u00fargic per al Jubileu 2025 - CPL\" \/>\n<meta property=\"og:description\" content=\".\" \/>\n<meta property=\"og:url\" content=\"https:\/\/www.cpl.es\/producto\/material-liturgic-per-al-jubileu-2025-9788491656654\/\" \/>\n<meta property=\"og:site_name\" content=\"CPL\" \/>\n<meta property=\"article:modified_time\" content=\"2025-10-03T09:13:59+00:00\" \/>\n<meta property=\"og:image\" content=\"https:\/\/www.cpl.es\/wp-content\/uploads\/9788491656654-2.jpg\" \/>\n\t<meta property=\"og:image:width\" content=\"213\" \/>\n\t<meta property=\"og:image:height\" content=\"300\" \/>\n\t<meta property=\"og:image:type\" content=\"image\/jpeg\" \/>\n<meta name=\"twitter:card\" content=\"summary_large_image\" \/>\n<meta name=\"twitter:label1\" content=\"Temps estimat de lectura\" \/>\n\t<meta name=\"twitter:data1\" content=\"1 minut\" \/>\n<script type=\"application\/ld+json\" class=\"yoast-schema-graph\">{\"@context\":\"https:\\\/\\\/schema.org\",\"@graph\":[{\"@type\":\"WebPage\",\"@id\":\"https:\\\/\\\/www.cpl.es\\\/producto\\\/material-liturgic-per-al-jubileu-2025-9788491656654\\\/\",\"url\":\"https:\\\/\\\/www.cpl.es\\\/producto\\\/material-liturgic-per-al-jubileu-2025-9788491656654\\\/\",\"name\":\"Material lit\u00fargic per al Jubileu 2025 - CPL\",\"isPartOf\":{\"@id\":\"https:\\\/\\\/www.cpl.es\\\/#website\"},\"primaryImageOfPage\":{\"@id\":\"https:\\\/\\\/www.cpl.es\\\/producto\\\/material-liturgic-per-al-jubileu-2025-9788491656654\\\/#primaryimage\"},\"image\":{\"@id\":\"https:\\\/\\\/www.cpl.es\\\/producto\\\/material-liturgic-per-al-jubileu-2025-9788491656654\\\/#primaryimage\"},\"thumbnailUrl\":\"https:\\\/\\\/www.cpl.es\\\/wp-content\\\/uploads\\\/9788491656654-2.jpg\",\"datePublished\":\"2024-12-19T12:48:01+00:00\",\"dateModified\":\"2025-10-03T09:13:59+00:00\",\"breadcrumb\":{\"@id\":\"https:\\\/\\\/www.cpl.es\\\/producto\\\/material-liturgic-per-al-jubileu-2025-9788491656654\\\/#breadcrumb\"},\"inLanguage\":\"ca\",\"potentialAction\":[{\"@type\":\"ReadAction\",\"target\":[\"https:\\\/\\\/www.cpl.es\\\/producto\\\/material-liturgic-per-al-jubileu-2025-9788491656654\\\/\"]}]},{\"@type\":\"ImageObject\",\"inLanguage\":\"ca\",\"@id\":\"https:\\\/\\\/www.cpl.es\\\/producto\\\/material-liturgic-per-al-jubileu-2025-9788491656654\\\/#primaryimage\",\"url\":\"https:\\\/\\\/www.cpl.es\\\/wp-content\\\/uploads\\\/9788491656654-2.jpg\",\"contentUrl\":\"https:\\\/\\\/www.cpl.es\\\/wp-content\\\/uploads\\\/9788491656654-2.jpg\",\"width\":213,\"height\":300,\"caption\":\"9788491656654.jpg\"},{\"@type\":\"BreadcrumbList\",\"@id\":\"https:\\\/\\\/www.cpl.es\\\/producto\\\/material-liturgic-per-al-jubileu-2025-9788491656654\\\/#breadcrumb\",\"itemListElement\":[{\"@type\":\"ListItem\",\"position\":1,\"name\":\"Portada\",\"item\":\"https:\\\/\\\/www.cpl.es\\\/ca\\\/\"},{\"@type\":\"ListItem\",\"position\":2,\"name\":\"Cat\u00e0leg\",\"item\":\"https:\\\/\\\/www.cpl.es\\\/ca\\\/cataleg\\\/\"},{\"@type\":\"ListItem\",\"position\":3,\"name\":\"Material lit\u00fargic per al Jubileu 2025\"}]},{\"@type\":\"WebSite\",\"@id\":\"https:\\\/\\\/www.cpl.es\\\/#website\",\"url\":\"https:\\\/\\\/www.cpl.es\\\/\",\"name\":\"CPL\",\"description\":\"Centre de Pastoral Lit\u00fargica de Barcelona\",\"publisher\":{\"@id\":\"https:\\\/\\\/www.cpl.es\\\/#organization\"},\"alternateName\":\"Centre de Pastoral Lit\u00fargica\",\"potentialAction\":[{\"@type\":\"SearchAction\",\"target\":{\"@type\":\"EntryPoint\",\"urlTemplate\":\"https:\\\/\\\/www.cpl.es\\\/?s={search_term_string}\"},\"query-input\":{\"@type\":\"PropertyValueSpecification\",\"valueRequired\":true,\"valueName\":\"search_term_string\"}}],\"inLanguage\":\"ca\"},{\"@type\":\"Organization\",\"@id\":\"https:\\\/\\\/www.cpl.es\\\/#organization\",\"name\":\"Centre de Pastoral Lit\u00fargica\",\"alternateName\":\"Centre de Pastoral Lit\u00fargica de Barcelona\",\"url\":\"https:\\\/\\\/www.cpl.es\\\/\",\"logo\":{\"@type\":\"ImageObject\",\"inLanguage\":\"ca\",\"@id\":\"https:\\\/\\\/www.cpl.es\\\/#\\\/schema\\\/logo\\\/image\\\/\",\"url\":\"https:\\\/\\\/www.cpl.es\\\/wp-content\\\/uploads\\\/logo-cpl.svg\",\"contentUrl\":\"https:\\\/\\\/www.cpl.es\\\/wp-content\\\/uploads\\\/logo-cpl.svg\",\"caption\":\"Centre de Pastoral Lit\u00fargica\"},\"image\":{\"@id\":\"https:\\\/\\\/www.cpl.es\\\/#\\\/schema\\\/logo\\\/image\\\/\"}}]}<\/script>\n<!-- \/ Yoast SEO plugin. -->","yoast_head_json":{"title":"Material lit\u00fargic per al Jubileu 2025 - CPL","robots":{"index":"index","follow":"follow","max-snippet":"max-snippet:-1","max-image-preview":"max-image-preview:large","max-video-preview":"max-video-preview:-1"},"canonical":"https:\/\/www.cpl.es\/producto\/material-liturgic-per-al-jubileu-2025-9788491656654\/","og_locale":"ca_ES","og_type":"article","og_title":"Material lit\u00fargic per al Jubileu 2025 - CPL","og_description":".","og_url":"https:\/\/www.cpl.es\/producto\/material-liturgic-per-al-jubileu-2025-9788491656654\/","og_site_name":"CPL","article_modified_time":"2025-10-03T09:13:59+00:00","og_image":[{"width":213,"height":300,"url":"https:\/\/www.cpl.es\/wp-content\/uploads\/9788491656654-2.jpg","type":"image\/jpeg"}],"twitter_card":"summary_large_image","twitter_misc":{"Temps estimat de lectura":"1 minut"},"schema":{"@context":"https:\/\/schema.org","@graph":[{"@type":"WebPage","@id":"https:\/\/www.cpl.es\/producto\/material-liturgic-per-al-jubileu-2025-9788491656654\/","url":"https:\/\/www.cpl.es\/producto\/material-liturgic-per-al-jubileu-2025-9788491656654\/","name":"Material lit\u00fargic per al Jubileu 2025 - CPL","isPartOf":{"@id":"https:\/\/www.cpl.es\/#website"},"primaryImageOfPage":{"@id":"https:\/\/www.cpl.es\/producto\/material-liturgic-per-al-jubileu-2025-9788491656654\/#primaryimage"},"image":{"@id":"https:\/\/www.cpl.es\/producto\/material-liturgic-per-al-jubileu-2025-9788491656654\/#primaryimage"},"thumbnailUrl":"https:\/\/www.cpl.es\/wp-content\/uploads\/9788491656654-2.jpg","datePublished":"2024-12-19T12:48:01+00:00","dateModified":"2025-10-03T09:13:59+00:00","breadcrumb":{"@id":"https:\/\/www.cpl.es\/producto\/material-liturgic-per-al-jubileu-2025-9788491656654\/#breadcrumb"},"inLanguage":"ca","potentialAction":[{"@type":"ReadAction","target":["https:\/\/www.cpl.es\/producto\/material-liturgic-per-al-jubileu-2025-9788491656654\/"]}]},{"@type":"ImageObject","inLanguage":"ca","@id":"https:\/\/www.cpl.es\/producto\/material-liturgic-per-al-jubileu-2025-9788491656654\/#primaryimage","url":"https:\/\/www.cpl.es\/wp-content\/uploads\/9788491656654-2.jpg","contentUrl":"https:\/\/www.cpl.es\/wp-content\/uploads\/9788491656654-2.jpg","width":213,"height":300,"caption":"9788491656654.jpg"},{"@type":"BreadcrumbList","@id":"https:\/\/www.cpl.es\/producto\/material-liturgic-per-al-jubileu-2025-9788491656654\/#breadcrumb","itemListElement":[{"@type":"ListItem","position":1,"name":"Portada","item":"https:\/\/www.cpl.es\/ca\/"},{"@type":"ListItem","position":2,"name":"Cat\u00e0leg","item":"https:\/\/www.cpl.es\/ca\/cataleg\/"},{"@type":"ListItem","position":3,"name":"Material lit\u00fargic per al Jubileu 2025"}]},{"@type":"WebSite","@id":"https:\/\/www.cpl.es\/#website","url":"https:\/\/www.cpl.es\/","name":"CPL","description":"Centre de Pastoral Lit\u00fargica de Barcelona","publisher":{"@id":"https:\/\/www.cpl.es\/#organization"},"alternateName":"Centre de Pastoral Lit\u00fargica","potentialAction":[{"@type":"SearchAction","target":{"@type":"EntryPoint","urlTemplate":"https:\/\/www.cpl.es\/?s={search_term_string}"},"query-input":{"@type":"PropertyValueSpecification","valueRequired":true,"valueName":"search_term_string"}}],"inLanguage":"ca"},{"@type":"Organization","@id":"https:\/\/www.cpl.es\/#organization","name":"Centre de Pastoral Lit\u00fargica","alternateName":"Centre de Pastoral Lit\u00fargica de Barcelona","url":"https:\/\/www.cpl.es\/","logo":{"@type":"ImageObject","inLanguage":"ca","@id":"https:\/\/www.cpl.es\/#\/schema\/logo\/image\/","url":"https:\/\/www.cpl.es\/wp-content\/uploads\/logo-cpl.svg","contentUrl":"https:\/\/www.cpl.es\/wp-content\/uploads\/logo-cpl.svg","caption":"Centre de Pastoral Lit\u00fargica"},"image":{"@id":"https:\/\/www.cpl.es\/#\/schema\/logo\/image\/"}}]}},"_links":{"self":[{"href":"https:\/\/www.cpl.es\/ca\/wp-json\/wp\/v2\/product\/17377","targetHints":{"allow":["GET"]}}],"collection":[{"href":"https:\/\/www.cpl.es\/ca\/wp-json\/wp\/v2\/product"}],"about":[{"href":"https:\/\/www.cpl.es\/ca\/wp-json\/wp\/v2\/types\/product"}],"wp:featuredmedia":[{"embeddable":true,"href":"https:\/\/www.cpl.es\/ca\/wp-json\/wp\/v2\/media\/17824"}],"wp:attachment":[{"href":"https:\/\/www.cpl.es\/ca\/wp-json\/wp\/v2\/media?parent=17377"}],"wp:term":[{"taxonomy":"product_brand","embeddable":true,"href":"https:\/\/www.cpl.es\/ca\/wp-json\/wp\/v2\/product_brand?post=17377"},{"taxonomy":"product_cat","embeddable":true,"href":"https:\/\/www.cpl.es\/ca\/wp-json\/wp\/v2\/product_cat?post=17377"},{"taxonomy":"product_tag","embeddable":true,"href":"https:\/\/www.cpl.es\/ca\/wp-json\/wp\/v2\/product_tag?post=17377"}],"curies":[{"name":"wp","href":"https:\/\/api.w.org\/{rel}","templated":true}]}}

Material litúrgic per al Jubileu 2025

<p> Aquest compendi recull els tres formularis de missa juntament amb les lectures bíbliques corresponents que ha preparat el Dicasteri per a l’Evangelització perquè el Jubileu 2025 sigui celebrat a les parròquies, a les comunitats religioses o a altres llocs de culte. Per a complementar aquest material oferim, a més, un subsidi litúrgic que conté: cinc propostes de monició d’entrada, d’invocacions per a la tercera fórmula de l’acte penitencial, de guió per a l’homilia i intencions per a l’oració universal amb les seves corresponents introduccions i oracions conclusives. Un recurs essencial per a viure aquest any Sant fructíferament i que el «testimoni creient pugui ser en el món –com desitja el Papa– llevat de genuïna esperança, anunci de cels nous i terra nova, on habiti la justícia i la concòrdia entre els pobles, orientats cap al compliment de la promesa del Senyor» (Spes non confundit, núm. 25).</p>

Rústica

<!-- This site is optimized with the Yoast SEO plugin v27.3 - https://yoast.com/product/yoast-seo-wordpress/ -->
<title>Material litúrgic per al Jubileu 2025 - CPL</title>
<meta name="robots" content="index, follow, max-snippet:-1, max-image-preview:large, max-video-preview:-1" />
<link rel="canonical" href="https://www.cpl.es/producto/material-liturgic-per-al-jubileu-2025-9788491656654/" />
<meta property="og:locale" content="ca_ES" />
<meta property="og:type" content="article" />
<meta property="og:title" content="Material litúrgic per al Jubileu 2025 - CPL" />
<meta property="og:description" content="." />
<meta property="og:url" content="https://www.cpl.es/producto/material-liturgic-per-al-jubileu-2025-9788491656654/" />
<meta property="og:site_name" content="CPL" />
<meta property="article:modified_time" content="2025-10-03T09:13:59+00:00" />
<meta property="og:image" content="https://www.cpl.es/wp-content/uploads/9788491656654-2.jpg" />
	<meta property="og:image:width" content="213" />
	<meta property="og:image:height" content="300" />
	<meta property="og:image:type" content="image/jpeg" />
<meta name="twitter:card" content="summary_large_image" />
<meta name="twitter:label1" content="Temps estimat de lectura" />
	<meta name="twitter:data1" content="1 minut" />
<script type="application/ld+json" class="yoast-schema-graph">{"@context":"https:\/\/schema.org","@graph":[{"@type":"WebPage","@id":"https:\/\/www.cpl.es\/producto\/material-liturgic-per-al-jubileu-2025-9788491656654\/","url":"https:\/\/www.cpl.es\/producto\/material-liturgic-per-al-jubileu-2025-9788491656654\/","name":"Material litúrgic per al Jubileu 2025 - CPL","isPartOf":{"@id":"https:\/\/www.cpl.es\/#website"},"primaryImageOfPage":{"@id":"https:\/\/www.cpl.es\/producto\/material-liturgic-per-al-jubileu-2025-9788491656654\/#primaryimage"},"image":{"@id":"https:\/\/www.cpl.es\/producto\/material-liturgic-per-al-jubileu-2025-9788491656654\/#primaryimage"},"thumbnailUrl":"https:\/\/www.cpl.es\/wp-content\/uploads\/9788491656654-2.jpg","datePublished":"2024-12-19T12:48:01+00:00","dateModified":"2025-10-03T09:13:59+00:00","breadcrumb":{"@id":"https:\/\/www.cpl.es\/producto\/material-liturgic-per-al-jubileu-2025-9788491656654\/#breadcrumb"},"inLanguage":"ca","potentialAction":[{"@type":"ReadAction","target":["https:\/\/www.cpl.es\/producto\/material-liturgic-per-al-jubileu-2025-9788491656654\/"]}]},{"@type":"ImageObject","inLanguage":"ca","@id":"https:\/\/www.cpl.es\/producto\/material-liturgic-per-al-jubileu-2025-9788491656654\/#primaryimage","url":"https:\/\/www.cpl.es\/wp-content\/uploads\/9788491656654-2.jpg","contentUrl":"https:\/\/www.cpl.es\/wp-content\/uploads\/9788491656654-2.jpg","width":213,"height":300,"caption":"9788491656654.jpg"},{"@type":"BreadcrumbList","@id":"https:\/\/www.cpl.es\/producto\/material-liturgic-per-al-jubileu-2025-9788491656654\/#breadcrumb","itemListElement":[{"@type":"ListItem","position":1,"name":"Portada","item":"https:\/\/www.cpl.es\/ca\/"},{"@type":"ListItem","position":2,"name":"Catàleg","item":"https:\/\/www.cpl.es\/ca\/cataleg\/"},{"@type":"ListItem","position":3,"name":"Material litúrgic per al Jubileu 2025"}]},{"@type":"WebSite","@id":"https:\/\/www.cpl.es\/#website","url":"https:\/\/www.cpl.es\/","name":"CPL","description":"Centre de Pastoral Litúrgica de Barcelona","publisher":{"@id":"https:\/\/www.cpl.es\/#organization"},"alternateName":"Centre de Pastoral Litúrgica","potentialAction":[{"@type":"SearchAction","target":{"@type":"EntryPoint","urlTemplate":"https:\/\/www.cpl.es\/?s={search_term_string}"},"query-input":{"@type":"PropertyValueSpecification","valueRequired":true,"valueName":"search_term_string"}}],"inLanguage":"ca"},{"@type":"Organization","@id":"https:\/\/www.cpl.es\/#organization","name":"Centre de Pastoral Litúrgica","alternateName":"Centre de Pastoral Litúrgica de Barcelona","url":"https:\/\/www.cpl.es\/","logo":{"@type":"ImageObject","inLanguage":"ca","@id":"https:\/\/www.cpl.es\/#\/schema\/logo\/image\/","url":"https:\/\/www.cpl.es\/wp-content\/uploads\/logo-cpl.svg","contentUrl":"https:\/\/www.cpl.es\/wp-content\/uploads\/logo-cpl.svg","caption":"Centre de Pastoral Litúrgica"},"image":{"@id":"https:\/\/www.cpl.es\/#\/schema\/logo\/image\/"}}]}</script>
<!-- / Yoast SEO plugin. -->

Material litúrgic per al Jubileu 2025 - CPL

Catàleg

Centre de Pastoral Litúrgica de Barcelona

Centre de Pastoral Litúrgica
