{"id":1644,"date":"2023-10-04T01:17:23","date_gmt":"2023-10-03T23:17:23","guid":{"rendered":"https:\/\/nuevaweb.cpl.es\/producto\/tratado-de-lo-que-significan-las-ceremonias-de-la-misa-9788491650690\/"},"modified":"2023-12-05T13:37:18","modified_gmt":"2023-12-05T12:37:18","slug":"tratado-de-lo-que-significan-las-ceremonias-de-la-misa-9788491650690","status":"publish","type":"product","link":"https:\/\/www.cpl.es\/ca\/producto\/tratado-de-lo-que-significan-las-ceremonias-de-la-misa-9788491650690\/","title":{"rendered":"Tratado de lo que significan las ceremonias de la misa"},"content":{"rendered":"<p>El Tratado, que tienes entre tus manos, fue uno de los elementos esenciales para la vida de fe de varias generaciones en nuestro pa\u00eds. De \u00e9l se sirvi\u00f3 la realeza -como Isabel la Cat\u00f3lica-, la nobleza, los obispos, sacerdotes, religiosos y, principalmente, muchos laicos para comprender el signi cado m\u00e1s profundo de la celebraci\u00f3n de la Eucarist\u00eda.<br \/>La intenci\u00f3n de volver a editarlo m\u00e1s de cien a\u00f1os despu\u00e9s es que te sirvas de las palabras que redact\u00f3 el monje jer\u00f3nimo -confesor real y arzobispo de Granada- fray Hernando de Talavera, para comprender la misa, pues aunque sus formas externas fueron renovadas por el Concilio de Trento, primero, y por el Concilio Vaticano II, despu\u00e9s, sigue siendo el sacramento que nos otorga la vida eterna, ya que Jesucristo es el mismo ayer y hoy y siempre.<\/p>\n<p>Jes\u00fas R. Folgado Garc\u00eda (Madrid 1981). Es presb\u00edtero de la di\u00f3cesis de Getafe. Actualmente es p\u00e1rroco en Sevilla la Nueva (Madrid). Doctor en Teolog\u00eda lit\u00fargica por la Universidad Eclesi\u00e1stica San D\u00e1maso de Madrid. Es profesor<br \/>en el Instituto de Ciencias Religiosas de San D\u00e1maso, secci\u00f3n a distancia, en su sede de Getafe y del Centro Diocesano de Teolog\u00eda de Getafe. Es miembro de la Asociaci\u00f3n Espa\u00f1ola de Profesores de Liturgia y del consejo de redacci\u00f3n de la revista Pastoral Lit\u00fargica. Ha publicado diversos estudios sobre historia de la liturgia y sobre la relaci\u00f3n entre las diversas artes y la liturgia.<\/p>\n","protected":false},"excerpt":{"rendered":"<p>Folgado Garcia, Jes\u00fas Ramon<\/p>\n","protected":false},"featured_media":1645,"template":"","meta":{"_acf_changed":false,"inline_featured_image":false},"product_brand":[],"product_cat":[67,56],"product_tag":[],"class_list":{"0":"post-1644","1":"product","2":"type-product","3":"status-publish","4":"has-post-thumbnail","6":"product_cat-altres-publicacions","7":"product_cat-otras-publicaciones","9":"first","10":"instock","11":"taxable","12":"shipping-taxable","13":"purchasable","14":"product-type-simple"},"acf":{"autor":"Folgado Garcia, Jes\u00fas Ramon","codart":"150022","ediciones":"1","encuadernacion":"R\u00fastica","fecha_de_publicacion":"10\/10\/2017","novedad":false,"paginas":"100","subtitulo":"La oraci\u00f3n lit\u00fargica en fray Hernando de Talavera","orden":"999","portada":false,"idioma":"spa","editorial":[{"ID":6736,"post_author":"2","post_date":"2023-10-06 08:35:24","post_date_gmt":"2023-10-06 06:35:24","post_content":"","post_title":"CPL","post_excerpt":"","post_status":"publish","comment_status":"closed","ping_status":"closed","post_password":"","post_name":"cpl","to_ping":"","pinged":"","post_modified":"2023-10-06 08:35:24","post_modified_gmt":"2023-10-06 06:35:24","post_content_filtered":"","post_parent":0,"guid":"https:\/\/nuevaweb.cpl.es\/editorial\/cpl\/","menu_order":0,"post_type":"editorial","post_mime_type":"","comment_count":"0","filter":"raw"}]},"yoast_head":"<!-- This site is optimized with the Yoast SEO plugin v27.3 - https:\/\/yoast.com\/product\/yoast-seo-wordpress\/ -->\n<title>Tratado de lo que significan las ceremonias de la misa - CPL<\/title>\n<meta name=\"robots\" content=\"index, follow, max-snippet:-1, max-image-preview:large, max-video-preview:-1\" \/>\n<link rel=\"canonical\" href=\"https:\/\/www.cpl.es\/producto\/tratado-de-lo-que-significan-las-ceremonias-de-la-misa-9788491650690\/\" \/>\n<meta property=\"og:locale\" content=\"ca_ES\" \/>\n<meta property=\"og:type\" content=\"article\" \/>\n<meta property=\"og:title\" content=\"Tratado de lo que significan las ceremonias de la misa - CPL\" \/>\n<meta property=\"og:description\" content=\"Folgado Garcia, Jes\u00fas Ramon\" \/>\n<meta property=\"og:url\" content=\"https:\/\/www.cpl.es\/producto\/tratado-de-lo-que-significan-las-ceremonias-de-la-misa-9788491650690\/\" \/>\n<meta property=\"og:site_name\" content=\"CPL\" \/>\n<meta property=\"article:modified_time\" content=\"2023-12-05T12:37:18+00:00\" \/>\n<meta property=\"og:image\" content=\"https:\/\/www.cpl.es\/wp-content\/uploads\/150022.jpg\" \/>\n\t<meta property=\"og:image:width\" content=\"280\" \/>\n\t<meta property=\"og:image:height\" content=\"444\" \/>\n\t<meta property=\"og:image:type\" content=\"image\/jpeg\" \/>\n<meta name=\"twitter:card\" content=\"summary_large_image\" \/>\n<meta name=\"twitter:label1\" content=\"Temps estimat de lectura\" \/>\n\t<meta name=\"twitter:data1\" content=\"1 minut\" \/>\n<script type=\"application\/ld+json\" class=\"yoast-schema-graph\">{\"@context\":\"https:\\\/\\\/schema.org\",\"@graph\":[{\"@type\":\"WebPage\",\"@id\":\"https:\\\/\\\/www.cpl.es\\\/producto\\\/tratado-de-lo-que-significan-las-ceremonias-de-la-misa-9788491650690\\\/\",\"url\":\"https:\\\/\\\/www.cpl.es\\\/producto\\\/tratado-de-lo-que-significan-las-ceremonias-de-la-misa-9788491650690\\\/\",\"name\":\"Tratado de lo que significan las ceremonias de la misa - CPL\",\"isPartOf\":{\"@id\":\"https:\\\/\\\/www.cpl.es\\\/#website\"},\"primaryImageOfPage\":{\"@id\":\"https:\\\/\\\/www.cpl.es\\\/producto\\\/tratado-de-lo-que-significan-las-ceremonias-de-la-misa-9788491650690\\\/#primaryimage\"},\"image\":{\"@id\":\"https:\\\/\\\/www.cpl.es\\\/producto\\\/tratado-de-lo-que-significan-las-ceremonias-de-la-misa-9788491650690\\\/#primaryimage\"},\"thumbnailUrl\":\"https:\\\/\\\/www.cpl.es\\\/wp-content\\\/uploads\\\/150022.jpg\",\"datePublished\":\"2023-10-03T23:17:23+00:00\",\"dateModified\":\"2023-12-05T12:37:18+00:00\",\"breadcrumb\":{\"@id\":\"https:\\\/\\\/www.cpl.es\\\/producto\\\/tratado-de-lo-que-significan-las-ceremonias-de-la-misa-9788491650690\\\/#breadcrumb\"},\"inLanguage\":\"ca\",\"potentialAction\":[{\"@type\":\"ReadAction\",\"target\":[\"https:\\\/\\\/www.cpl.es\\\/producto\\\/tratado-de-lo-que-significan-las-ceremonias-de-la-misa-9788491650690\\\/\"]}]},{\"@type\":\"ImageObject\",\"inLanguage\":\"ca\",\"@id\":\"https:\\\/\\\/www.cpl.es\\\/producto\\\/tratado-de-lo-que-significan-las-ceremonias-de-la-misa-9788491650690\\\/#primaryimage\",\"url\":\"https:\\\/\\\/www.cpl.es\\\/wp-content\\\/uploads\\\/150022.jpg\",\"contentUrl\":\"https:\\\/\\\/www.cpl.es\\\/wp-content\\\/uploads\\\/150022.jpg\",\"width\":280,\"height\":444,\"caption\":\"150022.jpg\"},{\"@type\":\"BreadcrumbList\",\"@id\":\"https:\\\/\\\/www.cpl.es\\\/producto\\\/tratado-de-lo-que-significan-las-ceremonias-de-la-misa-9788491650690\\\/#breadcrumb\",\"itemListElement\":[{\"@type\":\"ListItem\",\"position\":1,\"name\":\"Portada\",\"item\":\"https:\\\/\\\/www.cpl.es\\\/ca\\\/\"},{\"@type\":\"ListItem\",\"position\":2,\"name\":\"Cat\u00e0leg\",\"item\":\"https:\\\/\\\/www.cpl.es\\\/ca\\\/cataleg\\\/\"},{\"@type\":\"ListItem\",\"position\":3,\"name\":\"Tratado de lo que significan las ceremonias de la misa\"}]},{\"@type\":\"WebSite\",\"@id\":\"https:\\\/\\\/www.cpl.es\\\/#website\",\"url\":\"https:\\\/\\\/www.cpl.es\\\/\",\"name\":\"CPL\",\"description\":\"Centre de Pastoral Lit\u00fargica de Barcelona\",\"publisher\":{\"@id\":\"https:\\\/\\\/www.cpl.es\\\/#organization\"},\"alternateName\":\"Centre de Pastoral Lit\u00fargica\",\"potentialAction\":[{\"@type\":\"SearchAction\",\"target\":{\"@type\":\"EntryPoint\",\"urlTemplate\":\"https:\\\/\\\/www.cpl.es\\\/?s={search_term_string}\"},\"query-input\":{\"@type\":\"PropertyValueSpecification\",\"valueRequired\":true,\"valueName\":\"search_term_string\"}}],\"inLanguage\":\"ca\"},{\"@type\":\"Organization\",\"@id\":\"https:\\\/\\\/www.cpl.es\\\/#organization\",\"name\":\"Centre de Pastoral Lit\u00fargica\",\"alternateName\":\"Centre de Pastoral Lit\u00fargica de Barcelona\",\"url\":\"https:\\\/\\\/www.cpl.es\\\/\",\"logo\":{\"@type\":\"ImageObject\",\"inLanguage\":\"ca\",\"@id\":\"https:\\\/\\\/www.cpl.es\\\/#\\\/schema\\\/logo\\\/image\\\/\",\"url\":\"https:\\\/\\\/www.cpl.es\\\/wp-content\\\/uploads\\\/logo-cpl.svg\",\"contentUrl\":\"https:\\\/\\\/www.cpl.es\\\/wp-content\\\/uploads\\\/logo-cpl.svg\",\"caption\":\"Centre de Pastoral Lit\u00fargica\"},\"image\":{\"@id\":\"https:\\\/\\\/www.cpl.es\\\/#\\\/schema\\\/logo\\\/image\\\/\"}}]}<\/script>\n<!-- \/ Yoast SEO plugin. -->","yoast_head_json":{"title":"Tratado de lo que significan las ceremonias de la misa - CPL","robots":{"index":"index","follow":"follow","max-snippet":"max-snippet:-1","max-image-preview":"max-image-preview:large","max-video-preview":"max-video-preview:-1"},"canonical":"https:\/\/www.cpl.es\/producto\/tratado-de-lo-que-significan-las-ceremonias-de-la-misa-9788491650690\/","og_locale":"ca_ES","og_type":"article","og_title":"Tratado de lo que significan las ceremonias de la misa - CPL","og_description":"Folgado Garcia, Jes\u00fas Ramon","og_url":"https:\/\/www.cpl.es\/producto\/tratado-de-lo-que-significan-las-ceremonias-de-la-misa-9788491650690\/","og_site_name":"CPL","article_modified_time":"2023-12-05T12:37:18+00:00","og_image":[{"width":280,"height":444,"url":"https:\/\/www.cpl.es\/wp-content\/uploads\/150022.jpg","type":"image\/jpeg"}],"twitter_card":"summary_large_image","twitter_misc":{"Temps estimat de lectura":"1 minut"},"schema":{"@context":"https:\/\/schema.org","@graph":[{"@type":"WebPage","@id":"https:\/\/www.cpl.es\/producto\/tratado-de-lo-que-significan-las-ceremonias-de-la-misa-9788491650690\/","url":"https:\/\/www.cpl.es\/producto\/tratado-de-lo-que-significan-las-ceremonias-de-la-misa-9788491650690\/","name":"Tratado de lo que significan las ceremonias de la misa - CPL","isPartOf":{"@id":"https:\/\/www.cpl.es\/#website"},"primaryImageOfPage":{"@id":"https:\/\/www.cpl.es\/producto\/tratado-de-lo-que-significan-las-ceremonias-de-la-misa-9788491650690\/#primaryimage"},"image":{"@id":"https:\/\/www.cpl.es\/producto\/tratado-de-lo-que-significan-las-ceremonias-de-la-misa-9788491650690\/#primaryimage"},"thumbnailUrl":"https:\/\/www.cpl.es\/wp-content\/uploads\/150022.jpg","datePublished":"2023-10-03T23:17:23+00:00","dateModified":"2023-12-05T12:37:18+00:00","breadcrumb":{"@id":"https:\/\/www.cpl.es\/producto\/tratado-de-lo-que-significan-las-ceremonias-de-la-misa-9788491650690\/#breadcrumb"},"inLanguage":"ca","potentialAction":[{"@type":"ReadAction","target":["https:\/\/www.cpl.es\/producto\/tratado-de-lo-que-significan-las-ceremonias-de-la-misa-9788491650690\/"]}]},{"@type":"ImageObject","inLanguage":"ca","@id":"https:\/\/www.cpl.es\/producto\/tratado-de-lo-que-significan-las-ceremonias-de-la-misa-9788491650690\/#primaryimage","url":"https:\/\/www.cpl.es\/wp-content\/uploads\/150022.jpg","contentUrl":"https:\/\/www.cpl.es\/wp-content\/uploads\/150022.jpg","width":280,"height":444,"caption":"150022.jpg"},{"@type":"BreadcrumbList","@id":"https:\/\/www.cpl.es\/producto\/tratado-de-lo-que-significan-las-ceremonias-de-la-misa-9788491650690\/#breadcrumb","itemListElement":[{"@type":"ListItem","position":1,"name":"Portada","item":"https:\/\/www.cpl.es\/ca\/"},{"@type":"ListItem","position":2,"name":"Cat\u00e0leg","item":"https:\/\/www.cpl.es\/ca\/cataleg\/"},{"@type":"ListItem","position":3,"name":"Tratado de lo que significan las ceremonias de la misa"}]},{"@type":"WebSite","@id":"https:\/\/www.cpl.es\/#website","url":"https:\/\/www.cpl.es\/","name":"CPL","description":"Centre de Pastoral Lit\u00fargica de Barcelona","publisher":{"@id":"https:\/\/www.cpl.es\/#organization"},"alternateName":"Centre de Pastoral Lit\u00fargica","potentialAction":[{"@type":"SearchAction","target":{"@type":"EntryPoint","urlTemplate":"https:\/\/www.cpl.es\/?s={search_term_string}"},"query-input":{"@type":"PropertyValueSpecification","valueRequired":true,"valueName":"search_term_string"}}],"inLanguage":"ca"},{"@type":"Organization","@id":"https:\/\/www.cpl.es\/#organization","name":"Centre de Pastoral Lit\u00fargica","alternateName":"Centre de Pastoral Lit\u00fargica de Barcelona","url":"https:\/\/www.cpl.es\/","logo":{"@type":"ImageObject","inLanguage":"ca","@id":"https:\/\/www.cpl.es\/#\/schema\/logo\/image\/","url":"https:\/\/www.cpl.es\/wp-content\/uploads\/logo-cpl.svg","contentUrl":"https:\/\/www.cpl.es\/wp-content\/uploads\/logo-cpl.svg","caption":"Centre de Pastoral Lit\u00fargica"},"image":{"@id":"https:\/\/www.cpl.es\/#\/schema\/logo\/image\/"}}]}},"_links":{"self":[{"href":"https:\/\/www.cpl.es\/ca\/wp-json\/wp\/v2\/product\/1644","targetHints":{"allow":["GET"]}}],"collection":[{"href":"https:\/\/www.cpl.es\/ca\/wp-json\/wp\/v2\/product"}],"about":[{"href":"https:\/\/www.cpl.es\/ca\/wp-json\/wp\/v2\/types\/product"}],"wp:featuredmedia":[{"embeddable":true,"href":"https:\/\/www.cpl.es\/ca\/wp-json\/wp\/v2\/media\/1645"}],"wp:attachment":[{"href":"https:\/\/www.cpl.es\/ca\/wp-json\/wp\/v2\/media?parent=1644"}],"wp:term":[{"taxonomy":"product_brand","embeddable":true,"href":"https:\/\/www.cpl.es\/ca\/wp-json\/wp\/v2\/product_brand?post=1644"},{"taxonomy":"product_cat","embeddable":true,"href":"https:\/\/www.cpl.es\/ca\/wp-json\/wp\/v2\/product_cat?post=1644"},{"taxonomy":"product_tag","embeddable":true,"href":"https:\/\/www.cpl.es\/ca\/wp-json\/wp\/v2\/product_tag?post=1644"}],"curies":[{"name":"wp","href":"https:\/\/api.w.org\/{rel}","templated":true}]}}

<p>El Tratado, que tienes entre tus manos, fue uno de los elementos esenciales para la vida de fe de varias generaciones en nuestro país. De él se sirvió la realeza -como Isabel la Católica-, la nobleza, los obispos, sacerdotes, religiosos y, principalmente, muchos laicos para comprender el signi cado más profundo de la celebración de la Eucaristía.<br />La intención de volver a editarlo más de cien años después es que te sirvas de las palabras que redactó el monje jerónimo -confesor real y arzobispo de Granada- fray Hernando de Talavera, para comprender la misa, pues aunque sus formas externas fueron renovadas por el Concilio de Trento, primero, y por el Concilio Vaticano II, después, sigue siendo el sacramento que nos otorga la vida eterna, ya que Jesucristo es el mismo ayer y hoy y siempre.</p>
<p>Jesús R. Folgado García (Madrid 1981). Es presbítero de la diócesis de Getafe. Actualmente es párroco en Sevilla la Nueva (Madrid). Doctor en Teología litúrgica por la Universidad Eclesiástica San Dámaso de Madrid. Es profesor<br />en el Instituto de Ciencias Religiosas de San Dámaso, sección a distancia, en su sede de Getafe y del Centro Diocesano de Teología de Getafe. Es miembro de la Asociación Española de Profesores de Liturgia y del consejo de redacción de la revista Pastoral Litúrgica. Ha publicado diversos estudios sobre historia de la liturgia y sobre la relación entre las diversas artes y la liturgia.</p>

<p>Folgado Garcia, Jesús Ramon</p>

Folgado Garcia, Jesús Ramon

Rústica

La oración litúrgica en fray Hernando de Talavera

<!-- This site is optimized with the Yoast SEO plugin v27.3 - https://yoast.com/product/yoast-seo-wordpress/ -->
<title>Tratado de lo que significan las ceremonias de la misa - CPL</title>
<meta name="robots" content="index, follow, max-snippet:-1, max-image-preview:large, max-video-preview:-1" />
<link rel="canonical" href="https://www.cpl.es/producto/tratado-de-lo-que-significan-las-ceremonias-de-la-misa-9788491650690/" />
<meta property="og:locale" content="ca_ES" />
<meta property="og:type" content="article" />
<meta property="og:title" content="Tratado de lo que significan las ceremonias de la misa - CPL" />
<meta property="og:description" content="Folgado Garcia, Jesús Ramon" />
<meta property="og:url" content="https://www.cpl.es/producto/tratado-de-lo-que-significan-las-ceremonias-de-la-misa-9788491650690/" />
<meta property="og:site_name" content="CPL" />
<meta property="article:modified_time" content="2023-12-05T12:37:18+00:00" />
<meta property="og:image" content="https://www.cpl.es/wp-content/uploads/150022.jpg" />
	<meta property="og:image:width" content="280" />
	<meta property="og:image:height" content="444" />
	<meta property="og:image:type" content="image/jpeg" />
<meta name="twitter:card" content="summary_large_image" />
<meta name="twitter:label1" content="Temps estimat de lectura" />
	<meta name="twitter:data1" content="1 minut" />
<script type="application/ld+json" class="yoast-schema-graph">{"@context":"https:\/\/schema.org","@graph":[{"@type":"WebPage","@id":"https:\/\/www.cpl.es\/producto\/tratado-de-lo-que-significan-las-ceremonias-de-la-misa-9788491650690\/","url":"https:\/\/www.cpl.es\/producto\/tratado-de-lo-que-significan-las-ceremonias-de-la-misa-9788491650690\/","name":"Tratado de lo que significan las ceremonias de la misa - CPL","isPartOf":{"@id":"https:\/\/www.cpl.es\/#website"},"primaryImageOfPage":{"@id":"https:\/\/www.cpl.es\/producto\/tratado-de-lo-que-significan-las-ceremonias-de-la-misa-9788491650690\/#primaryimage"},"image":{"@id":"https:\/\/www.cpl.es\/producto\/tratado-de-lo-que-significan-las-ceremonias-de-la-misa-9788491650690\/#primaryimage"},"thumbnailUrl":"https:\/\/www.cpl.es\/wp-content\/uploads\/150022.jpg","datePublished":"2023-10-03T23:17:23+00:00","dateModified":"2023-12-05T12:37:18+00:00","breadcrumb":{"@id":"https:\/\/www.cpl.es\/producto\/tratado-de-lo-que-significan-las-ceremonias-de-la-misa-9788491650690\/#breadcrumb"},"inLanguage":"ca","potentialAction":[{"@type":"ReadAction","target":["https:\/\/www.cpl.es\/producto\/tratado-de-lo-que-significan-las-ceremonias-de-la-misa-9788491650690\/"]}]},{"@type":"ImageObject","inLanguage":"ca","@id":"https:\/\/www.cpl.es\/producto\/tratado-de-lo-que-significan-las-ceremonias-de-la-misa-9788491650690\/#primaryimage","url":"https:\/\/www.cpl.es\/wp-content\/uploads\/150022.jpg","contentUrl":"https:\/\/www.cpl.es\/wp-content\/uploads\/150022.jpg","width":280,"height":444,"caption":"150022.jpg"},{"@type":"BreadcrumbList","@id":"https:\/\/www.cpl.es\/producto\/tratado-de-lo-que-significan-las-ceremonias-de-la-misa-9788491650690\/#breadcrumb","itemListElement":[{"@type":"ListItem","position":1,"name":"Portada","item":"https:\/\/www.cpl.es\/ca\/"},{"@type":"ListItem","position":2,"name":"Catàleg","item":"https:\/\/www.cpl.es\/ca\/cataleg\/"},{"@type":"ListItem","position":3,"name":"Tratado de lo que significan las ceremonias de la misa"}]},{"@type":"WebSite","@id":"https:\/\/www.cpl.es\/#website","url":"https:\/\/www.cpl.es\/","name":"CPL","description":"Centre de Pastoral Litúrgica de Barcelona","publisher":{"@id":"https:\/\/www.cpl.es\/#organization"},"alternateName":"Centre de Pastoral Litúrgica","potentialAction":[{"@type":"SearchAction","target":{"@type":"EntryPoint","urlTemplate":"https:\/\/www.cpl.es\/?s={search_term_string}"},"query-input":{"@type":"PropertyValueSpecification","valueRequired":true,"valueName":"search_term_string"}}],"inLanguage":"ca"},{"@type":"Organization","@id":"https:\/\/www.cpl.es\/#organization","name":"Centre de Pastoral Litúrgica","alternateName":"Centre de Pastoral Litúrgica de Barcelona","url":"https:\/\/www.cpl.es\/","logo":{"@type":"ImageObject","inLanguage":"ca","@id":"https:\/\/www.cpl.es\/#\/schema\/logo\/image\/","url":"https:\/\/www.cpl.es\/wp-content\/uploads\/logo-cpl.svg","contentUrl":"https:\/\/www.cpl.es\/wp-content\/uploads\/logo-cpl.svg","caption":"Centre de Pastoral Litúrgica"},"image":{"@id":"https:\/\/www.cpl.es\/#\/schema\/logo\/image\/"}}]}</script>
<!-- / Yoast SEO plugin. -->

Catàleg

Centre de Pastoral Litúrgica de Barcelona

Centre de Pastoral Litúrgica
