{"id":16172,"date":"2024-09-26T11:43:02","date_gmt":"2024-09-26T09:43:02","guid":{"rendered":"https:\/\/www.cpl.es\/producto\/ser-cristiano-en-el-momento-presente-9788491656418\/"},"modified":"2026-02-12T16:57:19","modified_gmt":"2026-02-12T15:57:19","slug":"ser-cristiano-en-el-momento-presente-9788491656418","status":"publish","type":"product","link":"https:\/\/www.cpl.es\/ca\/producto\/ser-cristiano-en-el-momento-presente-9788491656418\/","title":{"rendered":"Ser cristiano en el momento presente"},"content":{"rendered":"<p> Nuestro mundo ha cambiado, y la forma de vivir la fe cristiana tambi\u00e9n. El mundo est\u00e1 siempre en situaci\u00f3n de cambio, pero en los \u00faltimos cien a\u00f1os este cambio se ha acelerado much\u00edsimo. Y en la fe cristiana todav\u00eda m\u00e1s. Jesucristo es el mismo, sin duda, y su Evangelio tambi\u00e9n. Pero la manera de entender la fe en \u00e9l, y la manera de acercarnos a \u00e9l, y la manera de vivir nuestra vida como creyentes, ni es ni puede ser la misma que la de nuestros antepasados. Cosas que antes parec\u00edan intocables ahora entendemos que no lo son, y cosas que antes no se ten\u00edan en cuenta ahora vemos que son muy importantes. Y ah\u00ed en medio, adem\u00e1s, el empuje del Concilio Vaticano II impuls\u00f3 a toda la Iglesia en este camino de renovaci\u00f3n y, en parte, tambi\u00e9n, de una cierta revoluci\u00f3n. Este libro nos quiere ayudar a entender mejor cu\u00e1les son los nuevos caminos de fe y de vida que corresponden a nuestro tiempo, a todos los niveles, y nos quiere animar tambi\u00e9n a recorrerlos sin miedo. Josep Lligadas (Viladecans, Barcelona, 1950) es doctor en teolog\u00eda. Ordenado sacerdote en el a\u00f1o 1976, ejerci\u00f3 su ministerio, principalmente en Matar\u00f3, hasta el a\u00f1o 1995, en que se cas\u00f3. Es autor de un buen n\u00famero de libros y art\u00edculos de tema lit\u00fargico, teol\u00f3gico y pastoral, la mayor\u00eda de los cuales han sido publicados por el CPL. Entre los publicados en esta colecci\u00f3n Ema\u00fas, se pueden se\u00f1alar Peque\u00f1o resumen de la fe cristiana y La Jobac, una propuesta eclesial y social. Asimismo, es autor de varios libros de historia local de Viladecans y de Matar\u00f3.<\/p>\n","protected":false},"excerpt":{"rendered":"<p>Lligadas Vendrell, Josep<\/p>\n","protected":false},"featured_media":16249,"template":"","meta":{"_acf_changed":false,"inline_featured_image":false},"product_brand":[],"product_cat":[49,73],"product_tag":[],"class_list":{"0":"post-16172","1":"product","2":"type-product","3":"status-publish","4":"has-post-thumbnail","6":"product_cat-emaus","7":"product_cat-emaus-colleccions-catala","9":"first","10":"instock","11":"taxable","12":"shipping-taxable","13":"purchasable","14":"product-type-simple"},"acf":{"autor":"Lligadas Vendrell, Josep","codart":"108182","ediciones":"1","encuadernacion":"R\u00fastica","fecha_de_publicacion":"16\/09\/2024","novedad":true,"paginas":"192","subtitulo":"","orden":"10","portada":true,"idioma":"spa","coleccion_num":"182","editorial":[{"ID":6736,"post_author":"2","post_date":"2023-10-06 08:35:24","post_date_gmt":"2023-10-06 06:35:24","post_content":"","post_title":"CPL","post_excerpt":"","post_status":"publish","comment_status":"closed","ping_status":"closed","post_password":"","post_name":"cpl","to_ping":"","pinged":"","post_modified":"2023-10-06 08:35:24","post_modified_gmt":"2023-10-06 06:35:24","post_content_filtered":"","post_parent":0,"guid":"https:\/\/nuevaweb.cpl.es\/editorial\/cpl\/","menu_order":0,"post_type":"editorial","post_mime_type":"","comment_count":"0","filter":"raw"}],"booktrailer":"","ficha":"","muestra":"","presentacion":""},"yoast_head":"<!-- This site is optimized with the Yoast SEO plugin v27.3 - https:\/\/yoast.com\/product\/yoast-seo-wordpress\/ -->\n<title>Ser cristiano en el momento presente - CPL<\/title>\n<meta name=\"robots\" content=\"index, follow, max-snippet:-1, max-image-preview:large, max-video-preview:-1\" \/>\n<link rel=\"canonical\" href=\"https:\/\/www.cpl.es\/producto\/ser-cristiano-en-el-momento-presente-9788491656418\/\" \/>\n<meta property=\"og:locale\" content=\"ca_ES\" \/>\n<meta property=\"og:type\" content=\"article\" \/>\n<meta property=\"og:title\" content=\"Ser cristiano en el momento presente - CPL\" \/>\n<meta property=\"og:description\" content=\"Lligadas Vendrell, Josep\" \/>\n<meta property=\"og:url\" content=\"https:\/\/www.cpl.es\/producto\/ser-cristiano-en-el-momento-presente-9788491656418\/\" \/>\n<meta property=\"og:site_name\" content=\"CPL\" \/>\n<meta property=\"article:modified_time\" content=\"2026-02-12T15:57:19+00:00\" \/>\n<meta property=\"og:image\" content=\"https:\/\/www.cpl.es\/wp-content\/uploads\/9788491656418-1.jpg\" \/>\n\t<meta property=\"og:image:width\" content=\"190\" \/>\n\t<meta property=\"og:image:height\" content=\"300\" \/>\n\t<meta property=\"og:image:type\" content=\"image\/jpeg\" \/>\n<meta name=\"twitter:card\" content=\"summary_large_image\" \/>\n<meta name=\"twitter:label1\" content=\"Temps estimat de lectura\" \/>\n\t<meta name=\"twitter:data1\" content=\"1 minut\" \/>\n<script type=\"application\/ld+json\" class=\"yoast-schema-graph\">{\"@context\":\"https:\\\/\\\/schema.org\",\"@graph\":[{\"@type\":\"WebPage\",\"@id\":\"https:\\\/\\\/www.cpl.es\\\/producto\\\/ser-cristiano-en-el-momento-presente-9788491656418\\\/\",\"url\":\"https:\\\/\\\/www.cpl.es\\\/producto\\\/ser-cristiano-en-el-momento-presente-9788491656418\\\/\",\"name\":\"Ser cristiano en el momento presente - CPL\",\"isPartOf\":{\"@id\":\"https:\\\/\\\/www.cpl.es\\\/#website\"},\"primaryImageOfPage\":{\"@id\":\"https:\\\/\\\/www.cpl.es\\\/producto\\\/ser-cristiano-en-el-momento-presente-9788491656418\\\/#primaryimage\"},\"image\":{\"@id\":\"https:\\\/\\\/www.cpl.es\\\/producto\\\/ser-cristiano-en-el-momento-presente-9788491656418\\\/#primaryimage\"},\"thumbnailUrl\":\"https:\\\/\\\/www.cpl.es\\\/wp-content\\\/uploads\\\/9788491656418-1.jpg\",\"datePublished\":\"2024-09-26T09:43:02+00:00\",\"dateModified\":\"2026-02-12T15:57:19+00:00\",\"breadcrumb\":{\"@id\":\"https:\\\/\\\/www.cpl.es\\\/producto\\\/ser-cristiano-en-el-momento-presente-9788491656418\\\/#breadcrumb\"},\"inLanguage\":\"ca\",\"potentialAction\":[{\"@type\":\"ReadAction\",\"target\":[\"https:\\\/\\\/www.cpl.es\\\/producto\\\/ser-cristiano-en-el-momento-presente-9788491656418\\\/\"]}]},{\"@type\":\"ImageObject\",\"inLanguage\":\"ca\",\"@id\":\"https:\\\/\\\/www.cpl.es\\\/producto\\\/ser-cristiano-en-el-momento-presente-9788491656418\\\/#primaryimage\",\"url\":\"https:\\\/\\\/www.cpl.es\\\/wp-content\\\/uploads\\\/9788491656418-1.jpg\",\"contentUrl\":\"https:\\\/\\\/www.cpl.es\\\/wp-content\\\/uploads\\\/9788491656418-1.jpg\",\"width\":190,\"height\":300,\"caption\":\"9788491656418.jpg\"},{\"@type\":\"BreadcrumbList\",\"@id\":\"https:\\\/\\\/www.cpl.es\\\/producto\\\/ser-cristiano-en-el-momento-presente-9788491656418\\\/#breadcrumb\",\"itemListElement\":[{\"@type\":\"ListItem\",\"position\":1,\"name\":\"Portada\",\"item\":\"https:\\\/\\\/www.cpl.es\\\/ca\\\/\"},{\"@type\":\"ListItem\",\"position\":2,\"name\":\"Cat\u00e0leg\",\"item\":\"https:\\\/\\\/www.cpl.es\\\/ca\\\/cataleg\\\/\"},{\"@type\":\"ListItem\",\"position\":3,\"name\":\"Ser cristiano en el momento presente\"}]},{\"@type\":\"WebSite\",\"@id\":\"https:\\\/\\\/www.cpl.es\\\/#website\",\"url\":\"https:\\\/\\\/www.cpl.es\\\/\",\"name\":\"CPL\",\"description\":\"Centre de Pastoral Lit\u00fargica de Barcelona\",\"publisher\":{\"@id\":\"https:\\\/\\\/www.cpl.es\\\/#organization\"},\"alternateName\":\"Centre de Pastoral Lit\u00fargica\",\"potentialAction\":[{\"@type\":\"SearchAction\",\"target\":{\"@type\":\"EntryPoint\",\"urlTemplate\":\"https:\\\/\\\/www.cpl.es\\\/?s={search_term_string}\"},\"query-input\":{\"@type\":\"PropertyValueSpecification\",\"valueRequired\":true,\"valueName\":\"search_term_string\"}}],\"inLanguage\":\"ca\"},{\"@type\":\"Organization\",\"@id\":\"https:\\\/\\\/www.cpl.es\\\/#organization\",\"name\":\"Centre de Pastoral Lit\u00fargica\",\"alternateName\":\"Centre de Pastoral Lit\u00fargica de Barcelona\",\"url\":\"https:\\\/\\\/www.cpl.es\\\/\",\"logo\":{\"@type\":\"ImageObject\",\"inLanguage\":\"ca\",\"@id\":\"https:\\\/\\\/www.cpl.es\\\/#\\\/schema\\\/logo\\\/image\\\/\",\"url\":\"https:\\\/\\\/www.cpl.es\\\/wp-content\\\/uploads\\\/logo-cpl.svg\",\"contentUrl\":\"https:\\\/\\\/www.cpl.es\\\/wp-content\\\/uploads\\\/logo-cpl.svg\",\"caption\":\"Centre de Pastoral Lit\u00fargica\"},\"image\":{\"@id\":\"https:\\\/\\\/www.cpl.es\\\/#\\\/schema\\\/logo\\\/image\\\/\"}}]}<\/script>\n<!-- \/ Yoast SEO plugin. -->","yoast_head_json":{"title":"Ser cristiano en el momento presente - CPL","robots":{"index":"index","follow":"follow","max-snippet":"max-snippet:-1","max-image-preview":"max-image-preview:large","max-video-preview":"max-video-preview:-1"},"canonical":"https:\/\/www.cpl.es\/producto\/ser-cristiano-en-el-momento-presente-9788491656418\/","og_locale":"ca_ES","og_type":"article","og_title":"Ser cristiano en el momento presente - CPL","og_description":"Lligadas Vendrell, Josep","og_url":"https:\/\/www.cpl.es\/producto\/ser-cristiano-en-el-momento-presente-9788491656418\/","og_site_name":"CPL","article_modified_time":"2026-02-12T15:57:19+00:00","og_image":[{"width":190,"height":300,"url":"https:\/\/www.cpl.es\/wp-content\/uploads\/9788491656418-1.jpg","type":"image\/jpeg"}],"twitter_card":"summary_large_image","twitter_misc":{"Temps estimat de lectura":"1 minut"},"schema":{"@context":"https:\/\/schema.org","@graph":[{"@type":"WebPage","@id":"https:\/\/www.cpl.es\/producto\/ser-cristiano-en-el-momento-presente-9788491656418\/","url":"https:\/\/www.cpl.es\/producto\/ser-cristiano-en-el-momento-presente-9788491656418\/","name":"Ser cristiano en el momento presente - CPL","isPartOf":{"@id":"https:\/\/www.cpl.es\/#website"},"primaryImageOfPage":{"@id":"https:\/\/www.cpl.es\/producto\/ser-cristiano-en-el-momento-presente-9788491656418\/#primaryimage"},"image":{"@id":"https:\/\/www.cpl.es\/producto\/ser-cristiano-en-el-momento-presente-9788491656418\/#primaryimage"},"thumbnailUrl":"https:\/\/www.cpl.es\/wp-content\/uploads\/9788491656418-1.jpg","datePublished":"2024-09-26T09:43:02+00:00","dateModified":"2026-02-12T15:57:19+00:00","breadcrumb":{"@id":"https:\/\/www.cpl.es\/producto\/ser-cristiano-en-el-momento-presente-9788491656418\/#breadcrumb"},"inLanguage":"ca","potentialAction":[{"@type":"ReadAction","target":["https:\/\/www.cpl.es\/producto\/ser-cristiano-en-el-momento-presente-9788491656418\/"]}]},{"@type":"ImageObject","inLanguage":"ca","@id":"https:\/\/www.cpl.es\/producto\/ser-cristiano-en-el-momento-presente-9788491656418\/#primaryimage","url":"https:\/\/www.cpl.es\/wp-content\/uploads\/9788491656418-1.jpg","contentUrl":"https:\/\/www.cpl.es\/wp-content\/uploads\/9788491656418-1.jpg","width":190,"height":300,"caption":"9788491656418.jpg"},{"@type":"BreadcrumbList","@id":"https:\/\/www.cpl.es\/producto\/ser-cristiano-en-el-momento-presente-9788491656418\/#breadcrumb","itemListElement":[{"@type":"ListItem","position":1,"name":"Portada","item":"https:\/\/www.cpl.es\/ca\/"},{"@type":"ListItem","position":2,"name":"Cat\u00e0leg","item":"https:\/\/www.cpl.es\/ca\/cataleg\/"},{"@type":"ListItem","position":3,"name":"Ser cristiano en el momento presente"}]},{"@type":"WebSite","@id":"https:\/\/www.cpl.es\/#website","url":"https:\/\/www.cpl.es\/","name":"CPL","description":"Centre de Pastoral Lit\u00fargica de Barcelona","publisher":{"@id":"https:\/\/www.cpl.es\/#organization"},"alternateName":"Centre de Pastoral Lit\u00fargica","potentialAction":[{"@type":"SearchAction","target":{"@type":"EntryPoint","urlTemplate":"https:\/\/www.cpl.es\/?s={search_term_string}"},"query-input":{"@type":"PropertyValueSpecification","valueRequired":true,"valueName":"search_term_string"}}],"inLanguage":"ca"},{"@type":"Organization","@id":"https:\/\/www.cpl.es\/#organization","name":"Centre de Pastoral Lit\u00fargica","alternateName":"Centre de Pastoral Lit\u00fargica de Barcelona","url":"https:\/\/www.cpl.es\/","logo":{"@type":"ImageObject","inLanguage":"ca","@id":"https:\/\/www.cpl.es\/#\/schema\/logo\/image\/","url":"https:\/\/www.cpl.es\/wp-content\/uploads\/logo-cpl.svg","contentUrl":"https:\/\/www.cpl.es\/wp-content\/uploads\/logo-cpl.svg","caption":"Centre de Pastoral Lit\u00fargica"},"image":{"@id":"https:\/\/www.cpl.es\/#\/schema\/logo\/image\/"}}]}},"_links":{"self":[{"href":"https:\/\/www.cpl.es\/ca\/wp-json\/wp\/v2\/product\/16172","targetHints":{"allow":["GET"]}}],"collection":[{"href":"https:\/\/www.cpl.es\/ca\/wp-json\/wp\/v2\/product"}],"about":[{"href":"https:\/\/www.cpl.es\/ca\/wp-json\/wp\/v2\/types\/product"}],"wp:featuredmedia":[{"embeddable":true,"href":"https:\/\/www.cpl.es\/ca\/wp-json\/wp\/v2\/media\/16249"}],"wp:attachment":[{"href":"https:\/\/www.cpl.es\/ca\/wp-json\/wp\/v2\/media?parent=16172"}],"wp:term":[{"taxonomy":"product_brand","embeddable":true,"href":"https:\/\/www.cpl.es\/ca\/wp-json\/wp\/v2\/product_brand?post=16172"},{"taxonomy":"product_cat","embeddable":true,"href":"https:\/\/www.cpl.es\/ca\/wp-json\/wp\/v2\/product_cat?post=16172"},{"taxonomy":"product_tag","embeddable":true,"href":"https:\/\/www.cpl.es\/ca\/wp-json\/wp\/v2\/product_tag?post=16172"}],"curies":[{"name":"wp","href":"https:\/\/api.w.org\/{rel}","templated":true}]}}

<p> Nuestro mundo ha cambiado, y la forma de vivir la fe cristiana también. El mundo está siempre en situación de cambio, pero en los últimos cien años este cambio se ha acelerado muchísimo. Y en la fe cristiana todavía más. Jesucristo es el mismo, sin duda, y su Evangelio también. Pero la manera de entender la fe en él, y la manera de acercarnos a él, y la manera de vivir nuestra vida como creyentes, ni es ni puede ser la misma que la de nuestros antepasados. Cosas que antes parecían intocables ahora entendemos que no lo son, y cosas que antes no se tenían en cuenta ahora vemos que son muy importantes. Y ahí en medio, además, el empuje del Concilio Vaticano II impulsó a toda la Iglesia en este camino de renovación y, en parte, también, de una cierta revolución. Este libro nos quiere ayudar a entender mejor cuáles son los nuevos caminos de fe y de vida que corresponden a nuestro tiempo, a todos los niveles, y nos quiere animar también a recorrerlos sin miedo. Josep Lligadas (Viladecans, Barcelona, 1950) es doctor en teología. Ordenado sacerdote en el año 1976, ejerció su ministerio, principalmente en Mataró, hasta el año 1995, en que se casó. Es autor de un buen número de libros y artículos de tema litúrgico, teológico y pastoral, la mayoría de los cuales han sido publicados por el CPL. Entre los publicados en esta colección Emaús, se pueden señalar Pequeño resumen de la fe cristiana y La Jobac, una propuesta eclesial y social. Asimismo, es autor de varios libros de historia local de Viladecans y de Mataró.</p>

Rústica

<!-- This site is optimized with the Yoast SEO plugin v27.3 - https://yoast.com/product/yoast-seo-wordpress/ -->
<title>Ser cristiano en el momento presente - CPL</title>
<meta name="robots" content="index, follow, max-snippet:-1, max-image-preview:large, max-video-preview:-1" />
<link rel="canonical" href="https://www.cpl.es/producto/ser-cristiano-en-el-momento-presente-9788491656418/" />
<meta property="og:locale" content="ca_ES" />
<meta property="og:type" content="article" />
<meta property="og:title" content="Ser cristiano en el momento presente - CPL" />
<meta property="og:description" content="Lligadas Vendrell, Josep" />
<meta property="og:url" content="https://www.cpl.es/producto/ser-cristiano-en-el-momento-presente-9788491656418/" />
<meta property="og:site_name" content="CPL" />
<meta property="article:modified_time" content="2026-02-12T15:57:19+00:00" />
<meta property="og:image" content="https://www.cpl.es/wp-content/uploads/9788491656418-1.jpg" />
	<meta property="og:image:width" content="190" />
	<meta property="og:image:height" content="300" />
	<meta property="og:image:type" content="image/jpeg" />
<meta name="twitter:card" content="summary_large_image" />
<meta name="twitter:label1" content="Temps estimat de lectura" />
	<meta name="twitter:data1" content="1 minut" />
<script type="application/ld+json" class="yoast-schema-graph">{"@context":"https:\/\/schema.org","@graph":[{"@type":"WebPage","@id":"https:\/\/www.cpl.es\/producto\/ser-cristiano-en-el-momento-presente-9788491656418\/","url":"https:\/\/www.cpl.es\/producto\/ser-cristiano-en-el-momento-presente-9788491656418\/","name":"Ser cristiano en el momento presente - CPL","isPartOf":{"@id":"https:\/\/www.cpl.es\/#website"},"primaryImageOfPage":{"@id":"https:\/\/www.cpl.es\/producto\/ser-cristiano-en-el-momento-presente-9788491656418\/#primaryimage"},"image":{"@id":"https:\/\/www.cpl.es\/producto\/ser-cristiano-en-el-momento-presente-9788491656418\/#primaryimage"},"thumbnailUrl":"https:\/\/www.cpl.es\/wp-content\/uploads\/9788491656418-1.jpg","datePublished":"2024-09-26T09:43:02+00:00","dateModified":"2026-02-12T15:57:19+00:00","breadcrumb":{"@id":"https:\/\/www.cpl.es\/producto\/ser-cristiano-en-el-momento-presente-9788491656418\/#breadcrumb"},"inLanguage":"ca","potentialAction":[{"@type":"ReadAction","target":["https:\/\/www.cpl.es\/producto\/ser-cristiano-en-el-momento-presente-9788491656418\/"]}]},{"@type":"ImageObject","inLanguage":"ca","@id":"https:\/\/www.cpl.es\/producto\/ser-cristiano-en-el-momento-presente-9788491656418\/#primaryimage","url":"https:\/\/www.cpl.es\/wp-content\/uploads\/9788491656418-1.jpg","contentUrl":"https:\/\/www.cpl.es\/wp-content\/uploads\/9788491656418-1.jpg","width":190,"height":300,"caption":"9788491656418.jpg"},{"@type":"BreadcrumbList","@id":"https:\/\/www.cpl.es\/producto\/ser-cristiano-en-el-momento-presente-9788491656418\/#breadcrumb","itemListElement":[{"@type":"ListItem","position":1,"name":"Portada","item":"https:\/\/www.cpl.es\/ca\/"},{"@type":"ListItem","position":2,"name":"Catàleg","item":"https:\/\/www.cpl.es\/ca\/cataleg\/"},{"@type":"ListItem","position":3,"name":"Ser cristiano en el momento presente"}]},{"@type":"WebSite","@id":"https:\/\/www.cpl.es\/#website","url":"https:\/\/www.cpl.es\/","name":"CPL","description":"Centre de Pastoral Litúrgica de Barcelona","publisher":{"@id":"https:\/\/www.cpl.es\/#organization"},"alternateName":"Centre de Pastoral Litúrgica","potentialAction":[{"@type":"SearchAction","target":{"@type":"EntryPoint","urlTemplate":"https:\/\/www.cpl.es\/?s={search_term_string}"},"query-input":{"@type":"PropertyValueSpecification","valueRequired":true,"valueName":"search_term_string"}}],"inLanguage":"ca"},{"@type":"Organization","@id":"https:\/\/www.cpl.es\/#organization","name":"Centre de Pastoral Litúrgica","alternateName":"Centre de Pastoral Litúrgica de Barcelona","url":"https:\/\/www.cpl.es\/","logo":{"@type":"ImageObject","inLanguage":"ca","@id":"https:\/\/www.cpl.es\/#\/schema\/logo\/image\/","url":"https:\/\/www.cpl.es\/wp-content\/uploads\/logo-cpl.svg","contentUrl":"https:\/\/www.cpl.es\/wp-content\/uploads\/logo-cpl.svg","caption":"Centre de Pastoral Litúrgica"},"image":{"@id":"https:\/\/www.cpl.es\/#\/schema\/logo\/image\/"}}]}</script>
<!-- / Yoast SEO plugin. -->

Catàleg

Centre de Pastoral Litúrgica de Barcelona

Centre de Pastoral Litúrgica
