{"id":16037,"date":"2024-09-12T16:28:02","date_gmt":"2024-09-12T14:28:02","guid":{"rendered":"https:\/\/www.cpl.es\/producto\/triduo-pascual-del-memorial-a-la-mimesis-9788491656388\/"},"modified":"2025-10-03T10:54:10","modified_gmt":"2025-10-03T08:54:10","slug":"triduo-pascual-del-memorial-a-la-mimesis-9788491656388","status":"publish","type":"product","link":"https:\/\/www.cpl.es\/ca\/producto\/triduo-pascual-del-memorial-a-la-mimesis-9788491656388\/","title":{"rendered":"Triduo Pascual: del memorial a la m\u00edmesis"},"content":{"rendered":"<p> \u00abSe puede decir que hoy no vivimos una \u00e9poca de cambio sino un cambio de \u00e9poca. Las situaciones que vivimos hoy plantean desaf\u00edos nuevos que, para nosotros, a veces, son incluso dif\u00edciles de comprender. Nuestro tiempo nos pide vivir los problemas como desaf\u00edos y no como obst\u00e1culos: el Se\u00f1or est\u00e1 activo y obra en el mundo\u00bb (Papa Francisco, 10 de noviembre de 2015, catedral de Florencia). La evoluci\u00f3n social y cultural de la sociedad y su incidencia en la vida religiosa de los cat\u00f3licos. \u00a1Esto es lo que nos tiene que interpelar! Lo haremos con formas humanas, pero con contenido divino. El mensaje llegar\u00e1 si nos adaptamos sin perder un \u00e1pice el contenido.<\/p>\n","protected":false},"excerpt":{"rendered":"<p>Asociaci\u00f3n Espa\u00f1ola de Profesores de Liturgia<\/p>\n","protected":false},"featured_media":16040,"template":"","meta":{"_acf_changed":false,"inline_featured_image":false},"product_brand":[],"product_cat":[15],"product_tag":[],"class_list":{"0":"post-16037","1":"product","2":"type-product","3":"status-publish","4":"has-post-thumbnail","6":"product_cat-sin-categorizar","8":"first","9":"instock","10":"taxable","11":"shipping-taxable","12":"purchasable","13":"product-type-simple"},"acf":{"autor":"Asociaci\u00f3n Espa\u00f1ola de Profesores de Liturgia","codart":"109025","ediciones":"1","encuadernacion":"R\u00fastica","fecha_de_publicacion":"22\/07\/2024","novedad":false,"paginas":"272","subtitulo":"XLVII Jornadas de la AEPL","orden":"999","portada":false,"idioma":"spa","coleccion_num":"25","editorial":[{"ID":6736,"post_author":"2","post_date":"2023-10-06 08:35:24","post_date_gmt":"2023-10-06 06:35:24","post_content":"","post_title":"CPL","post_excerpt":"","post_status":"publish","comment_status":"closed","ping_status":"closed","post_password":"","post_name":"cpl","to_ping":"","pinged":"","post_modified":"2023-10-06 08:35:24","post_modified_gmt":"2023-10-06 06:35:24","post_content_filtered":"","post_parent":0,"guid":"https:\/\/nuevaweb.cpl.es\/editorial\/cpl\/","menu_order":0,"post_type":"editorial","post_mime_type":"","comment_count":"0","filter":"raw"}]},"yoast_head":"<!-- This site is optimized with the Yoast SEO plugin v27.3 - https:\/\/yoast.com\/product\/yoast-seo-wordpress\/ -->\n<title>Triduo Pascual: del memorial a la m\u00edmesis - CPL<\/title>\n<meta name=\"robots\" content=\"index, follow, max-snippet:-1, max-image-preview:large, max-video-preview:-1\" \/>\n<link rel=\"canonical\" href=\"https:\/\/www.cpl.es\/producto\/triduo-pascual-del-memorial-a-la-mimesis-9788491656388\/\" \/>\n<meta property=\"og:locale\" content=\"ca_ES\" \/>\n<meta property=\"og:type\" content=\"article\" \/>\n<meta property=\"og:title\" content=\"Triduo Pascual: del memorial a la m\u00edmesis - CPL\" \/>\n<meta property=\"og:description\" content=\"Asociaci\u00f3n Espa\u00f1ola de Profesores de Liturgia\" \/>\n<meta property=\"og:url\" content=\"https:\/\/www.cpl.es\/producto\/triduo-pascual-del-memorial-a-la-mimesis-9788491656388\/\" \/>\n<meta property=\"og:site_name\" content=\"CPL\" \/>\n<meta property=\"article:modified_time\" content=\"2025-10-03T08:54:10+00:00\" \/>\n<meta property=\"og:image\" content=\"https:\/\/www.cpl.es\/wp-content\/uploads\/9788491656388-1.jpg\" \/>\n\t<meta property=\"og:image:width\" content=\"215\" \/>\n\t<meta property=\"og:image:height\" content=\"300\" \/>\n\t<meta property=\"og:image:type\" content=\"image\/jpeg\" \/>\n<meta name=\"twitter:card\" content=\"summary_large_image\" \/>\n<meta name=\"twitter:label1\" content=\"Temps estimat de lectura\" \/>\n\t<meta name=\"twitter:data1\" content=\"1 minut\" \/>\n<script type=\"application\/ld+json\" class=\"yoast-schema-graph\">{\"@context\":\"https:\\\/\\\/schema.org\",\"@graph\":[{\"@type\":\"WebPage\",\"@id\":\"https:\\\/\\\/www.cpl.es\\\/producto\\\/triduo-pascual-del-memorial-a-la-mimesis-9788491656388\\\/\",\"url\":\"https:\\\/\\\/www.cpl.es\\\/producto\\\/triduo-pascual-del-memorial-a-la-mimesis-9788491656388\\\/\",\"name\":\"Triduo Pascual: del memorial a la m\u00edmesis - CPL\",\"isPartOf\":{\"@id\":\"https:\\\/\\\/www.cpl.es\\\/#website\"},\"primaryImageOfPage\":{\"@id\":\"https:\\\/\\\/www.cpl.es\\\/producto\\\/triduo-pascual-del-memorial-a-la-mimesis-9788491656388\\\/#primaryimage\"},\"image\":{\"@id\":\"https:\\\/\\\/www.cpl.es\\\/producto\\\/triduo-pascual-del-memorial-a-la-mimesis-9788491656388\\\/#primaryimage\"},\"thumbnailUrl\":\"https:\\\/\\\/www.cpl.es\\\/wp-content\\\/uploads\\\/9788491656388-1.jpg\",\"datePublished\":\"2024-09-12T14:28:02+00:00\",\"dateModified\":\"2025-10-03T08:54:10+00:00\",\"breadcrumb\":{\"@id\":\"https:\\\/\\\/www.cpl.es\\\/producto\\\/triduo-pascual-del-memorial-a-la-mimesis-9788491656388\\\/#breadcrumb\"},\"inLanguage\":\"ca\",\"potentialAction\":[{\"@type\":\"ReadAction\",\"target\":[\"https:\\\/\\\/www.cpl.es\\\/producto\\\/triduo-pascual-del-memorial-a-la-mimesis-9788491656388\\\/\"]}]},{\"@type\":\"ImageObject\",\"inLanguage\":\"ca\",\"@id\":\"https:\\\/\\\/www.cpl.es\\\/producto\\\/triduo-pascual-del-memorial-a-la-mimesis-9788491656388\\\/#primaryimage\",\"url\":\"https:\\\/\\\/www.cpl.es\\\/wp-content\\\/uploads\\\/9788491656388-1.jpg\",\"contentUrl\":\"https:\\\/\\\/www.cpl.es\\\/wp-content\\\/uploads\\\/9788491656388-1.jpg\",\"width\":215,\"height\":300,\"caption\":\"9788491656388.jpg\"},{\"@type\":\"BreadcrumbList\",\"@id\":\"https:\\\/\\\/www.cpl.es\\\/producto\\\/triduo-pascual-del-memorial-a-la-mimesis-9788491656388\\\/#breadcrumb\",\"itemListElement\":[{\"@type\":\"ListItem\",\"position\":1,\"name\":\"Portada\",\"item\":\"https:\\\/\\\/www.cpl.es\\\/ca\\\/\"},{\"@type\":\"ListItem\",\"position\":2,\"name\":\"Cat\u00e0leg\",\"item\":\"https:\\\/\\\/www.cpl.es\\\/ca\\\/cataleg\\\/\"},{\"@type\":\"ListItem\",\"position\":3,\"name\":\"Triduo Pascual: del memorial a la m\u00edmesis\"}]},{\"@type\":\"WebSite\",\"@id\":\"https:\\\/\\\/www.cpl.es\\\/#website\",\"url\":\"https:\\\/\\\/www.cpl.es\\\/\",\"name\":\"CPL\",\"description\":\"Centre de Pastoral Lit\u00fargica de Barcelona\",\"publisher\":{\"@id\":\"https:\\\/\\\/www.cpl.es\\\/#organization\"},\"alternateName\":\"Centre de Pastoral Lit\u00fargica\",\"potentialAction\":[{\"@type\":\"SearchAction\",\"target\":{\"@type\":\"EntryPoint\",\"urlTemplate\":\"https:\\\/\\\/www.cpl.es\\\/?s={search_term_string}\"},\"query-input\":{\"@type\":\"PropertyValueSpecification\",\"valueRequired\":true,\"valueName\":\"search_term_string\"}}],\"inLanguage\":\"ca\"},{\"@type\":\"Organization\",\"@id\":\"https:\\\/\\\/www.cpl.es\\\/#organization\",\"name\":\"Centre de Pastoral Lit\u00fargica\",\"alternateName\":\"Centre de Pastoral Lit\u00fargica de Barcelona\",\"url\":\"https:\\\/\\\/www.cpl.es\\\/\",\"logo\":{\"@type\":\"ImageObject\",\"inLanguage\":\"ca\",\"@id\":\"https:\\\/\\\/www.cpl.es\\\/#\\\/schema\\\/logo\\\/image\\\/\",\"url\":\"https:\\\/\\\/www.cpl.es\\\/wp-content\\\/uploads\\\/logo-cpl.svg\",\"contentUrl\":\"https:\\\/\\\/www.cpl.es\\\/wp-content\\\/uploads\\\/logo-cpl.svg\",\"caption\":\"Centre de Pastoral Lit\u00fargica\"},\"image\":{\"@id\":\"https:\\\/\\\/www.cpl.es\\\/#\\\/schema\\\/logo\\\/image\\\/\"}}]}<\/script>\n<!-- \/ Yoast SEO plugin. -->","yoast_head_json":{"title":"Triduo Pascual: del memorial a la m\u00edmesis - CPL","robots":{"index":"index","follow":"follow","max-snippet":"max-snippet:-1","max-image-preview":"max-image-preview:large","max-video-preview":"max-video-preview:-1"},"canonical":"https:\/\/www.cpl.es\/producto\/triduo-pascual-del-memorial-a-la-mimesis-9788491656388\/","og_locale":"ca_ES","og_type":"article","og_title":"Triduo Pascual: del memorial a la m\u00edmesis - CPL","og_description":"Asociaci\u00f3n Espa\u00f1ola de Profesores de Liturgia","og_url":"https:\/\/www.cpl.es\/producto\/triduo-pascual-del-memorial-a-la-mimesis-9788491656388\/","og_site_name":"CPL","article_modified_time":"2025-10-03T08:54:10+00:00","og_image":[{"width":215,"height":300,"url":"https:\/\/www.cpl.es\/wp-content\/uploads\/9788491656388-1.jpg","type":"image\/jpeg"}],"twitter_card":"summary_large_image","twitter_misc":{"Temps estimat de lectura":"1 minut"},"schema":{"@context":"https:\/\/schema.org","@graph":[{"@type":"WebPage","@id":"https:\/\/www.cpl.es\/producto\/triduo-pascual-del-memorial-a-la-mimesis-9788491656388\/","url":"https:\/\/www.cpl.es\/producto\/triduo-pascual-del-memorial-a-la-mimesis-9788491656388\/","name":"Triduo Pascual: del memorial a la m\u00edmesis - CPL","isPartOf":{"@id":"https:\/\/www.cpl.es\/#website"},"primaryImageOfPage":{"@id":"https:\/\/www.cpl.es\/producto\/triduo-pascual-del-memorial-a-la-mimesis-9788491656388\/#primaryimage"},"image":{"@id":"https:\/\/www.cpl.es\/producto\/triduo-pascual-del-memorial-a-la-mimesis-9788491656388\/#primaryimage"},"thumbnailUrl":"https:\/\/www.cpl.es\/wp-content\/uploads\/9788491656388-1.jpg","datePublished":"2024-09-12T14:28:02+00:00","dateModified":"2025-10-03T08:54:10+00:00","breadcrumb":{"@id":"https:\/\/www.cpl.es\/producto\/triduo-pascual-del-memorial-a-la-mimesis-9788491656388\/#breadcrumb"},"inLanguage":"ca","potentialAction":[{"@type":"ReadAction","target":["https:\/\/www.cpl.es\/producto\/triduo-pascual-del-memorial-a-la-mimesis-9788491656388\/"]}]},{"@type":"ImageObject","inLanguage":"ca","@id":"https:\/\/www.cpl.es\/producto\/triduo-pascual-del-memorial-a-la-mimesis-9788491656388\/#primaryimage","url":"https:\/\/www.cpl.es\/wp-content\/uploads\/9788491656388-1.jpg","contentUrl":"https:\/\/www.cpl.es\/wp-content\/uploads\/9788491656388-1.jpg","width":215,"height":300,"caption":"9788491656388.jpg"},{"@type":"BreadcrumbList","@id":"https:\/\/www.cpl.es\/producto\/triduo-pascual-del-memorial-a-la-mimesis-9788491656388\/#breadcrumb","itemListElement":[{"@type":"ListItem","position":1,"name":"Portada","item":"https:\/\/www.cpl.es\/ca\/"},{"@type":"ListItem","position":2,"name":"Cat\u00e0leg","item":"https:\/\/www.cpl.es\/ca\/cataleg\/"},{"@type":"ListItem","position":3,"name":"Triduo Pascual: del memorial a la m\u00edmesis"}]},{"@type":"WebSite","@id":"https:\/\/www.cpl.es\/#website","url":"https:\/\/www.cpl.es\/","name":"CPL","description":"Centre de Pastoral Lit\u00fargica de Barcelona","publisher":{"@id":"https:\/\/www.cpl.es\/#organization"},"alternateName":"Centre de Pastoral Lit\u00fargica","potentialAction":[{"@type":"SearchAction","target":{"@type":"EntryPoint","urlTemplate":"https:\/\/www.cpl.es\/?s={search_term_string}"},"query-input":{"@type":"PropertyValueSpecification","valueRequired":true,"valueName":"search_term_string"}}],"inLanguage":"ca"},{"@type":"Organization","@id":"https:\/\/www.cpl.es\/#organization","name":"Centre de Pastoral Lit\u00fargica","alternateName":"Centre de Pastoral Lit\u00fargica de Barcelona","url":"https:\/\/www.cpl.es\/","logo":{"@type":"ImageObject","inLanguage":"ca","@id":"https:\/\/www.cpl.es\/#\/schema\/logo\/image\/","url":"https:\/\/www.cpl.es\/wp-content\/uploads\/logo-cpl.svg","contentUrl":"https:\/\/www.cpl.es\/wp-content\/uploads\/logo-cpl.svg","caption":"Centre de Pastoral Lit\u00fargica"},"image":{"@id":"https:\/\/www.cpl.es\/#\/schema\/logo\/image\/"}}]}},"_links":{"self":[{"href":"https:\/\/www.cpl.es\/ca\/wp-json\/wp\/v2\/product\/16037","targetHints":{"allow":["GET"]}}],"collection":[{"href":"https:\/\/www.cpl.es\/ca\/wp-json\/wp\/v2\/product"}],"about":[{"href":"https:\/\/www.cpl.es\/ca\/wp-json\/wp\/v2\/types\/product"}],"wp:featuredmedia":[{"embeddable":true,"href":"https:\/\/www.cpl.es\/ca\/wp-json\/wp\/v2\/media\/16040"}],"wp:attachment":[{"href":"https:\/\/www.cpl.es\/ca\/wp-json\/wp\/v2\/media?parent=16037"}],"wp:term":[{"taxonomy":"product_brand","embeddable":true,"href":"https:\/\/www.cpl.es\/ca\/wp-json\/wp\/v2\/product_brand?post=16037"},{"taxonomy":"product_cat","embeddable":true,"href":"https:\/\/www.cpl.es\/ca\/wp-json\/wp\/v2\/product_cat?post=16037"},{"taxonomy":"product_tag","embeddable":true,"href":"https:\/\/www.cpl.es\/ca\/wp-json\/wp\/v2\/product_tag?post=16037"}],"curies":[{"name":"wp","href":"https:\/\/api.w.org\/{rel}","templated":true}]}}

Triduo Pascual: del memorial a la mímesis

<p> «Se puede decir que hoy no vivimos una época de cambio sino un cambio de época. Las situaciones que vivimos hoy plantean desafíos nuevos que, para nosotros, a veces, son incluso difíciles de comprender. Nuestro tiempo nos pide vivir los problemas como desafíos y no como obstáculos: el Señor está activo y obra en el mundo» (Papa Francisco, 10 de noviembre de 2015, catedral de Florencia). La evolución social y cultural de la sociedad y su incidencia en la vida religiosa de los católicos. ¡Esto es lo que nos tiene que interpelar! Lo haremos con formas humanas, pero con contenido divino. El mensaje llegará si nos adaptamos sin perder un ápice el contenido.</p>

<p>Asociación Española de Profesores de Liturgia</p>

Asociación Española de Profesores de Liturgia

Rústica

<!-- This site is optimized with the Yoast SEO plugin v27.3 - https://yoast.com/product/yoast-seo-wordpress/ -->
<title>Triduo Pascual: del memorial a la mímesis - CPL</title>
<meta name="robots" content="index, follow, max-snippet:-1, max-image-preview:large, max-video-preview:-1" />
<link rel="canonical" href="https://www.cpl.es/producto/triduo-pascual-del-memorial-a-la-mimesis-9788491656388/" />
<meta property="og:locale" content="ca_ES" />
<meta property="og:type" content="article" />
<meta property="og:title" content="Triduo Pascual: del memorial a la mímesis - CPL" />
<meta property="og:description" content="Asociación Española de Profesores de Liturgia" />
<meta property="og:url" content="https://www.cpl.es/producto/triduo-pascual-del-memorial-a-la-mimesis-9788491656388/" />
<meta property="og:site_name" content="CPL" />
<meta property="article:modified_time" content="2025-10-03T08:54:10+00:00" />
<meta property="og:image" content="https://www.cpl.es/wp-content/uploads/9788491656388-1.jpg" />
	<meta property="og:image:width" content="215" />
	<meta property="og:image:height" content="300" />
	<meta property="og:image:type" content="image/jpeg" />
<meta name="twitter:card" content="summary_large_image" />
<meta name="twitter:label1" content="Temps estimat de lectura" />
	<meta name="twitter:data1" content="1 minut" />
<script type="application/ld+json" class="yoast-schema-graph">{"@context":"https:\/\/schema.org","@graph":[{"@type":"WebPage","@id":"https:\/\/www.cpl.es\/producto\/triduo-pascual-del-memorial-a-la-mimesis-9788491656388\/","url":"https:\/\/www.cpl.es\/producto\/triduo-pascual-del-memorial-a-la-mimesis-9788491656388\/","name":"Triduo Pascual: del memorial a la mímesis - CPL","isPartOf":{"@id":"https:\/\/www.cpl.es\/#website"},"primaryImageOfPage":{"@id":"https:\/\/www.cpl.es\/producto\/triduo-pascual-del-memorial-a-la-mimesis-9788491656388\/#primaryimage"},"image":{"@id":"https:\/\/www.cpl.es\/producto\/triduo-pascual-del-memorial-a-la-mimesis-9788491656388\/#primaryimage"},"thumbnailUrl":"https:\/\/www.cpl.es\/wp-content\/uploads\/9788491656388-1.jpg","datePublished":"2024-09-12T14:28:02+00:00","dateModified":"2025-10-03T08:54:10+00:00","breadcrumb":{"@id":"https:\/\/www.cpl.es\/producto\/triduo-pascual-del-memorial-a-la-mimesis-9788491656388\/#breadcrumb"},"inLanguage":"ca","potentialAction":[{"@type":"ReadAction","target":["https:\/\/www.cpl.es\/producto\/triduo-pascual-del-memorial-a-la-mimesis-9788491656388\/"]}]},{"@type":"ImageObject","inLanguage":"ca","@id":"https:\/\/www.cpl.es\/producto\/triduo-pascual-del-memorial-a-la-mimesis-9788491656388\/#primaryimage","url":"https:\/\/www.cpl.es\/wp-content\/uploads\/9788491656388-1.jpg","contentUrl":"https:\/\/www.cpl.es\/wp-content\/uploads\/9788491656388-1.jpg","width":215,"height":300,"caption":"9788491656388.jpg"},{"@type":"BreadcrumbList","@id":"https:\/\/www.cpl.es\/producto\/triduo-pascual-del-memorial-a-la-mimesis-9788491656388\/#breadcrumb","itemListElement":[{"@type":"ListItem","position":1,"name":"Portada","item":"https:\/\/www.cpl.es\/ca\/"},{"@type":"ListItem","position":2,"name":"Catàleg","item":"https:\/\/www.cpl.es\/ca\/cataleg\/"},{"@type":"ListItem","position":3,"name":"Triduo Pascual: del memorial a la mímesis"}]},{"@type":"WebSite","@id":"https:\/\/www.cpl.es\/#website","url":"https:\/\/www.cpl.es\/","name":"CPL","description":"Centre de Pastoral Litúrgica de Barcelona","publisher":{"@id":"https:\/\/www.cpl.es\/#organization"},"alternateName":"Centre de Pastoral Litúrgica","potentialAction":[{"@type":"SearchAction","target":{"@type":"EntryPoint","urlTemplate":"https:\/\/www.cpl.es\/?s={search_term_string}"},"query-input":{"@type":"PropertyValueSpecification","valueRequired":true,"valueName":"search_term_string"}}],"inLanguage":"ca"},{"@type":"Organization","@id":"https:\/\/www.cpl.es\/#organization","name":"Centre de Pastoral Litúrgica","alternateName":"Centre de Pastoral Litúrgica de Barcelona","url":"https:\/\/www.cpl.es\/","logo":{"@type":"ImageObject","inLanguage":"ca","@id":"https:\/\/www.cpl.es\/#\/schema\/logo\/image\/","url":"https:\/\/www.cpl.es\/wp-content\/uploads\/logo-cpl.svg","contentUrl":"https:\/\/www.cpl.es\/wp-content\/uploads\/logo-cpl.svg","caption":"Centre de Pastoral Litúrgica"},"image":{"@id":"https:\/\/www.cpl.es\/#\/schema\/logo\/image\/"}}]}</script>
<!-- / Yoast SEO plugin. -->

Triduo Pascual: del memorial a la mímesis - CPL

Catàleg

Centre de Pastoral Litúrgica de Barcelona

Centre de Pastoral Litúrgica
